Results for 11.0.0 20200626 (experimental) [master revision d61ffe124430160c4da7516596d6a4dbcdf2a7a6] (GCC) testsuite on sparc-sun-solaris2.11
Rainer Orth
ro@CeBiTec.Uni-Bielefeld.DE
Sat Jun 27 10:56:44 GMT 2020
LAST_UPDATED: Fri Jun 26 09:13:43 UTC 2020 (revision d61ffe124430160c4da7516596d6a4dbcdf2a7a6)
=== acats tests ===
=== acats Summary ===
# of expected passes 2320
# of unexpected failures 0
Native configuration is sparc-sun-solaris2.11
=== g++ tests ===
Running target unix
FAIL: g++.dg/cpp1y/lambda-generic-variadic20.C -std=c++14 (internal compiler error)
FAIL: g++.dg/cpp1y/lambda-generic-variadic20.C -std=c++14 (test for excess errors)
FAIL: g++.dg/cpp1y/lambda-generic-variadic20.C -std=c++17 (internal compiler error)
FAIL: g++.dg/cpp1y/lambda-generic-variadic20.C -std=c++17 (test for excess errors)
FAIL: g++.dg/cpp1y/lambda-generic-variadic20.C -std=c++2a (internal compiler error)
FAIL: g++.dg/cpp1y/lambda-generic-variadic20.C -std=c++2a (test for excess errors)
FAIL: g++.dg/lto/pr89335 cp_lto_pr89335_0.o assemble, -O2 -flto -Wsuggest-final-methods
=== g++ Summary for unix ===
# of expected passes 183389
# of unexpected failures 7
# of expected failures 696
# of unsupported tests 8926
Running target unix/-m64
FAIL: g++.dg/lto/pr89335 cp_lto_pr89335_0.o assemble, -O2 -flto -Wsuggest-final-methods
=== g++ Summary for unix/-m64 ===
# of expected passes 184141
# of unexpected failures 1
# of expected failures 700
# of unsupported tests 8622
=== g++ Summary ===
# of expected passes 367530
# of unexpected failures 8
# of expected failures 1396
# of unsupported tests 17548
/var/gcc/regression/master/11.3-gcc/build/gcc/xg++ version 11.0.0 20200626 (experimental) [master revision d61ffe124430160c4da7516596d6a4dbcdf2a7a6] (GCC)
=== gcc tests ===
Running target unix
FAIL: gcc.dg/pr84877.c execution test
FAIL: gcc.dg/visibility-22.c execution test
FAIL: gcc.dg/ipa/iinline-attr.c scan-ipa-dump inline "hooray[^\\\\n]*inline copy in test"
FAIL: gcc.dg/ipa/ipa-icf-38.c scan-ltrans-tree-dump-not optimized "Function bar"
WARNING: gcc.dg/plugin/poly-int-03_plugin.c compilation program timed out.
FAIL: gcc.dg/plugin/poly-int-03_plugin.c compilation
FAIL: gcc.dg/simulate-thread/atomic-other-int.c -O2 -g thread simulation test
FAIL: gcc.dg/simulate-thread/atomic-other-int.c -O3 -g thread simulation test
FAIL: gcc.dg/simulate-thread/speculative-store-4.c -O0 -g thread simulation test
FAIL: gcc.dg/simulate-thread/speculative-store-4.c -O2 -g thread simulation test
FAIL: gcc.dg/simulate-thread/speculative-store-4.c -O3 -g thread simulation test
FAIL: gcc.dg/simulate-thread/speculative-store.c -O0 -g thread simulation test
FAIL: gcc.dg/torture/pr60092.c -O0 execution test
UNRESOLVED: gcc.dg/tree-prof/crossmodule-indir-call-topn-1.c scan-pgo-wpa-ipa-dump profile_estimate "2 \\\\(200.00%\\\\) speculations produced."
UNRESOLVED: gcc.dg/tree-prof/crossmodule-indir-call-topn-2.c scan-pgo-wpa-ipa-dump profile_estimate "2 \\\\(200.00%\\\\) speculations produced."
XPASS: gcc.dg/vect/vect-alias-check-1.c -flto -ffat-lto-objects scan-tree-dump vect "using an address-based overlap test"
XPASS: gcc.dg/vect/vect-alias-check-1.c scan-tree-dump vect "using an address-based overlap test"
=== gcc Summary for unix ===
# of expected passes 125699
# of unexpected failures 12
# of unexpected successes 2
# of expected failures 761
# of unresolved testcases 2
# of unsupported tests 3654
Running target unix/-m64
FAIL: gcc.dg/strcmpopt_8.c (test for excess errors)
FAIL: gcc.dg/strcmpopt_8.c scan-tree-dump-not forwprop1 "strncmp"
FAIL: gcc.dg/visibility-22.c execution test
FAIL: gcc.dg/ipa/ipa-icf-38.c scan-ltrans-tree-dump-not optimized "Function bar"
FAIL: gcc.dg/torture/pr60092.c -O0 execution test
UNRESOLVED: gcc.dg/tree-prof/crossmodule-indir-call-topn-1.c scan-pgo-wpa-ipa-dump profile_estimate "2 \\\\(200.00%\\\\) speculations produced."
UNRESOLVED: gcc.dg/tree-prof/crossmodule-indir-call-topn-2.c scan-pgo-wpa-ipa-dump profile_estimate "2 \\\\(200.00%\\\\) speculations produced."
XPASS: gcc.dg/vect/vect-alias-check-1.c -flto -ffat-lto-objects scan-tree-dump vect "using an address-based overlap test"
XPASS: gcc.dg/vect/vect-alias-check-1.c scan-tree-dump vect "using an address-based overlap test"
=== gcc Summary for unix/-m64 ===
# of expected passes 125313
# of unexpected failures 5
# of unexpected successes 2
# of expected failures 751
# of unresolved testcases 2
# of unsupported tests 2993
=== gcc Summary ===
# of expected passes 251012
# of unexpected failures 17
# of unexpected successes 4
# of expected failures 1512
# of unresolved testcases 4
# of unsupported tests 6647
/var/gcc/regression/master/11.3-gcc/build/gcc/xgcc version 11.0.0 20200626 (experimental) [master revision d61ffe124430160c4da7516596d6a4dbcdf2a7a6] (GCC)
=== gdc tests ===
Running target unix
=== gdc Summary for unix ===
# of expected passes 21316
# of unsupported tests 129
Running target unix/-m64
=== gdc Summary for unix/-m64 ===
# of expected passes 21316
# of unsupported tests 129
=== gdc Summary ===
# of expected passes 42632
# of unsupported tests 258
/var/gcc/regression/master/11.3-gcc/build/gcc/gdc version 11.0.0 20200626 (experimental) [master revision d61ffe124430160c4da7516596d6a4dbcdf2a7a6] (GCC)
=== gfortran tests ===
Running target unix
FAIL: gfortran.dg/analyzer/pr93993.f90 -O (test for excess errors)
FAIL: gfortran.dg/char4-subscript.f90 -O0 scan-tree-dump original " \\\\(\\\\*var.str2\\\\)\\\\[4\\\\]{lb: 1 sz: 4} = .\\\\\\\\x00\\\\\\\\xf6\\\\\\\\x01.\\\\[1\\\\]{lb: 1 sz: 4};"
FAIL: gfortran.dg/char4-subscript.f90 -O0 scan-tree-dump original " \\\\(\\\\*var.str2\\\\)\\\\[5\\\\]{lb: 1 sz: 4} = .\\\\\\\\b\\\\\\\\xf6\\\\\\\\x01.\\\\[1\\\\]{lb: 1 sz: 4};"
FAIL: gfortran.dg/char4-subscript.f90 -O0 scan-tree-dump original " \\\\(\\\\*var\\\\.str2\\\\)\\\\[1\\\\]{lb: 1 sz: 4} = .d\\\\\\\\x00\\\\\\\\x00.\\\\[1\\\\]{lb: 1 sz: 4};"
FAIL: gfortran.dg/char4-subscript.f90 -O0 scan-tree-dump original " __builtin_memmove \\\\(\\\\(void \\\\*\\\\) &\\\\(\\\\*var.str2\\\\)\\\\[2\\\\]{lb: 1 sz: 4}, \\\\(void \\\\*\\\\) &.e\\\\\\\\x00\\\\\\\\x00\\\\\\\\x00f\\\\\\\\x00\\\\\\\\x00.\\\\[1\\\\]{lb: 1 sz: 4}, 8\\\\);"
FAIL: gfortran.dg/char4-subscript.f90 -O1 scan-tree-dump original " \\\\(\\\\*var.str2\\\\)\\\\[4\\\\]{lb: 1 sz: 4} = .\\\\\\\\x00\\\\\\\\xf6\\\\\\\\x01.\\\\[1\\\\]{lb: 1 sz: 4};"
FAIL: gfortran.dg/char4-subscript.f90 -O1 scan-tree-dump original " \\\\(\\\\*var.str2\\\\)\\\\[5\\\\]{lb: 1 sz: 4} = .\\\\\\\\b\\\\\\\\xf6\\\\\\\\x01.\\\\[1\\\\]{lb: 1 sz: 4};"
FAIL: gfortran.dg/char4-subscript.f90 -O1 scan-tree-dump original " \\\\(\\\\*var\\\\.str2\\\\)\\\\[1\\\\]{lb: 1 sz: 4} = .d\\\\\\\\x00\\\\\\\\x00.\\\\[1\\\\]{lb: 1 sz: 4};"
FAIL: gfortran.dg/char4-subscript.f90 -O1 scan-tree-dump original " __builtin_memmove \\\\(\\\\(void \\\\*\\\\) &\\\\(\\\\*var.str2\\\\)\\\\[2\\\\]{lb: 1 sz: 4}, \\\\(void \\\\*\\\\) &.e\\\\\\\\x00\\\\\\\\x00\\\\\\\\x00f\\\\\\\\x00\\\\\\\\x00.\\\\[1\\\\]{lb: 1 sz: 4}, 8\\\\);"
FAIL: gfortran.dg/char4-subscript.f90 -O2 scan-tree-dump original " \\\\(\\\\*var.str2\\\\)\\\\[4\\\\]{lb: 1 sz: 4} = .\\\\\\\\x00\\\\\\\\xf6\\\\\\\\x01.\\\\[1\\\\]{lb: 1 sz: 4};"
FAIL: gfortran.dg/char4-subscript.f90 -O2 scan-tree-dump original " \\\\(\\\\*var.str2\\\\)\\\\[5\\\\]{lb: 1 sz: 4} = .\\\\\\\\b\\\\\\\\xf6\\\\\\\\x01.\\\\[1\\\\]{lb: 1 sz: 4};"
FAIL: gfortran.dg/char4-subscript.f90 -O2 scan-tree-dump original " \\\\(\\\\*var\\\\.str2\\\\)\\\\[1\\\\]{lb: 1 sz: 4} = .d\\\\\\\\x00\\\\\\\\x00.\\\\[1\\\\]{lb: 1 sz: 4};"
FAIL: gfortran.dg/char4-subscript.f90 -O2 scan-tree-dump original " __builtin_memmove \\\\(\\\\(void \\\\*\\\\) &\\\\(\\\\*var.str2\\\\)\\\\[2\\\\]{lb: 1 sz: 4}, \\\\(void \\\\*\\\\) &.e\\\\\\\\x00\\\\\\\\x00\\\\\\\\x00f\\\\\\\\x00\\\\\\\\x00.\\\\[1\\\\]{lb: 1 sz: 4}, 8\\\\);"
FAIL: gfortran.dg/char4-subscript.f90 -O3 -fomit-frame-pointer -funroll-loops -fpeel-loops -ftracer -finline-functions scan-tree-dump original " \\\\(\\\\*var.str2\\\\)\\\\[4\\\\]{lb: 1 sz: 4} = .\\\\\\\\x00\\\\\\\\xf6\\\\\\\\x01.\\\\[1\\\\]{lb: 1 sz: 4};"
FAIL: gfortran.dg/char4-subscript.f90 -O3 -fomit-frame-pointer -funroll-loops -fpeel-loops -ftracer -finline-functions scan-tree-dump original " \\\\(\\\\*var.str2\\\\)\\\\[5\\\\]{lb: 1 sz: 4} = .\\\\\\\\b\\\\\\\\xf6\\\\\\\\x01.\\\\[1\\\\]{lb: 1 sz: 4};"
FAIL: gfortran.dg/char4-subscript.f90 -O3 -fomit-frame-pointer -funroll-loops -fpeel-loops -ftracer -finline-functions scan-tree-dump original " \\\\(\\\\*var\\\\.str2\\\\)\\\\[1\\\\]{lb: 1 sz: 4} = .d\\\\\\\\x00\\\\\\\\x00.\\\\[1\\\\]{lb: 1 sz: 4};"
FAIL: gfortran.dg/char4-subscript.f90 -O3 -fomit-frame-pointer -funroll-loops -fpeel-loops -ftracer -finline-functions scan-tree-dump original " __builtin_memmove \\\\(\\\\(void \\\\*\\\\) &\\\\(\\\\*var.str2\\\\)\\\\[2\\\\]{lb: 1 sz: 4}, \\\\(void \\\\*\\\\) &.e\\\\\\\\x00\\\\\\\\x00\\\\\\\\x00f\\\\\\\\x00\\\\\\\\x00.\\\\[1\\\\]{lb: 1 sz: 4}, 8\\\\);"
FAIL: gfortran.dg/char4-subscript.f90 -O3 -g scan-tree-dump original " \\\\(\\\\*var.str2\\\\)\\\\[4\\\\]{lb: 1 sz: 4} = .\\\\\\\\x00\\\\\\\\xf6\\\\\\\\x01.\\\\[1\\\\]{lb: 1 sz: 4};"
FAIL: gfortran.dg/char4-subscript.f90 -O3 -g scan-tree-dump original " \\\\(\\\\*var.str2\\\\)\\\\[5\\\\]{lb: 1 sz: 4} = .\\\\\\\\b\\\\\\\\xf6\\\\\\\\x01.\\\\[1\\\\]{lb: 1 sz: 4};"
FAIL: gfortran.dg/char4-subscript.f90 -O3 -g scan-tree-dump original " \\\\(\\\\*var\\\\.str2\\\\)\\\\[1\\\\]{lb: 1 sz: 4} = .d\\\\\\\\x00\\\\\\\\x00.\\\\[1\\\\]{lb: 1 sz: 4};"
FAIL: gfortran.dg/char4-subscript.f90 -O3 -g scan-tree-dump original " __builtin_memmove \\\\(\\\\(void \\\\*\\\\) &\\\\(\\\\*var.str2\\\\)\\\\[2\\\\]{lb: 1 sz: 4}, \\\\(void \\\\*\\\\) &.e\\\\\\\\x00\\\\\\\\x00\\\\\\\\x00f\\\\\\\\x00\\\\\\\\x00.\\\\[1\\\\]{lb: 1 sz: 4}, 8\\\\);"
FAIL: gfortran.dg/char4-subscript.f90 -Os scan-tree-dump original " \\\\(\\\\*var.str2\\\\)\\\\[4\\\\]{lb: 1 sz: 4} = .\\\\\\\\x00\\\\\\\\xf6\\\\\\\\x01.\\\\[1\\\\]{lb: 1 sz: 4};"
FAIL: gfortran.dg/char4-subscript.f90 -Os scan-tree-dump original " \\\\(\\\\*var.str2\\\\)\\\\[5\\\\]{lb: 1 sz: 4} = .\\\\\\\\b\\\\\\\\xf6\\\\\\\\x01.\\\\[1\\\\]{lb: 1 sz: 4};"
FAIL: gfortran.dg/char4-subscript.f90 -Os scan-tree-dump original " \\\\(\\\\*var\\\\.str2\\\\)\\\\[1\\\\]{lb: 1 sz: 4} = .d\\\\\\\\x00\\\\\\\\x00.\\\\[1\\\\]{lb: 1 sz: 4};"
FAIL: gfortran.dg/char4-subscript.f90 -Os scan-tree-dump original " __builtin_memmove \\\\(\\\\(void \\\\*\\\\) &\\\\(\\\\*var.str2\\\\)\\\\[2\\\\]{lb: 1 sz: 4}, \\\\(void \\\\*\\\\) &.e\\\\\\\\x00\\\\\\\\x00\\\\\\\\x00f\\\\\\\\x00\\\\\\\\x00.\\\\[1\\\\]{lb: 1 sz: 4}, 8\\\\);"
FAIL: gfortran.dg/gomp/combined-if.f90 -O scan-tree-dump-times omplower "(?n)#pragma omp simd.* if\\\\(" 7
FAIL: gfortran.dg/gomp/target1.f90 -O (internal compiler error)
FAIL: gfortran.dg/gomp/target1.f90 -O (test for excess errors)
=== gfortran Summary for unix ===
# of expected passes 53754
# of unexpected failures 28
# of expected failures 195
# of unsupported tests 284
Running target unix/-m64
FAIL: gfortran.dg/analyzer/pr93993.f90 -O (test for excess errors)
FAIL: gfortran.dg/char4-subscript.f90 -O0 scan-tree-dump original " \\\\(\\\\*var.str2\\\\)\\\\[4\\\\]{lb: 1 sz: 4} = .\\\\\\\\x00\\\\\\\\xf6\\\\\\\\x01.\\\\[1\\\\]{lb: 1 sz: 4};"
FAIL: gfortran.dg/char4-subscript.f90 -O0 scan-tree-dump original " \\\\(\\\\*var.str2\\\\)\\\\[5\\\\]{lb: 1 sz: 4} = .\\\\\\\\b\\\\\\\\xf6\\\\\\\\x01.\\\\[1\\\\]{lb: 1 sz: 4};"
FAIL: gfortran.dg/char4-subscript.f90 -O0 scan-tree-dump original " \\\\(\\\\*var\\\\.str2\\\\)\\\\[1\\\\]{lb: 1 sz: 4} = .d\\\\\\\\x00\\\\\\\\x00.\\\\[1\\\\]{lb: 1 sz: 4};"
FAIL: gfortran.dg/char4-subscript.f90 -O0 scan-tree-dump original " __builtin_memmove \\\\(\\\\(void \\\\*\\\\) &\\\\(\\\\*var.str2\\\\)\\\\[2\\\\]{lb: 1 sz: 4}, \\\\(void \\\\*\\\\) &.e\\\\\\\\x00\\\\\\\\x00\\\\\\\\x00f\\\\\\\\x00\\\\\\\\x00.\\\\[1\\\\]{lb: 1 sz: 4}, 8\\\\);"
FAIL: gfortran.dg/char4-subscript.f90 -O1 scan-tree-dump original " \\\\(\\\\*var.str2\\\\)\\\\[4\\\\]{lb: 1 sz: 4} = .\\\\\\\\x00\\\\\\\\xf6\\\\\\\\x01.\\\\[1\\\\]{lb: 1 sz: 4};"
FAIL: gfortran.dg/char4-subscript.f90 -O1 scan-tree-dump original " \\\\(\\\\*var.str2\\\\)\\\\[5\\\\]{lb: 1 sz: 4} = .\\\\\\\\b\\\\\\\\xf6\\\\\\\\x01.\\\\[1\\\\]{lb: 1 sz: 4};"
FAIL: gfortran.dg/char4-subscript.f90 -O1 scan-tree-dump original " \\\\(\\\\*var\\\\.str2\\\\)\\\\[1\\\\]{lb: 1 sz: 4} = .d\\\\\\\\x00\\\\\\\\x00.\\\\[1\\\\]{lb: 1 sz: 4};"
FAIL: gfortran.dg/char4-subscript.f90 -O1 scan-tree-dump original " __builtin_memmove \\\\(\\\\(void \\\\*\\\\) &\\\\(\\\\*var.str2\\\\)\\\\[2\\\\]{lb: 1 sz: 4}, \\\\(void \\\\*\\\\) &.e\\\\\\\\x00\\\\\\\\x00\\\\\\\\x00f\\\\\\\\x00\\\\\\\\x00.\\\\[1\\\\]{lb: 1 sz: 4}, 8\\\\);"
FAIL: gfortran.dg/char4-subscript.f90 -O2 scan-tree-dump original " \\\\(\\\\*var.str2\\\\)\\\\[4\\\\]{lb: 1 sz: 4} = .\\\\\\\\x00\\\\\\\\xf6\\\\\\\\x01.\\\\[1\\\\]{lb: 1 sz: 4};"
FAIL: gfortran.dg/char4-subscript.f90 -O2 scan-tree-dump original " \\\\(\\\\*var.str2\\\\)\\\\[5\\\\]{lb: 1 sz: 4} = .\\\\\\\\b\\\\\\\\xf6\\\\\\\\x01.\\\\[1\\\\]{lb: 1 sz: 4};"
FAIL: gfortran.dg/char4-subscript.f90 -O2 scan-tree-dump original " \\\\(\\\\*var\\\\.str2\\\\)\\\\[1\\\\]{lb: 1 sz: 4} = .d\\\\\\\\x00\\\\\\\\x00.\\\\[1\\\\]{lb: 1 sz: 4};"
FAIL: gfortran.dg/char4-subscript.f90 -O2 scan-tree-dump original " __builtin_memmove \\\\(\\\\(void \\\\*\\\\) &\\\\(\\\\*var.str2\\\\)\\\\[2\\\\]{lb: 1 sz: 4}, \\\\(void \\\\*\\\\) &.e\\\\\\\\x00\\\\\\\\x00\\\\\\\\x00f\\\\\\\\x00\\\\\\\\x00.\\\\[1\\\\]{lb: 1 sz: 4}, 8\\\\);"
FAIL: gfortran.dg/char4-subscript.f90 -O3 -fomit-frame-pointer -funroll-loops -fpeel-loops -ftracer -finline-functions scan-tree-dump original " \\\\(\\\\*var.str2\\\\)\\\\[4\\\\]{lb: 1 sz: 4} = .\\\\\\\\x00\\\\\\\\xf6\\\\\\\\x01.\\\\[1\\\\]{lb: 1 sz: 4};"
FAIL: gfortran.dg/char4-subscript.f90 -O3 -fomit-frame-pointer -funroll-loops -fpeel-loops -ftracer -finline-functions scan-tree-dump original " \\\\(\\\\*var.str2\\\\)\\\\[5\\\\]{lb: 1 sz: 4} = .\\\\\\\\b\\\\\\\\xf6\\\\\\\\x01.\\\\[1\\\\]{lb: 1 sz: 4};"
FAIL: gfortran.dg/char4-subscript.f90 -O3 -fomit-frame-pointer -funroll-loops -fpeel-loops -ftracer -finline-functions scan-tree-dump original " \\\\(\\\\*var\\\\.str2\\\\)\\\\[1\\\\]{lb: 1 sz: 4} = .d\\\\\\\\x00\\\\\\\\x00.\\\\[1\\\\]{lb: 1 sz: 4};"
FAIL: gfortran.dg/char4-subscript.f90 -O3 -fomit-frame-pointer -funroll-loops -fpeel-loops -ftracer -finline-functions scan-tree-dump original " __builtin_memmove \\\\(\\\\(void \\\\*\\\\) &\\\\(\\\\*var.str2\\\\)\\\\[2\\\\]{lb: 1 sz: 4}, \\\\(void \\\\*\\\\) &.e\\\\\\\\x00\\\\\\\\x00\\\\\\\\x00f\\\\\\\\x00\\\\\\\\x00.\\\\[1\\\\]{lb: 1 sz: 4}, 8\\\\);"
FAIL: gfortran.dg/char4-subscript.f90 -O3 -g scan-tree-dump original " \\\\(\\\\*var.str2\\\\)\\\\[4\\\\]{lb: 1 sz: 4} = .\\\\\\\\x00\\\\\\\\xf6\\\\\\\\x01.\\\\[1\\\\]{lb: 1 sz: 4};"
FAIL: gfortran.dg/char4-subscript.f90 -O3 -g scan-tree-dump original " \\\\(\\\\*var.str2\\\\)\\\\[5\\\\]{lb: 1 sz: 4} = .\\\\\\\\b\\\\\\\\xf6\\\\\\\\x01.\\\\[1\\\\]{lb: 1 sz: 4};"
FAIL: gfortran.dg/char4-subscript.f90 -O3 -g scan-tree-dump original " \\\\(\\\\*var\\\\.str2\\\\)\\\\[1\\\\]{lb: 1 sz: 4} = .d\\\\\\\\x00\\\\\\\\x00.\\\\[1\\\\]{lb: 1 sz: 4};"
FAIL: gfortran.dg/char4-subscript.f90 -O3 -g scan-tree-dump original " __builtin_memmove \\\\(\\\\(void \\\\*\\\\) &\\\\(\\\\*var.str2\\\\)\\\\[2\\\\]{lb: 1 sz: 4}, \\\\(void \\\\*\\\\) &.e\\\\\\\\x00\\\\\\\\x00\\\\\\\\x00f\\\\\\\\x00\\\\\\\\x00.\\\\[1\\\\]{lb: 1 sz: 4}, 8\\\\);"
FAIL: gfortran.dg/char4-subscript.f90 -Os scan-tree-dump original " \\\\(\\\\*var.str2\\\\)\\\\[4\\\\]{lb: 1 sz: 4} = .\\\\\\\\x00\\\\\\\\xf6\\\\\\\\x01.\\\\[1\\\\]{lb: 1 sz: 4};"
FAIL: gfortran.dg/char4-subscript.f90 -Os scan-tree-dump original " \\\\(\\\\*var.str2\\\\)\\\\[5\\\\]{lb: 1 sz: 4} = .\\\\\\\\b\\\\\\\\xf6\\\\\\\\x01.\\\\[1\\\\]{lb: 1 sz: 4};"
FAIL: gfortran.dg/char4-subscript.f90 -Os scan-tree-dump original " \\\\(\\\\*var\\\\.str2\\\\)\\\\[1\\\\]{lb: 1 sz: 4} = .d\\\\\\\\x00\\\\\\\\x00.\\\\[1\\\\]{lb: 1 sz: 4};"
FAIL: gfortran.dg/char4-subscript.f90 -Os scan-tree-dump original " __builtin_memmove \\\\(\\\\(void \\\\*\\\\) &\\\\(\\\\*var.str2\\\\)\\\\[2\\\\]{lb: 1 sz: 4}, \\\\(void \\\\*\\\\) &.e\\\\\\\\x00\\\\\\\\x00\\\\\\\\x00f\\\\\\\\x00\\\\\\\\x00.\\\\[1\\\\]{lb: 1 sz: 4}, 8\\\\);"
FAIL: gfortran.dg/gomp/combined-if.f90 -O scan-tree-dump-times omplower "(?n)#pragma omp simd.* if\\\\(" 7
FAIL: gfortran.dg/gomp/target1.f90 -O (internal compiler error)
FAIL: gfortran.dg/gomp/target1.f90 -O (test for excess errors)
=== gfortran Summary for unix/-m64 ===
# of expected passes 54003
# of unexpected failures 28
# of expected failures 193
# of unsupported tests 157
=== gfortran Summary ===
# of expected passes 107757
# of unexpected failures 56
# of expected failures 388
# of unsupported tests 441
/var/gcc/regression/master/11.3-gcc/build/gcc/gfortran version 11.0.0 20200626 (experimental) [master revision d61ffe124430160c4da7516596d6a4dbcdf2a7a6] (GCC)
=== gnat tests ===
Running target unix
=== gnat Summary for unix ===
# of expected passes 3252
# of expected failures 23
# of unsupported tests 32
Running target unix/-m64
WARNING: gnat.dg/derived_type3.adb (test for excess errors) program timed out.
FAIL: gnat.dg/derived_type3.adb (test for excess errors)
UNRESOLVED: gnat.dg/derived_type3.adb compilation failed to produce executable
=== gnat Summary for unix/-m64 ===
# of expected passes 3250
# of unexpected failures 1
# of expected failures 23
# of unresolved testcases 1
# of unsupported tests 32
=== gnat Summary ===
# of expected passes 6502
# of unexpected failures 1
# of expected failures 46
# of unresolved testcases 1
# of unsupported tests 64
/var/gcc/regression/master/11.3-gcc/build/gcc/gnatmake version 11.0.0 20200626 (experimental) [master revision d61ffe124430160c4da7516596d6a4dbcdf2a7a6]
=== go tests ===
Running target unix
WARNING: ./64bit-out.go compilation, -O0 -g -fno-var-tracking-assignments program timed out.
FAIL: ./64bit-out.go compilation, -O0 -g -fno-var-tracking-assignments
FAIL: ./index0-out.go execution, -O0 -g -fno-var-tracking-assignments
FAIL: go.test/test/fixedbugs/issue4085b.go execution, -O2 -g
FAIL: go.test/test/fixedbugs/issue4562.go execution, -O2 -g
FAIL: go.test/test/nil.go execution, -O2 -g
=== go Summary for unix ===
# of expected passes 7462
# of unexpected failures 5
# of expected failures 1
# of untested testcases 12
# of unsupported tests 3
Running target unix/-m64
FAIL: ./index0-out.go execution, -O0 -g -fno-var-tracking-assignments
FAIL: go.test/test/fixedbugs/issue4348.go -O (test for excess errors)
=== go Summary for unix/-m64 ===
# of expected passes 7346
# of unexpected failures 2
# of expected failures 1
# of untested testcases 11
# of unsupported tests 3
=== go Summary ===
# of expected passes 14808
# of unexpected failures 7
# of expected failures 2
# of untested testcases 23
# of unsupported tests 6
=== obj-c++ tests ===
Running target unix
=== obj-c++ Summary for unix ===
# of expected passes 1450
# of expected failures 2
# of unsupported tests 77
Running target unix/-m64
=== obj-c++ Summary for unix/-m64 ===
# of expected passes 1442
# of expected failures 10
# of unsupported tests 77
=== obj-c++ Summary ===
# of expected passes 2892
# of expected failures 12
# of unsupported tests 154
/var/gcc/regression/master/11.3-gcc/build/gcc/xg++ version 11.0.0 20200626 (experimental) [master revision d61ffe124430160c4da7516596d6a4dbcdf2a7a6] (GCC)
=== objc tests ===
Running target unix
=== objc Summary for unix ===
# of expected passes 2784
# of unsupported tests 68
Running target unix/-m64
=== objc Summary for unix/-m64 ===
# of expected passes 2784
# of unsupported tests 68
=== objc Summary ===
# of expected passes 5568
# of unsupported tests 136
/var/gcc/regression/master/11.3-gcc/build/gcc/xgcc version 11.0.0 20200626 (experimental) [master revision d61ffe124430160c4da7516596d6a4dbcdf2a7a6] (GCC)
=== gotools tests ===
FAIL: TestAbort
FAIL: TestBreakpoint
FAIL: TestCgoSignalDeadlock
FAIL: TestGccgoCrashTracebackNodebug
FAIL: TestMemmoveAtomicity
FAIL: TestPanicInlined
FAIL: TestSelectStackAdjust
FAIL: go test runtime
FAIL: go test misc/cgo/test
FAIL: TestCompileWithoutShared
FAIL: TestEarlySignalHandler
FAIL: TestOsSignal
FAIL: TestPIE
FAIL: TestSIGPROF
FAIL: TestSigaltstack
FAIL: TestSignalForwarding
FAIL: TestSignalForwardingExternal
FAIL: go test misc/cgo/testcarchive
FAIL: go test cmd/vet
=== gotools Summary ===
# of expected passes 281
# of unexpected failures 19
# of untested testcases 170
/var/gcc/regression/master/11.3-gcc/build/./gcc/gccgo version 11.0.0 20200626 (experimental) [master revision d61ffe124430160c4da7516596d6a4dbcdf2a7a6] (GCC)
=== libatomic tests ===
Running target unix
=== libatomic Summary for unix ===
# of expected passes 44
# of unsupported tests 5
Running target unix/-m64
=== libatomic Summary for unix/-m64 ===
# of expected passes 54
=== libatomic Summary ===
# of expected passes 98
# of unsupported tests 5
=== libffi tests ===
Running target unix
=== libffi Summary for unix ===
# of expected passes 2214
Running target unix/-m64
=== libffi Summary for unix/-m64 ===
# of expected passes 2214
=== libffi Summary ===
# of expected passes 4428
=== libgo tests ===
Running target unix
FAIL: go/build
FAIL: os/signal
FAIL: runtime
FAIL: runtime/pprof
FAIL: sync/atomic
=== libgo Summary for unix ===
# of expected passes 168
# of unexpected failures 5
Running target unix/-m64
FAIL: go/build
FAIL: image/jpeg
FAIL: runtime
FAIL: runtime/pprof
FAIL: sync/atomic
=== libgo Summary for unix/-m64 ===
# of expected passes 168
# of unexpected failures 5
=== libgo Summary ===
# of expected passes 336
# of unexpected failures 10
/var/gcc/regression/master/11.3-gcc/build/./gcc/gccgo version 11.0.0 20200626 (experimental) [master revision d61ffe124430160c4da7516596d6a4dbcdf2a7a6] (GCC)
=== libgomp tests ===
Running target unix
WARNING: libgomp.c++/task-reduction-11.C execution test program timed out.
FAIL: libgomp.c++/task-reduction-11.C execution test
WARNING: libgomp.c++/task-reduction-8.C execution test program timed out.
FAIL: libgomp.c++/task-reduction-8.C execution test
=== libgomp Summary for unix ===
# of expected passes 7755
# of unexpected failures 2
# of expected failures 4
# of unsupported tests 577
Running target unix/-m64
WARNING: libgomp.c++/../libgomp.c-c++-common/for-11.c (test for excess errors) program timed out.
FAIL: libgomp.c++/../libgomp.c-c++-common/for-11.c (test for excess errors)
UNRESOLVED: libgomp.c++/../libgomp.c-c++-common/for-11.c compilation failed to produce executable
WARNING: libgomp.c++/task-reduction-11.C execution test program timed out.
FAIL: libgomp.c++/task-reduction-11.C execution test
WARNING: libgomp.c++/task-reduction-13.C execution test program timed out.
FAIL: libgomp.c++/task-reduction-13.C execution test
=== libgomp Summary for unix/-m64 ===
# of expected passes 7753
# of unexpected failures 3
# of expected failures 4
# of unresolved testcases 1
# of unsupported tests 577
=== libgomp Summary ===
# of expected passes 15508
# of unexpected failures 5
# of expected failures 8
# of unresolved testcases 1
# of unsupported tests 1154
=== libitm tests ===
Running target unix
=== libitm Summary for unix ===
# of expected passes 42
# of expected failures 3
# of unsupported tests 1
Running target unix/-m64
=== libitm Summary for unix/-m64 ===
# of expected passes 42
# of expected failures 3
# of unsupported tests 1
=== libitm Summary ===
# of expected passes 84
# of expected failures 6
# of unsupported tests 2
=== libstdc++ tests ===
Running target unix
FAIL: experimental/net/internet/resolver/ops/lookup.cc execution test
WARNING: std/ranges/adaptors/all.cc (test for excess errors) program timed out.
FAIL: std/ranges/adaptors/all.cc (test for excess errors)
UNRESOLVED: std/ranges/adaptors/all.cc compilation failed to produce executable
=== libstdc++ Summary for unix ===
# of expected passes 14074
# of unexpected failures 2
# of expected failures 93
# of unresolved testcases 1
# of unsupported tests 737
Running target unix/-m64
FAIL: experimental/net/internet/resolver/ops/lookup.cc execution test
=== libstdc++ Summary for unix/-m64 ===
# of expected passes 14076
# of unexpected failures 1
# of expected failures 93
# of unsupported tests 737
=== libstdc++ Summary ===
# of expected passes 28150
# of unexpected failures 3
# of expected failures 186
# of unresolved testcases 1
# of unsupported tests 1474
Compiler version: 11.0.0 20200626 (experimental) [master revision d61ffe124430160c4da7516596d6a4dbcdf2a7a6] (GCC)
Platform: sparc-sun-solaris2.11
configure flags: --prefix=/vol/gcc --target=sparc-sun-solaris2.11 --enable-objc-gc --with-target-bdw-gc-include=/vol/gcc/include --with-target-bdw-gc-lib=/vol/gcc/lib,sparcv9=/vol/gcc/lib/sparcv9 --with-as=/usr/ccs/bin/as --without-gnu-as --with-gmp-include=/vol/gcc/include --with-gmp-lib=/vol/gcc/lib --with-mpfr-include=/vol/gcc/include --with-mpfr-lib=/vol/gcc/lib --with-mpc-include=/vol/gcc/include --with-mpc-lib=/vol/gcc/lib --enable-languages=all,ada,obj-c++,go --with-isl-include=/vol/gcc/include --with-isl-lib=/vol/gcc/lib --with-zstd-include=/vol/gcc/include --with-zstd-lib=/vol/gcc/lib --build=sparc-sun-solaris2.11 --host=sparc-sun-solaris2.11
BOOT_CFLAGS=-g -O2
More information about the Gcc-testresults
mailing list