Results for 11.0.0 20200626 (experimental) [master revision d61ffe124430160c4da7516596d6a4dbcdf2a7a6] (GCC) testsuite on sparc-sun-solaris2.11
Rainer Orth
ro@CeBiTec.Uni-Bielefeld.DE
Sat Jun 27 10:55:43 GMT 2020
LAST_UPDATED: Fri Jun 26 09:13:43 UTC 2020 (revision d61ffe124430160c4da7516596d6a4dbcdf2a7a6)
=== acats tests ===
=== acats Summary ===
# of expected passes 2320
# of unexpected failures 0
Native configuration is sparc-sun-solaris2.11
=== g++ tests ===
Running target unix
FAIL: g++.dg/asan/default-options-1.C -O0 execution test
FAIL: g++.dg/asan/default-options-1.C -O1 execution test
FAIL: g++.dg/asan/default-options-1.C -O2 execution test
FAIL: g++.dg/asan/default-options-1.C -O2 -flto execution test
FAIL: g++.dg/asan/default-options-1.C -O2 -flto -flto-partition=none execution test
FAIL: g++.dg/asan/default-options-1.C -O3 -g execution test
FAIL: g++.dg/asan/default-options-1.C -Os execution test
FAIL: g++.dg/cpp1y/lambda-generic-variadic20.C -std=c++14 (internal compiler error)
FAIL: g++.dg/cpp1y/lambda-generic-variadic20.C -std=c++14 (test for excess errors)
FAIL: g++.dg/cpp1y/lambda-generic-variadic20.C -std=c++17 (internal compiler error)
FAIL: g++.dg/cpp1y/lambda-generic-variadic20.C -std=c++17 (test for excess errors)
FAIL: g++.dg/cpp1y/lambda-generic-variadic20.C -std=c++2a (internal compiler error)
FAIL: g++.dg/cpp1y/lambda-generic-variadic20.C -std=c++2a (test for excess errors)
FAIL: g++.dg/gcov/pr16855-priority.C -std=gnu++14 gcov: 1 failures in line counts, 0 in branch percentages, 0 in return percentages, 0 in intermediate format
FAIL: g++.dg/gcov/pr16855-priority.C -std=gnu++14 line 22: is #####:should be 1
FAIL: g++.dg/gcov/pr16855-priority.C -std=gnu++17 gcov: 1 failures in line counts, 0 in branch percentages, 0 in return percentages, 0 in intermediate format
FAIL: g++.dg/gcov/pr16855-priority.C -std=gnu++17 line 22: is #####:should be 1
FAIL: g++.dg/gcov/pr16855-priority.C -std=gnu++2a gcov: 1 failures in line counts, 0 in branch percentages, 0 in return percentages, 0 in intermediate format
FAIL: g++.dg/gcov/pr16855-priority.C -std=gnu++2a line 22: is #####:should be 1
FAIL: g++.dg/gcov/pr16855-priority.C -std=gnu++98 gcov: 1 failures in line counts, 0 in branch percentages, 0 in return percentages, 0 in intermediate format
FAIL: g++.dg/gcov/pr16855-priority.C -std=gnu++98 line 22: is #####:should be 1
FAIL: g++.dg/gcov/pr16855.C -std=gnu++14 gcov: 1 failures in line counts, 0 in branch percentages, 0 in return percentages, 0 in intermediate format
FAIL: g++.dg/gcov/pr16855.C -std=gnu++14 line 24: is #####:should be 1
FAIL: g++.dg/gcov/pr16855.C -std=gnu++17 gcov: 1 failures in line counts, 0 in branch percentages, 0 in return percentages, 0 in intermediate format
FAIL: g++.dg/gcov/pr16855.C -std=gnu++17 line 24: is #####:should be 1
FAIL: g++.dg/gcov/pr16855.C -std=gnu++2a gcov: 1 failures in line counts, 0 in branch percentages, 0 in return percentages, 0 in intermediate format
FAIL: g++.dg/gcov/pr16855.C -std=gnu++2a line 24: is #####:should be 1
FAIL: g++.dg/gcov/pr16855.C -std=gnu++98 gcov: 1 failures in line counts, 0 in branch percentages, 0 in return percentages, 0 in intermediate format
FAIL: g++.dg/gcov/pr16855.C -std=gnu++98 line 24: is #####:should be 1
FAIL: g++.dg/lto/pr89335 cp_lto_pr89335_0.o assemble, -O2 -flto -Wsuggest-final-methods
=== g++ Summary for unix ===
# of expected passes 183574
# of unexpected failures 30
# of expected failures 688
# of unsupported tests 8842
Running target unix/-m64
FAIL: g++.dg/gcov/pr16855-priority.C -std=gnu++14 gcov: 1 failures in line counts, 0 in branch percentages, 0 in return percentages, 0 in intermediate format
FAIL: g++.dg/gcov/pr16855-priority.C -std=gnu++14 line 22: is #####:should be 1
FAIL: g++.dg/gcov/pr16855-priority.C -std=gnu++17 gcov: 1 failures in line counts, 0 in branch percentages, 0 in return percentages, 0 in intermediate format
FAIL: g++.dg/gcov/pr16855-priority.C -std=gnu++17 line 22: is #####:should be 1
FAIL: g++.dg/gcov/pr16855-priority.C -std=gnu++2a gcov: 1 failures in line counts, 0 in branch percentages, 0 in return percentages, 0 in intermediate format
FAIL: g++.dg/gcov/pr16855-priority.C -std=gnu++2a line 22: is #####:should be 1
FAIL: g++.dg/gcov/pr16855-priority.C -std=gnu++98 gcov: 1 failures in line counts, 0 in branch percentages, 0 in return percentages, 0 in intermediate format
FAIL: g++.dg/gcov/pr16855-priority.C -std=gnu++98 line 22: is #####:should be 1
FAIL: g++.dg/gcov/pr16855.C -std=gnu++14 gcov: 1 failures in line counts, 0 in branch percentages, 0 in return percentages, 0 in intermediate format
FAIL: g++.dg/gcov/pr16855.C -std=gnu++14 line 24: is #####:should be 1
FAIL: g++.dg/gcov/pr16855.C -std=gnu++17 gcov: 1 failures in line counts, 0 in branch percentages, 0 in return percentages, 0 in intermediate format
FAIL: g++.dg/gcov/pr16855.C -std=gnu++17 line 24: is #####:should be 1
FAIL: g++.dg/gcov/pr16855.C -std=gnu++2a gcov: 1 failures in line counts, 0 in branch percentages, 0 in return percentages, 0 in intermediate format
FAIL: g++.dg/gcov/pr16855.C -std=gnu++2a line 24: is #####:should be 1
FAIL: g++.dg/gcov/pr16855.C -std=gnu++98 gcov: 1 failures in line counts, 0 in branch percentages, 0 in return percentages, 0 in intermediate format
FAIL: g++.dg/gcov/pr16855.C -std=gnu++98 line 24: is #####:should be 1
FAIL: g++.dg/lto/pr89335 cp_lto_pr89335_0.o assemble, -O2 -flto -Wsuggest-final-methods
=== g++ Summary for unix/-m64 ===
# of expected passes 184340
# of unexpected failures 17
# of expected failures 692
# of unsupported tests 8538
=== g++ Summary ===
# of expected passes 367914
# of unexpected failures 47
# of expected failures 1380
# of unsupported tests 17380
/var/gcc/regression/master/11.4-gcc-gas/build/gcc/xg++ version 11.0.0 20200626 (experimental) [master revision d61ffe124430160c4da7516596d6a4dbcdf2a7a6] (GCC)
=== gcc tests ===
Running target unix
FAIL: gcc.dg/ipa/iinline-attr.c scan-ipa-dump inline "hooray[^\\\\n]*inline copy in test"
FAIL: gcc.dg/ipa/ipa-icf-38.c scan-ltrans-tree-dump-not optimized "Function bar"
FAIL: gcc.dg/simulate-thread/atomic-other-int.c -O2 -g thread simulation test
FAIL: gcc.dg/simulate-thread/atomic-other-int.c -O3 -g thread simulation test
FAIL: gcc.dg/simulate-thread/speculative-store-4.c -O0 -g thread simulation test
FAIL: gcc.dg/simulate-thread/speculative-store-4.c -O2 -g thread simulation test
FAIL: gcc.dg/simulate-thread/speculative-store-4.c -O3 -g thread simulation test
FAIL: gcc.dg/simulate-thread/speculative-store.c -O0 -g thread simulation test
UNRESOLVED: gcc.dg/tree-prof/crossmodule-indir-call-topn-1.c scan-pgo-wpa-ipa-dump profile_estimate "2 \\\\(200.00%\\\\) speculations produced."
UNRESOLVED: gcc.dg/tree-prof/crossmodule-indir-call-topn-2.c scan-pgo-wpa-ipa-dump profile_estimate "2 \\\\(200.00%\\\\) speculations produced."
XPASS: gcc.dg/vect/vect-alias-check-1.c -flto -ffat-lto-objects scan-tree-dump vect "using an address-based overlap test"
XPASS: gcc.dg/vect/vect-alias-check-1.c scan-tree-dump vect "using an address-based overlap test"
=== gcc Summary for unix ===
# of expected passes 125935
# of unexpected failures 8
# of unexpected successes 2
# of expected failures 760
# of unresolved testcases 2
# of unsupported tests 3620
Running target unix/-m64
FAIL: gcc.dg/strcmpopt_8.c (test for excess errors)
FAIL: gcc.dg/strcmpopt_8.c scan-tree-dump-not forwprop1 "strncmp"
FAIL: gcc.dg/ipa/ipa-icf-38.c scan-ltrans-tree-dump-not optimized "Function bar"
UNRESOLVED: gcc.dg/tree-prof/crossmodule-indir-call-topn-1.c scan-pgo-wpa-ipa-dump profile_estimate "2 \\\\(200.00%\\\\) speculations produced."
UNRESOLVED: gcc.dg/tree-prof/crossmodule-indir-call-topn-2.c scan-pgo-wpa-ipa-dump profile_estimate "2 \\\\(200.00%\\\\) speculations produced."
XPASS: gcc.dg/vect/vect-alias-check-1.c -flto -ffat-lto-objects scan-tree-dump vect "using an address-based overlap test"
XPASS: gcc.dg/vect/vect-alias-check-1.c scan-tree-dump vect "using an address-based overlap test"
=== gcc Summary for unix/-m64 ===
# of expected passes 125546
# of unexpected failures 3
# of unexpected successes 2
# of expected failures 750
# of unresolved testcases 2
# of unsupported tests 2959
=== gcc Summary ===
# of expected passes 251481
# of unexpected failures 11
# of unexpected successes 4
# of expected failures 1510
# of unresolved testcases 4
# of unsupported tests 6579
/var/gcc/regression/master/11.4-gcc-gas/build/gcc/xgcc version 11.0.0 20200626 (experimental) [master revision d61ffe124430160c4da7516596d6a4dbcdf2a7a6] (GCC)
=== gdc tests ===
Running target unix
FAIL: gdc.test/runnable/eh.d execution test
FAIL: gdc.test/runnable/eh.d -fPIC execution test
FAIL: gdc.test/runnable/eh.d -fPIC -shared-libphobos execution test
FAIL: gdc.test/runnable/eh.d -shared-libphobos execution test
WARNING: gdc.test/runnable/test17338.d (test for excess errors) program timed out.
UNRESOLVED: gdc.test/runnable/test17338.d compilation failed to produce executable
WARNING: gdc.test/runnable/test17338.d -shared-libphobos (test for excess errors) program timed out.
UNRESOLVED: gdc.test/runnable/test17338.d -shared-libphobos compilation failed to produce executable
FAIL: gdc.test/runnable/test42.d execution test
FAIL: gdc.test/runnable/test42.d -g execution test
FAIL: gdc.test/runnable/test42.d -g -shared-libphobos execution test
FAIL: gdc.test/runnable/test42.d -shared-libphobos execution test
FAIL: gdc.test/runnable_cxx/cpp_abi_tests.d -O2 execution test
FAIL: gdc.test/runnable_cxx/cpp_abi_tests.d -O2 -g execution test
=== gdc Summary for unix ===
# of expected passes 30733
# of unexpected failures 10
# of unresolved testcases 2
Running target unix/-m64
FAIL: gdc.test/runnable/foreach5.d execution test
FAIL: gdc.test/runnable/foreach5.d -frelease execution test
FAIL: gdc.test/runnable/foreach5.d -frelease -g execution test
FAIL: gdc.test/runnable/foreach5.d -frelease -g -shared-libphobos execution test
FAIL: gdc.test/runnable/foreach5.d -frelease -shared-libphobos execution test
FAIL: gdc.test/runnable/foreach5.d -g execution test
FAIL: gdc.test/runnable/foreach5.d -g -shared-libphobos execution test
FAIL: gdc.test/runnable/foreach5.d -shared-libphobos execution test
FAIL: gdc.test/runnable/inline.d execution test
FAIL: gdc.test/runnable/inline.d -O2 execution test
FAIL: gdc.test/runnable/inline.d -O2 -g execution test
FAIL: gdc.test/runnable/inline.d -O2 -g -shared-libphobos execution test
FAIL: gdc.test/runnable/inline.d -O2 -shared-libphobos execution test
FAIL: gdc.test/runnable/inline.d -g execution test
FAIL: gdc.test/runnable/inline.d -g -shared-libphobos execution test
FAIL: gdc.test/runnable/inline.d -shared-libphobos execution test
WARNING: gdc.test/runnable/test17338.d -shared-libphobos (test for excess errors) program timed out.
UNRESOLVED: gdc.test/runnable/test17338.d -shared-libphobos compilation failed to produce executable
FAIL: gdc.test/runnable/test42.d execution test
FAIL: gdc.test/runnable/test42.d -g execution test
FAIL: gdc.test/runnable/test42.d -g -shared-libphobos execution test
FAIL: gdc.test/runnable/test42.d -shared-libphobos execution test
FAIL: gdc.test/runnable_cxx/cpp_abi_tests.d -O2 execution test
FAIL: gdc.test/runnable_cxx/cpp_abi_tests.d -O2 -g execution test
=== gdc Summary for unix/-m64 ===
# of expected passes 30721
# of unexpected failures 22
# of unresolved testcases 1
=== gdc Summary ===
# of expected passes 61454
# of unexpected failures 32
# of unresolved testcases 3
/var/gcc/regression/master/11.4-gcc-gas/build/gcc/gdc version 11.0.0 20200626 (experimental) [master revision d61ffe124430160c4da7516596d6a4dbcdf2a7a6] (GCC)
=== gfortran tests ===
Running target unix
FAIL: gfortran.dg/analyzer/pr93993.f90 -O (test for excess errors)
FAIL: gfortran.dg/char4-subscript.f90 -O0 scan-tree-dump original " \\\\(\\\\*var.str2\\\\)\\\\[4\\\\]{lb: 1 sz: 4} = .\\\\\\\\x00\\\\\\\\xf6\\\\\\\\x01.\\\\[1\\\\]{lb: 1 sz: 4};"
FAIL: gfortran.dg/char4-subscript.f90 -O0 scan-tree-dump original " \\\\(\\\\*var.str2\\\\)\\\\[5\\\\]{lb: 1 sz: 4} = .\\\\\\\\b\\\\\\\\xf6\\\\\\\\x01.\\\\[1\\\\]{lb: 1 sz: 4};"
FAIL: gfortran.dg/char4-subscript.f90 -O0 scan-tree-dump original " \\\\(\\\\*var\\\\.str2\\\\)\\\\[1\\\\]{lb: 1 sz: 4} = .d\\\\\\\\x00\\\\\\\\x00.\\\\[1\\\\]{lb: 1 sz: 4};"
FAIL: gfortran.dg/char4-subscript.f90 -O0 scan-tree-dump original " __builtin_memmove \\\\(\\\\(void \\\\*\\\\) &\\\\(\\\\*var.str2\\\\)\\\\[2\\\\]{lb: 1 sz: 4}, \\\\(void \\\\*\\\\) &.e\\\\\\\\x00\\\\\\\\x00\\\\\\\\x00f\\\\\\\\x00\\\\\\\\x00.\\\\[1\\\\]{lb: 1 sz: 4}, 8\\\\);"
FAIL: gfortran.dg/char4-subscript.f90 -O1 scan-tree-dump original " \\\\(\\\\*var.str2\\\\)\\\\[4\\\\]{lb: 1 sz: 4} = .\\\\\\\\x00\\\\\\\\xf6\\\\\\\\x01.\\\\[1\\\\]{lb: 1 sz: 4};"
FAIL: gfortran.dg/char4-subscript.f90 -O1 scan-tree-dump original " \\\\(\\\\*var.str2\\\\)\\\\[5\\\\]{lb: 1 sz: 4} = .\\\\\\\\b\\\\\\\\xf6\\\\\\\\x01.\\\\[1\\\\]{lb: 1 sz: 4};"
FAIL: gfortran.dg/char4-subscript.f90 -O1 scan-tree-dump original " \\\\(\\\\*var\\\\.str2\\\\)\\\\[1\\\\]{lb: 1 sz: 4} = .d\\\\\\\\x00\\\\\\\\x00.\\\\[1\\\\]{lb: 1 sz: 4};"
FAIL: gfortran.dg/char4-subscript.f90 -O1 scan-tree-dump original " __builtin_memmove \\\\(\\\\(void \\\\*\\\\) &\\\\(\\\\*var.str2\\\\)\\\\[2\\\\]{lb: 1 sz: 4}, \\\\(void \\\\*\\\\) &.e\\\\\\\\x00\\\\\\\\x00\\\\\\\\x00f\\\\\\\\x00\\\\\\\\x00.\\\\[1\\\\]{lb: 1 sz: 4}, 8\\\\);"
FAIL: gfortran.dg/char4-subscript.f90 -O2 scan-tree-dump original " \\\\(\\\\*var.str2\\\\)\\\\[4\\\\]{lb: 1 sz: 4} = .\\\\\\\\x00\\\\\\\\xf6\\\\\\\\x01.\\\\[1\\\\]{lb: 1 sz: 4};"
FAIL: gfortran.dg/char4-subscript.f90 -O2 scan-tree-dump original " \\\\(\\\\*var.str2\\\\)\\\\[5\\\\]{lb: 1 sz: 4} = .\\\\\\\\b\\\\\\\\xf6\\\\\\\\x01.\\\\[1\\\\]{lb: 1 sz: 4};"
FAIL: gfortran.dg/char4-subscript.f90 -O2 scan-tree-dump original " \\\\(\\\\*var\\\\.str2\\\\)\\\\[1\\\\]{lb: 1 sz: 4} = .d\\\\\\\\x00\\\\\\\\x00.\\\\[1\\\\]{lb: 1 sz: 4};"
FAIL: gfortran.dg/char4-subscript.f90 -O2 scan-tree-dump original " __builtin_memmove \\\\(\\\\(void \\\\*\\\\) &\\\\(\\\\*var.str2\\\\)\\\\[2\\\\]{lb: 1 sz: 4}, \\\\(void \\\\*\\\\) &.e\\\\\\\\x00\\\\\\\\x00\\\\\\\\x00f\\\\\\\\x00\\\\\\\\x00.\\\\[1\\\\]{lb: 1 sz: 4}, 8\\\\);"
FAIL: gfortran.dg/char4-subscript.f90 -O3 -fomit-frame-pointer -funroll-loops -fpeel-loops -ftracer -finline-functions scan-tree-dump original " \\\\(\\\\*var.str2\\\\)\\\\[4\\\\]{lb: 1 sz: 4} = .\\\\\\\\x00\\\\\\\\xf6\\\\\\\\x01.\\\\[1\\\\]{lb: 1 sz: 4};"
FAIL: gfortran.dg/char4-subscript.f90 -O3 -fomit-frame-pointer -funroll-loops -fpeel-loops -ftracer -finline-functions scan-tree-dump original " \\\\(\\\\*var.str2\\\\)\\\\[5\\\\]{lb: 1 sz: 4} = .\\\\\\\\b\\\\\\\\xf6\\\\\\\\x01.\\\\[1\\\\]{lb: 1 sz: 4};"
FAIL: gfortran.dg/char4-subscript.f90 -O3 -fomit-frame-pointer -funroll-loops -fpeel-loops -ftracer -finline-functions scan-tree-dump original " \\\\(\\\\*var\\\\.str2\\\\)\\\\[1\\\\]{lb: 1 sz: 4} = .d\\\\\\\\x00\\\\\\\\x00.\\\\[1\\\\]{lb: 1 sz: 4};"
FAIL: gfortran.dg/char4-subscript.f90 -O3 -fomit-frame-pointer -funroll-loops -fpeel-loops -ftracer -finline-functions scan-tree-dump original " __builtin_memmove \\\\(\\\\(void \\\\*\\\\) &\\\\(\\\\*var.str2\\\\)\\\\[2\\\\]{lb: 1 sz: 4}, \\\\(void \\\\*\\\\) &.e\\\\\\\\x00\\\\\\\\x00\\\\\\\\x00f\\\\\\\\x00\\\\\\\\x00.\\\\[1\\\\]{lb: 1 sz: 4}, 8\\\\);"
FAIL: gfortran.dg/char4-subscript.f90 -O3 -g scan-tree-dump original " \\\\(\\\\*var.str2\\\\)\\\\[4\\\\]{lb: 1 sz: 4} = .\\\\\\\\x00\\\\\\\\xf6\\\\\\\\x01.\\\\[1\\\\]{lb: 1 sz: 4};"
FAIL: gfortran.dg/char4-subscript.f90 -O3 -g scan-tree-dump original " \\\\(\\\\*var.str2\\\\)\\\\[5\\\\]{lb: 1 sz: 4} = .\\\\\\\\b\\\\\\\\xf6\\\\\\\\x01.\\\\[1\\\\]{lb: 1 sz: 4};"
FAIL: gfortran.dg/char4-subscript.f90 -O3 -g scan-tree-dump original " \\\\(\\\\*var\\\\.str2\\\\)\\\\[1\\\\]{lb: 1 sz: 4} = .d\\\\\\\\x00\\\\\\\\x00.\\\\[1\\\\]{lb: 1 sz: 4};"
FAIL: gfortran.dg/char4-subscript.f90 -O3 -g scan-tree-dump original " __builtin_memmove \\\\(\\\\(void \\\\*\\\\) &\\\\(\\\\*var.str2\\\\)\\\\[2\\\\]{lb: 1 sz: 4}, \\\\(void \\\\*\\\\) &.e\\\\\\\\x00\\\\\\\\x00\\\\\\\\x00f\\\\\\\\x00\\\\\\\\x00.\\\\[1\\\\]{lb: 1 sz: 4}, 8\\\\);"
FAIL: gfortran.dg/char4-subscript.f90 -Os scan-tree-dump original " \\\\(\\\\*var.str2\\\\)\\\\[4\\\\]{lb: 1 sz: 4} = .\\\\\\\\x00\\\\\\\\xf6\\\\\\\\x01.\\\\[1\\\\]{lb: 1 sz: 4};"
FAIL: gfortran.dg/char4-subscript.f90 -Os scan-tree-dump original " \\\\(\\\\*var.str2\\\\)\\\\[5\\\\]{lb: 1 sz: 4} = .\\\\\\\\b\\\\\\\\xf6\\\\\\\\x01.\\\\[1\\\\]{lb: 1 sz: 4};"
FAIL: gfortran.dg/char4-subscript.f90 -Os scan-tree-dump original " \\\\(\\\\*var\\\\.str2\\\\)\\\\[1\\\\]{lb: 1 sz: 4} = .d\\\\\\\\x00\\\\\\\\x00.\\\\[1\\\\]{lb: 1 sz: 4};"
FAIL: gfortran.dg/char4-subscript.f90 -Os scan-tree-dump original " __builtin_memmove \\\\(\\\\(void \\\\*\\\\) &\\\\(\\\\*var.str2\\\\)\\\\[2\\\\]{lb: 1 sz: 4}, \\\\(void \\\\*\\\\) &.e\\\\\\\\x00\\\\\\\\x00\\\\\\\\x00f\\\\\\\\x00\\\\\\\\x00.\\\\[1\\\\]{lb: 1 sz: 4}, 8\\\\);"
FAIL: gfortran.dg/gomp/combined-if.f90 -O scan-tree-dump-times omplower "(?n)#pragma omp simd.* if\\\\(" 7
FAIL: gfortran.dg/gomp/target1.f90 -O (internal compiler error)
FAIL: gfortran.dg/gomp/target1.f90 -O (test for excess errors)
=== gfortran Summary for unix ===
# of expected passes 53754
# of unexpected failures 28
# of expected failures 195
# of unsupported tests 284
Running target unix/-m64
FAIL: gfortran.dg/analyzer/pr93993.f90 -O (test for excess errors)
FAIL: gfortran.dg/char4-subscript.f90 -O0 scan-tree-dump original " \\\\(\\\\*var.str2\\\\)\\\\[4\\\\]{lb: 1 sz: 4} = .\\\\\\\\x00\\\\\\\\xf6\\\\\\\\x01.\\\\[1\\\\]{lb: 1 sz: 4};"
FAIL: gfortran.dg/char4-subscript.f90 -O0 scan-tree-dump original " \\\\(\\\\*var.str2\\\\)\\\\[5\\\\]{lb: 1 sz: 4} = .\\\\\\\\b\\\\\\\\xf6\\\\\\\\x01.\\\\[1\\\\]{lb: 1 sz: 4};"
FAIL: gfortran.dg/char4-subscript.f90 -O0 scan-tree-dump original " \\\\(\\\\*var\\\\.str2\\\\)\\\\[1\\\\]{lb: 1 sz: 4} = .d\\\\\\\\x00\\\\\\\\x00.\\\\[1\\\\]{lb: 1 sz: 4};"
FAIL: gfortran.dg/char4-subscript.f90 -O0 scan-tree-dump original " __builtin_memmove \\\\(\\\\(void \\\\*\\\\) &\\\\(\\\\*var.str2\\\\)\\\\[2\\\\]{lb: 1 sz: 4}, \\\\(void \\\\*\\\\) &.e\\\\\\\\x00\\\\\\\\x00\\\\\\\\x00f\\\\\\\\x00\\\\\\\\x00.\\\\[1\\\\]{lb: 1 sz: 4}, 8\\\\);"
FAIL: gfortran.dg/char4-subscript.f90 -O1 scan-tree-dump original " \\\\(\\\\*var.str2\\\\)\\\\[4\\\\]{lb: 1 sz: 4} = .\\\\\\\\x00\\\\\\\\xf6\\\\\\\\x01.\\\\[1\\\\]{lb: 1 sz: 4};"
FAIL: gfortran.dg/char4-subscript.f90 -O1 scan-tree-dump original " \\\\(\\\\*var.str2\\\\)\\\\[5\\\\]{lb: 1 sz: 4} = .\\\\\\\\b\\\\\\\\xf6\\\\\\\\x01.\\\\[1\\\\]{lb: 1 sz: 4};"
FAIL: gfortran.dg/char4-subscript.f90 -O1 scan-tree-dump original " \\\\(\\\\*var\\\\.str2\\\\)\\\\[1\\\\]{lb: 1 sz: 4} = .d\\\\\\\\x00\\\\\\\\x00.\\\\[1\\\\]{lb: 1 sz: 4};"
FAIL: gfortran.dg/char4-subscript.f90 -O1 scan-tree-dump original " __builtin_memmove \\\\(\\\\(void \\\\*\\\\) &\\\\(\\\\*var.str2\\\\)\\\\[2\\\\]{lb: 1 sz: 4}, \\\\(void \\\\*\\\\) &.e\\\\\\\\x00\\\\\\\\x00\\\\\\\\x00f\\\\\\\\x00\\\\\\\\x00.\\\\[1\\\\]{lb: 1 sz: 4}, 8\\\\);"
FAIL: gfortran.dg/char4-subscript.f90 -O2 scan-tree-dump original " \\\\(\\\\*var.str2\\\\)\\\\[4\\\\]{lb: 1 sz: 4} = .\\\\\\\\x00\\\\\\\\xf6\\\\\\\\x01.\\\\[1\\\\]{lb: 1 sz: 4};"
FAIL: gfortran.dg/char4-subscript.f90 -O2 scan-tree-dump original " \\\\(\\\\*var.str2\\\\)\\\\[5\\\\]{lb: 1 sz: 4} = .\\\\\\\\b\\\\\\\\xf6\\\\\\\\x01.\\\\[1\\\\]{lb: 1 sz: 4};"
FAIL: gfortran.dg/char4-subscript.f90 -O2 scan-tree-dump original " \\\\(\\\\*var\\\\.str2\\\\)\\\\[1\\\\]{lb: 1 sz: 4} = .d\\\\\\\\x00\\\\\\\\x00.\\\\[1\\\\]{lb: 1 sz: 4};"
FAIL: gfortran.dg/char4-subscript.f90 -O2 scan-tree-dump original " __builtin_memmove \\\\(\\\\(void \\\\*\\\\) &\\\\(\\\\*var.str2\\\\)\\\\[2\\\\]{lb: 1 sz: 4}, \\\\(void \\\\*\\\\) &.e\\\\\\\\x00\\\\\\\\x00\\\\\\\\x00f\\\\\\\\x00\\\\\\\\x00.\\\\[1\\\\]{lb: 1 sz: 4}, 8\\\\);"
FAIL: gfortran.dg/char4-subscript.f90 -O3 -fomit-frame-pointer -funroll-loops -fpeel-loops -ftracer -finline-functions scan-tree-dump original " \\\\(\\\\*var.str2\\\\)\\\\[4\\\\]{lb: 1 sz: 4} = .\\\\\\\\x00\\\\\\\\xf6\\\\\\\\x01.\\\\[1\\\\]{lb: 1 sz: 4};"
FAIL: gfortran.dg/char4-subscript.f90 -O3 -fomit-frame-pointer -funroll-loops -fpeel-loops -ftracer -finline-functions scan-tree-dump original " \\\\(\\\\*var.str2\\\\)\\\\[5\\\\]{lb: 1 sz: 4} = .\\\\\\\\b\\\\\\\\xf6\\\\\\\\x01.\\\\[1\\\\]{lb: 1 sz: 4};"
FAIL: gfortran.dg/char4-subscript.f90 -O3 -fomit-frame-pointer -funroll-loops -fpeel-loops -ftracer -finline-functions scan-tree-dump original " \\\\(\\\\*var\\\\.str2\\\\)\\\\[1\\\\]{lb: 1 sz: 4} = .d\\\\\\\\x00\\\\\\\\x00.\\\\[1\\\\]{lb: 1 sz: 4};"
FAIL: gfortran.dg/char4-subscript.f90 -O3 -fomit-frame-pointer -funroll-loops -fpeel-loops -ftracer -finline-functions scan-tree-dump original " __builtin_memmove \\\\(\\\\(void \\\\*\\\\) &\\\\(\\\\*var.str2\\\\)\\\\[2\\\\]{lb: 1 sz: 4}, \\\\(void \\\\*\\\\) &.e\\\\\\\\x00\\\\\\\\x00\\\\\\\\x00f\\\\\\\\x00\\\\\\\\x00.\\\\[1\\\\]{lb: 1 sz: 4}, 8\\\\);"
FAIL: gfortran.dg/char4-subscript.f90 -O3 -g scan-tree-dump original " \\\\(\\\\*var.str2\\\\)\\\\[4\\\\]{lb: 1 sz: 4} = .\\\\\\\\x00\\\\\\\\xf6\\\\\\\\x01.\\\\[1\\\\]{lb: 1 sz: 4};"
FAIL: gfortran.dg/char4-subscript.f90 -O3 -g scan-tree-dump original " \\\\(\\\\*var.str2\\\\)\\\\[5\\\\]{lb: 1 sz: 4} = .\\\\\\\\b\\\\\\\\xf6\\\\\\\\x01.\\\\[1\\\\]{lb: 1 sz: 4};"
FAIL: gfortran.dg/char4-subscript.f90 -O3 -g scan-tree-dump original " \\\\(\\\\*var\\\\.str2\\\\)\\\\[1\\\\]{lb: 1 sz: 4} = .d\\\\\\\\x00\\\\\\\\x00.\\\\[1\\\\]{lb: 1 sz: 4};"
FAIL: gfortran.dg/char4-subscript.f90 -O3 -g scan-tree-dump original " __builtin_memmove \\\\(\\\\(void \\\\*\\\\) &\\\\(\\\\*var.str2\\\\)\\\\[2\\\\]{lb: 1 sz: 4}, \\\\(void \\\\*\\\\) &.e\\\\\\\\x00\\\\\\\\x00\\\\\\\\x00f\\\\\\\\x00\\\\\\\\x00.\\\\[1\\\\]{lb: 1 sz: 4}, 8\\\\);"
FAIL: gfortran.dg/char4-subscript.f90 -Os scan-tree-dump original " \\\\(\\\\*var.str2\\\\)\\\\[4\\\\]{lb: 1 sz: 4} = .\\\\\\\\x00\\\\\\\\xf6\\\\\\\\x01.\\\\[1\\\\]{lb: 1 sz: 4};"
FAIL: gfortran.dg/char4-subscript.f90 -Os scan-tree-dump original " \\\\(\\\\*var.str2\\\\)\\\\[5\\\\]{lb: 1 sz: 4} = .\\\\\\\\b\\\\\\\\xf6\\\\\\\\x01.\\\\[1\\\\]{lb: 1 sz: 4};"
FAIL: gfortran.dg/char4-subscript.f90 -Os scan-tree-dump original " \\\\(\\\\*var\\\\.str2\\\\)\\\\[1\\\\]{lb: 1 sz: 4} = .d\\\\\\\\x00\\\\\\\\x00.\\\\[1\\\\]{lb: 1 sz: 4};"
FAIL: gfortran.dg/char4-subscript.f90 -Os scan-tree-dump original " __builtin_memmove \\\\(\\\\(void \\\\*\\\\) &\\\\(\\\\*var.str2\\\\)\\\\[2\\\\]{lb: 1 sz: 4}, \\\\(void \\\\*\\\\) &.e\\\\\\\\x00\\\\\\\\x00\\\\\\\\x00f\\\\\\\\x00\\\\\\\\x00.\\\\[1\\\\]{lb: 1 sz: 4}, 8\\\\);"
FAIL: gfortran.dg/gomp/combined-if.f90 -O scan-tree-dump-times omplower "(?n)#pragma omp simd.* if\\\\(" 7
FAIL: gfortran.dg/gomp/target1.f90 -O (internal compiler error)
FAIL: gfortran.dg/gomp/target1.f90 -O (test for excess errors)
=== gfortran Summary for unix/-m64 ===
# of expected passes 54003
# of unexpected failures 28
# of expected failures 193
# of unsupported tests 157
=== gfortran Summary ===
# of expected passes 107757
# of unexpected failures 56
# of expected failures 388
# of unsupported tests 441
/var/gcc/regression/master/11.4-gcc-gas/build/gcc/gfortran version 11.0.0 20200626 (experimental) [master revision d61ffe124430160c4da7516596d6a4dbcdf2a7a6] (GCC)
=== gnat tests ===
Running target unix
=== gnat Summary for unix ===
# of expected passes 3256
# of expected failures 23
# of unsupported tests 30
Running target unix/-m64
=== gnat Summary for unix/-m64 ===
# of expected passes 3256
# of expected failures 23
# of unsupported tests 30
=== gnat Summary ===
# of expected passes 6512
# of expected failures 46
# of unsupported tests 60
/var/gcc/regression/master/11.4-gcc-gas/build/gcc/gnatmake version 11.0.0 20200626 (experimental) [master revision d61ffe124430160c4da7516596d6a4dbcdf2a7a6]
=== go tests ===
Running target unix
FAIL: ./index0-out.go execution, -O0 -g -fno-var-tracking-assignments
FAIL: go.test/test/fixedbugs/issue4085b.go execution, -O2 -g
FAIL: go.test/test/fixedbugs/issue4562.go execution, -O2 -g
FAIL: go.test/test/nil.go execution, -O2 -g
=== go Summary for unix ===
# of expected passes 7464
# of unexpected failures 4
# of expected failures 1
# of untested testcases 11
# of unsupported tests 3
Running target unix/-m64
FAIL: ./index0-out.go execution, -O0 -g -fno-var-tracking-assignments
WARNING: go.test/test/cmplxdivide.go program timed out.
FAIL: go.test/test/cmplxdivide.go
=== go Summary for unix/-m64 ===
# of expected passes 7346
# of unexpected failures 2
# of expected failures 1
# of untested testcases 11
# of unsupported tests 3
=== go Summary ===
# of expected passes 14810
# of unexpected failures 6
# of expected failures 2
# of untested testcases 22
# of unsupported tests 6
=== obj-c++ tests ===
Running target unix
=== obj-c++ Summary for unix ===
# of expected passes 1450
# of expected failures 2
# of unsupported tests 77
Running target unix/-m64
=== obj-c++ Summary for unix/-m64 ===
# of expected passes 1442
# of expected failures 10
# of unsupported tests 77
=== obj-c++ Summary ===
# of expected passes 2892
# of expected failures 12
# of unsupported tests 154
/var/gcc/regression/master/11.4-gcc-gas/build/gcc/xg++ version 11.0.0 20200626 (experimental) [master revision d61ffe124430160c4da7516596d6a4dbcdf2a7a6] (GCC)
=== objc tests ===
Running target unix
=== objc Summary for unix ===
# of expected passes 2784
# of unsupported tests 68
Running target unix/-m64
=== objc Summary for unix/-m64 ===
# of expected passes 2784
# of unsupported tests 68
=== objc Summary ===
# of expected passes 5568
# of unsupported tests 136
/var/gcc/regression/master/11.4-gcc-gas/build/gcc/xgcc version 11.0.0 20200626 (experimental) [master revision d61ffe124430160c4da7516596d6a4dbcdf2a7a6] (GCC)
=== gotools tests ===
FAIL: TestAbort
FAIL: TestBreakpoint
FAIL: TestCgoSignalDeadlock
FAIL: TestGccgoCrashTracebackNodebug
FAIL: TestPanicInlined
FAIL: TestSelectStackAdjust
FAIL: go test runtime
FAIL: go test misc/cgo/test
FAIL: TestCompileWithoutShared
FAIL: TestEarlySignalHandler
FAIL: TestOsSignal
FAIL: TestSigaltstack
FAIL: TestSignalForwarding
FAIL: TestSignalForwardingExternal
FAIL: go test misc/cgo/testcarchive
FAIL: go test cmd/vet
=== gotools Summary ===
# of expected passes 284
# of unexpected failures 16
# of untested testcases 170
/var/gcc/regression/master/11.4-gcc-gas/build/./gcc/gccgo version 11.0.0 20200626 (experimental) [master revision d61ffe124430160c4da7516596d6a4dbcdf2a7a6] (GCC)
=== libatomic tests ===
Running target unix
=== libatomic Summary for unix ===
# of expected passes 44
# of unsupported tests 5
Running target unix/-m64
=== libatomic Summary for unix/-m64 ===
# of expected passes 54
=== libatomic Summary ===
# of expected passes 98
# of unsupported tests 5
=== libffi tests ===
Running target unix
=== libffi Summary for unix ===
# of expected passes 2214
Running target unix/-m64
=== libffi Summary for unix/-m64 ===
# of expected passes 2214
=== libffi Summary ===
# of expected passes 4428
=== libgo tests ===
Running target unix
FAIL: go/build
FAIL: os/signal
FAIL: runtime
FAIL: runtime/pprof
FAIL: sync/atomic
=== libgo Summary for unix ===
# of expected passes 168
# of unexpected failures 5
Running target unix/-m64
FAIL: go/build
FAIL: net/http
FAIL: runtime
FAIL: runtime/pprof
FAIL: sync/atomic
=== libgo Summary for unix/-m64 ===
# of expected passes 168
# of unexpected failures 5
=== libgo Summary ===
# of expected passes 336
# of unexpected failures 10
/var/gcc/regression/master/11.4-gcc-gas/build/./gcc/gccgo version 11.0.0 20200626 (experimental) [master revision d61ffe124430160c4da7516596d6a4dbcdf2a7a6] (GCC)
=== libgomp tests ===
Running target unix
WARNING: libgomp.c++/task-reduction-10.C execution test program timed out.
FAIL: libgomp.c++/task-reduction-10.C execution test
=== libgomp Summary for unix ===
# of expected passes 7756
# of unexpected failures 1
# of expected failures 4
# of unsupported tests 577
Running target unix/-m64
WARNING: libgomp.c++/task-reduction-10.C execution test program timed out.
FAIL: libgomp.c++/task-reduction-10.C execution test
WARNING: libgomp.c++/task-reduction-13.C execution test program timed out.
FAIL: libgomp.c++/task-reduction-13.C execution test
=== libgomp Summary for unix/-m64 ===
# of expected passes 7755
# of unexpected failures 2
# of expected failures 4
# of unsupported tests 577
=== libgomp Summary ===
# of expected passes 15511
# of unexpected failures 3
# of expected failures 8
# of unsupported tests 1154
=== libitm tests ===
Running target unix
=== libitm Summary for unix ===
# of expected passes 42
# of expected failures 3
# of unsupported tests 1
Running target unix/-m64
=== libitm Summary for unix/-m64 ===
# of expected passes 42
# of expected failures 3
# of unsupported tests 1
=== libitm Summary ===
# of expected passes 84
# of expected failures 6
# of unsupported tests 2
=== libphobos tests ===
Running target unix
WARNING: libphobos.phobos_shared/std/algorithm/iteration.d (test for excess errors) program timed out.
FAIL: libphobos.phobos_shared/std/algorithm/iteration.d (test for excess errors)
UNRESOLVED: libphobos.phobos_shared/std/algorithm/iteration.d compilation failed to produce executable
WARNING: libphobos.phobos_shared/std/algorithm/searching.d (test for excess errors) program timed out.
FAIL: libphobos.phobos_shared/std/algorithm/searching.d (test for excess errors)
UNRESOLVED: libphobos.phobos_shared/std/algorithm/searching.d compilation failed to produce executable
WARNING: libphobos.phobos_shared/std/algorithm/sorting.d (test for excess errors) program timed out.
FAIL: libphobos.phobos_shared/std/algorithm/sorting.d (test for excess errors)
UNRESOLVED: libphobos.phobos_shared/std/algorithm/sorting.d compilation failed to produce executable
WARNING: libphobos.phobos_shared/std/array.d (test for excess errors) program timed out.
FAIL: libphobos.phobos_shared/std/array.d (test for excess errors)
UNRESOLVED: libphobos.phobos_shared/std/array.d compilation failed to produce executable
WARNING: libphobos.phobos_shared/std/container/rbtree.d (test for excess errors) program timed out.
FAIL: libphobos.phobos_shared/std/container/rbtree.d (test for excess errors)
UNRESOLVED: libphobos.phobos_shared/std/container/rbtree.d compilation failed to produce executable
WARNING: libphobos.phobos_shared/std/conv.d (test for excess errors) program timed out.
FAIL: libphobos.phobos_shared/std/conv.d (test for excess errors)
UNRESOLVED: libphobos.phobos_shared/std/conv.d compilation failed to produce executable
WARNING: libphobos.phobos_shared/std/datetime/date.d (test for excess errors) program timed out.
FAIL: libphobos.phobos_shared/std/datetime/date.d (test for excess errors)
UNRESOLVED: libphobos.phobos_shared/std/datetime/date.d compilation failed to produce executable
WARNING: libphobos.phobos_shared/std/datetime/interval.d (test for excess errors) program timed out.
FAIL: libphobos.phobos_shared/std/datetime/interval.d (test for excess errors)
UNRESOLVED: libphobos.phobos_shared/std/datetime/interval.d compilation failed to produce executable
WARNING: libphobos.phobos_shared/std/datetime/systime.d (test for excess errors) program timed out.
FAIL: libphobos.phobos_shared/std/datetime/systime.d (test for excess errors)
UNRESOLVED: libphobos.phobos_shared/std/datetime/systime.d compilation failed to produce executable
FAIL: libphobos.phobos_shared/std/datetime/timezone.d execution test
FAIL: libphobos.phobos_shared/std/digest/murmurhash.d execution test
FAIL: libphobos.phobos_shared/std/experimental/allocator/building_blocks/region.d execution test
FAIL: libphobos.phobos_shared/std/experimental/logger/filelogger.d execution test
FAIL: libphobos.phobos_shared/std/experimental/logger/multilogger.d execution test
WARNING: libphobos.phobos_shared/std/format.d (test for excess errors) program timed out.
FAIL: libphobos.phobos_shared/std/format.d (test for excess errors)
UNRESOLVED: libphobos.phobos_shared/std/format.d compilation failed to produce executable
FAIL: libphobos.phobos_shared/std/internal/math/errorfunction.d execution test
FAIL: libphobos.phobos_shared/std/internal/math/gammafunction.d execution test
FAIL: libphobos.phobos_shared/std/math.d execution test
WARNING: libphobos.phobos_shared/std/net/curl.d (test for excess errors) program timed out.
FAIL: libphobos.phobos_shared/std/net/curl.d (test for excess errors)
UNRESOLVED: libphobos.phobos_shared/std/net/curl.d compilation failed to produce executable
WARNING: libphobos.phobos_shared/std/net/isemail.d (test for excess errors) program timed out.
FAIL: libphobos.phobos_shared/std/net/isemail.d (test for excess errors)
UNRESOLVED: libphobos.phobos_shared/std/net/isemail.d compilation failed to produce executable
FAIL: libphobos.phobos_shared/std/numeric.d execution test
FAIL: libphobos.phobos_shared/std/parallelism.d execution test
WARNING: libphobos.phobos_shared/std/path.d (test for excess errors) program timed out.
FAIL: libphobos.phobos_shared/std/path.d (test for excess errors)
UNRESOLVED: libphobos.phobos_shared/std/path.d compilation failed to produce executable
WARNING: libphobos.phobos_shared/std/random.d (test for excess errors) program timed out.
FAIL: libphobos.phobos_shared/std/random.d (test for excess errors)
UNRESOLVED: libphobos.phobos_shared/std/random.d compilation failed to produce executable
WARNING: libphobos.phobos_shared/std/range/package.d (test for excess errors) program timed out.
FAIL: libphobos.phobos_shared/std/range/package.d (test for excess errors)
UNRESOLVED: libphobos.phobos_shared/std/range/package.d compilation failed to produce executable
FAIL: libphobos.phobos_shared/std/regex/internal/kickstart.d execution test
WARNING: libphobos.phobos_shared/std/regex/internal/tests.d (test for excess errors) program timed out.
FAIL: libphobos.phobos_shared/std/regex/internal/tests.d (test for excess errors)
UNRESOLVED: libphobos.phobos_shared/std/regex/internal/tests.d compilation failed to produce executable
WARNING: libphobos.phobos_shared/std/regex/package.d (test for excess errors) program timed out.
FAIL: libphobos.phobos_shared/std/regex/package.d (test for excess errors)
UNRESOLVED: libphobos.phobos_shared/std/regex/package.d compilation failed to produce executable
WARNING: libphobos.phobos_shared/std/string.d (test for excess errors) program timed out.
FAIL: libphobos.phobos_shared/std/string.d (test for excess errors)
UNRESOLVED: libphobos.phobos_shared/std/string.d compilation failed to produce executable
WARNING: libphobos.phobos_shared/std/typecons.d (test for excess errors) program timed out.
FAIL: libphobos.phobos_shared/std/typecons.d (test for excess errors)
UNRESOLVED: libphobos.phobos_shared/std/typecons.d compilation failed to produce executable
WARNING: libphobos.phobos_shared/std/uni.d (test for excess errors) program timed out.
FAIL: libphobos.phobos_shared/std/uni.d (test for excess errors)
UNRESOLVED: libphobos.phobos_shared/std/uni.d compilation failed to produce executable
WARNING: libphobos.phobos_shared/std/variant.d (test for excess errors) program timed out.
FAIL: libphobos.phobos_shared/std/variant.d (test for excess errors)
UNRESOLVED: libphobos.phobos_shared/std/variant.d compilation failed to produce executable
FAIL: libphobos.shared/finalize.d -shared-libphobos -ldl execution test
FAIL: libphobos.shared/load.d -shared-libphobos -ldl execution test
FAIL: libphobos.shared/load_13414.d -shared-libphobos -ldl execution test
=== libphobos Summary for unix ===
# of expected passes 368
# of unexpected failures 35
# of unresolved testcases 21
Running target unix/-m64
WARNING: libphobos.phobos_shared/std/algorithm/iteration.d (test for excess errors) program timed out.
FAIL: libphobos.phobos_shared/std/algorithm/iteration.d (test for excess errors)
UNRESOLVED: libphobos.phobos_shared/std/algorithm/iteration.d compilation failed to produce executable
WARNING: libphobos.phobos_shared/std/algorithm/searching.d (test for excess errors) program timed out.
FAIL: libphobos.phobos_shared/std/algorithm/searching.d (test for excess errors)
UNRESOLVED: libphobos.phobos_shared/std/algorithm/searching.d compilation failed to produce executable
WARNING: libphobos.phobos_shared/std/algorithm/sorting.d (test for excess errors) program timed out.
FAIL: libphobos.phobos_shared/std/algorithm/sorting.d (test for excess errors)
UNRESOLVED: libphobos.phobos_shared/std/algorithm/sorting.d compilation failed to produce executable
WARNING: libphobos.phobos_shared/std/array.d (test for excess errors) program timed out.
FAIL: libphobos.phobos_shared/std/array.d (test for excess errors)
UNRESOLVED: libphobos.phobos_shared/std/array.d compilation failed to produce executable
WARNING: libphobos.phobos_shared/std/container/rbtree.d (test for excess errors) program timed out.
FAIL: libphobos.phobos_shared/std/container/rbtree.d (test for excess errors)
UNRESOLVED: libphobos.phobos_shared/std/container/rbtree.d compilation failed to produce executable
WARNING: libphobos.phobos_shared/std/conv.d (test for excess errors) program timed out.
FAIL: libphobos.phobos_shared/std/conv.d (test for excess errors)
UNRESOLVED: libphobos.phobos_shared/std/conv.d compilation failed to produce executable
WARNING: libphobos.phobos_shared/std/datetime/date.d (test for excess errors) program timed out.
FAIL: libphobos.phobos_shared/std/datetime/date.d (test for excess errors)
UNRESOLVED: libphobos.phobos_shared/std/datetime/date.d compilation failed to produce executable
WARNING: libphobos.phobos_shared/std/datetime/interval.d (test for excess errors) program timed out.
FAIL: libphobos.phobos_shared/std/datetime/interval.d (test for excess errors)
UNRESOLVED: libphobos.phobos_shared/std/datetime/interval.d compilation failed to produce executable
WARNING: libphobos.phobos_shared/std/datetime/systime.d (test for excess errors) program timed out.
FAIL: libphobos.phobos_shared/std/datetime/systime.d (test for excess errors)
UNRESOLVED: libphobos.phobos_shared/std/datetime/systime.d compilation failed to produce executable
FAIL: libphobos.phobos_shared/std/datetime/timezone.d execution test
FAIL: libphobos.phobos_shared/std/digest/murmurhash.d execution test
WARNING: libphobos.phobos_shared/std/format.d (test for excess errors) program timed out.
FAIL: libphobos.phobos_shared/std/format.d (test for excess errors)
UNRESOLVED: libphobos.phobos_shared/std/format.d compilation failed to produce executable
FAIL: libphobos.phobos_shared/std/internal/math/errorfunction.d execution test
FAIL: libphobos.phobos_shared/std/internal/math/gammafunction.d execution test
FAIL: libphobos.phobos_shared/std/math.d execution test
WARNING: libphobos.phobos_shared/std/net/isemail.d (test for excess errors) program timed out.
FAIL: libphobos.phobos_shared/std/net/isemail.d (test for excess errors)
UNRESOLVED: libphobos.phobos_shared/std/net/isemail.d compilation failed to produce executable
FAIL: libphobos.phobos_shared/std/numeric.d execution test
FAIL: libphobos.phobos_shared/std/parallelism.d execution test
WARNING: libphobos.phobos_shared/std/path.d (test for excess errors) program timed out.
FAIL: libphobos.phobos_shared/std/path.d (test for excess errors)
UNRESOLVED: libphobos.phobos_shared/std/path.d compilation failed to produce executable
WARNING: libphobos.phobos_shared/std/random.d (test for excess errors) program timed out.
FAIL: libphobos.phobos_shared/std/random.d (test for excess errors)
UNRESOLVED: libphobos.phobos_shared/std/random.d compilation failed to produce executable
WARNING: libphobos.phobos_shared/std/range/package.d (test for excess errors) program timed out.
FAIL: libphobos.phobos_shared/std/range/package.d (test for excess errors)
UNRESOLVED: libphobos.phobos_shared/std/range/package.d compilation failed to produce executable
FAIL: libphobos.phobos_shared/std/regex/internal/kickstart.d execution test
WARNING: libphobos.phobos_shared/std/regex/internal/tests.d (test for excess errors) program timed out.
FAIL: libphobos.phobos_shared/std/regex/internal/tests.d (test for excess errors)
UNRESOLVED: libphobos.phobos_shared/std/regex/internal/tests.d compilation failed to produce executable
WARNING: libphobos.phobos_shared/std/regex/package.d (test for excess errors) program timed out.
FAIL: libphobos.phobos_shared/std/regex/package.d (test for excess errors)
UNRESOLVED: libphobos.phobos_shared/std/regex/package.d compilation failed to produce executable
WARNING: libphobos.phobos_shared/std/string.d (test for excess errors) program timed out.
FAIL: libphobos.phobos_shared/std/string.d (test for excess errors)
UNRESOLVED: libphobos.phobos_shared/std/string.d compilation failed to produce executable
WARNING: libphobos.phobos_shared/std/uni.d (test for excess errors) program timed out.
FAIL: libphobos.phobos_shared/std/uni.d (test for excess errors)
UNRESOLVED: libphobos.phobos_shared/std/uni.d compilation failed to produce executable
WARNING: libphobos.phobos_shared/std/uuid.d (test for excess errors) program timed out.
FAIL: libphobos.phobos_shared/std/uuid.d (test for excess errors)
UNRESOLVED: libphobos.phobos_shared/std/uuid.d compilation failed to produce executable
WARNING: libphobos.phobos_shared/std/variant.d (test for excess errors) program timed out.
FAIL: libphobos.phobos_shared/std/variant.d (test for excess errors)
UNRESOLVED: libphobos.phobos_shared/std/variant.d compilation failed to produce executable
FAIL: libphobos.shared/finalize.d -shared-libphobos -ldl execution test
FAIL: libphobos.shared/load.d -shared-libphobos -ldl execution test
FAIL: libphobos.shared/load_13414.d -shared-libphobos -ldl execution test
=== libphobos Summary for unix/-m64 ===
# of expected passes 373
# of unexpected failures 31
# of unresolved testcases 20
=== libphobos Summary ===
# of expected passes 741
# of unexpected failures 66
# of unresolved testcases 41
=== libstdc++ tests ===
Running target unix
=== libstdc++ Summary for unix ===
# of expected passes 14089
# of expected failures 93
# of unsupported tests 731
Running target unix/-m64
=== libstdc++ Summary for unix/-m64 ===
# of expected passes 14089
# of expected failures 93
# of unsupported tests 731
=== libstdc++ Summary ===
# of expected passes 28178
# of expected failures 186
# of unsupported tests 1462
Compiler version: 11.0.0 20200626 (experimental) [master revision d61ffe124430160c4da7516596d6a4dbcdf2a7a6] (GCC)
Platform: sparc-sun-solaris2.11
configure flags: --prefix=/vol/gcc --target=sparc-sun-solaris2.11 --enable-objc-gc --with-target-bdw-gc-include=/vol/gcc/include --with-target-bdw-gc-lib=/vol/gcc/lib,sparcv9=/vol/gcc/lib/sparcv9 --with-as=/vol/gcc/bin/gas-2.34 --with-gnu-as --with-gmp-include=/vol/gcc/include --with-gmp-lib=/vol/gcc/lib --with-mpfr-include=/vol/gcc/include --with-mpfr-lib=/vol/gcc/lib --with-mpc-include=/vol/gcc/include --with-mpc-lib=/vol/gcc/lib --enable-languages=all,ada,obj-c++,go --with-isl-include=/vol/gcc/include --with-isl-lib=/vol/gcc/lib --with-zstd-include=/vol/gcc/include --with-zstd-lib=/vol/gcc/lib --build=sparc-sun-solaris2.11 --host=sparc-sun-solaris2.11
BOOT_CFLAGS=-g -O2
More information about the Gcc-testresults
mailing list