Results for 9.3.1 20200626 [releases/gcc-9 revision 597b99c3221e43c52f076e982f12f18be580649c] (GCC) testsuite on sparc-sun-solaris2.11
Rainer Orth
ro@CeBiTec.Uni-Bielefeld.DE
Sat Jun 27 10:55:42 GMT 2020
LAST_UPDATED: Fri Jun 26 09:23:04 UTC 2020 (revision 597b99c3221e43c52f076e982f12f18be580649c)
=== acats tests ===
=== acats Summary ===
# of expected passes 2320
# of unexpected failures 0
Native configuration is sparc-sun-solaris2.11
=== g++ tests ===
Running target unix
FAIL: g++.dg/asan/default-options-1.C -O0 execution test
FAIL: g++.dg/asan/default-options-1.C -O1 execution test
FAIL: g++.dg/asan/default-options-1.C -O2 execution test
FAIL: g++.dg/asan/default-options-1.C -O2 -flto execution test
FAIL: g++.dg/asan/default-options-1.C -O2 -flto -flto-partition=none execution test
FAIL: g++.dg/asan/default-options-1.C -O3 -g execution test
FAIL: g++.dg/asan/default-options-1.C -Os execution test
FAIL: g++.dg/gcov/pr16855-priority.C -std=gnu++14 gcov: 1 failures in line counts, 0 in branch percentages, 0 in return percentages, 0 in intermediate format
FAIL: g++.dg/gcov/pr16855-priority.C -std=gnu++14 line 22: is #####:should be 1
FAIL: g++.dg/gcov/pr16855-priority.C -std=gnu++17 gcov: 1 failures in line counts, 0 in branch percentages, 0 in return percentages, 0 in intermediate format
FAIL: g++.dg/gcov/pr16855-priority.C -std=gnu++17 line 22: is #####:should be 1
FAIL: g++.dg/gcov/pr16855-priority.C -std=gnu++98 gcov: 1 failures in line counts, 0 in branch percentages, 0 in return percentages, 0 in intermediate format
FAIL: g++.dg/gcov/pr16855-priority.C -std=gnu++98 line 22: is #####:should be 1
FAIL: g++.dg/gcov/pr16855.C -std=gnu++14 gcov: 1 failures in line counts, 0 in branch percentages, 0 in return percentages, 0 in intermediate format
FAIL: g++.dg/gcov/pr16855.C -std=gnu++14 line 24: is #####:should be 1
FAIL: g++.dg/gcov/pr16855.C -std=gnu++17 gcov: 1 failures in line counts, 0 in branch percentages, 0 in return percentages, 0 in intermediate format
FAIL: g++.dg/gcov/pr16855.C -std=gnu++17 line 24: is #####:should be 1
FAIL: g++.dg/gcov/pr16855.C -std=gnu++98 gcov: 1 failures in line counts, 0 in branch percentages, 0 in return percentages, 0 in intermediate format
FAIL: g++.dg/gcov/pr16855.C -std=gnu++98 line 24: is #####:should be 1
FAIL: g++.dg/lto/pr89335 cp_lto_pr89335_0.o assemble, -O2 -flto -Wsuggest-final-methods
=== g++ Summary for unix ===
# of expected passes 129405
# of unexpected failures 20
# of expected failures 510
# of unsupported tests 6738
Running target unix/-m64
FAIL: g++.dg/gcov/pr16855-priority.C -std=gnu++14 gcov: 1 failures in line counts, 0 in branch percentages, 0 in return percentages, 0 in intermediate format
FAIL: g++.dg/gcov/pr16855-priority.C -std=gnu++14 line 22: is #####:should be 1
FAIL: g++.dg/gcov/pr16855-priority.C -std=gnu++17 gcov: 1 failures in line counts, 0 in branch percentages, 0 in return percentages, 0 in intermediate format
FAIL: g++.dg/gcov/pr16855-priority.C -std=gnu++17 line 22: is #####:should be 1
FAIL: g++.dg/gcov/pr16855-priority.C -std=gnu++98 gcov: 1 failures in line counts, 0 in branch percentages, 0 in return percentages, 0 in intermediate format
FAIL: g++.dg/gcov/pr16855-priority.C -std=gnu++98 line 22: is #####:should be 1
FAIL: g++.dg/gcov/pr16855.C -std=gnu++14 gcov: 1 failures in line counts, 0 in branch percentages, 0 in return percentages, 0 in intermediate format
FAIL: g++.dg/gcov/pr16855.C -std=gnu++14 line 24: is #####:should be 1
FAIL: g++.dg/gcov/pr16855.C -std=gnu++17 gcov: 1 failures in line counts, 0 in branch percentages, 0 in return percentages, 0 in intermediate format
FAIL: g++.dg/gcov/pr16855.C -std=gnu++17 line 24: is #####:should be 1
FAIL: g++.dg/gcov/pr16855.C -std=gnu++98 gcov: 1 failures in line counts, 0 in branch percentages, 0 in return percentages, 0 in intermediate format
FAIL: g++.dg/gcov/pr16855.C -std=gnu++98 line 24: is #####:should be 1
FAIL: g++.dg/lto/pr89335 cp_lto_pr89335_0.o assemble, -O2 -flto -Wsuggest-final-methods
=== g++ Summary for unix/-m64 ===
# of expected passes 129549
# of unexpected failures 13
# of expected failures 513
# of unsupported tests 6458
=== g++ Summary ===
# of expected passes 258954
# of unexpected failures 33
# of expected failures 1023
# of unsupported tests 13196
/var/gcc/regression/gcc-9-branch/11.4-gcc/build/gcc/xg++ version 9.3.1 20200626 [releases/gcc-9 revision 597b99c3221e43c52f076e982f12f18be580649c] (GCC)
=== gcc tests ===
Running target unix
FAIL: gcc.dg/pr84877.c execution test
FAIL: gcc.dg/ipa/ipa-icf-38.c scan-ltrans-tree-dump-not optimized "Function bar"
FAIL: gcc.dg/simulate-thread/atomic-other-int.c -O2 -g thread simulation test
FAIL: gcc.dg/simulate-thread/atomic-other-int.c -O3 -g thread simulation test
FAIL: gcc.dg/simulate-thread/speculative-store-4.c -O0 -g thread simulation test
FAIL: gcc.dg/simulate-thread/speculative-store-4.c -O2 -g thread simulation test
FAIL: gcc.dg/simulate-thread/speculative-store-4.c -O3 -g thread simulation test
FAIL: gcc.dg/simulate-thread/speculative-store.c -O0 -g thread simulation test
=== gcc Summary for unix ===
# of expected passes 115068
# of unexpected failures 8
# of expected failures 606
# of unsupported tests 3465
Running target unix/-m64
FAIL: gcc.dg/ipa/ipa-icf-38.c scan-ltrans-tree-dump-not optimized "Function bar"
WARNING: gcc.target/sparc/ultrasp12.c (test for excess errors) program timed out.
FAIL: gcc.target/sparc/ultrasp12.c (test for excess errors)
=== gcc Summary for unix/-m64 ===
# of expected passes 114620
# of unexpected failures 2
# of expected failures 600
# of unsupported tests 2861
=== gcc Summary ===
# of expected passes 229688
# of unexpected failures 10
# of expected failures 1206
# of unsupported tests 6326
/var/gcc/regression/gcc-9-branch/11.4-gcc/build/gcc/xgcc version 9.3.1 20200626 [releases/gcc-9 revision 597b99c3221e43c52f076e982f12f18be580649c] (GCC)
=== gdc tests ===
Running target unix
=== gdc Summary for unix ===
# of expected passes 22527
# of unsupported tests 40
Running target unix/-m64
=== gdc Summary for unix/-m64 ===
# of expected passes 22527
# of unsupported tests 40
=== gdc Summary ===
# of expected passes 45054
# of unsupported tests 80
/var/gcc/regression/gcc-9-branch/11.4-gcc/build/gcc/gdc version 9.3.1 20200626 [releases/gcc-9 revision 597b99c3221e43c52f076e982f12f18be580649c] (GCC)
=== gfortran tests ===
Running target unix
FAIL: gfortran.dg/elemental_subroutine_3.f90 -O1 (test for excess errors)
FAIL: gfortran.dg/elemental_subroutine_3.f90 -O2 (test for excess errors)
FAIL: gfortran.dg/elemental_subroutine_3.f90 -O3 -fomit-frame-pointer -funroll-loops -fpeel-loops -ftracer -finline-functions (test for excess errors)
FAIL: gfortran.dg/elemental_subroutine_3.f90 -O3 -g (test for excess errors)
FAIL: gfortran.dg/elemental_subroutine_3.f90 -Os (test for excess errors)
=== gfortran Summary for unix ===
# of expected passes 50583
# of unexpected failures 5
# of expected failures 187
# of unsupported tests 275
Running target unix/-m64
FAIL: gfortran.dg/elemental_subroutine_3.f90 -O1 (test for excess errors)
FAIL: gfortran.dg/elemental_subroutine_3.f90 -O2 (test for excess errors)
FAIL: gfortran.dg/elemental_subroutine_3.f90 -O3 -fomit-frame-pointer -funroll-loops -fpeel-loops -ftracer -finline-functions (test for excess errors)
FAIL: gfortran.dg/elemental_subroutine_3.f90 -O3 -g (test for excess errors)
FAIL: gfortran.dg/elemental_subroutine_3.f90 -Os (test for excess errors)
=== gfortran Summary for unix/-m64 ===
# of expected passes 50842
# of unexpected failures 5
# of expected failures 187
# of unsupported tests 148
=== gfortran Summary ===
# of expected passes 101425
# of unexpected failures 10
# of expected failures 374
# of unsupported tests 423
/var/gcc/regression/gcc-9-branch/11.4-gcc/build/gcc/gfortran version 9.3.1 20200626 [releases/gcc-9 revision 597b99c3221e43c52f076e982f12f18be580649c] (GCC)
=== gnat tests ===
Running target unix
=== gnat Summary for unix ===
# of expected passes 2947
# of expected failures 23
# of unsupported tests 30
Running target unix/-m64
=== gnat Summary for unix/-m64 ===
# of expected passes 2947
# of expected failures 23
# of unsupported tests 30
=== gnat Summary ===
# of expected passes 5894
# of expected failures 46
# of unsupported tests 60
/var/gcc/regression/gcc-9-branch/11.4-gcc/build/gcc/gnatmake version 9.3.1 20200626 [releases/gcc-9 revision 597b99c3221e43c52f076e982f12f18be580649c]
=== go tests ===
Running target unix
FAIL: ./index0-out.go execution, -O0 -g -fno-var-tracking-assignments
=== go Summary for unix ===
# of expected passes 7457
# of unexpected failures 1
# of expected failures 1
# of untested testcases 11
# of unsupported tests 3
Running target unix/-m64
FAIL: ./index0-out.go execution, -O0 -g -fno-var-tracking-assignments
=== go Summary for unix/-m64 ===
# of expected passes 7337
# of unexpected failures 1
# of expected failures 1
# of untested testcases 11
# of unsupported tests 3
=== go Summary ===
# of expected passes 14794
# of unexpected failures 2
# of expected failures 2
# of untested testcases 22
# of unsupported tests 6
=== obj-c++ tests ===
Running target unix
=== obj-c++ Summary for unix ===
# of expected passes 1466
# of expected failures 2
# of unsupported tests 77
Running target unix/-m64
=== obj-c++ Summary for unix/-m64 ===
# of expected passes 1458
# of expected failures 10
# of unsupported tests 77
=== obj-c++ Summary ===
# of expected passes 2924
# of expected failures 12
# of unsupported tests 154
/var/gcc/regression/gcc-9-branch/11.4-gcc/build/gcc/xg++ version 9.3.1 20200626 [releases/gcc-9 revision 597b99c3221e43c52f076e982f12f18be580649c] (GCC)
=== objc tests ===
Running target unix
=== objc Summary for unix ===
# of expected passes 2804
# of unsupported tests 68
Running target unix/-m64
=== objc Summary for unix/-m64 ===
# of expected passes 2804
# of unsupported tests 68
=== objc Summary ===
# of expected passes 5608
# of unsupported tests 136
/var/gcc/regression/gcc-9-branch/11.4-gcc/build/gcc/xgcc version 9.3.1 20200626 [releases/gcc-9 revision 597b99c3221e43c52f076e982f12f18be580649c] (GCC)
=== gotools tests ===
FAIL: TestAlwaysLinkSysoFiles
FAIL: TestCaseCollisions
FAIL: TestCgoAsmError
FAIL: TestCgoCache
FAIL: TestCgoShowsFullPathNames
FAIL: TestDefaultGOPATH
FAIL: TestDontReportRemoveOfEmptyDir
FAIL: TestFFLAGS
FAIL: TestGOROOTSearchFailureReporting
FAIL: TestGenerateUsesBuildContext
FAIL: TestGoBuildDashODevNull
FAIL: TestGoEnv
FAIL: TestGoGenerateEnv
FAIL: TestGoGenerateXTestPkgName
FAIL: TestGoListCompiledCgo
FAIL: TestGoListDeps
FAIL: TestGoTestWithoutTests
FAIL: TestGoVetWithOnlyTestFiles
FAIL: TestImportCycle
FAIL: TestIssue22588
FAIL: TestIssue7573
FAIL: TestLdBindNow
FAIL: TestLegacyMod
FAIL: TestListTemplateContextFunction
FAIL: TestMatchesNoTestsDoesNotOverrideBuildFailure
FAIL: TestMentionGOPATHInFirstGOPATHEntry
FAIL: TestMentionGOPATHNotOnSecondEntry
FAIL: TestMultipleGOPATHEntriesReportedSeparately
FAIL: TestNonCanonicalImportPaths
FAIL: TestPackageMainTestCompilerFlags
FAIL: TestScript
FAIL: TestSymlinkWarning
FAIL: TestTestVetRebuild
FAIL: TestTwoPkgConfigs
FAIL: TestUnsuccessfulGoInstallShouldMentionMissingPackage
FAIL: TestVendor12156
FAIL: TestVendorBuild
FAIL: TestVendorCache
FAIL: TestVendorGOPATH
FAIL: TestVendorImportError
FAIL: TestVendorImports
FAIL: TestVendorInvalid
FAIL: TestVendorRun
FAIL: TestVendorTest
FAIL: TestVetWithOnlyCgoFiles
FAIL: go test cmd/go
FAIL: TestAbort
FAIL: TestCgoCCodeSIGPROF
FAIL: TestCgoCrashHandler
FAIL: TestCgoSignalDeadlock
FAIL: TestCrashHandler
FAIL: TestG0StackOverflow
FAIL: TestGccgoCrashTracebackNodebug
FAIL: TestPanicInlined
FAIL: TestSelectStackAdjust
FAIL: go test runtime
FAIL: go test misc/cgo/test
=== gotools Summary ===
# of expected passes 280
# of unexpected failures 57
# of untested testcases 180
/var/gcc/regression/gcc-9-branch/11.4-gcc/build/./gcc/gccgo version 9.3.1 20200626 [releases/gcc-9 revision 597b99c3221e43c52f076e982f12f18be580649c] (GCC)
=== libatomic tests ===
Running target unix
=== libatomic Summary for unix ===
# of expected passes 44
# of unsupported tests 5
Running target unix/-m64
=== libatomic Summary for unix/-m64 ===
# of expected passes 54
=== libatomic Summary ===
# of expected passes 98
# of unsupported tests 5
=== libffi tests ===
Running target unix
=== libffi Summary for unix ===
# of expected passes 2214
Running target unix/-m64
=== libffi Summary for unix/-m64 ===
# of expected passes 2214
=== libffi Summary ===
# of expected passes 4428
=== libgo tests ===
Running target unix
FAIL: go/build
FAIL: internal/x/crypto/cryptobyte
FAIL: net/http
FAIL: os
FAIL: os/signal
FAIL: runtime
=== libgo Summary for unix ===
# of expected passes 179
# of unexpected failures 6
Running target unix/-m64
FAIL: go/build
FAIL: net/http
FAIL: os/signal
FAIL: runtime
FAIL: time
=== libgo Summary for unix/-m64 ===
# of expected passes 180
# of unexpected failures 5
=== libgo Summary ===
# of expected passes 359
# of unexpected failures 11
/var/gcc/regression/gcc-9-branch/11.4-gcc/build/./gcc/gccgo version 9.3.1 20200626 [releases/gcc-9 revision 597b99c3221e43c52f076e982f12f18be580649c] (GCC)
=== libgomp tests ===
Running target unix
WARNING: libgomp.c++/task-reduction-10.C execution test program timed out.
FAIL: libgomp.c++/task-reduction-10.C execution test
WARNING: libgomp.c++/task-reduction-8.C execution test program timed out.
FAIL: libgomp.c++/task-reduction-8.C execution test
=== libgomp Summary for unix ===
# of expected passes 6389
# of unexpected failures 2
# of expected failures 4
# of unsupported tests 456
Running target unix/-m64
WARNING: libgomp.c++/task-reduction-10.C execution test program timed out.
FAIL: libgomp.c++/task-reduction-10.C execution test
WARNING: libgomp.c++/task-reduction-11.C execution test program timed out.
FAIL: libgomp.c++/task-reduction-11.C execution test
=== libgomp Summary for unix/-m64 ===
# of expected passes 6389
# of unexpected failures 2
# of expected failures 4
# of unsupported tests 456
=== libgomp Summary ===
# of expected passes 12778
# of unexpected failures 4
# of expected failures 8
# of unsupported tests 912
=== libitm tests ===
Running target unix
=== libitm Summary for unix ===
# of expected passes 42
# of expected failures 3
# of unsupported tests 1
Running target unix/-m64
=== libitm Summary for unix/-m64 ===
# of expected passes 42
# of expected failures 3
# of unsupported tests 1
=== libitm Summary ===
# of expected passes 84
# of expected failures 6
# of unsupported tests 2
=== libstdc++ tests ===
Running target unix
FAIL: libstdc++-prettyprinters/80276.cc whatis p4
FAIL: libstdc++-prettyprinters/80276.cc whatis p4
=== libstdc++ Summary for unix ===
# of expected passes 12833
# of unexpected failures 2
# of expected failures 78
# of unsupported tests 716
Running target unix/-m64
FAIL: libstdc++-prettyprinters/80276.cc whatis p4
FAIL: libstdc++-prettyprinters/80276.cc whatis p4
=== libstdc++ Summary for unix/-m64 ===
# of expected passes 12833
# of unexpected failures 2
# of expected failures 78
# of unsupported tests 716
=== libstdc++ Summary ===
# of expected passes 25666
# of unexpected failures 4
# of expected failures 156
# of unsupported tests 1432
Compiler version: 9.3.1 20200626 [releases/gcc-9 revision 597b99c3221e43c52f076e982f12f18be580649c] (GCC)
Platform: sparc-sun-solaris2.11
configure flags: --prefix=/vol/gcc --target=sparc-sun-solaris2.11 --enable-objc-gc --with-target-bdw-gc-include=/vol/gcc/include --with-target-bdw-gc-lib=/vol/gcc/lib,sparcv9=/vol/gcc/lib/sparcv9 --with-as=/usr/ccs/bin/as --without-gnu-as --with-gmp-include=/vol/gcc/include --with-gmp-lib=/vol/gcc/lib --with-mpfr-include=/vol/gcc/include --with-mpfr-lib=/vol/gcc/lib --with-mpc-include=/vol/gcc/include --with-mpc-lib=/vol/gcc/lib --enable-languages=all,ada,obj-c++,go --with-isl-include=/vol/gcc/include --with-isl-lib=/vol/gcc/lib --with-zstd-include=/vol/gcc/include --with-zstd-lib=/vol/gcc/lib --build=sparc-sun-solaris2.11 --host=sparc-sun-solaris2.11
BOOT_CFLAGS=-g -O2
More information about the Gcc-testresults
mailing list