Results for 11.0.0 20200620 (experimental) [master revision r11-1564-ge37658dffdb5d4707e316180a0d5d5caee843744] (GCC) testsuite on arm-none-linux-gnueabihf
Christophe LYON
christophe.lyon@st.com
Sat Jun 20 02:07:48 GMT 2020
LAST_UPDATED: Sat Jun 20 00:32:15 UTC 2020 (revision r11-1564-ge37658dffdb5d4707e316180a0d5d5caee843744)
Target is arm-none-linux-gnueabihf
Host is arm-none-linux-gnueabihf
=== libatomic tests ===
Running target qemu
=== libatomic Summary ===
# of expected passes 44
# of unsupported tests 5
Host is arm-none-linux-gnueabihf
=== libitm tests ===
Running target qemu
=== libitm Summary ===
# of expected passes 42
# of expected failures 3
# of unsupported tests 1
Host is arm-none-linux-gnueabihf
=== libstdc++ tests ===
Running target qemu
WARNING: 30_threads/condition_variable/54185.cc execution test (Killed, timed out) program timed out.
=== libstdc++ Summary ===
# of expected passes 13375
# of expected failures 93
# of untested testcases 1
# of unsupported tests 726
Host is x86_64-pc-linux-gnu
=== gcc tests ===
Running target qemu
FAIL: gcc.c-torture/compile/20080812-1.c -O3 -fomit-frame-pointer -funroll-loops -fpeel-loops -ftracer -finline-functions (internal compiler error)
FAIL: gcc.c-torture/compile/20080812-1.c -O3 -fomit-frame-pointer -funroll-loops -fpeel-loops -ftracer -finline-functions (test for excess errors)
FAIL: gcc.c-torture/compile/20080812-1.c -O3 -g (internal compiler error)
FAIL: gcc.c-torture/compile/20080812-1.c -O3 -g (test for excess errors)
FAIL: gcc.c-torture/compile/20090401-1.c -O3 -fomit-frame-pointer -funroll-loops -fpeel-loops -ftracer -finline-functions (internal compiler error)
FAIL: gcc.c-torture/compile/20090401-1.c -O3 -fomit-frame-pointer -funroll-loops -fpeel-loops -ftracer -finline-functions (test for excess errors)
FAIL: gcc.c-torture/compile/20090401-1.c -O3 -g (internal compiler error)
FAIL: gcc.c-torture/compile/20090401-1.c -O3 -g (test for excess errors)
FAIL: gcc.c-torture/compile/20150108.c -O3 -fomit-frame-pointer -funroll-loops -fpeel-loops -ftracer -finline-functions (internal compiler error)
FAIL: gcc.c-torture/compile/20150108.c -O3 -fomit-frame-pointer -funroll-loops -fpeel-loops -ftracer -finline-functions (test for excess errors)
FAIL: gcc.c-torture/compile/20150108.c -O3 -g (internal compiler error)
FAIL: gcc.c-torture/compile/20150108.c -O3 -g (test for excess errors)
FAIL: gcc.c-torture/compile/20160205-1.c -O3 -fomit-frame-pointer -funroll-loops -fpeel-loops -ftracer -finline-functions (internal compiler error)
FAIL: gcc.c-torture/compile/20160205-1.c -O3 -fomit-frame-pointer -funroll-loops -fpeel-loops -ftracer -finline-functions (test for excess errors)
FAIL: gcc.c-torture/compile/20160205-1.c -O3 -g (internal compiler error)
FAIL: gcc.c-torture/compile/20160205-1.c -O3 -g (test for excess errors)
FAIL: gcc.c-torture/compile/lll.c -O3 -fomit-frame-pointer -funroll-loops -fpeel-loops -ftracer -finline-functions (internal compiler error)
FAIL: gcc.c-torture/compile/lll.c -O3 -fomit-frame-pointer -funroll-loops -fpeel-loops -ftracer -finline-functions (test for excess errors)
FAIL: gcc.c-torture/compile/lll.c -O3 -g (internal compiler error)
FAIL: gcc.c-torture/compile/lll.c -O3 -g (test for excess errors)
FAIL: gcc.c-torture/compile/pr41728.c -O3 -fomit-frame-pointer -funroll-loops -fpeel-loops -ftracer -finline-functions (internal compiler error)
FAIL: gcc.c-torture/compile/pr41728.c -O3 -fomit-frame-pointer -funroll-loops -fpeel-loops -ftracer -finline-functions (test for excess errors)
FAIL: gcc.c-torture/compile/pr41728.c -O3 -g (internal compiler error)
FAIL: gcc.c-torture/compile/pr41728.c -O3 -g (test for excess errors)
FAIL: gcc.c-torture/compile/pr45047.c -O3 -fomit-frame-pointer -funroll-loops -fpeel-loops -ftracer -finline-functions (internal compiler error)
FAIL: gcc.c-torture/compile/pr45047.c -O3 -fomit-frame-pointer -funroll-loops -fpeel-loops -ftracer -finline-functions (test for excess errors)
FAIL: gcc.c-torture/compile/pr45047.c -O3 -g (internal compiler error)
FAIL: gcc.c-torture/compile/pr45047.c -O3 -g (test for excess errors)
FAIL: gcc.c-torture/compile/pr53410-1.c -O3 -fomit-frame-pointer -funroll-loops -fpeel-loops -ftracer -finline-functions (internal compiler error)
FAIL: gcc.c-torture/compile/pr53410-1.c -O3 -fomit-frame-pointer -funroll-loops -fpeel-loops -ftracer -finline-functions (test for excess errors)
FAIL: gcc.c-torture/compile/pr53410-1.c -O3 -g (internal compiler error)
FAIL: gcc.c-torture/compile/pr53410-1.c -O3 -g (test for excess errors)
FAIL: gcc.c-torture/compile/pr53410-2.c -O0 (internal compiler error)
FAIL: gcc.c-torture/compile/pr53410-2.c -O0 (test for excess errors)
FAIL: gcc.c-torture/compile/pr53410-2.c -O1 (internal compiler error)
FAIL: gcc.c-torture/compile/pr53410-2.c -O1 (test for excess errors)
FAIL: gcc.c-torture/compile/pr53410-2.c -O2 (internal compiler error)
FAIL: gcc.c-torture/compile/pr53410-2.c -O2 (test for excess errors)
FAIL: gcc.c-torture/compile/pr53410-2.c -O2 -flto -fno-use-linker-plugin -flto-partition=none (internal compiler error)
FAIL: gcc.c-torture/compile/pr53410-2.c -O2 -flto -fno-use-linker-plugin -flto-partition=none (test for excess errors)
FAIL: gcc.c-torture/compile/pr53410-2.c -O3 -g (internal compiler error)
FAIL: gcc.c-torture/compile/pr53410-2.c -O3 -g (test for excess errors)
FAIL: gcc.c-torture/compile/pr53410-2.c -Os (internal compiler error)
FAIL: gcc.c-torture/compile/pr53410-2.c -Os (test for excess errors)
FAIL: gcc.c-torture/compile/pr82052.c -O3 -fomit-frame-pointer -funroll-loops -fpeel-loops -ftracer -finline-functions (internal compiler error)
FAIL: gcc.c-torture/compile/pr82052.c -O3 -fomit-frame-pointer -funroll-loops -fpeel-loops -ftracer -finline-functions (test for excess errors)
FAIL: gcc.c-torture/compile/pr82052.c -O3 -g (internal compiler error)
FAIL: gcc.c-torture/compile/pr82052.c -O3 -g (test for excess errors)
FAIL: gcc.c-torture/execute/20010221-1.c -O3 -fomit-frame-pointer -funroll-loops -fpeel-loops -ftracer -finline-functions (internal compiler error)
FAIL: gcc.c-torture/execute/20010221-1.c -O3 -fomit-frame-pointer -funroll-loops -fpeel-loops -ftracer -finline-functions (test for excess errors)
UNRESOLVED: gcc.c-torture/execute/20010221-1.c -O3 -fomit-frame-pointer -funroll-loops -fpeel-loops -ftracer -finline-functions compilation failed to produce executable
FAIL: gcc.c-torture/execute/20010221-1.c -O3 -g (internal compiler error)
FAIL: gcc.c-torture/execute/20010221-1.c -O3 -g (test for excess errors)
UNRESOLVED: gcc.c-torture/execute/20010221-1.c -O3 -g compilation failed to produce executable
FAIL: gcc.c-torture/execute/builtin-bitops-1.c -O3 -fomit-frame-pointer -funroll-loops -fpeel-loops -ftracer -finline-functions (internal compiler error)
FAIL: gcc.c-torture/execute/builtin-bitops-1.c -O3 -fomit-frame-pointer -funroll-loops -fpeel-loops -ftracer -finline-functions (test for excess errors)
UNRESOLVED: gcc.c-torture/execute/builtin-bitops-1.c -O3 -fomit-frame-pointer -funroll-loops -fpeel-loops -ftracer -finline-functions compilation failed to produce executable
FAIL: gcc.c-torture/execute/builtin-bitops-1.c -O3 -g (internal compiler error)
FAIL: gcc.c-torture/execute/builtin-bitops-1.c -O3 -g (test for excess errors)
UNRESOLVED: gcc.c-torture/execute/builtin-bitops-1.c -O3 -g compilation failed to produce executable
FAIL: gcc.c-torture/execute/nestfunc-2.c -O3 -fomit-frame-pointer -funroll-loops -fpeel-loops -ftracer -finline-functions (internal compiler error)
FAIL: gcc.c-torture/execute/nestfunc-2.c -O3 -fomit-frame-pointer -funroll-loops -fpeel-loops -ftracer -finline-functions (test for excess errors)
UNRESOLVED: gcc.c-torture/execute/nestfunc-2.c -O3 -fomit-frame-pointer -funroll-loops -fpeel-loops -ftracer -finline-functions compilation failed to produce executable
FAIL: gcc.c-torture/execute/nestfunc-2.c -O3 -g (internal compiler error)
FAIL: gcc.c-torture/execute/nestfunc-2.c -O3 -g (test for excess errors)
UNRESOLVED: gcc.c-torture/execute/nestfunc-2.c -O3 -g compilation failed to produce executable
FAIL: gcc.c-torture/execute/pr53645-2.c -O1 (internal compiler error)
FAIL: gcc.c-torture/execute/pr53645-2.c -O1 (test for excess errors)
UNRESOLVED: gcc.c-torture/execute/pr53645-2.c -O1 compilation failed to produce executable
FAIL: gcc.c-torture/execute/pr53645-2.c -O2 (internal compiler error)
FAIL: gcc.c-torture/execute/pr53645-2.c -O2 (test for excess errors)
UNRESOLVED: gcc.c-torture/execute/pr53645-2.c -O2 compilation failed to produce executable
FAIL: gcc.c-torture/execute/pr53645-2.c -O2 -flto -fno-use-linker-plugin -flto-partition=none (internal compiler error)
FAIL: gcc.c-torture/execute/pr53645-2.c -O2 -flto -fno-use-linker-plugin -flto-partition=none (test for excess errors)
UNRESOLVED: gcc.c-torture/execute/pr53645-2.c -O2 -flto -fno-use-linker-plugin -flto-partition=none compilation failed to produce executable
FAIL: gcc.c-torture/execute/pr53645-2.c -O2 -flto -fuse-linker-plugin -fno-fat-lto-objects (internal compiler error)
FAIL: gcc.c-torture/execute/pr53645-2.c -O2 -flto -fuse-linker-plugin -fno-fat-lto-objects (test for excess errors)
UNRESOLVED: gcc.c-torture/execute/pr53645-2.c -O2 -flto -fuse-linker-plugin -fno-fat-lto-objects compilation failed to produce executable
FAIL: gcc.c-torture/execute/pr53645-2.c -O3 -fomit-frame-pointer -funroll-loops -fpeel-loops -ftracer -finline-functions (internal compiler error)
FAIL: gcc.c-torture/execute/pr53645-2.c -O3 -fomit-frame-pointer -funroll-loops -fpeel-loops -ftracer -finline-functions (test for excess errors)
UNRESOLVED: gcc.c-torture/execute/pr53645-2.c -O3 -fomit-frame-pointer -funroll-loops -fpeel-loops -ftracer -finline-functions compilation failed to produce executable
FAIL: gcc.c-torture/execute/pr53645-2.c -O3 -g (internal compiler error)
FAIL: gcc.c-torture/execute/pr53645-2.c -O3 -g (test for excess errors)
UNRESOLVED: gcc.c-torture/execute/pr53645-2.c -O3 -g compilation failed to produce executable
FAIL: gcc.c-torture/execute/pr53645-2.c -Os (internal compiler error)
FAIL: gcc.c-torture/execute/pr53645-2.c -Os (test for excess errors)
UNRESOLVED: gcc.c-torture/execute/pr53645-2.c -Os compilation failed to produce executable
FAIL: gcc.c-torture/execute/pr53645.c -O1 (internal compiler error)
FAIL: gcc.c-torture/execute/pr53645.c -O1 (test for excess errors)
UNRESOLVED: gcc.c-torture/execute/pr53645.c -O1 compilation failed to produce executable
FAIL: gcc.c-torture/execute/pr53645.c -O2 (internal compiler error)
FAIL: gcc.c-torture/execute/pr53645.c -O2 (test for excess errors)
UNRESOLVED: gcc.c-torture/execute/pr53645.c -O2 compilation failed to produce executable
FAIL: gcc.c-torture/execute/pr53645.c -O2 -flto -fno-use-linker-plugin -flto-partition=none (internal compiler error)
FAIL: gcc.c-torture/execute/pr53645.c -O2 -flto -fno-use-linker-plugin -flto-partition=none (test for excess errors)
UNRESOLVED: gcc.c-torture/execute/pr53645.c -O2 -flto -fno-use-linker-plugin -flto-partition=none compilation failed to produce executable
FAIL: gcc.c-torture/execute/pr53645.c -O2 -flto -fuse-linker-plugin -fno-fat-lto-objects (internal compiler error)
FAIL: gcc.c-torture/execute/pr53645.c -O2 -flto -fuse-linker-plugin -fno-fat-lto-objects (test for excess errors)
UNRESOLVED: gcc.c-torture/execute/pr53645.c -O2 -flto -fuse-linker-plugin -fno-fat-lto-objects compilation failed to produce executable
FAIL: gcc.c-torture/execute/pr53645.c -O3 -fomit-frame-pointer -funroll-loops -fpeel-loops -ftracer -finline-functions (internal compiler error)
FAIL: gcc.c-torture/execute/pr53645.c -O3 -fomit-frame-pointer -funroll-loops -fpeel-loops -ftracer -finline-functions (test for excess errors)
UNRESOLVED: gcc.c-torture/execute/pr53645.c -O3 -fomit-frame-pointer -funroll-loops -fpeel-loops -ftracer -finline-functions compilation failed to produce executable
FAIL: gcc.c-torture/execute/pr53645.c -O3 -g (internal compiler error)
FAIL: gcc.c-torture/execute/pr53645.c -O3 -g (test for excess errors)
UNRESOLVED: gcc.c-torture/execute/pr53645.c -O3 -g compilation failed to produce executable
FAIL: gcc.c-torture/execute/pr53645.c -Os (internal compiler error)
FAIL: gcc.c-torture/execute/pr53645.c -Os (test for excess errors)
UNRESOLVED: gcc.c-torture/execute/pr53645.c -Os compilation failed to produce executable
FAIL: gcc.c-torture/execute/pr84524.c -O3 -fomit-frame-pointer -funroll-loops -fpeel-loops -ftracer -finline-functions (internal compiler error)
FAIL: gcc.c-torture/execute/pr84524.c -O3 -fomit-frame-pointer -funroll-loops -fpeel-loops -ftracer -finline-functions (test for excess errors)
UNRESOLVED: gcc.c-torture/execute/pr84524.c -O3 -fomit-frame-pointer -funroll-loops -fpeel-loops -ftracer -finline-functions compilation failed to produce executable
FAIL: gcc.c-torture/execute/pr84524.c -O3 -g (internal compiler error)
FAIL: gcc.c-torture/execute/pr84524.c -O3 -g (test for excess errors)
UNRESOLVED: gcc.c-torture/execute/pr84524.c -O3 -g compilation failed to produce executable
FAIL: gcc.c-torture/execute/pr94734.c -O3 -fomit-frame-pointer -funroll-loops -fpeel-loops -ftracer -finline-functions (internal compiler error)
FAIL: gcc.c-torture/execute/pr94734.c -O3 -fomit-frame-pointer -funroll-loops -fpeel-loops -ftracer -finline-functions (test for excess errors)
UNRESOLVED: gcc.c-torture/execute/pr94734.c -O3 -fomit-frame-pointer -funroll-loops -fpeel-loops -ftracer -finline-functions compilation failed to produce executable
FAIL: gcc.c-torture/execute/pr94734.c -O3 -g (internal compiler error)
FAIL: gcc.c-torture/execute/pr94734.c -O3 -g (test for excess errors)
UNRESOLVED: gcc.c-torture/execute/pr94734.c -O3 -g compilation failed to produce executable
WARNING: skipping asan tests due to ulimit -v
WARNING: skipping asan tests due to ulimit -v
WARNING: skipping asan tests due to ulimit -v
WARNING: skipping asan tests due to ulimit -v
WARNING: skipping asan tests due to ulimit -v
WARNING: skipping asan tests due to ulimit -v
WARNING: skipping asan tests due to ulimit -v
WARNING: skipping asan tests due to ulimit -v
WARNING: skipping asan tests due to ulimit -v
WARNING: skipping asan tests due to ulimit -v
FAIL: c-c++-common/opaque-vector.c -Wc++-compat (internal compiler error)
FAIL: c-c++-common/opaque-vector.c -Wc++-compat (test for excess errors)
FAIL: c-c++-common/vector-compare-2.c -Wc++-compat (internal compiler error)
FAIL: c-c++-common/vector-compare-2.c -Wc++-compat (test for excess errors)
FAIL: c-c++-common/vector-compare-3.c -Wc++-compat (internal compiler error)
FAIL: c-c++-common/vector-compare-3.c -Wc++-compat (test for excess errors)
FAIL: c-c++-common/vector-compare-4.c -Wc++-compat (internal compiler error)
FAIL: c-c++-common/vector-compare-4.c -Wc++-compat (test for excess errors)
FAIL: c-c++-common/vector-scalar.c -Wc++-compat (internal compiler error)
FAIL: c-c++-common/vector-scalar.c -Wc++-compat (test for excess errors)
FAIL: gcc.dg/ira-shrinkwrap-prep-1.c scan-rtl-dump pro_and_epilogue "Performing shrink-wrapping"
FAIL: gcc.dg/pr46184.c (internal compiler error)
FAIL: gcc.dg/pr46184.c (test for excess errors)
FAIL: gcc.dg/pr50133.c (internal compiler error)
FAIL: gcc.dg/pr50133.c (test for excess errors)
FAIL: gcc.dg/pr57286.c (internal compiler error)
FAIL: gcc.dg/pr57286.c (test for excess errors)
FAIL: gcc.dg/pr64087.c (internal compiler error)
FAIL: gcc.dg/pr64087.c (test for excess errors)
FAIL: gcc.dg/pr71279.c (internal compiler error)
FAIL: gcc.dg/pr71279.c (test for excess errors)
FAIL: gcc.dg/pr86179.c (internal compiler error)
FAIL: gcc.dg/pr86179.c (test for excess errors)
FAIL: gcc.dg/pr87746.c (internal compiler error)
FAIL: gcc.dg/pr87746.c (test for excess errors)
FAIL: gcc.dg/strlenopt-73.c scan-tree-dump-times optimized "_not_eliminated_" 0
FAIL: gcc.dg/strlenopt-73.c scan-tree-dump-times optimized "strlen" 0
FAIL: gcc.dg/uninit-22.c (internal compiler error)
FAIL: gcc.dg/uninit-22.c (test for excess errors)
FAIL: c-c++-common/goacc/firstprivate-mappings-1.c (internal compiler error)
FAIL: c-c++-common/goacc/firstprivate-mappings-1.c (test for excess errors)
FAIL: gcc.dg/gomp/pr91063.c (internal compiler error)
FAIL: gcc.dg/gomp/pr91063.c (test for excess errors)
FAIL: gcc.dg/ipa/ipa-sra-19.c (internal compiler error)
FAIL: gcc.dg/ipa/ipa-sra-19.c (test for excess errors)
FAIL: c-c++-common/torture/vector-compare-1.c -O0 (internal compiler error)
FAIL: c-c++-common/torture/vector-compare-1.c -O0 (test for excess errors)
UNRESOLVED: c-c++-common/torture/vector-compare-1.c -O0 compilation failed to produce executable
FAIL: c-c++-common/torture/vector-compare-1.c -O1 (internal compiler error)
FAIL: c-c++-common/torture/vector-compare-1.c -O1 (test for excess errors)
UNRESOLVED: c-c++-common/torture/vector-compare-1.c -O1 compilation failed to produce executable
FAIL: c-c++-common/torture/vector-compare-1.c -O2 (internal compiler error)
FAIL: c-c++-common/torture/vector-compare-1.c -O2 (test for excess errors)
UNRESOLVED: c-c++-common/torture/vector-compare-1.c -O2 compilation failed to produce executable
FAIL: c-c++-common/torture/vector-compare-1.c -O2 -flto -fno-use-linker-plugin -flto-partition=none (internal compiler error)
FAIL: c-c++-common/torture/vector-compare-1.c -O2 -flto -fno-use-linker-plugin -flto-partition=none (test for excess errors)
UNRESOLVED: c-c++-common/torture/vector-compare-1.c -O2 -flto -fno-use-linker-plugin -flto-partition=none compilation failed to produce executable
FAIL: c-c++-common/torture/vector-compare-1.c -O2 -flto -fuse-linker-plugin -fno-fat-lto-objects (internal compiler error)
FAIL: c-c++-common/torture/vector-compare-1.c -O2 -flto -fuse-linker-plugin -fno-fat-lto-objects (test for excess errors)
UNRESOLVED: c-c++-common/torture/vector-compare-1.c -O2 -flto -fuse-linker-plugin -fno-fat-lto-objects compilation failed to produce executable
FAIL: c-c++-common/torture/vector-compare-1.c -O3 -fomit-frame-pointer -funroll-loops -fpeel-loops -ftracer -finline-functions (internal compiler error)
FAIL: c-c++-common/torture/vector-compare-1.c -O3 -fomit-frame-pointer -funroll-loops -fpeel-loops -ftracer -finline-functions (test for excess errors)
UNRESOLVED: c-c++-common/torture/vector-compare-1.c -O3 -fomit-frame-pointer -funroll-loops -fpeel-loops -ftracer -finline-functions compilation failed to produce executable
FAIL: c-c++-common/torture/vector-compare-1.c -O3 -g (internal compiler error)
FAIL: c-c++-common/torture/vector-compare-1.c -O3 -g (test for excess errors)
UNRESOLVED: c-c++-common/torture/vector-compare-1.c -O3 -g compilation failed to produce executable
FAIL: c-c++-common/torture/vector-compare-1.c -Os (internal compiler error)
FAIL: c-c++-common/torture/vector-compare-1.c -Os (test for excess errors)
UNRESOLVED: c-c++-common/torture/vector-compare-1.c -Os compilation failed to produce executable
FAIL: gcc.dg/torture/pr58018.c -O3 -fomit-frame-pointer -funroll-loops -fpeel-loops -ftracer -finline-functions (internal compiler error)
FAIL: gcc.dg/torture/pr58018.c -O3 -fomit-frame-pointer -funroll-loops -fpeel-loops -ftracer -finline-functions (test for excess errors)
FAIL: gcc.dg/torture/pr58018.c -O3 -g (internal compiler error)
FAIL: gcc.dg/torture/pr58018.c -O3 -g (test for excess errors)
FAIL: gcc.dg/torture/pr59006.c -O3 -fomit-frame-pointer -funroll-loops -fpeel-loops -ftracer -finline-functions (internal compiler error)
FAIL: gcc.dg/torture/pr59006.c -O3 -fomit-frame-pointer -funroll-loops -fpeel-loops -ftracer -finline-functions (test for excess errors)
FAIL: gcc.dg/torture/pr59006.c -O3 -g (internal compiler error)
FAIL: gcc.dg/torture/pr59006.c -O3 -g (test for excess errors)
FAIL: gcc.dg/torture/pr69714.c -O3 -fomit-frame-pointer -funroll-loops -fpeel-loops -ftracer -finline-functions (internal compiler error)
FAIL: gcc.dg/torture/pr69714.c -O3 -fomit-frame-pointer -funroll-loops -fpeel-loops -ftracer -finline-functions (test for excess errors)
UNRESOLVED: gcc.dg/torture/pr69714.c -O3 -fomit-frame-pointer -funroll-loops -fpeel-loops -ftracer -finline-functions compilation failed to produce executable
FAIL: gcc.dg/torture/pr69714.c -O3 -g (internal compiler error)
FAIL: gcc.dg/torture/pr69714.c -O3 -g (test for excess errors)
UNRESOLVED: gcc.dg/torture/pr69714.c -O3 -g compilation failed to produce executable
FAIL: gcc.dg/torture/pr70307.c -O0 (internal compiler error)
FAIL: gcc.dg/torture/pr70307.c -O0 (test for excess errors)
FAIL: gcc.dg/torture/pr70307.c -O1 (internal compiler error)
FAIL: gcc.dg/torture/pr70307.c -O1 (test for excess errors)
FAIL: gcc.dg/torture/pr70307.c -O2 (internal compiler error)
FAIL: gcc.dg/torture/pr70307.c -O2 (test for excess errors)
FAIL: gcc.dg/torture/pr70307.c -O2 -flto -fno-use-linker-plugin -flto-partition=none (internal compiler error)
FAIL: gcc.dg/torture/pr70307.c -O2 -flto -fno-use-linker-plugin -flto-partition=none (test for excess errors)
FAIL: gcc.dg/torture/pr70307.c -O3 -g (internal compiler error)
FAIL: gcc.dg/torture/pr70307.c -O3 -g (test for excess errors)
FAIL: gcc.dg/torture/pr70307.c -Os (internal compiler error)
FAIL: gcc.dg/torture/pr70307.c -Os (test for excess errors)
FAIL: gcc.dg/torture/pr70396.c -O3 -fomit-frame-pointer -funroll-loops -fpeel-loops -ftracer -finline-functions (internal compiler error)
FAIL: gcc.dg/torture/pr70396.c -O3 -fomit-frame-pointer -funroll-loops -fpeel-loops -ftracer -finline-functions (test for excess errors)
FAIL: gcc.dg/torture/pr70396.c -O3 -g (internal compiler error)
FAIL: gcc.dg/torture/pr70396.c -O3 -g (test for excess errors)
FAIL: gcc.dg/torture/pr88243.c -O3 -fomit-frame-pointer -funroll-loops -fpeel-loops -ftracer -finline-functions (internal compiler error)
FAIL: gcc.dg/torture/pr88243.c -O3 -fomit-frame-pointer -funroll-loops -fpeel-loops -ftracer -finline-functions (test for excess errors)
FAIL: gcc.dg/torture/pr88243.c -O3 -g (internal compiler error)
FAIL: gcc.dg/torture/pr88243.c -O3 -g (test for excess errors)
FAIL: gcc.dg/torture/vect-bool-1.c -O3 -fomit-frame-pointer -funroll-loops -fpeel-loops -ftracer -finline-functions (internal compiler error)
FAIL: gcc.dg/torture/vect-bool-1.c -O3 -fomit-frame-pointer -funroll-loops -fpeel-loops -ftracer -finline-functions (test for excess errors)
FAIL: gcc.dg/torture/vect-bool-1.c -O3 -g (internal compiler error)
FAIL: gcc.dg/torture/vect-bool-1.c -O3 -g (test for excess errors)
UNRESOLVED: gcc.dg/tree-prof/crossmodule-indir-call-topn-1.c scan-pgo-wpa-ipa-dump profile_estimate "2 \\\\(200.00%\\\\) speculations produced."
UNRESOLVED: gcc.dg/tree-prof/crossmodule-indir-call-topn-2.c scan-pgo-wpa-ipa-dump profile_estimate "2 \\\\(200.00%\\\\) speculations produced."
FAIL: gcc.dg/tree-ssa/ifc-10.c (internal compiler error)
FAIL: gcc.dg/tree-ssa/ifc-10.c (test for excess errors)
FAIL: gcc.dg/tree-ssa/ifc-12.c (internal compiler error)
FAIL: gcc.dg/tree-ssa/ifc-12.c (test for excess errors)
FAIL: gcc.dg/tree-ssa/ifc-20040816-1.c (internal compiler error)
FAIL: gcc.dg/tree-ssa/ifc-20040816-1.c (test for excess errors)
FAIL: gcc.dg/tree-ssa/ifc-20040816-2.c (internal compiler error)
FAIL: gcc.dg/tree-ssa/ifc-20040816-2.c (test for excess errors)
FAIL: gcc.dg/tree-ssa/ifc-5.c (internal compiler error)
FAIL: gcc.dg/tree-ssa/ifc-5.c (test for excess errors)
FAIL: gcc.dg/tree-ssa/ifc-9.c (internal compiler error)
FAIL: gcc.dg/tree-ssa/ifc-9.c (test for excess errors)
FAIL: gcc.dg/tree-ssa/ifc-cd.c (internal compiler error)
FAIL: gcc.dg/tree-ssa/ifc-cd.c (test for excess errors)
FAIL: gcc.dg/tree-ssa/ifc-pr68583.c (internal compiler error)
FAIL: gcc.dg/tree-ssa/ifc-pr68583.c (test for excess errors)
FAIL: gcc.dg/tree-ssa/ifc-pr69489-1.c (internal compiler error)
FAIL: gcc.dg/tree-ssa/ifc-pr69489-1.c (test for excess errors)
FAIL: gcc.dg/tree-ssa/pr32821.c (internal compiler error)
FAIL: gcc.dg/tree-ssa/pr32821.c (test for excess errors)
FAIL: gcc.dg/tree-ssa/pr68714.c (internal compiler error)
FAIL: gcc.dg/tree-ssa/pr68714.c (test for excess errors)
FAIL: gcc.dg/vect/O3-pr45971.c (internal compiler error)
FAIL: gcc.dg/vect/O3-pr45971.c (test for excess errors)
FAIL: gcc.dg/vect/O3-pr46077.c (internal compiler error)
FAIL: gcc.dg/vect/O3-pr46077.c (test for excess errors)
FAIL: gcc.dg/vect/O3-pr85794.c (internal compiler error)
FAIL: gcc.dg/vect/O3-pr85794.c (test for excess errors)
FAIL: gcc.dg/vect/bb-slp-43.c (internal compiler error)
FAIL: gcc.dg/vect/bb-slp-43.c (test for excess errors)
FAIL: gcc.dg/vect/bb-slp-43.c -flto -ffat-lto-objects (internal compiler error)
FAIL: gcc.dg/vect/bb-slp-43.c -flto -ffat-lto-objects (test for excess errors)
FAIL: gcc.dg/vect/bb-slp-cond-1.c (internal compiler error)
FAIL: gcc.dg/vect/bb-slp-cond-1.c (test for excess errors)
FAIL: gcc.dg/vect/bb-slp-cond-1.c -flto -ffat-lto-objects (internal compiler error)
FAIL: gcc.dg/vect/bb-slp-cond-1.c -flto -ffat-lto-objects (test for excess errors)
UNRESOLVED: gcc.dg/vect/bb-slp-cond-1.c -flto -ffat-lto-objects compilation failed to produce executable
UNRESOLVED: gcc.dg/vect/bb-slp-cond-1.c compilation failed to produce executable
FAIL: gcc.dg/vect/bb-slp-pattern-2.c (internal compiler error)
FAIL: gcc.dg/vect/bb-slp-pattern-2.c (test for excess errors)
FAIL: gcc.dg/vect/bb-slp-pattern-2.c -flto -ffat-lto-objects (internal compiler error)
FAIL: gcc.dg/vect/bb-slp-pattern-2.c -flto -ffat-lto-objects (test for excess errors)
UNRESOLVED: gcc.dg/vect/bb-slp-pattern-2.c -flto -ffat-lto-objects compilation failed to produce executable
UNRESOLVED: gcc.dg/vect/bb-slp-pattern-2.c compilation failed to produce executable
FAIL: gcc.dg/vect/bb-slp-pr92596.c (internal compiler error)
FAIL: gcc.dg/vect/bb-slp-pr92596.c (test for excess errors)
FAIL: gcc.dg/vect/bb-slp-pr92596.c -flto -ffat-lto-objects (internal compiler error)
FAIL: gcc.dg/vect/bb-slp-pr92596.c -flto -ffat-lto-objects (test for excess errors)
FAIL: gcc.dg/vect/pr18308.c (internal compiler error)
FAIL: gcc.dg/vect/pr18308.c (test for excess errors)
FAIL: gcc.dg/vect/pr18308.c -flto -ffat-lto-objects (internal compiler error)
FAIL: gcc.dg/vect/pr18308.c -flto -ffat-lto-objects (test for excess errors)
FAIL: gcc.dg/vect/pr24059.c (internal compiler error)
FAIL: gcc.dg/vect/pr24059.c (test for excess errors)
FAIL: gcc.dg/vect/pr24059.c -flto -ffat-lto-objects (internal compiler error)
FAIL: gcc.dg/vect/pr24059.c -flto -ffat-lto-objects (test for excess errors)
FAIL: gcc.dg/vect/pr43430-1.c (internal compiler error)
FAIL: gcc.dg/vect/pr43430-1.c (test for excess errors)
FAIL: gcc.dg/vect/pr43430-1.c -flto -ffat-lto-objects (internal compiler error)
FAIL: gcc.dg/vect/pr43430-1.c -flto -ffat-lto-objects (test for excess errors)
UNRESOLVED: gcc.dg/vect/pr43430-1.c -flto -ffat-lto-objects compilation failed to produce executable
UNRESOLVED: gcc.dg/vect/pr43430-1.c compilation failed to produce executable
FAIL: gcc.dg/vect/pr43430-2.c (internal compiler error)
FAIL: gcc.dg/vect/pr43430-2.c (test for excess errors)
FAIL: gcc.dg/vect/pr43430-2.c -flto -ffat-lto-objects (internal compiler error)
FAIL: gcc.dg/vect/pr43430-2.c -flto -ffat-lto-objects (test for excess errors)
FAIL: gcc.dg/vect/pr46009.c (internal compiler error)
FAIL: gcc.dg/vect/pr46009.c (test for excess errors)
FAIL: gcc.dg/vect/pr46009.c -flto -ffat-lto-objects scan-tree-dump-times vect "vectorized 1 loops" 2
FAIL: gcc.dg/vect/pr46009.c -flto -ffat-lto-objects (internal compiler error)
FAIL: gcc.dg/vect/pr46009.c -flto -ffat-lto-objects (test for excess errors)
UNRESOLVED: gcc.dg/vect/pr46009.c -flto -ffat-lto-objects compilation failed to produce executable
UNRESOLVED: gcc.dg/vect/pr46009.c compilation failed to produce executable
FAIL: gcc.dg/vect/pr46009.c scan-tree-dump-times vect "vectorized 1 loops" 2
FAIL: gcc.dg/vect/pr51000.c (internal compiler error)
FAIL: gcc.dg/vect/pr51000.c (test for excess errors)
FAIL: gcc.dg/vect/pr51000.c -flto -ffat-lto-objects (internal compiler error)
FAIL: gcc.dg/vect/pr51000.c -flto -ffat-lto-objects (test for excess errors)
FAIL: gcc.dg/vect/pr51581-3.c (internal compiler error)
FAIL: gcc.dg/vect/pr51581-3.c (test for excess errors)
FAIL: gcc.dg/vect/pr51581-3.c -flto -ffat-lto-objects (internal compiler error)
FAIL: gcc.dg/vect/pr51581-3.c -flto -ffat-lto-objects (test for excess errors)
UNRESOLVED: gcc.dg/vect/pr51581-3.c -flto -ffat-lto-objects compilation failed to produce executable
UNRESOLVED: gcc.dg/vect/pr51581-3.c compilation failed to produce executable
FAIL: gcc.dg/vect/pr51581-4.c (internal compiler error)
FAIL: gcc.dg/vect/pr51581-4.c (test for excess errors)
FAIL: gcc.dg/vect/pr51581-4.c -flto -ffat-lto-objects (internal compiler error)
FAIL: gcc.dg/vect/pr51581-4.c -flto -ffat-lto-objects (test for excess errors)
UNRESOLVED: gcc.dg/vect/pr51581-4.c -flto -ffat-lto-objects compilation failed to produce executable
UNRESOLVED: gcc.dg/vect/pr51581-4.c compilation failed to produce executable
FAIL: gcc.dg/vect/pr56625.c (internal compiler error)
FAIL: gcc.dg/vect/pr56625.c (test for excess errors)
FAIL: gcc.dg/vect/pr56625.c -flto -ffat-lto-objects (internal compiler error)
FAIL: gcc.dg/vect/pr56625.c -flto -ffat-lto-objects (test for excess errors)
FAIL: gcc.dg/vect/pr58508.c (internal compiler error)
FAIL: gcc.dg/vect/pr58508.c (test for excess errors)
FAIL: gcc.dg/vect/pr58508.c -flto -ffat-lto-objects (internal compiler error)
FAIL: gcc.dg/vect/pr58508.c -flto -ffat-lto-objects (test for excess errors)
FAIL: gcc.dg/vect/pr59519-2.c (internal compiler error)
FAIL: gcc.dg/vect/pr59519-2.c (test for excess errors)
FAIL: gcc.dg/vect/pr59519-2.c -flto -ffat-lto-objects (internal compiler error)
FAIL: gcc.dg/vect/pr59519-2.c -flto -ffat-lto-objects (test for excess errors)
FAIL: gcc.dg/vect/pr59591-1.c (internal compiler error)
FAIL: gcc.dg/vect/pr59591-1.c (test for excess errors)
FAIL: gcc.dg/vect/pr59591-1.c -flto -ffat-lto-objects (internal compiler error)
FAIL: gcc.dg/vect/pr59591-1.c -flto -ffat-lto-objects (test for excess errors)
UNRESOLVED: gcc.dg/vect/pr59591-1.c -flto -ffat-lto-objects compilation failed to produce executable
UNRESOLVED: gcc.dg/vect/pr59591-1.c compilation failed to produce executable
FAIL: gcc.dg/vect/pr62075.c (internal compiler error)
FAIL: gcc.dg/vect/pr62075.c (test for excess errors)
FAIL: gcc.dg/vect/pr62075.c -flto -ffat-lto-objects (internal compiler error)
FAIL: gcc.dg/vect/pr62075.c -flto -ffat-lto-objects (test for excess errors)
FAIL: gcc.dg/vect/pr63605.c (internal compiler error)
FAIL: gcc.dg/vect/pr63605.c (test for excess errors)
FAIL: gcc.dg/vect/pr63605.c -flto -ffat-lto-objects (internal compiler error)
FAIL: gcc.dg/vect/pr63605.c -flto -ffat-lto-objects (test for excess errors)
UNRESOLVED: gcc.dg/vect/pr63605.c -flto -ffat-lto-objects compilation failed to produce executable
UNRESOLVED: gcc.dg/vect/pr63605.c compilation failed to produce executable
FAIL: gcc.dg/vect/pr65947-1.c (internal compiler error)
FAIL: gcc.dg/vect/pr65947-1.c (test for excess errors)
FAIL: gcc.dg/vect/pr65947-1.c -flto -ffat-lto-objects scan-tree-dump-times vect "LOOP VECTORIZED" 2
FAIL: gcc.dg/vect/pr65947-1.c -flto -ffat-lto-objects scan-tree-dump-times vect "condition expression based on integer induction." 2
FAIL: gcc.dg/vect/pr65947-1.c -flto -ffat-lto-objects (internal compiler error)
FAIL: gcc.dg/vect/pr65947-1.c -flto -ffat-lto-objects (test for excess errors)
UNRESOLVED: gcc.dg/vect/pr65947-1.c -flto -ffat-lto-objects compilation failed to produce executable
UNRESOLVED: gcc.dg/vect/pr65947-1.c compilation failed to produce executable
FAIL: gcc.dg/vect/pr65947-1.c scan-tree-dump-times vect "LOOP VECTORIZED" 2
FAIL: gcc.dg/vect/pr65947-1.c scan-tree-dump-times vect "condition expression based on integer induction." 2
FAIL: gcc.dg/vect/pr65947-12.c (internal compiler error)
FAIL: gcc.dg/vect/pr65947-12.c (test for excess errors)
FAIL: gcc.dg/vect/pr65947-12.c -flto -ffat-lto-objects scan-tree-dump-times vect "LOOP VECTORIZED" 2
FAIL: gcc.dg/vect/pr65947-12.c -flto -ffat-lto-objects (internal compiler error)
FAIL: gcc.dg/vect/pr65947-12.c -flto -ffat-lto-objects (test for excess errors)
UNRESOLVED: gcc.dg/vect/pr65947-12.c -flto -ffat-lto-objects compilation failed to produce executable
UNRESOLVED: gcc.dg/vect/pr65947-12.c compilation failed to produce executable
FAIL: gcc.dg/vect/pr65947-12.c scan-tree-dump-times vect "LOOP VECTORIZED" 2
FAIL: gcc.dg/vect/pr65947-13.c (internal compiler error)
FAIL: gcc.dg/vect/pr65947-13.c (test for excess errors)
FAIL: gcc.dg/vect/pr65947-13.c -flto -ffat-lto-objects scan-tree-dump-times vect "LOOP VECTORIZED" 2
FAIL: gcc.dg/vect/pr65947-13.c -flto -ffat-lto-objects scan-tree-dump-times vect "condition expression based on integer induction." 2
FAIL: gcc.dg/vect/pr65947-13.c -flto -ffat-lto-objects (internal compiler error)
FAIL: gcc.dg/vect/pr65947-13.c -flto -ffat-lto-objects (test for excess errors)
UNRESOLVED: gcc.dg/vect/pr65947-13.c -flto -ffat-lto-objects compilation failed to produce executable
UNRESOLVED: gcc.dg/vect/pr65947-13.c compilation failed to produce executable
FAIL: gcc.dg/vect/pr65947-13.c scan-tree-dump-times vect "LOOP VECTORIZED" 2
FAIL: gcc.dg/vect/pr65947-13.c scan-tree-dump-times vect "condition expression based on integer induction." 2
FAIL: gcc.dg/vect/pr65947-14.c (internal compiler error)
FAIL: gcc.dg/vect/pr65947-14.c (test for excess errors)
FAIL: gcc.dg/vect/pr65947-14.c -flto -ffat-lto-objects scan-tree-dump-times vect "LOOP VECTORIZED" 2
FAIL: gcc.dg/vect/pr65947-14.c -flto -ffat-lto-objects scan-tree-dump-times vect "condition expression based on integer induction." 2
FAIL: gcc.dg/vect/pr65947-14.c -flto -ffat-lto-objects (internal compiler error)
FAIL: gcc.dg/vect/pr65947-14.c -flto -ffat-lto-objects (test for excess errors)
UNRESOLVED: gcc.dg/vect/pr65947-14.c -flto -ffat-lto-objects compilation failed to produce executable
UNRESOLVED: gcc.dg/vect/pr65947-14.c compilation failed to produce executable
FAIL: gcc.dg/vect/pr65947-14.c scan-tree-dump-times vect "LOOP VECTORIZED" 2
FAIL: gcc.dg/vect/pr65947-14.c scan-tree-dump-times vect "condition expression based on integer induction." 2
FAIL: gcc.dg/vect/pr65947-2.c (internal compiler error)
FAIL: gcc.dg/vect/pr65947-2.c (test for excess errors)
FAIL: gcc.dg/vect/pr65947-2.c -flto -ffat-lto-objects scan-tree-dump-times vect "LOOP VECTORIZED" 2
FAIL: gcc.dg/vect/pr65947-2.c -flto -ffat-lto-objects (internal compiler error)
FAIL: gcc.dg/vect/pr65947-2.c -flto -ffat-lto-objects (test for excess errors)
UNRESOLVED: gcc.dg/vect/pr65947-2.c -flto -ffat-lto-objects compilation failed to produce executable
UNRESOLVED: gcc.dg/vect/pr65947-2.c compilation failed to produce executable
FAIL: gcc.dg/vect/pr65947-2.c scan-tree-dump-times vect "LOOP VECTORIZED" 2
FAIL: gcc.dg/vect/pr65947-3.c (internal compiler error)
FAIL: gcc.dg/vect/pr65947-3.c (test for excess errors)
FAIL: gcc.dg/vect/pr65947-3.c -flto -ffat-lto-objects scan-tree-dump-times vect "LOOP VECTORIZED" 2
FAIL: gcc.dg/vect/pr65947-3.c -flto -ffat-lto-objects (internal compiler error)
FAIL: gcc.dg/vect/pr65947-3.c -flto -ffat-lto-objects (test for excess errors)
UNRESOLVED: gcc.dg/vect/pr65947-3.c -flto -ffat-lto-objects compilation failed to produce executable
UNRESOLVED: gcc.dg/vect/pr65947-3.c compilation failed to produce executable
FAIL: gcc.dg/vect/pr65947-3.c scan-tree-dump-times vect "LOOP VECTORIZED" 2
FAIL: gcc.dg/vect/pr65947-4.c (internal compiler error)
FAIL: gcc.dg/vect/pr65947-4.c (test for excess errors)
FAIL: gcc.dg/vect/pr65947-4.c -flto -ffat-lto-objects scan-tree-dump-times vect "LOOP VECTORIZED" 2
FAIL: gcc.dg/vect/pr65947-4.c -flto -ffat-lto-objects scan-tree-dump-times vect "condition expression based on integer induction." 2
FAIL: gcc.dg/vect/pr65947-4.c -flto -ffat-lto-objects (internal compiler error)
FAIL: gcc.dg/vect/pr65947-4.c -flto -ffat-lto-objects (test for excess errors)
UNRESOLVED: gcc.dg/vect/pr65947-4.c -flto -ffat-lto-objects compilation failed to produce executable
UNRESOLVED: gcc.dg/vect/pr65947-4.c compilation failed to produce executable
FAIL: gcc.dg/vect/pr65947-4.c scan-tree-dump-times vect "LOOP VECTORIZED" 2
FAIL: gcc.dg/vect/pr65947-4.c scan-tree-dump-times vect "condition expression based on integer induction." 2
FAIL: gcc.dg/vect/pr65947-6.c (internal compiler error)
FAIL: gcc.dg/vect/pr65947-6.c (test for excess errors)
FAIL: gcc.dg/vect/pr65947-6.c -flto -ffat-lto-objects scan-tree-dump-times vect "LOOP VECTORIZED" 2
FAIL: gcc.dg/vect/pr65947-6.c -flto -ffat-lto-objects (internal compiler error)
FAIL: gcc.dg/vect/pr65947-6.c -flto -ffat-lto-objects (test for excess errors)
UNRESOLVED: gcc.dg/vect/pr65947-6.c -flto -ffat-lto-objects compilation failed to produce executable
UNRESOLVED: gcc.dg/vect/pr65947-6.c compilation failed to produce executable
FAIL: gcc.dg/vect/pr65947-6.c scan-tree-dump-times vect "LOOP VECTORIZED" 2
FAIL: gcc.dg/vect/pr68305.c (internal compiler error)
FAIL: gcc.dg/vect/pr68305.c (test for excess errors)
FAIL: gcc.dg/vect/pr68305.c -flto -ffat-lto-objects (internal compiler error)
FAIL: gcc.dg/vect/pr68305.c -flto -ffat-lto-objects (test for excess errors)
FAIL: gcc.dg/vect/pr68417.c (internal compiler error)
FAIL: gcc.dg/vect/pr68417.c (test for excess errors)
FAIL: gcc.dg/vect/pr68417.c -flto -ffat-lto-objects (internal compiler error)
FAIL: gcc.dg/vect/pr68417.c -flto -ffat-lto-objects (test for excess errors)
FAIL: gcc.dg/vect/pr69820.c (internal compiler error)
FAIL: gcc.dg/vect/pr69820.c (test for excess errors)
FAIL: gcc.dg/vect/pr69820.c -flto -ffat-lto-objects (internal compiler error)
FAIL: gcc.dg/vect/pr69820.c -flto -ffat-lto-objects (test for excess errors)
UNRESOLVED: gcc.dg/vect/pr69820.c -flto -ffat-lto-objects compilation failed to produce executable
UNRESOLVED: gcc.dg/vect/pr69820.c compilation failed to produce executable
FAIL: gcc.dg/vect/pr71259.c -flto -ffat-lto-objects (internal compiler error)
FAIL: gcc.dg/vect/pr71259.c -flto -ffat-lto-objects (test for excess errors)
UNRESOLVED: gcc.dg/vect/pr71259.c -flto -ffat-lto-objects compilation failed to produce executable
FAIL: gcc.dg/vect/pr72866.c (internal compiler error)
FAIL: gcc.dg/vect/pr72866.c (test for excess errors)
FAIL: gcc.dg/vect/pr72866.c -flto -ffat-lto-objects (internal compiler error)
FAIL: gcc.dg/vect/pr72866.c -flto -ffat-lto-objects (test for excess errors)
FAIL: gcc.dg/vect/pr77503.c (internal compiler error)
FAIL: gcc.dg/vect/pr77503.c (test for excess errors)
FAIL: gcc.dg/vect/pr77503.c -flto -ffat-lto-objects (internal compiler error)
FAIL: gcc.dg/vect/pr77503.c -flto -ffat-lto-objects (test for excess errors)
FAIL: gcc.dg/vect/pr80631-1.c (internal compiler error)
FAIL: gcc.dg/vect/pr80631-1.c (test for excess errors)
FAIL: gcc.dg/vect/pr80631-1.c -flto -ffat-lto-objects scan-tree-dump-times vect "LOOP VECTORIZED" 5
FAIL: gcc.dg/vect/pr80631-1.c -flto -ffat-lto-objects scan-tree-dump-times vect "condition expression based on integer induction." 5
FAIL: gcc.dg/vect/pr80631-1.c -flto -ffat-lto-objects (internal compiler error)
FAIL: gcc.dg/vect/pr80631-1.c -flto -ffat-lto-objects (test for excess errors)
UNRESOLVED: gcc.dg/vect/pr80631-1.c -flto -ffat-lto-objects compilation failed to produce executable
UNRESOLVED: gcc.dg/vect/pr80631-1.c compilation failed to produce executable
FAIL: gcc.dg/vect/pr80631-1.c scan-tree-dump-times vect "LOOP VECTORIZED" 5
FAIL: gcc.dg/vect/pr80631-1.c scan-tree-dump-times vect "condition expression based on integer induction." 5
FAIL: gcc.dg/vect/pr80631-2.c (internal compiler error)
FAIL: gcc.dg/vect/pr80631-2.c (test for excess errors)
FAIL: gcc.dg/vect/pr80631-2.c -flto -ffat-lto-objects scan-tree-dump-times vect "LOOP VECTORIZED" 5
FAIL: gcc.dg/vect/pr80631-2.c -flto -ffat-lto-objects scan-tree-dump-times vect "condition expression based on integer induction." 5
FAIL: gcc.dg/vect/pr80631-2.c -flto -ffat-lto-objects (internal compiler error)
FAIL: gcc.dg/vect/pr80631-2.c -flto -ffat-lto-objects (test for excess errors)
UNRESOLVED: gcc.dg/vect/pr80631-2.c -flto -ffat-lto-objects compilation failed to produce executable
UNRESOLVED: gcc.dg/vect/pr80631-2.c compilation failed to produce executable
FAIL: gcc.dg/vect/pr80631-2.c scan-tree-dump-times vect "LOOP VECTORIZED" 5
FAIL: gcc.dg/vect/pr80631-2.c scan-tree-dump-times vect "condition expression based on integer induction." 5
FAIL: gcc.dg/vect/pr86927.c (internal compiler error)
FAIL: gcc.dg/vect/pr86927.c (test for excess errors)
FAIL: gcc.dg/vect/pr86927.c -flto -ffat-lto-objects (internal compiler error)
FAIL: gcc.dg/vect/pr86927.c -flto -ffat-lto-objects (test for excess errors)
UNRESOLVED: gcc.dg/vect/pr86927.c -flto -ffat-lto-objects compilation failed to produce executable
UNRESOLVED: gcc.dg/vect/pr86927.c compilation failed to produce executable
FAIL: gcc.dg/vect/pr94727.c (internal compiler error)
FAIL: gcc.dg/vect/pr94727.c (test for excess errors)
FAIL: gcc.dg/vect/pr94727.c -flto -ffat-lto-objects (internal compiler error)
FAIL: gcc.dg/vect/pr94727.c -flto -ffat-lto-objects (test for excess errors)
UNRESOLVED: gcc.dg/vect/pr94727.c -flto -ffat-lto-objects compilation failed to produce executable
UNRESOLVED: gcc.dg/vect/pr94727.c compilation failed to produce executable
FAIL: gcc.dg/vect/slp-cond-1.c (internal compiler error)
FAIL: gcc.dg/vect/slp-cond-1.c (test for excess errors)
FAIL: gcc.dg/vect/slp-cond-1.c -flto -ffat-lto-objects scan-tree-dump-times vect "vectorizing stmts using SLP" 3
FAIL: gcc.dg/vect/slp-cond-1.c -flto -ffat-lto-objects (internal compiler error)
FAIL: gcc.dg/vect/slp-cond-1.c -flto -ffat-lto-objects (test for excess errors)
UNRESOLVED: gcc.dg/vect/slp-cond-1.c -flto -ffat-lto-objects compilation failed to produce executable
UNRESOLVED: gcc.dg/vect/slp-cond-1.c compilation failed to produce executable
FAIL: gcc.dg/vect/slp-cond-1.c scan-tree-dump-times vect "vectorizing stmts using SLP" 3
FAIL: gcc.dg/vect/slp-cond-3.c (internal compiler error)
FAIL: gcc.dg/vect/slp-cond-3.c (test for excess errors)
FAIL: gcc.dg/vect/slp-cond-3.c -flto -ffat-lto-objects (internal compiler error)
FAIL: gcc.dg/vect/slp-cond-3.c -flto -ffat-lto-objects (test for excess errors)
UNRESOLVED: gcc.dg/vect/slp-cond-3.c -flto -ffat-lto-objects compilation failed to produce executable
UNRESOLVED: gcc.dg/vect/slp-cond-3.c compilation failed to produce executable
FAIL: gcc.dg/vect/slp-cond-4.c (internal compiler error)
FAIL: gcc.dg/vect/slp-cond-4.c (test for excess errors)
FAIL: gcc.dg/vect/slp-cond-4.c -flto -ffat-lto-objects (internal compiler error)
FAIL: gcc.dg/vect/slp-cond-4.c -flto -ffat-lto-objects (test for excess errors)
UNRESOLVED: gcc.dg/vect/slp-cond-4.c -flto -ffat-lto-objects compilation failed to produce executable
UNRESOLVED: gcc.dg/vect/slp-cond-4.c compilation failed to produce executable
FAIL: gcc.dg/vect/slp-cond-5.c (internal compiler error)
FAIL: gcc.dg/vect/slp-cond-5.c (test for excess errors)
FAIL: gcc.dg/vect/slp-cond-5.c -flto -ffat-lto-objects (internal compiler error)
FAIL: gcc.dg/vect/slp-cond-5.c -flto -ffat-lto-objects (test for excess errors)
UNRESOLVED: gcc.dg/vect/slp-cond-5.c -flto -ffat-lto-objects compilation failed to produce executable
UNRESOLVED: gcc.dg/vect/slp-cond-5.c compilation failed to produce executable
FAIL: gcc.dg/vect/slp-perm-9.c -flto -ffat-lto-objects scan-tree-dump-times vect "permutation requires at least three vectors" 1
FAIL: gcc.dg/vect/slp-perm-9.c scan-tree-dump-times vect "permutation requires at least three vectors" 1
FAIL: gcc.dg/vect/vect-21.c (internal compiler error)
FAIL: gcc.dg/vect/vect-21.c (test for excess errors)
FAIL: gcc.dg/vect/vect-21.c -flto -ffat-lto-objects (internal compiler error)
FAIL: gcc.dg/vect/vect-21.c -flto -ffat-lto-objects (test for excess errors)
UNRESOLVED: gcc.dg/vect/vect-21.c -flto -ffat-lto-objects compilation failed to produce executable
UNRESOLVED: gcc.dg/vect/vect-21.c compilation failed to produce executable
FAIL: gcc.dg/vect/vect-23.c (internal compiler error)
FAIL: gcc.dg/vect/vect-23.c (test for excess errors)
FAIL: gcc.dg/vect/vect-23.c -flto -ffat-lto-objects (internal compiler error)
FAIL: gcc.dg/vect/vect-23.c -flto -ffat-lto-objects (test for excess errors)
UNRESOLVED: gcc.dg/vect/vect-23.c -flto -ffat-lto-objects compilation failed to produce executable
UNRESOLVED: gcc.dg/vect/vect-23.c compilation failed to produce executable
FAIL: gcc.dg/vect/vect-24.c (internal compiler error)
FAIL: gcc.dg/vect/vect-24.c (test for excess errors)
FAIL: gcc.dg/vect/vect-24.c -flto -ffat-lto-objects (internal compiler error)
FAIL: gcc.dg/vect/vect-24.c -flto -ffat-lto-objects (test for excess errors)
UNRESOLVED: gcc.dg/vect/vect-24.c -flto -ffat-lto-objects compilation failed to produce executable
UNRESOLVED: gcc.dg/vect/vect-24.c compilation failed to produce executable
FAIL: gcc.dg/vect/vect-bool-cmp-2.c (internal compiler error)
FAIL: gcc.dg/vect/vect-bool-cmp-2.c (test for excess errors)
FAIL: gcc.dg/vect/vect-bool-cmp-2.c -flto -ffat-lto-objects (internal compiler error)
FAIL: gcc.dg/vect/vect-bool-cmp-2.c -flto -ffat-lto-objects (test for excess errors)
FAIL: gcc.dg/vect/vect-bool-cmp.c (internal compiler error)
FAIL: gcc.dg/vect/vect-bool-cmp.c (test for excess errors)
FAIL: gcc.dg/vect/vect-bool-cmp.c -flto -ffat-lto-objects (internal compiler error)
FAIL: gcc.dg/vect/vect-bool-cmp.c -flto -ffat-lto-objects (test for excess errors)
UNRESOLVED: gcc.dg/vect/vect-bool-cmp.c -flto -ffat-lto-objects compilation failed to produce executable
UNRESOLVED: gcc.dg/vect/vect-bool-cmp.c compilation failed to produce executable
FAIL: gcc.dg/vect/vect-cond-1.c (internal compiler error)
FAIL: gcc.dg/vect/vect-cond-1.c (test for excess errors)
FAIL: gcc.dg/vect/vect-cond-1.c -flto -ffat-lto-objects (internal compiler error)
FAIL: gcc.dg/vect/vect-cond-1.c -flto -ffat-lto-objects (test for excess errors)
UNRESOLVED: gcc.dg/vect/vect-cond-1.c -flto -ffat-lto-objects compilation failed to produce executable
UNRESOLVED: gcc.dg/vect/vect-cond-1.c compilation failed to produce executable
FAIL: gcc.dg/vect/vect-cond-11.c (internal compiler error)
FAIL: gcc.dg/vect/vect-cond-11.c (test for excess errors)
FAIL: gcc.dg/vect/vect-cond-11.c -flto -ffat-lto-objects (internal compiler error)
FAIL: gcc.dg/vect/vect-cond-11.c -flto -ffat-lto-objects (test for excess errors)
UNRESOLVED: gcc.dg/vect/vect-cond-11.c -flto -ffat-lto-objects compilation failed to produce executable
UNRESOLVED: gcc.dg/vect/vect-cond-11.c compilation failed to produce executable
FAIL: gcc.dg/vect/vect-cond-2.c (internal compiler error)
FAIL: gcc.dg/vect/vect-cond-2.c (test for excess errors)
FAIL: gcc.dg/vect/vect-cond-2.c -flto -ffat-lto-objects (internal compiler error)
FAIL: gcc.dg/vect/vect-cond-2.c -flto -ffat-lto-objects (test for excess errors)
UNRESOLVED: gcc.dg/vect/vect-cond-2.c -flto -ffat-lto-objects compilation failed to produce executable
UNRESOLVED: gcc.dg/vect/vect-cond-2.c compilation failed to produce executable
FAIL: gcc.dg/vect/vect-cond-3.c (internal compiler error)
FAIL: gcc.dg/vect/vect-cond-3.c (test for excess errors)
FAIL: gcc.dg/vect/vect-cond-3.c -flto -ffat-lto-objects (internal compiler error)
FAIL: gcc.dg/vect/vect-cond-3.c -flto -ffat-lto-objects (test for excess errors)
UNRESOLVED: gcc.dg/vect/vect-cond-3.c -flto -ffat-lto-objects compilation failed to produce executable
UNRESOLVED: gcc.dg/vect/vect-cond-3.c compilation failed to produce executable
FAIL: gcc.dg/vect/vect-cond-4.c (internal compiler error)
FAIL: gcc.dg/vect/vect-cond-4.c (test for excess errors)
FAIL: gcc.dg/vect/vect-cond-4.c -flto -ffat-lto-objects (internal compiler error)
FAIL: gcc.dg/vect/vect-cond-4.c -flto -ffat-lto-objects (test for excess errors)
UNRESOLVED: gcc.dg/vect/vect-cond-4.c -flto -ffat-lto-objects compilation failed to produce executable
UNRESOLVED: gcc.dg/vect/vect-cond-4.c compilation failed to produce executable
FAIL: gcc.dg/vect/vect-cond-6.c (internal compiler error)
FAIL: gcc.dg/vect/vect-cond-6.c (test for excess errors)
FAIL: gcc.dg/vect/vect-cond-6.c -flto -ffat-lto-objects (internal compiler error)
FAIL: gcc.dg/vect/vect-cond-6.c -flto -ffat-lto-objects (test for excess errors)
UNRESOLVED: gcc.dg/vect/vect-cond-6.c -flto -ffat-lto-objects compilation failed to produce executable
UNRESOLVED: gcc.dg/vect/vect-cond-6.c compilation failed to produce executable
FAIL: gcc.dg/vect/vect-cond-7.c (internal compiler error)
FAIL: gcc.dg/vect/vect-cond-7.c (test for excess errors)
FAIL: gcc.dg/vect/vect-cond-7.c -flto -ffat-lto-objects (internal compiler error)
FAIL: gcc.dg/vect/vect-cond-7.c -flto -ffat-lto-objects (test for excess errors)
UNRESOLVED: gcc.dg/vect/vect-cond-7.c -flto -ffat-lto-objects compilation failed to produce executable
UNRESOLVED: gcc.dg/vect/vect-cond-7.c compilation failed to produce executable
FAIL: gcc.dg/vect/vect-cond-reduc-1.c (internal compiler error)
FAIL: gcc.dg/vect/vect-cond-reduc-1.c (test for excess errors)
FAIL: gcc.dg/vect/vect-cond-reduc-1.c -flto -ffat-lto-objects (internal compiler error)
FAIL: gcc.dg/vect/vect-cond-reduc-1.c -flto -ffat-lto-objects (test for excess errors)
FAIL: gcc.dg/vect/vect-cond-reduc-5.c (internal compiler error)
FAIL: gcc.dg/vect/vect-cond-reduc-5.c (test for excess errors)
FAIL: gcc.dg/vect/vect-cond-reduc-5.c -flto -ffat-lto-objects (internal compiler error)
FAIL: gcc.dg/vect/vect-cond-reduc-5.c -flto -ffat-lto-objects (test for excess errors)
UNRESOLVED: gcc.dg/vect/vect-cond-reduc-5.c -flto -ffat-lto-objects compilation failed to produce executable
UNRESOLVED: gcc.dg/vect/vect-cond-reduc-5.c compilation failed to produce executable
FAIL: gcc.dg/vect/vect-cond-reduc-6.c (internal compiler error)
FAIL: gcc.dg/vect/vect-cond-reduc-6.c (test for excess errors)
FAIL: gcc.dg/vect/vect-cond-reduc-6.c -flto -ffat-lto-objects (internal compiler error)
FAIL: gcc.dg/vect/vect-cond-reduc-6.c -flto -ffat-lto-objects (test for excess errors)
FAIL: gcc.dg/vect/vect-cselim-1.c (internal compiler error)
FAIL: gcc.dg/vect/vect-cselim-1.c (test for excess errors)
FAIL: gcc.dg/vect/vect-cselim-1.c -flto -ffat-lto-objects (internal compiler error)
FAIL: gcc.dg/vect/vect-cselim-1.c -flto -ffat-lto-objects (test for excess errors)
UNRESOLVED: gcc.dg/vect/vect-cselim-1.c -flto -ffat-lto-objects compilation failed to produce executable
UNRESOLVED: gcc.dg/vect/vect-cselim-1.c compilation failed to produce executable
FAIL: gcc.dg/vect/vect-epilogues-2.c (internal compiler error)
FAIL: gcc.dg/vect/vect-epilogues-2.c (test for excess errors)
FAIL: gcc.dg/vect/vect-epilogues-2.c -flto -ffat-lto-objects (internal compiler error)
FAIL: gcc.dg/vect/vect-epilogues-2.c -flto -ffat-lto-objects (test for excess errors)
FAIL: gcc.dg/vect/vect-ifcvt-11.c (internal compiler error)
FAIL: gcc.dg/vect/vect-ifcvt-11.c (test for excess errors)
FAIL: gcc.dg/vect/vect-ifcvt-11.c -flto -ffat-lto-objects (internal compiler error)
FAIL: gcc.dg/vect/vect-ifcvt-11.c -flto -ffat-lto-objects (test for excess errors)
UNRESOLVED: gcc.dg/vect/vect-ifcvt-11.c -flto -ffat-lto-objects compilation failed to produce executable
UNRESOLVED: gcc.dg/vect/vect-ifcvt-11.c compilation failed to produce executable
FAIL: gcc.dg/vect/vect-ifcvt-2.c (internal compiler error)
FAIL: gcc.dg/vect/vect-ifcvt-2.c (test for excess errors)
FAIL: gcc.dg/vect/vect-ifcvt-2.c -flto -ffat-lto-objects (internal compiler error)
FAIL: gcc.dg/vect/vect-ifcvt-2.c -flto -ffat-lto-objects (test for excess errors)
UNRESOLVED: gcc.dg/vect/vect-ifcvt-2.c -flto -ffat-lto-objects compilation failed to produce executable
UNRESOLVED: gcc.dg/vect/vect-ifcvt-2.c compilation failed to produce executable
FAIL: gcc.dg/vect/vect-ifcvt-3.c (internal compiler error)
FAIL: gcc.dg/vect/vect-ifcvt-3.c (test for excess errors)
FAIL: gcc.dg/vect/vect-ifcvt-3.c -flto -ffat-lto-objects (internal compiler error)
FAIL: gcc.dg/vect/vect-ifcvt-3.c -flto -ffat-lto-objects (test for excess errors)
UNRESOLVED: gcc.dg/vect/vect-ifcvt-3.c -flto -ffat-lto-objects compilation failed to produce executable
UNRESOLVED: gcc.dg/vect/vect-ifcvt-3.c compilation failed to produce executable
FAIL: gcc.dg/vect/vect-ifcvt-4.c (internal compiler error)
FAIL: gcc.dg/vect/vect-ifcvt-4.c (test for excess errors)
FAIL: gcc.dg/vect/vect-ifcvt-4.c -flto -ffat-lto-objects (internal compiler error)
FAIL: gcc.dg/vect/vect-ifcvt-4.c -flto -ffat-lto-objects (test for excess errors)
UNRESOLVED: gcc.dg/vect/vect-ifcvt-4.c -flto -ffat-lto-objects compilation failed to produce executable
UNRESOLVED: gcc.dg/vect/vect-ifcvt-4.c compilation failed to produce executable
FAIL: gcc.dg/vect/vect-ifcvt-5.c (internal compiler error)
FAIL: gcc.dg/vect/vect-ifcvt-5.c (test for excess errors)
FAIL: gcc.dg/vect/vect-ifcvt-5.c -flto -ffat-lto-objects (internal compiler error)
FAIL: gcc.dg/vect/vect-ifcvt-5.c -flto -ffat-lto-objects (test for excess errors)
UNRESOLVED: gcc.dg/vect/vect-ifcvt-5.c -flto -ffat-lto-objects compilation failed to produce executable
UNRESOLVED: gcc.dg/vect/vect-ifcvt-5.c compilation failed to produce executable
FAIL: gcc.dg/vect/vect-ifcvt-6.c (internal compiler error)
FAIL: gcc.dg/vect/vect-ifcvt-6.c (test for excess errors)
FAIL: gcc.dg/vect/vect-ifcvt-6.c -flto -ffat-lto-objects (internal compiler error)
FAIL: gcc.dg/vect/vect-ifcvt-6.c -flto -ffat-lto-objects (test for excess errors)
UNRESOLVED: gcc.dg/vect/vect-ifcvt-6.c -flto -ffat-lto-objects compilation failed to produce executable
UNRESOLVED: gcc.dg/vect/vect-ifcvt-6.c compilation failed to produce executable
FAIL: gcc.dg/vect/vect-ifcvt-7.c (internal compiler error)
FAIL: gcc.dg/vect/vect-ifcvt-7.c (test for excess errors)
FAIL: gcc.dg/vect/vect-ifcvt-7.c -flto -ffat-lto-objects (internal compiler error)
FAIL: gcc.dg/vect/vect-ifcvt-7.c -flto -ffat-lto-objects (test for excess errors)
UNRESOLVED: gcc.dg/vect/vect-ifcvt-7.c -flto -ffat-lto-objects compilation failed to produce executable
UNRESOLVED: gcc.dg/vect/vect-ifcvt-7.c compilation failed to produce executable
FAIL: gcc.dg/vect/vect-ifcvt-9.c (internal compiler error)
FAIL: gcc.dg/vect/vect-ifcvt-9.c (test for excess errors)
FAIL: gcc.dg/vect/vect-ifcvt-9.c -flto -ffat-lto-objects scan-tree-dump-times vect "vectorized 1 loops" 2
FAIL: gcc.dg/vect/vect-ifcvt-9.c -flto -ffat-lto-objects (internal compiler error)
FAIL: gcc.dg/vect/vect-ifcvt-9.c -flto -ffat-lto-objects (test for excess errors)
UNRESOLVED: gcc.dg/vect/vect-ifcvt-9.c -flto -ffat-lto-objects compilation failed to produce executable
UNRESOLVED: gcc.dg/vect/vect-ifcvt-9.c compilation failed to produce executable
FAIL: gcc.dg/vect/vect-ifcvt-9.c scan-tree-dump-times vect "vectorized 1 loops" 2
FAIL: gcc.dg/vect/vect-over-widen-13.c (internal compiler error)
FAIL: gcc.dg/vect/vect-over-widen-13.c (test for excess errors)
FAIL: gcc.dg/vect/vect-over-widen-13.c -flto -ffat-lto-objects (internal compiler error)
FAIL: gcc.dg/vect/vect-over-widen-13.c -flto -ffat-lto-objects (test for excess errors)
UNRESOLVED: gcc.dg/vect/vect-over-widen-13.c -flto -ffat-lto-objects compilation failed to produce executable
UNRESOLVED: gcc.dg/vect/vect-over-widen-13.c compilation failed to produce executable
FAIL: gcc.dg/vect/vect-over-widen-15.c (internal compiler error)
FAIL: gcc.dg/vect/vect-over-widen-15.c (test for excess errors)
FAIL: gcc.dg/vect/vect-over-widen-15.c -flto -ffat-lto-objects (internal compiler error)
FAIL: gcc.dg/vect/vect-over-widen-15.c -flto -ffat-lto-objects (test for excess errors)
UNRESOLVED: gcc.dg/vect/vect-over-widen-15.c -flto -ffat-lto-objects compilation failed to produce executable
UNRESOLVED: gcc.dg/vect/vect-over-widen-15.c compilation failed to produce executable
FAIL: gcc.dg/vect/vect-pr69848.c (internal compiler error)
FAIL: gcc.dg/vect/vect-pr69848.c (test for excess errors)
FAIL: gcc.dg/vect/vect-pr69848.c -flto -ffat-lto-objects (internal compiler error)
FAIL: gcc.dg/vect/vect-pr69848.c -flto -ffat-lto-objects (test for excess errors)
UNRESOLVED: gcc.dg/vect/vect-pr69848.c -flto -ffat-lto-objects compilation failed to produce executable
UNRESOLVED: gcc.dg/vect/vect-pr69848.c compilation failed to produce executable
FAIL: gcc.dg/vect/vect-sdiv-pow2-1.c (internal compiler error)
FAIL: gcc.dg/vect/vect-sdiv-pow2-1.c (test for excess errors)
FAIL: gcc.dg/vect/vect-sdiv-pow2-1.c -flto -ffat-lto-objects (internal compiler error)
FAIL: gcc.dg/vect/vect-sdiv-pow2-1.c -flto -ffat-lto-objects (test for excess errors)
UNRESOLVED: gcc.dg/vect/vect-sdiv-pow2-1.c -flto -ffat-lto-objects compilation failed to produce executable
UNRESOLVED: gcc.dg/vect/vect-sdiv-pow2-1.c compilation failed to produce executable
FAIL: gcc.dg/vect/vect-sdivmod-1.c (internal compiler error)
FAIL: gcc.dg/vect/vect-sdivmod-1.c (test for excess errors)
FAIL: gcc.dg/vect/vect-sdivmod-1.c -flto -ffat-lto-objects scan-tree-dump-times vect "vectorized 1 loops" 4
FAIL: gcc.dg/vect/vect-sdivmod-1.c -flto -ffat-lto-objects (internal compiler error)
FAIL: gcc.dg/vect/vect-sdivmod-1.c -flto -ffat-lto-objects (test for excess errors)
UNRESOLVED: gcc.dg/vect/vect-sdivmod-1.c -flto -ffat-lto-objects compilation failed to produce executable
UNRESOLVED: gcc.dg/vect/vect-sdivmod-1.c compilation failed to produce executable
FAIL: gcc.dg/vect/vect-sdivmod-1.c scan-tree-dump-times vect "vectorized 1 loops" 4
FAIL: gcc.dg/vect/vect-simd-5.c (internal compiler error)
FAIL: gcc.dg/vect/vect-simd-5.c (test for excess errors)
FAIL: gcc.dg/vect/vect-simd-5.c -flto -ffat-lto-objects (internal compiler error)
FAIL: gcc.dg/vect/vect-simd-5.c -flto -ffat-lto-objects (test for excess errors)
FAIL: gcc.dg/vect/vect-simd-6.c (internal compiler error)
FAIL: gcc.dg/vect/vect-simd-6.c (test for excess errors)
FAIL: gcc.dg/vect/vect-simd-6.c -flto -ffat-lto-objects scan-tree-dump-times vect "vectorized [12] loops" 2
FAIL: gcc.dg/vect/vect-simd-6.c -flto -ffat-lto-objects (internal compiler error)
FAIL: gcc.dg/vect/vect-simd-6.c -flto -ffat-lto-objects (test for excess errors)
UNRESOLVED: gcc.dg/vect/vect-simd-6.c -flto -ffat-lto-objects compilation failed to produce executable
UNRESOLVED: gcc.dg/vect/vect-simd-6.c compilation failed to produce executable
FAIL: gcc.dg/vect/vect-simd-6.c scan-tree-dump-times vect "vectorized [12] loops" 2
FAIL: gcc.dg/vect/vect-simd-7.c (internal compiler error)
FAIL: gcc.dg/vect/vect-simd-7.c (test for excess errors)
FAIL: gcc.dg/vect/vect-simd-7.c -flto -ffat-lto-objects (internal compiler error)
FAIL: gcc.dg/vect/vect-simd-7.c -flto -ffat-lto-objects (test for excess errors)
UNRESOLVED: gcc.dg/vect/vect-simd-7.c -flto -ffat-lto-objects compilation failed to produce executable
UNRESOLVED: gcc.dg/vect/vect-simd-7.c compilation failed to produce executable
FAIL: gcc.dg/vect/vect-widen-mult-extern-1.c (internal compiler error)
FAIL: gcc.dg/vect/vect-widen-mult-extern-1.c (test for excess errors)
FAIL: gcc.dg/vect/vect-widen-mult-extern-1.c -flto -ffat-lto-objects (internal compiler error)
FAIL: gcc.dg/vect/vect-widen-mult-extern-1.c -flto -ffat-lto-objects (test for excess errors)
UNRESOLVED: gcc.target/aarch64/advsimd-intrinsics/vld1x2.c -O0 compilation failed to produce executable
UNRESOLVED: gcc.target/aarch64/advsimd-intrinsics/vld1x2.c -O1 compilation failed to produce executable
UNRESOLVED: gcc.target/aarch64/advsimd-intrinsics/vld1x2.c -O2 compilation failed to produce executable
UNRESOLVED: gcc.target/aarch64/advsimd-intrinsics/vld1x2.c -O2 -flto -fno-use-linker-plugin -flto-partition=none compilation failed to produce executable
UNRESOLVED: gcc.target/aarch64/advsimd-intrinsics/vld1x2.c -O2 -flto -fuse-linker-plugin -fno-fat-lto-objects compilation failed to produce executable
UNRESOLVED: gcc.target/aarch64/advsimd-intrinsics/vld1x2.c -O3 -fomit-frame-pointer -funroll-loops -fpeel-loops -ftracer -finline-functions compilation failed to produce executable
UNRESOLVED: gcc.target/aarch64/advsimd-intrinsics/vld1x2.c -O3 -g compilation failed to produce executable
UNRESOLVED: gcc.target/aarch64/advsimd-intrinsics/vld1x2.c -Og -g compilation failed to produce executable
UNRESOLVED: gcc.target/aarch64/advsimd-intrinsics/vld1x2.c -Os compilation failed to produce executable
UNRESOLVED: gcc.target/aarch64/advsimd-intrinsics/vld1x3.c -O0 compilation failed to produce executable
UNRESOLVED: gcc.target/aarch64/advsimd-intrinsics/vld1x3.c -O1 compilation failed to produce executable
UNRESOLVED: gcc.target/aarch64/advsimd-intrinsics/vld1x3.c -O2 compilation failed to produce executable
UNRESOLVED: gcc.target/aarch64/advsimd-intrinsics/vld1x3.c -O2 -flto -fno-use-linker-plugin -flto-partition=none compilation failed to produce executable
UNRESOLVED: gcc.target/aarch64/advsimd-intrinsics/vld1x3.c -O2 -flto -fuse-linker-plugin -fno-fat-lto-objects compilation failed to produce executable
UNRESOLVED: gcc.target/aarch64/advsimd-intrinsics/vld1x3.c -O3 -fomit-frame-pointer -funroll-loops -fpeel-loops -ftracer -finline-functions compilation failed to produce executable
UNRESOLVED: gcc.target/aarch64/advsimd-intrinsics/vld1x3.c -O3 -g compilation failed to produce executable
UNRESOLVED: gcc.target/aarch64/advsimd-intrinsics/vld1x3.c -Og -g compilation failed to produce executable
UNRESOLVED: gcc.target/aarch64/advsimd-intrinsics/vld1x3.c -Os compilation failed to produce executable
UNRESOLVED: gcc.target/aarch64/advsimd-intrinsics/vld1x4.c -O0 compilation failed to produce executable
UNRESOLVED: gcc.target/aarch64/advsimd-intrinsics/vld1x4.c -O1 compilation failed to produce executable
UNRESOLVED: gcc.target/aarch64/advsimd-intrinsics/vld1x4.c -O2 compilation failed to produce executable
UNRESOLVED: gcc.target/aarch64/advsimd-intrinsics/vld1x4.c -O2 -flto -fno-use-linker-plugin -flto-partition=none compilation failed to produce executable
UNRESOLVED: gcc.target/aarch64/advsimd-intrinsics/vld1x4.c -O2 -flto -fuse-linker-plugin -fno-fat-lto-objects compilation failed to produce executable
UNRESOLVED: gcc.target/aarch64/advsimd-intrinsics/vld1x4.c -O3 -fomit-frame-pointer -funroll-loops -fpeel-loops -ftracer -finline-functions compilation failed to produce executable
UNRESOLVED: gcc.target/aarch64/advsimd-intrinsics/vld1x4.c -O3 -g compilation failed to produce executable
UNRESOLVED: gcc.target/aarch64/advsimd-intrinsics/vld1x4.c -Og -g compilation failed to produce executable
UNRESOLVED: gcc.target/aarch64/advsimd-intrinsics/vld1x4.c -Os compilation failed to produce executable
UNRESOLVED: gcc.target/aarch64/advsimd-intrinsics/vst1x2.c -O0 compilation failed to produce executable
UNRESOLVED: gcc.target/aarch64/advsimd-intrinsics/vst1x2.c -O1 compilation failed to produce executable
UNRESOLVED: gcc.target/aarch64/advsimd-intrinsics/vst1x2.c -O2 compilation failed to produce executable
UNRESOLVED: gcc.target/aarch64/advsimd-intrinsics/vst1x2.c -O2 -flto -fno-use-linker-plugin -flto-partition=none compilation failed to produce executable
UNRESOLVED: gcc.target/aarch64/advsimd-intrinsics/vst1x2.c -O2 -flto -fuse-linker-plugin -fno-fat-lto-objects compilation failed to produce executable
UNRESOLVED: gcc.target/aarch64/advsimd-intrinsics/vst1x2.c -O3 -fomit-frame-pointer -funroll-loops -fpeel-loops -ftracer -finline-functions compilation failed to produce executable
UNRESOLVED: gcc.target/aarch64/advsimd-intrinsics/vst1x2.c -O3 -g compilation failed to produce executable
UNRESOLVED: gcc.target/aarch64/advsimd-intrinsics/vst1x2.c -Og -g compilation failed to produce executable
UNRESOLVED: gcc.target/aarch64/advsimd-intrinsics/vst1x2.c -Os compilation failed to produce executable
UNRESOLVED: gcc.target/aarch64/advsimd-intrinsics/vst1x3.c -O0 compilation failed to produce executable
UNRESOLVED: gcc.target/aarch64/advsimd-intrinsics/vst1x3.c -O1 compilation failed to produce executable
UNRESOLVED: gcc.target/aarch64/advsimd-intrinsics/vst1x3.c -O2 compilation failed to produce executable
UNRESOLVED: gcc.target/aarch64/advsimd-intrinsics/vst1x3.c -O2 -flto -fno-use-linker-plugin -flto-partition=none compilation failed to produce executable
UNRESOLVED: gcc.target/aarch64/advsimd-intrinsics/vst1x3.c -O2 -flto -fuse-linker-plugin -fno-fat-lto-objects compilation failed to produce executable
UNRESOLVED: gcc.target/aarch64/advsimd-intrinsics/vst1x3.c -O3 -fomit-frame-pointer -funroll-loops -fpeel-loops -ftracer -finline-functions compilation failed to produce executable
UNRESOLVED: gcc.target/aarch64/advsimd-intrinsics/vst1x3.c -O3 -g compilation failed to produce executable
UNRESOLVED: gcc.target/aarch64/advsimd-intrinsics/vst1x3.c -Og -g compilation failed to produce executable
UNRESOLVED: gcc.target/aarch64/advsimd-intrinsics/vst1x3.c -Os compilation failed to produce executable
UNRESOLVED: gcc.target/aarch64/advsimd-intrinsics/vst1x4.c -O0 compilation failed to produce executable
UNRESOLVED: gcc.target/aarch64/advsimd-intrinsics/vst1x4.c -O1 compilation failed to produce executable
UNRESOLVED: gcc.target/aarch64/advsimd-intrinsics/vst1x4.c -O2 compilation failed to produce executable
UNRESOLVED: gcc.target/aarch64/advsimd-intrinsics/vst1x4.c -O2 -flto -fno-use-linker-plugin -flto-partition=none compilation failed to produce executable
UNRESOLVED: gcc.target/aarch64/advsimd-intrinsics/vst1x4.c -O2 -flto -fuse-linker-plugin -fno-fat-lto-objects compilation failed to produce executable
UNRESOLVED: gcc.target/aarch64/advsimd-intrinsics/vst1x4.c -O3 -fomit-frame-pointer -funroll-loops -fpeel-loops -ftracer -finline-functions compilation failed to produce executable
UNRESOLVED: gcc.target/aarch64/advsimd-intrinsics/vst1x4.c -O3 -g compilation failed to produce executable
UNRESOLVED: gcc.target/aarch64/advsimd-intrinsics/vst1x4.c -Og -g compilation failed to produce executable
UNRESOLVED: gcc.target/aarch64/advsimd-intrinsics/vst1x4.c -Os compilation failed to produce executable
FAIL: gcc.target/arm/addr-modes-float.c scan-assembler vst3.8\\t{d[02468], d[02468], d[02468]}, \\\\[r[0-9]+\\\\]!
FAIL: gcc.target/arm/lp1189445.c (internal compiler error)
FAIL: gcc.target/arm/lp1189445.c (test for excess errors)
FAIL: gcc.target/arm/neon-vcond-gt.c scan-assembler vbsl|vbit|vbif[\\\\t ]*q[0-9]+,[\\\\t ]*q[0-9]+,[\\\\t ]*q[0-9]+
FAIL: gcc.target/arm/neon-vcond-gt.c scan-assembler vcgt\\\\.f32[\\\\t ]*q[0-9]+,[\\\\t ]*q[0-9]+,[\\\\t ]*q[0-9]+
FAIL: gcc.target/arm/neon-vcond-ltgt.c scan-assembler vbsl|vbit|vbif[\\\\t ]*q[0-9]+,[\\\\t ]*q[0-9]+,[\\\\t ]*q[0-9]+
FAIL: gcc.target/arm/neon-vcond-ltgt.c scan-assembler vorr[\\\\t ]*q[0-9]+,[\\\\t ]*q[0-9]+,[\\\\t ]*q[0-9]+
FAIL: gcc.target/arm/neon-vcond-ltgt.c scan-assembler-times vcgt\\\\.f32[\\\\t ]*q[0-9]+,[\\\\t ]*q[0-9]+,[\\\\t ]*q[0-9]+ 2
FAIL: gcc.target/arm/neon-vcond-unordered.c scan-assembler vbsl|vbit|vbif[\\\\t ]*q[0-9]+,[\\\\t ]*q[0-9]+,[\\\\t ]*q[0-9]+
FAIL: gcc.target/arm/neon-vcond-unordered.c scan-assembler vcge\\\\.f32[\\\\t ]*q[0-9]+,[\\\\t ]*q[0-9]+,[\\\\t ]*q[0-9]+
FAIL: gcc.target/arm/neon-vcond-unordered.c scan-assembler vcgt\\\\.f32[\\\\t ]*q[0-9]+,[\\\\t ]*q[0-9]+,[\\\\t ]*q[0-9]+
FAIL: gcc.target/arm/neon-vcond-unordered.c scan-assembler vorr[\\\\t ]*q[0-9]+,[\\\\t ]*q[0-9]+,[\\\\t ]*q[0-9]+
FAIL: gcc.target/arm/pr43920-2.c scan-assembler-times pop 2
FAIL: gcc.target/arm/pr51968.c (test for excess errors)
FAIL: gcc.target/arm/mve/intrinsics/mve_scalar_shifts1.c (test for excess errors)
UNRESOLVED: gcc.target/arm/mve/intrinsics/mve_scalar_shifts1.c compilation failed to produce executable
FAIL: gcc.target/arm/mve/intrinsics/mve_scalar_shifts2.c (test for excess errors)
UNRESOLVED: gcc.target/arm/mve/intrinsics/mve_scalar_shifts2.c compilation failed to produce executable
FAIL: gcc.target/arm/mve/intrinsics/mve_scalar_shifts3.c (test for excess errors)
UNRESOLVED: gcc.target/arm/mve/intrinsics/mve_scalar_shifts3.c compilation failed to produce executable
FAIL: gcc.target/arm/mve/intrinsics/mve_scalar_shifts4.c (test for excess errors)
UNRESOLVED: gcc.target/arm/mve/intrinsics/mve_scalar_shifts4.c compilation failed to produce executable
FAIL: gcc.target/arm/simd/vdot-2-1.c (test for excess errors)
FAIL: gcc.target/arm/simd/vdot-2-2.c (test for excess errors)
FAIL: gcc.target/arm/simd/vmmla_1.c (test for excess errors)
=== gcc Summary ===
# of expected passes 148581
# of unexpected failures 570
# of expected failures 727
# of unresolved testcases 201
# of unsupported tests 4778
/tmp/3122752_10.tmpdir/aci-gcc-fsf/builds/gcc-fsf-gccsrc/obj-arm-none-linux-gnueabihf/gcc3/gcc/xgcc version 11.0.0 20200620 (experimental) [master revision r11-1564-ge37658dffdb5d4707e316180a0d5d5caee843744] (GCC)
Host is x86_64-pc-linux-gnu
=== gfortran tests ===
Running target qemu
FAIL: gfortran.dg/analyzer/pr93993.f90 -O (test for excess errors)
WARNING: skipping asan tests due to ulimit -v
WARNING: skipping asan tests due to ulimit -v
WARNING: skipping asan tests due to ulimit -v
WARNING: skipping asan tests due to ulimit -v
FAIL: gfortran.dg/allocate_zerosize_3.f -O3 -fomit-frame-pointer -funroll-loops -fpeel-loops -ftracer -finline-functions (internal compiler error)
FAIL: gfortran.dg/allocate_zerosize_3.f -O3 -fomit-frame-pointer -funroll-loops -fpeel-loops -ftracer -finline-functions (test for excess errors)
UNRESOLVED: gfortran.dg/allocate_zerosize_3.f -O3 -fomit-frame-pointer -funroll-loops -fpeel-loops -ftracer -finline-functions compilation failed to produce executable
FAIL: gfortran.dg/allocate_zerosize_3.f -O3 -g (internal compiler error)
FAIL: gfortran.dg/allocate_zerosize_3.f -O3 -g (test for excess errors)
UNRESOLVED: gfortran.dg/allocate_zerosize_3.f -O3 -g compilation failed to produce executable
FAIL: gfortran.dg/assumed_rank_1.f90 -O3 -fomit-frame-pointer -funroll-loops -fpeel-loops -ftracer -finline-functions (internal compiler error)
FAIL: gfortran.dg/assumed_rank_1.f90 -O3 -fomit-frame-pointer -funroll-loops -fpeel-loops -ftracer -finline-functions (test for excess errors)
UNRESOLVED: gfortran.dg/assumed_rank_1.f90 -O3 -fomit-frame-pointer -funroll-loops -fpeel-loops -ftracer -finline-functions compilation failed to produce executable
FAIL: gfortran.dg/assumed_rank_1.f90 -O3 -g (internal compiler error)
FAIL: gfortran.dg/assumed_rank_1.f90 -O3 -g (test for excess errors)
UNRESOLVED: gfortran.dg/assumed_rank_1.f90 -O3 -g compilation failed to produce executable
FAIL: gfortran.dg/assumed_rank_2.f90 -O3 -fomit-frame-pointer -funroll-loops -fpeel-loops -ftracer -finline-functions (internal compiler error)
FAIL: gfortran.dg/assumed_rank_2.f90 -O3 -fomit-frame-pointer -funroll-loops -fpeel-loops -ftracer -finline-functions (test for excess errors)
UNRESOLVED: gfortran.dg/assumed_rank_2.f90 -O3 -fomit-frame-pointer -funroll-loops -fpeel-loops -ftracer -finline-functions compilation failed to produce executable
FAIL: gfortran.dg/assumed_rank_2.f90 -O3 -g (internal compiler error)
FAIL: gfortran.dg/assumed_rank_2.f90 -O3 -g (test for excess errors)
UNRESOLVED: gfortran.dg/assumed_rank_2.f90 -O3 -g compilation failed to produce executable
FAIL: gfortran.dg/assumed_rank_bounds_3.f90 -O3 -fomit-frame-pointer -funroll-loops -fpeel-loops -ftracer -finline-functions (internal compiler error)
FAIL: gfortran.dg/assumed_rank_bounds_3.f90 -O3 -fomit-frame-pointer -funroll-loops -fpeel-loops -ftracer -finline-functions (test for excess errors)
UNRESOLVED: gfortran.dg/assumed_rank_bounds_3.f90 -O3 -fomit-frame-pointer -funroll-loops -fpeel-loops -ftracer -finline-functions compilation failed to produce executable
FAIL: gfortran.dg/assumed_rank_bounds_3.f90 -O3 -g (internal compiler error)
FAIL: gfortran.dg/assumed_rank_bounds_3.f90 -O3 -g (test for excess errors)
UNRESOLVED: gfortran.dg/assumed_rank_bounds_3.f90 -O3 -g compilation failed to produce executable
FAIL: gfortran.dg/bound_6.f90 -O3 -fomit-frame-pointer -funroll-loops -fpeel-loops -ftracer -finline-functions (internal compiler error)
FAIL: gfortran.dg/bound_6.f90 -O3 -fomit-frame-pointer -funroll-loops -fpeel-loops -ftracer -finline-functions (test for excess errors)
UNRESOLVED: gfortran.dg/bound_6.f90 -O3 -fomit-frame-pointer -funroll-loops -fpeel-loops -ftracer -finline-functions compilation failed to produce executable
FAIL: gfortran.dg/bound_6.f90 -O3 -g (internal compiler error)
FAIL: gfortran.dg/bound_6.f90 -O3 -g (test for excess errors)
UNRESOLVED: gfortran.dg/bound_6.f90 -O3 -g compilation failed to produce executable
FAIL: gfortran.dg/intrinsic_ifunction_1.f90 -O3 -fomit-frame-pointer -funroll-loops -fpeel-loops -ftracer -finline-functions (internal compiler error)
FAIL: gfortran.dg/intrinsic_ifunction_1.f90 -O3 -fomit-frame-pointer -funroll-loops -fpeel-loops -ftracer -finline-functions (test for excess errors)
UNRESOLVED: gfortran.dg/intrinsic_ifunction_1.f90 -O3 -fomit-frame-pointer -funroll-loops -fpeel-loops -ftracer -finline-functions compilation failed to produce executable
FAIL: gfortran.dg/intrinsic_ifunction_1.f90 -O3 -g (internal compiler error)
FAIL: gfortran.dg/intrinsic_ifunction_1.f90 -O3 -g (test for excess errors)
UNRESOLVED: gfortran.dg/intrinsic_ifunction_1.f90 -O3 -g compilation failed to produce executable
FAIL: gfortran.dg/intrinsic_product_1.f90 -O3 -fomit-frame-pointer -funroll-loops -fpeel-loops -ftracer -finline-functions (internal compiler error)
FAIL: gfortran.dg/intrinsic_product_1.f90 -O3 -fomit-frame-pointer -funroll-loops -fpeel-loops -ftracer -finline-functions (test for excess errors)
UNRESOLVED: gfortran.dg/intrinsic_product_1.f90 -O3 -fomit-frame-pointer -funroll-loops -fpeel-loops -ftracer -finline-functions compilation failed to produce executable
FAIL: gfortran.dg/intrinsic_product_1.f90 -O3 -g (internal compiler error)
FAIL: gfortran.dg/intrinsic_product_1.f90 -O3 -g (test for excess errors)
UNRESOLVED: gfortran.dg/intrinsic_product_1.f90 -O3 -g compilation failed to produce executable
FAIL: gfortran.dg/maxloc_string_1.f90 -O3 -fomit-frame-pointer -funroll-loops -fpeel-loops -ftracer -finline-functions (internal compiler error)
FAIL: gfortran.dg/maxloc_string_1.f90 -O3 -fomit-frame-pointer -funroll-loops -fpeel-loops -ftracer -finline-functions (test for excess errors)
UNRESOLVED: gfortran.dg/maxloc_string_1.f90 -O3 -fomit-frame-pointer -funroll-loops -fpeel-loops -ftracer -finline-functions compilation failed to produce executable
FAIL: gfortran.dg/maxloc_string_1.f90 -O3 -g (internal compiler error)
FAIL: gfortran.dg/maxloc_string_1.f90 -O3 -g (test for excess errors)
UNRESOLVED: gfortran.dg/maxloc_string_1.f90 -O3 -g compilation failed to produce executable
FAIL: gfortran.dg/minloc_string_1.f90 -O3 -fomit-frame-pointer -funroll-loops -fpeel-loops -ftracer -finline-functions (internal compiler error)
FAIL: gfortran.dg/minloc_string_1.f90 -O3 -fomit-frame-pointer -funroll-loops -fpeel-loops -ftracer -finline-functions (test for excess errors)
UNRESOLVED: gfortran.dg/minloc_string_1.f90 -O3 -fomit-frame-pointer -funroll-loops -fpeel-loops -ftracer -finline-functions compilation failed to produce executable
FAIL: gfortran.dg/minloc_string_1.f90 -O3 -g (internal compiler error)
FAIL: gfortran.dg/minloc_string_1.f90 -O3 -g (test for excess errors)
UNRESOLVED: gfortran.dg/minloc_string_1.f90 -O3 -g compilation failed to produce executable
FAIL: gfortran.dg/pr88934.f90 -O (internal compiler error)
FAIL: gfortran.dg/pr88934.f90 -O (test for excess errors)
FAIL: gfortran.dg/pr95690.f90 -O (test for errors, line 5)
FAIL: gfortran.dg/pr95690.f90 -O (test for excess errors)
FAIL: gfortran.dg/where_1.f90 -O3 -fomit-frame-pointer -funroll-loops -fpeel-loops -ftracer -finline-functions (internal compiler error)
FAIL: gfortran.dg/where_1.f90 -O3 -fomit-frame-pointer -funroll-loops -fpeel-loops -ftracer -finline-functions (test for excess errors)
UNRESOLVED: gfortran.dg/where_1.f90 -O3 -fomit-frame-pointer -funroll-loops -fpeel-loops -ftracer -finline-functions compilation failed to produce executable
FAIL: gfortran.dg/where_1.f90 -O3 -g (internal compiler error)
FAIL: gfortran.dg/where_1.f90 -O3 -g (test for excess errors)
UNRESOLVED: gfortran.dg/where_1.f90 -O3 -g compilation failed to produce executable
FAIL: gfortran.dg/gomp/target1.f90 -O (internal compiler error)
FAIL: gfortran.dg/gomp/target1.f90 -O (test for excess errors)
FAIL: gfortran.dg/ieee/ieee_6.f90 -O0 execution test
FAIL: gfortran.dg/ieee/ieee_6.f90 -O1 execution test
FAIL: gfortran.dg/ieee/ieee_6.f90 -O2 execution test
FAIL: gfortran.dg/ieee/ieee_6.f90 -O3 -fomit-frame-pointer -funroll-loops -fpeel-loops -ftracer -finline-functions execution test
FAIL: gfortran.dg/ieee/ieee_6.f90 -O3 -g execution test
FAIL: gfortran.dg/ieee/ieee_6.f90 -Os execution test
XPASS: gfortran.dg/ieee/ieee_8.f90 -O0 execution test
XPASS: gfortran.dg/ieee/ieee_8.f90 -O1 execution test
XPASS: gfortran.dg/ieee/ieee_8.f90 -O2 execution test
XPASS: gfortran.dg/ieee/ieee_8.f90 -O3 -fomit-frame-pointer -funroll-loops -fpeel-loops -ftracer -finline-functions execution test
XPASS: gfortran.dg/ieee/ieee_8.f90 -O3 -g execution test
XPASS: gfortran.dg/ieee/ieee_8.f90 -Os execution test
FAIL: gfortran.dg/ieee/ieee_9.f90 -O0 (test for excess errors)
UNRESOLVED: gfortran.dg/ieee/ieee_9.f90 -O0 compilation failed to produce executable
FAIL: gfortran.dg/ieee/ieee_9.f90 -O1 (test for excess errors)
UNRESOLVED: gfortran.dg/ieee/ieee_9.f90 -O1 compilation failed to produce executable
FAIL: gfortran.dg/ieee/ieee_9.f90 -O2 (test for excess errors)
UNRESOLVED: gfortran.dg/ieee/ieee_9.f90 -O2 compilation failed to produce executable
FAIL: gfortran.dg/ieee/ieee_9.f90 -O3 -fomit-frame-pointer -funroll-loops -fpeel-loops -ftracer -finline-functions (test for excess errors)
UNRESOLVED: gfortran.dg/ieee/ieee_9.f90 -O3 -fomit-frame-pointer -funroll-loops -fpeel-loops -ftracer -finline-functions compilation failed to produce executable
FAIL: gfortran.dg/ieee/ieee_9.f90 -O3 -g (test for excess errors)
UNRESOLVED: gfortran.dg/ieee/ieee_9.f90 -O3 -g compilation failed to produce executable
FAIL: gfortran.dg/ieee/ieee_9.f90 -Os (test for excess errors)
UNRESOLVED: gfortran.dg/ieee/ieee_9.f90 -Os compilation failed to produce executable
=== gfortran Summary ===
# of expected passes 52724
# of unexpected failures 59
# of unexpected successes 6
# of expected failures 185
# of unresolved testcases 26
# of unsupported tests 392
/tmp/3122752_10.tmpdir/aci-gcc-fsf/builds/gcc-fsf-gccsrc/obj-arm-none-linux-gnueabihf/gcc3/gcc/gfortran version 11.0.0 20200620 (experimental) [master revision r11-1564-ge37658dffdb5d4707e316180a0d5d5caee843744] (GCC)
Host is x86_64-pc-linux-gnu
=== g++ tests ===
Running target qemu
WARNING: skipping asan tests due to ulimit -v
WARNING: skipping asan tests due to ulimit -v
WARNING: skipping asan tests due to ulimit -v
WARNING: skipping asan tests due to ulimit -v
WARNING: skipping asan tests due to ulimit -v
WARNING: skipping asan tests due to ulimit -v
WARNING: skipping asan tests due to ulimit -v
WARNING: skipping asan tests due to ulimit -v
FAIL: c-c++-common/opaque-vector.c -std=c++14 (internal compiler error)
FAIL: c-c++-common/opaque-vector.c -std=c++14 (test for excess errors)
FAIL: c-c++-common/opaque-vector.c -std=c++17 (internal compiler error)
FAIL: c-c++-common/opaque-vector.c -std=c++17 (test for excess errors)
FAIL: c-c++-common/opaque-vector.c -std=c++2a (internal compiler error)
FAIL: c-c++-common/opaque-vector.c -std=c++2a (test for excess errors)
FAIL: c-c++-common/opaque-vector.c -std=c++98 (internal compiler error)
FAIL: c-c++-common/opaque-vector.c -std=c++98 (test for excess errors)
FAIL: c-c++-common/vector-compare-2.c -std=gnu++14 (internal compiler error)
FAIL: c-c++-common/vector-compare-2.c -std=gnu++14 (test for excess errors)
FAIL: c-c++-common/vector-compare-2.c -std=gnu++17 (internal compiler error)
FAIL: c-c++-common/vector-compare-2.c -std=gnu++17 (test for excess errors)
FAIL: c-c++-common/vector-compare-2.c -std=gnu++2a (internal compiler error)
FAIL: c-c++-common/vector-compare-2.c -std=gnu++2a (test for excess errors)
FAIL: c-c++-common/vector-compare-2.c -std=gnu++98 (internal compiler error)
FAIL: c-c++-common/vector-compare-2.c -std=gnu++98 (test for excess errors)
FAIL: c-c++-common/vector-compare-3.c -std=gnu++14 (internal compiler error)
FAIL: c-c++-common/vector-compare-3.c -std=gnu++14 (test for excess errors)
FAIL: c-c++-common/vector-compare-3.c -std=gnu++17 (internal compiler error)
FAIL: c-c++-common/vector-compare-3.c -std=gnu++17 (test for excess errors)
FAIL: c-c++-common/vector-compare-3.c -std=gnu++2a (internal compiler error)
FAIL: c-c++-common/vector-compare-3.c -std=gnu++2a (test for excess errors)
FAIL: c-c++-common/vector-compare-3.c -std=gnu++98 (internal compiler error)
FAIL: c-c++-common/vector-compare-3.c -std=gnu++98 (test for excess errors)
FAIL: c-c++-common/vector-compare-4.c -std=gnu++14 (internal compiler error)
FAIL: c-c++-common/vector-compare-4.c -std=gnu++14 (test for excess errors)
FAIL: c-c++-common/vector-compare-4.c -std=gnu++17 (internal compiler error)
FAIL: c-c++-common/vector-compare-4.c -std=gnu++17 (test for excess errors)
FAIL: c-c++-common/vector-compare-4.c -std=gnu++2a (internal compiler error)
FAIL: c-c++-common/vector-compare-4.c -std=gnu++2a (test for excess errors)
FAIL: c-c++-common/vector-compare-4.c -std=gnu++98 (internal compiler error)
FAIL: c-c++-common/vector-compare-4.c -std=gnu++98 (test for excess errors)
FAIL: g++.dg/ext/vector22.C -std=gnu++14 (internal compiler error)
FAIL: g++.dg/ext/vector22.C -std=gnu++14 (test for excess errors)
FAIL: g++.dg/ext/vector22.C -std=gnu++17 (internal compiler error)
FAIL: g++.dg/ext/vector22.C -std=gnu++17 (test for excess errors)
FAIL: g++.dg/ext/vector22.C -std=gnu++2a (internal compiler error)
FAIL: g++.dg/ext/vector22.C -std=gnu++2a (test for excess errors)
FAIL: g++.dg/ext/vector22.C -std=gnu++98 (internal compiler error)
FAIL: g++.dg/ext/vector22.C -std=gnu++98 (test for excess errors)
FAIL: g++.dg/ext/vector27.C -std=c++14 (internal compiler error)
FAIL: g++.dg/ext/vector27.C -std=c++14 (test for excess errors)
FAIL: g++.dg/ext/vector27.C -std=c++17 (internal compiler error)
FAIL: g++.dg/ext/vector27.C -std=c++17 (test for excess errors)
FAIL: g++.dg/ext/vector27.C -std=c++2a (internal compiler error)
FAIL: g++.dg/ext/vector27.C -std=c++2a (test for excess errors)
FAIL: g++.dg/ext/vector27.C -std=c++98 (internal compiler error)
FAIL: g++.dg/ext/vector27.C -std=c++98 (test for excess errors)
FAIL: g++.dg/ext/vector28.C -std=c++14 (internal compiler error)
FAIL: g++.dg/ext/vector28.C -std=c++14 (test for excess errors)
FAIL: g++.dg/ext/vector28.C -std=c++17 (internal compiler error)
FAIL: g++.dg/ext/vector28.C -std=c++17 (test for excess errors)
FAIL: g++.dg/ext/vector28.C -std=c++2a (internal compiler error)
FAIL: g++.dg/ext/vector28.C -std=c++2a (test for excess errors)
FAIL: g++.dg/ext/vector28.C -std=c++98 (internal compiler error)
FAIL: g++.dg/ext/vector28.C -std=c++98 (test for excess errors)
FAIL: g++.dg/ext/vector30.C -std=c++14 (internal compiler error)
FAIL: g++.dg/ext/vector30.C -std=c++14 (test for excess errors)
UNRESOLVED: g++.dg/ext/vector30.C -std=c++14 compilation failed to produce executable
FAIL: g++.dg/ext/vector30.C -std=c++17 (internal compiler error)
FAIL: g++.dg/ext/vector30.C -std=c++17 (test for excess errors)
UNRESOLVED: g++.dg/ext/vector30.C -std=c++17 compilation failed to produce executable
FAIL: g++.dg/ext/vector30.C -std=c++2a (internal compiler error)
FAIL: g++.dg/ext/vector30.C -std=c++2a (test for excess errors)
UNRESOLVED: g++.dg/ext/vector30.C -std=c++2a compilation failed to produce executable
FAIL: g++.dg/ext/vector30.C -std=c++98 (internal compiler error)
FAIL: g++.dg/ext/vector30.C -std=c++98 (test for excess errors)
UNRESOLVED: g++.dg/ext/vector30.C -std=c++98 compilation failed to produce executable
FAIL: g++.dg/ext/vector36.C -std=gnu++14 (internal compiler error)
FAIL: g++.dg/ext/vector36.C -std=gnu++14 (test for excess errors)
FAIL: g++.dg/ext/vector36.C -std=gnu++17 (internal compiler error)
FAIL: g++.dg/ext/vector36.C -std=gnu++17 (test for excess errors)
FAIL: g++.dg/ext/vector36.C -std=gnu++2a (internal compiler error)
FAIL: g++.dg/ext/vector36.C -std=gnu++2a (test for excess errors)
FAIL: g++.dg/ext/vector36.C -std=gnu++98 (internal compiler error)
FAIL: g++.dg/ext/vector36.C -std=gnu++98 (test for excess errors)
FAIL: g++.dg/init/pr70501.C -std=gnu++14 (internal compiler error)
FAIL: g++.dg/init/pr70501.C -std=gnu++14 (test for excess errors)
FAIL: g++.dg/init/pr70501.C -std=gnu++17 (internal compiler error)
FAIL: g++.dg/init/pr70501.C -std=gnu++17 (test for excess errors)
FAIL: g++.dg/init/pr70501.C -std=gnu++2a (internal compiler error)
FAIL: g++.dg/init/pr70501.C -std=gnu++2a (test for excess errors)
FAIL: g++.dg/init/pr70501.C -std=gnu++98 (internal compiler error)
FAIL: g++.dg/init/pr70501.C -std=gnu++98 (test for excess errors)
FAIL: g++.dg/opt/pr79734.C -std=gnu++14 (internal compiler error)
FAIL: g++.dg/opt/pr79734.C -std=gnu++14 (test for excess errors)
FAIL: g++.dg/opt/pr79734.C -std=gnu++17 (internal compiler error)
FAIL: g++.dg/opt/pr79734.C -std=gnu++17 (test for excess errors)
FAIL: g++.dg/opt/pr79734.C -std=gnu++2a (internal compiler error)
FAIL: g++.dg/opt/pr79734.C -std=gnu++2a (test for excess errors)
FAIL: g++.dg/opt/pr79734.C -std=gnu++98 (internal compiler error)
FAIL: g++.dg/opt/pr79734.C -std=gnu++98 (test for excess errors)
FAIL: g++.dg/opt/pr87967.C -std=gnu++14 (internal compiler error)
FAIL: g++.dg/opt/pr87967.C -std=gnu++14 (test for excess errors)
FAIL: g++.dg/opt/pr87967.C -std=gnu++17 (internal compiler error)
FAIL: g++.dg/opt/pr87967.C -std=gnu++17 (test for excess errors)
FAIL: g++.dg/opt/pr87967.C -std=gnu++2a (internal compiler error)
FAIL: g++.dg/opt/pr87967.C -std=gnu++2a (test for excess errors)
FAIL: g++.dg/opt/pr92317.C -std=gnu++14 (internal compiler error)
FAIL: g++.dg/opt/pr92317.C -std=gnu++14 (test for excess errors)
FAIL: g++.dg/opt/pr92317.C -std=gnu++17 (internal compiler error)
FAIL: g++.dg/opt/pr92317.C -std=gnu++17 (test for excess errors)
FAIL: g++.dg/opt/pr92317.C -std=gnu++2a (internal compiler error)
FAIL: g++.dg/opt/pr92317.C -std=gnu++2a (test for excess errors)
FAIL: g++.dg/other/vector-compare.C -std=gnu++14 (internal compiler error)
FAIL: g++.dg/other/vector-compare.C -std=gnu++14 (test for excess errors)
FAIL: g++.dg/other/vector-compare.C -std=gnu++17 (internal compiler error)
FAIL: g++.dg/other/vector-compare.C -std=gnu++17 (test for excess errors)
FAIL: g++.dg/other/vector-compare.C -std=gnu++2a (internal compiler error)
FAIL: g++.dg/other/vector-compare.C -std=gnu++2a (test for excess errors)
FAIL: g++.dg/pr58950.C -std=gnu++14 (internal compiler error)
FAIL: g++.dg/pr58950.C -std=gnu++14 (test for excess errors)
FAIL: g++.dg/pr58950.C -std=gnu++17 (internal compiler error)
FAIL: g++.dg/pr58950.C -std=gnu++17 (test for excess errors)
FAIL: g++.dg/pr58950.C -std=gnu++2a (internal compiler error)
FAIL: g++.dg/pr58950.C -std=gnu++2a (test for excess errors)
FAIL: g++.dg/pr58950.C -std=gnu++98 (internal compiler error)
FAIL: g++.dg/pr58950.C -std=gnu++98 (test for excess errors)
FAIL: g++.dg/tree-ssa/cprop-vcond.C -std=gnu++14 (internal compiler error)
FAIL: g++.dg/tree-ssa/cprop-vcond.C -std=gnu++14 (test for excess errors)
FAIL: g++.dg/tree-ssa/cprop-vcond.C -std=gnu++17 (internal compiler error)
FAIL: g++.dg/tree-ssa/cprop-vcond.C -std=gnu++17 (test for excess errors)
FAIL: g++.dg/tree-ssa/cprop-vcond.C -std=gnu++2a (internal compiler error)
FAIL: g++.dg/tree-ssa/cprop-vcond.C -std=gnu++2a (test for excess errors)
FAIL: g++.dg/tree-ssa/cprop-vcond.C -std=gnu++98 (internal compiler error)
FAIL: g++.dg/tree-ssa/cprop-vcond.C -std=gnu++98 (test for excess errors)
FAIL: g++.dg/tree-ssa/pr88152-1.C (internal compiler error)
FAIL: g++.dg/tree-ssa/pr88152-1.C (test for excess errors)
FAIL: g++.dg/tree-ssa/pr88152-2.C -std=gnu++14 (internal compiler error)
FAIL: g++.dg/tree-ssa/pr88152-2.C -std=gnu++14 (test for excess errors)
FAIL: g++.dg/tree-ssa/pr88152-2.C -std=gnu++17 (internal compiler error)
FAIL: g++.dg/tree-ssa/pr88152-2.C -std=gnu++17 (test for excess errors)
FAIL: g++.dg/tree-ssa/pr88152-2.C -std=gnu++2a (internal compiler error)
FAIL: g++.dg/tree-ssa/pr88152-2.C -std=gnu++2a (test for excess errors)
FAIL: g++.dg/tree-ssa/pr88152-2.C -std=gnu++98 (internal compiler error)
FAIL: g++.dg/tree-ssa/pr88152-2.C -std=gnu++98 (test for excess errors)
FAIL: c-c++-common/goacc/firstprivate-mappings-1.c -std=c++14 (internal compiler error)
FAIL: c-c++-common/goacc/firstprivate-mappings-1.c -std=c++14 (test for excess errors)
FAIL: c-c++-common/goacc/firstprivate-mappings-1.c -std=c++17 (internal compiler error)
FAIL: c-c++-common/goacc/firstprivate-mappings-1.c -std=c++17 (test for excess errors)
FAIL: c-c++-common/goacc/firstprivate-mappings-1.c -std=c++2a (internal compiler error)
FAIL: c-c++-common/goacc/firstprivate-mappings-1.c -std=c++2a (test for excess errors)
FAIL: c-c++-common/goacc/firstprivate-mappings-1.c -std=c++98 (internal compiler error)
FAIL: c-c++-common/goacc/firstprivate-mappings-1.c -std=c++98 (test for excess errors)
FAIL: g++.dg/goacc/firstprivate-mappings-1.C -std=c++14 (internal compiler error)
FAIL: g++.dg/goacc/firstprivate-mappings-1.C -std=c++14 (test for excess errors)
FAIL: g++.dg/goacc/firstprivate-mappings-1.C -std=c++17 (internal compiler error)
FAIL: g++.dg/goacc/firstprivate-mappings-1.C -std=c++17 (test for excess errors)
FAIL: g++.dg/goacc/firstprivate-mappings-1.C -std=c++2a (internal compiler error)
FAIL: g++.dg/goacc/firstprivate-mappings-1.C -std=c++2a (test for excess errors)
FAIL: g++.dg/goacc/firstprivate-mappings-1.C -std=c++98 (internal compiler error)
FAIL: g++.dg/goacc/firstprivate-mappings-1.C -std=c++98 (test for excess errors)
FAIL: g++.dg/lto/pr65276 cp_lto_pr65276_0.o-cp_lto_pr65276_1.o link, -flto -O0 -std=c++11
FAIL: c-c++-common/torture/vector-compare-1.c -O0 (internal compiler error)
FAIL: c-c++-common/torture/vector-compare-1.c -O0 (test for excess errors)
UNRESOLVED: c-c++-common/torture/vector-compare-1.c -O0 compilation failed to produce executable
FAIL: c-c++-common/torture/vector-compare-1.c -O1 (internal compiler error)
FAIL: c-c++-common/torture/vector-compare-1.c -O1 (test for excess errors)
UNRESOLVED: c-c++-common/torture/vector-compare-1.c -O1 compilation failed to produce executable
FAIL: c-c++-common/torture/vector-compare-1.c -O2 (internal compiler error)
FAIL: c-c++-common/torture/vector-compare-1.c -O2 (test for excess errors)
UNRESOLVED: c-c++-common/torture/vector-compare-1.c -O2 compilation failed to produce executable
FAIL: c-c++-common/torture/vector-compare-1.c -O2 -flto -fno-use-linker-plugin -flto-partition=none (internal compiler error)
FAIL: c-c++-common/torture/vector-compare-1.c -O2 -flto -fno-use-linker-plugin -flto-partition=none (test for excess errors)
UNRESOLVED: c-c++-common/torture/vector-compare-1.c -O2 -flto -fno-use-linker-plugin -flto-partition=none compilation failed to produce executable
FAIL: c-c++-common/torture/vector-compare-1.c -O2 -flto -fuse-linker-plugin -fno-fat-lto-objects (internal compiler error)
FAIL: c-c++-common/torture/vector-compare-1.c -O2 -flto -fuse-linker-plugin -fno-fat-lto-objects (test for excess errors)
UNRESOLVED: c-c++-common/torture/vector-compare-1.c -O2 -flto -fuse-linker-plugin -fno-fat-lto-objects compilation failed to produce executable
FAIL: c-c++-common/torture/vector-compare-1.c -O3 -fomit-frame-pointer -funroll-loops -fpeel-loops -ftracer -finline-functions (internal compiler error)
FAIL: c-c++-common/torture/vector-compare-1.c -O3 -fomit-frame-pointer -funroll-loops -fpeel-loops -ftracer -finline-functions (test for excess errors)
UNRESOLVED: c-c++-common/torture/vector-compare-1.c -O3 -fomit-frame-pointer -funroll-loops -fpeel-loops -ftracer -finline-functions compilation failed to produce executable
FAIL: c-c++-common/torture/vector-compare-1.c -O3 -g (internal compiler error)
FAIL: c-c++-common/torture/vector-compare-1.c -O3 -g (test for excess errors)
UNRESOLVED: c-c++-common/torture/vector-compare-1.c -O3 -g compilation failed to produce executable
FAIL: c-c++-common/torture/vector-compare-1.c -Os (internal compiler error)
FAIL: c-c++-common/torture/vector-compare-1.c -Os (test for excess errors)
UNRESOLVED: c-c++-common/torture/vector-compare-1.c -Os compilation failed to produce executable
FAIL: g++.dg/torture/pr69053.C -O3 -fomit-frame-pointer -funroll-loops -fpeel-loops -ftracer -finline-functions (internal compiler error)
FAIL: g++.dg/torture/pr69053.C -O3 -fomit-frame-pointer -funroll-loops -fpeel-loops -ftracer -finline-functions (test for excess errors)
FAIL: g++.dg/torture/pr69053.C -O3 -g (internal compiler error)
FAIL: g++.dg/torture/pr69053.C -O3 -g (test for excess errors)
FAIL: g++.dg/torture/pr81112.C -O0 (internal compiler error)
FAIL: g++.dg/torture/pr81112.C -O0 (test for excess errors)
FAIL: g++.dg/torture/pr83283.C -O3 -fomit-frame-pointer -funroll-loops -fpeel-loops -ftracer -finline-functions (internal compiler error)
FAIL: g++.dg/torture/pr83283.C -O3 -fomit-frame-pointer -funroll-loops -fpeel-loops -ftracer -finline-functions (test for excess errors)
UNRESOLVED: g++.dg/torture/pr83283.C -O3 -fomit-frame-pointer -funroll-loops -fpeel-loops -ftracer -finline-functions compilation failed to produce executable
FAIL: g++.dg/torture/pr83283.C -O3 -g (internal compiler error)
FAIL: g++.dg/torture/pr83283.C -O3 -g (test for excess errors)
UNRESOLVED: g++.dg/torture/pr83283.C -O3 -g compilation failed to produce executable
FAIL: g++.dg/vect/pr60000.cc -std=c++14 (internal compiler error)
FAIL: g++.dg/vect/pr60000.cc -std=c++14 (test for excess errors)
FAIL: g++.dg/vect/pr60000.cc -std=c++17 (internal compiler error)
FAIL: g++.dg/vect/pr60000.cc -std=c++17 (test for excess errors)
FAIL: g++.dg/vect/pr60000.cc -std=c++2a (internal compiler error)
FAIL: g++.dg/vect/pr60000.cc -std=c++2a (test for excess errors)
FAIL: g++.dg/vect/pr60000.cc -std=c++98 (internal compiler error)
FAIL: g++.dg/vect/pr60000.cc -std=c++98 (test for excess errors)
FAIL: g++.target/arm/../../gcc.target/arm/mve/intrinsics/mve_scalar_shifts1.c (test for excess errors)
UNRESOLVED: g++.target/arm/../../gcc.target/arm/mve/intrinsics/mve_scalar_shifts1.c compilation failed to produce executable
FAIL: g++.target/arm/../../gcc.target/arm/mve/intrinsics/mve_scalar_shifts2.c (test for excess errors)
UNRESOLVED: g++.target/arm/../../gcc.target/arm/mve/intrinsics/mve_scalar_shifts2.c compilation failed to produce executable
FAIL: g++.target/arm/../../gcc.target/arm/mve/intrinsics/mve_scalar_shifts3.c (test for excess errors)
UNRESOLVED: g++.target/arm/../../gcc.target/arm/mve/intrinsics/mve_scalar_shifts3.c compilation failed to produce executable
FAIL: g++.target/arm/../../gcc.target/arm/mve/intrinsics/mve_scalar_shifts4.c (test for excess errors)
UNRESOLVED: g++.target/arm/../../gcc.target/arm/mve/intrinsics/mve_scalar_shifts4.c compilation failed to produce executable
=== g++ Summary ===
# of expected passes 190482
# of unexpected failures 187
# of expected failures 700
# of unresolved testcases 18
# of unsupported tests 8455
/tmp/3122752_10.tmpdir/aci-gcc-fsf/builds/gcc-fsf-gccsrc/obj-arm-none-linux-gnueabihf/gcc3/gcc/xg++ version 11.0.0 20200620 (experimental) [master revision r11-1564-ge37658dffdb5d4707e316180a0d5d5caee843744] (GCC)
Compiler version: 11.0.0 20200620 (experimental) [master revision r11-1564-ge37658dffdb5d4707e316180a0d5d5caee843744] (GCC)
Platform: arm-none-linux-gnueabihf
configure flags: --target=arm-none-linux-gnueabihf --prefix=/tmp/3122752_10.tmpdir/aci-gcc-fsf/builds/gcc-fsf-gccsrc/tools --with-sysroot=/tmp/3122752_10.tmpdir/aci-gcc-fsf/builds/gcc-fsf-gccsrc/sysroot-arm-none-linux-gnueabihf --disable-nls --disable-libgomp --disable-libmudflap --disable-libcilkrts --enable-checking --enable-languages=c,c++,fortran --with-float=hard --enable-build-with-cxx --with-mode=arm --with-cpu=cortex-a9 --with-fpu=neon-fp16
More information about the Gcc-testresults
mailing list