Results for 11.0.0 20200618 (experimental) (GCC) testsuite on s390x-ibm-linux-gnu default
Andreas Krebbel
krebbel@linux.ibm.com
Thu Jun 18 22:21:53 GMT 2020
=== acats tests ===
=== acats Summary ===
# of expected passes 2320
# of unexpected failures 0
Native configuration is s390x-ibm-linux-gnu default
=== gcc tests ===
Running target unix/-m31
FAIL: gcc.c-torture/compile/stack-check-1.c -O0 (internal compiler error)
FAIL: gcc.c-torture/compile/stack-check-1.c -O0 (test for excess errors)
FAIL: gcc.c-torture/compile/stack-check-1.c -O1 (internal compiler error)
FAIL: gcc.c-torture/compile/stack-check-1.c -O1 (test for excess errors)
FAIL: gcc.c-torture/compile/stack-check-1.c -O2 (internal compiler error)
FAIL: gcc.c-torture/compile/stack-check-1.c -O2 (test for excess errors)
FAIL: gcc.c-torture/compile/stack-check-1.c -O2 -flto -fno-use-linker-plugin -flto-partition=none (internal compiler error)
FAIL: gcc.c-torture/compile/stack-check-1.c -O2 -flto -fno-use-linker-plugin -flto-partition=none (test for excess errors)
FAIL: gcc.c-torture/compile/stack-check-1.c -O3 -g (internal compiler error)
FAIL: gcc.c-torture/compile/stack-check-1.c -O3 -g (test for excess errors)
FAIL: gcc.c-torture/compile/stack-check-1.c -Os (internal compiler error)
FAIL: gcc.c-torture/compile/stack-check-1.c -Os (test for excess errors)
FAIL: gcc.c-torture/execute/alias-2.c -O1 execution test
FAIL: gcc.c-torture/execute/alias-2.c -O2 execution test
FAIL: gcc.c-torture/execute/alias-2.c -O2 -flto -fno-use-linker-plugin -flto-partition=none execution test
FAIL: gcc.c-torture/execute/alias-2.c -O3 -g execution test
FAIL: gcc.c-torture/execute/alias-2.c -Os execution test
FAIL: c-c++-common/asan/pointer-compare-1.c -O0 output pattern test
FAIL: c-c++-common/asan/pointer-compare-1.c -O1 output pattern test
FAIL: c-c++-common/asan/pointer-compare-1.c -O2 output pattern test
FAIL: c-c++-common/asan/pointer-compare-1.c -O2 -flto -fno-use-linker-plugin -flto-partition=none output pattern test
FAIL: c-c++-common/asan/pointer-compare-1.c -O2 -flto -fuse-linker-plugin -fno-fat-lto-objects output pattern test
FAIL: c-c++-common/asan/pointer-compare-1.c -O3 -g output pattern test
FAIL: c-c++-common/asan/pointer-compare-1.c -Os output pattern test
FAIL: c-c++-common/asan/pointer-subtract-3.c -O0 execution test
FAIL: c-c++-common/asan/pointer-subtract-3.c -O1 execution test
FAIL: c-c++-common/asan/pointer-subtract-3.c -O2 execution test
FAIL: c-c++-common/asan/pointer-subtract-3.c -O2 -flto -fno-use-linker-plugin -flto-partition=none execution test
FAIL: c-c++-common/asan/pointer-subtract-3.c -O2 -flto -fuse-linker-plugin -fno-fat-lto-objects execution test
FAIL: c-c++-common/asan/pointer-subtract-3.c -O3 -g execution test
FAIL: c-c++-common/asan/pointer-subtract-3.c -Os execution test
FAIL: c-c++-common/asan/pr64820.c -O0 output pattern test
FAIL: c-c++-common/asan/pr64820.c -O1 output pattern test
FAIL: c-c++-common/asan/pr64820.c -O2 output pattern test
FAIL: c-c++-common/asan/pr64820.c -O2 -flto -fno-use-linker-plugin -flto-partition=none output pattern test
FAIL: c-c++-common/asan/pr64820.c -O2 -flto -fuse-linker-plugin -fno-fat-lto-objects output pattern test
FAIL: c-c++-common/asan/pr64820.c -O3 -g output pattern test
FAIL: c-c++-common/asan/pr64820.c -Os output pattern test
FAIL: c-c++-common/asan/use-after-return-1.c -O0 output pattern test
FAIL: c-c++-common/asan/use-after-return-1.c -O1 output pattern test
FAIL: c-c++-common/asan/use-after-return-1.c -O2 output pattern test
FAIL: c-c++-common/asan/use-after-return-1.c -O2 -flto -fno-use-linker-plugin -flto-partition=none output pattern test
FAIL: c-c++-common/asan/use-after-return-1.c -O2 -flto -fuse-linker-plugin -fno-fat-lto-objects output pattern test
FAIL: c-c++-common/asan/use-after-return-1.c -O3 -g output pattern test
FAIL: c-c++-common/asan/use-after-return-1.c -Os output pattern test
FAIL: c-c++-common/Wattributes.c -Wc++-compat (test for errors, line 404)
FAIL: gcc.dg/Wattributes-6.c (test for errors, line 404)
FAIL: gcc.dg/gcc-have-sync-compare-and-swap.c (test for excess errors)
FAIL: gcc.dg/gimplefe-41.c (internal compiler error)
FAIL: gcc.dg/gimplefe-41.c (test for excess errors)
FAIL: gcc.dg/loop-9.c scan-rtl-dump loop2_invariant "Decided"
FAIL: gcc.dg/loop-9.c scan-rtl-dump loop2_invariant "without introducing a new temporary register"
FAIL: gcc.dg/lower-subreg-1.c scan-rtl-dump subreg1 "Splitting reg"
FAIL: gcc.dg/pr84877.c execution test
FAIL: gcc.dg/pr90263.c scan-assembler memcpy
FAIL: gcc.dg/pr94780.c (internal compiler error)
FAIL: gcc.dg/pr94780.c (test for excess errors)
FAIL: gcc.dg/pr94842.c (internal compiler error)
FAIL: gcc.dg/pr94842.c (test for excess errors)
FAIL: gcc.dg/stack-check-16.c (internal compiler error)
FAIL: gcc.dg/stack-check-16.c (test for excess errors)
FAIL: gcc.dg/stack-check-3.c (internal compiler error)
FAIL: gcc.dg/stack-check-3.c (test for excess errors)
FAIL: gcc.dg/stack-check-3.c scan-rtl-dump-times expand "allocation and probing in loop" 4
FAIL: gcc.dg/stack-check-3.c scan-rtl-dump-times expand "allocation and probing in rotated loop" 1
FAIL: gcc.dg/stack-check-3.c scan-rtl-dump-times expand "allocation and probing inline" 1
FAIL: gcc.dg/stack-check-3.c scan-rtl-dump-times expand "allocation and probing residuals" 7
FAIL: gcc.dg/stack-check-3.c scan-rtl-dump-times expand "skipped dynamic allocation and probing loop" 1
FAIL: gcc.dg/stack-check-8.c (internal compiler error)
FAIL: gcc.dg/stack-check-8.c (test for excess errors)
UNRESOLVED: gcc.dg/stack-check-8.c compilation failed to produce executable
FAIL: gcc.dg/store_merging_5.c scan-tree-dump-times store-merging "MEM <unsigned int> \\\\[.*\\\\]" 1
FAIL: c-c++-common/goacc/firstprivate-mappings-1.c scan-tree-dump omplower "(?n)#pragma omp target oacc_parallel map\\\\(from:array_so \\\\[len: 4\\\\]\\\\) firstprivate\\\\(array_li.[0-9]+\\\\) map\\\\(tofrom:\\\\(\\\\*array.[0-9]+\\\\) \\\\[len: D\\\\.[0-9]+\\\\]\\\\) map\\\\(firstprivate:array \\\\[pointer assign, bias: 0\\\\]\\\\) \\\\["
XPASS: gcc.dg/graphite/pr69728.c scan-tree-dump graphite "loop nest optimized"
FAIL: gcc.dg/graphite/run-id-pr47653.c (internal compiler error)
FAIL: gcc.dg/graphite/run-id-pr47653.c (test for excess errors)
UNRESOLVED: gcc.dg/graphite/run-id-pr47653.c compilation failed to produce executable
FAIL: gcc.dg/graphite/vect-pr43423.c (internal compiler error)
FAIL: gcc.dg/graphite/vect-pr43423.c (test for excess errors)
XPASS: gcc.dg/guality/example.c -O0 execution test
XPASS: gcc.dg/guality/guality.c -O0 execution test
XPASS: gcc.dg/guality/guality.c -O1 -DPREVENT_OPTIMIZATION execution test
XPASS: gcc.dg/guality/guality.c -O2 -DPREVENT_OPTIMIZATION execution test
XPASS: gcc.dg/guality/guality.c -O2 -flto -fno-use-linker-plugin -flto-partition=none -DPREVENT_OPTIMIZATION execution test
XPASS: gcc.dg/guality/guality.c -O2 -flto -fuse-linker-plugin -fno-fat-lto-objects -DPREVENT_OPTIMIZATION execution test
XPASS: gcc.dg/guality/guality.c -O3 -g -DPREVENT_OPTIMIZATION execution test
XPASS: gcc.dg/guality/guality.c -Os -DPREVENT_OPTIMIZATION execution test
XPASS: gcc.dg/guality/guality.c -Og -DPREVENT_OPTIMIZATION execution test
XPASS: gcc.dg/guality/inline-params.c -O2 -DPREVENT_OPTIMIZATION execution test
XPASS: gcc.dg/guality/inline-params.c -O2 -flto -fno-use-linker-plugin -flto-partition=none -DPREVENT_OPTIMIZATION execution test
XPASS: gcc.dg/guality/inline-params.c -O2 -flto -fuse-linker-plugin -fno-fat-lto-objects -DPREVENT_OPTIMIZATION execution test
XPASS: gcc.dg/guality/inline-params.c -O3 -g -DPREVENT_OPTIMIZATION execution test
XPASS: gcc.dg/guality/inline-params.c -Os -DPREVENT_OPTIMIZATION execution test
FAIL: gcc.dg/guality/loop-1.c -O3 -fomit-frame-pointer -funroll-loops -fpeel-loops -ftracer -finline-functions -DPREVENT_OPTIMIZATION line 20 i == 1
FAIL: gcc.dg/guality/param-2.c -O1 -DPREVENT_OPTIMIZATION line 20 str.pa == 31415927
FAIL: gcc.dg/guality/param-2.c -O1 -DPREVENT_OPTIMIZATION line 20 str.pb == 27182818
FAIL: gcc.dg/guality/param-3.c -O1 -DPREVENT_OPTIMIZATION line 20 str.pa == 31415927
FAIL: gcc.dg/guality/param-3.c -O1 -DPREVENT_OPTIMIZATION line 20 str.pb == 27182818
FAIL: gcc.dg/guality/pr36728-1.c -O2 -flto -fuse-linker-plugin -fno-fat-lto-objects -DPREVENT_OPTIMIZATION line 16 y == 2
FAIL: gcc.dg/guality/pr36728-2.c -O2 -flto -fuse-linker-plugin -fno-fat-lto-objects -DPREVENT_OPTIMIZATION line 16 arg3 == 3
FAIL: gcc.dg/guality/pr36728-2.c -O2 -flto -fuse-linker-plugin -fno-fat-lto-objects -DPREVENT_OPTIMIZATION line 16 arg4 == 4
FAIL: gcc.dg/guality/pr36728-2.c -O2 -flto -fuse-linker-plugin -fno-fat-lto-objects -DPREVENT_OPTIMIZATION line 16 arg5 == 5
FAIL: gcc.dg/guality/pr36728-2.c -O2 -flto -fuse-linker-plugin -fno-fat-lto-objects -DPREVENT_OPTIMIZATION line 16 arg6 == 6
FAIL: gcc.dg/guality/pr36728-2.c -O2 -flto -fuse-linker-plugin -fno-fat-lto-objects -DPREVENT_OPTIMIZATION line 16 arg7 == 30
FAIL: gcc.dg/guality/pr36728-2.c -O2 -flto -fuse-linker-plugin -fno-fat-lto-objects -DPREVENT_OPTIMIZATION line 18 arg3 == 3
FAIL: gcc.dg/guality/pr36728-2.c -O2 -flto -fuse-linker-plugin -fno-fat-lto-objects -DPREVENT_OPTIMIZATION line 18 arg4 == 4
FAIL: gcc.dg/guality/pr36728-2.c -O2 -flto -fuse-linker-plugin -fno-fat-lto-objects -DPREVENT_OPTIMIZATION line 18 arg5 == 5
FAIL: gcc.dg/guality/pr36728-2.c -O2 -flto -fuse-linker-plugin -fno-fat-lto-objects -DPREVENT_OPTIMIZATION line 18 arg6 == 6
FAIL: gcc.dg/guality/pr36728-2.c -O2 -flto -fuse-linker-plugin -fno-fat-lto-objects -DPREVENT_OPTIMIZATION line 18 arg7 == 30
FAIL: gcc.dg/guality/pr36728-2.c -O3 -g -DPREVENT_OPTIMIZATION line 16 arg3 == 3
FAIL: gcc.dg/guality/pr36728-2.c -O3 -g -DPREVENT_OPTIMIZATION line 16 arg4 == 4
FAIL: gcc.dg/guality/pr36728-2.c -O3 -g -DPREVENT_OPTIMIZATION line 16 arg5 == 5
FAIL: gcc.dg/guality/pr36728-2.c -O3 -g -DPREVENT_OPTIMIZATION line 16 arg6 == 6
FAIL: gcc.dg/guality/pr36728-2.c -O3 -g -DPREVENT_OPTIMIZATION line 16 arg7 == 30
FAIL: gcc.dg/guality/pr36728-2.c -O3 -g -DPREVENT_OPTIMIZATION line 18 arg3 == 3
FAIL: gcc.dg/guality/pr36728-2.c -O3 -g -DPREVENT_OPTIMIZATION line 18 arg4 == 4
FAIL: gcc.dg/guality/pr36728-2.c -O3 -g -DPREVENT_OPTIMIZATION line 18 arg5 == 5
FAIL: gcc.dg/guality/pr36728-2.c -O3 -g -DPREVENT_OPTIMIZATION line 18 arg6 == 6
FAIL: gcc.dg/guality/pr36728-2.c -O3 -g -DPREVENT_OPTIMIZATION line 18 arg7 == 30
XPASS: gcc.dg/guality/pr41353-1.c -O0 line 28 j == 28 + 37
FAIL: gcc.dg/guality/pr41447-1.c -Og -DPREVENT_OPTIMIZATION execution test
FAIL: gcc.dg/guality/pr41616-1.c -O2 -flto -fuse-linker-plugin -fno-fat-lto-objects -DPREVENT_OPTIMIZATION execution test
FAIL: gcc.dg/guality/pr54519-1.c -O2 -flto -fno-use-linker-plugin -flto-partition=none -DPREVENT_OPTIMIZATION line 20 y == 25
FAIL: gcc.dg/guality/pr54519-1.c -O2 -flto -fno-use-linker-plugin -flto-partition=none -DPREVENT_OPTIMIZATION line 20 z == 6
FAIL: gcc.dg/guality/pr54519-1.c -O2 -flto -fno-use-linker-plugin -flto-partition=none -DPREVENT_OPTIMIZATION line 23 y == 117
FAIL: gcc.dg/guality/pr54519-1.c -O2 -flto -fno-use-linker-plugin -flto-partition=none -DPREVENT_OPTIMIZATION line 23 z == 8
FAIL: gcc.dg/guality/pr54519-1.c -O2 -flto -fuse-linker-plugin -fno-fat-lto-objects -DPREVENT_OPTIMIZATION line 20 y == 25
FAIL: gcc.dg/guality/pr54519-1.c -O2 -flto -fuse-linker-plugin -fno-fat-lto-objects -DPREVENT_OPTIMIZATION line 20 z == 6
FAIL: gcc.dg/guality/pr54519-1.c -O2 -flto -fuse-linker-plugin -fno-fat-lto-objects -DPREVENT_OPTIMIZATION line 23 y == 117
FAIL: gcc.dg/guality/pr54519-1.c -O2 -flto -fuse-linker-plugin -fno-fat-lto-objects -DPREVENT_OPTIMIZATION line 23 z == 8
FAIL: gcc.dg/guality/pr54519-2.c -O2 -flto -fno-use-linker-plugin -flto-partition=none -DPREVENT_OPTIMIZATION line 17 y == 25
FAIL: gcc.dg/guality/pr54519-2.c -O2 -flto -fuse-linker-plugin -fno-fat-lto-objects -DPREVENT_OPTIMIZATION line 17 y == 25
FAIL: gcc.dg/guality/pr54519-3.c -O2 -flto -fno-use-linker-plugin -flto-partition=none -DPREVENT_OPTIMIZATION line 23 y == 117
FAIL: gcc.dg/guality/pr54519-3.c -O2 -flto -fno-use-linker-plugin -flto-partition=none -DPREVENT_OPTIMIZATION line 23 z == 8
FAIL: gcc.dg/guality/pr54519-3.c -O2 -flto -fuse-linker-plugin -fno-fat-lto-objects -DPREVENT_OPTIMIZATION line 23 y == 117
FAIL: gcc.dg/guality/pr54519-3.c -O2 -flto -fuse-linker-plugin -fno-fat-lto-objects -DPREVENT_OPTIMIZATION line 23 z == 8
FAIL: gcc.dg/guality/pr54519-4.c -O2 -flto -fno-use-linker-plugin -flto-partition=none -DPREVENT_OPTIMIZATION line 17 y == 25
FAIL: gcc.dg/guality/pr54519-4.c -O2 -flto -fuse-linker-plugin -fno-fat-lto-objects -DPREVENT_OPTIMIZATION line 17 y == 25
FAIL: gcc.dg/guality/pr54519-5.c -O2 -flto -fno-use-linker-plugin -flto-partition=none -DPREVENT_OPTIMIZATION line 17 y == 25
FAIL: gcc.dg/guality/pr54519-5.c -O2 -flto -fuse-linker-plugin -fno-fat-lto-objects -DPREVENT_OPTIMIZATION line 17 y == 25
FAIL: gcc.dg/guality/pr54519-6.c -Os -DPREVENT_OPTIMIZATION line 11 x == 2
FAIL: gcc.dg/guality/pr54693-2.c -O2 -flto -fuse-linker-plugin -fno-fat-lto-objects -DPREVENT_OPTIMIZATION line 21 y == 20 - 2 * i
FAIL: gcc.dg/guality/pr54693-2.c -O2 -flto -fuse-linker-plugin -fno-fat-lto-objects -DPREVENT_OPTIMIZATION line 21 z == 30 - 3 * i
FAIL: gcc.dg/guality/pr54693-2.c -Os -DPREVENT_OPTIMIZATION line 21 y == 20 - 2 * i
XPASS: gcc.dg/guality/pr54970.c -O0 line 15 a[0] == 1
XPASS: gcc.dg/guality/pr54970.c -O0 line 20 a[0] == 1
XPASS: gcc.dg/guality/pr54970.c -O0 line 25 a[0] == 1
XPASS: gcc.dg/guality/pr54970.c -O0 line 31 a[0] == 4
XPASS: gcc.dg/guality/pr54970.c -O0 line 36 a[0] == 4
XPASS: gcc.dg/guality/pr54970.c -O0 line 45 a[0] == 4
XPASS: gcc.dg/guality/pr54970.c -O0 line 45 p[-2] == 4
XPASS: gcc.dg/guality/pr54970.c -O0 line 45 q[-1] == 4
XPASS: gcc.dg/guality/pr54970.c -Og -DPREVENT_OPTIMIZATION line 15 a[0] == 1
XPASS: gcc.dg/guality/pr54970.c -Og -DPREVENT_OPTIMIZATION line 20 a[0] == 1
XPASS: gcc.dg/guality/pr54970.c -Og -DPREVENT_OPTIMIZATION line 25 a[0] == 1
XPASS: gcc.dg/guality/pr54970.c -Og -DPREVENT_OPTIMIZATION line 31 a[0] == 4
XPASS: gcc.dg/guality/pr54970.c -Og -DPREVENT_OPTIMIZATION line 36 a[0] == 4
XPASS: gcc.dg/guality/pr54970.c -Og -DPREVENT_OPTIMIZATION line 45 a[0] == 4
XPASS: gcc.dg/guality/pr54970.c -Og -DPREVENT_OPTIMIZATION line 45 p[-2] == 4
XPASS: gcc.dg/guality/pr54970.c -Og -DPREVENT_OPTIMIZATION line 45 q[-1] == 4
FAIL: gcc.dg/guality/pr56154-1.c -Og -DPREVENT_OPTIMIZATION line pr56154-1.c:20 x.a == 6
XPASS: gcc.dg/guality/pr59776.c -O0 line pr59776.c:17 s2.g == 6.0
XPASS: gcc.dg/guality/pr59776.c -O0 line pr59776.c:20 s2.g == 6.0
FAIL: gcc.dg/guality/pr59776.c -Og -DPREVENT_OPTIMIZATION line pr59776.c:17 s1.f == 5.0
FAIL: gcc.dg/guality/pr59776.c -Og -DPREVENT_OPTIMIZATION line pr59776.c:17 s1.g == 6.0
FAIL: gcc.dg/guality/pr59776.c -Og -DPREVENT_OPTIMIZATION line pr59776.c:17 s2.f == 0.0
FAIL: gcc.dg/guality/pr59776.c -Og -DPREVENT_OPTIMIZATION line pr59776.c:20 s1.f == 5.0
FAIL: gcc.dg/guality/pr59776.c -Og -DPREVENT_OPTIMIZATION line pr59776.c:20 s1.g == 6.0
FAIL: gcc.dg/guality/pr59776.c -Og -DPREVENT_OPTIMIZATION line pr59776.c:20 s2.f == 5.0
FAIL: gcc.dg/guality/sra-1.c -O1 -DPREVENT_OPTIMIZATION line 43 a.i == 4
FAIL: gcc.dg/guality/sra-1.c -O2 -DPREVENT_OPTIMIZATION line 43 a.i == 4
FAIL: gcc.dg/guality/sra-1.c -O2 -flto -fno-use-linker-plugin -flto-partition=none -DPREVENT_OPTIMIZATION line 43 a.i == 4
FAIL: gcc.dg/guality/sra-1.c -O2 -flto -fuse-linker-plugin -fno-fat-lto-objects -DPREVENT_OPTIMIZATION line 21 a.i == 4
FAIL: gcc.dg/guality/sra-1.c -O2 -flto -fuse-linker-plugin -fno-fat-lto-objects -DPREVENT_OPTIMIZATION line 21 a.j == 14
FAIL: gcc.dg/guality/sra-1.c -O2 -flto -fuse-linker-plugin -fno-fat-lto-objects -DPREVENT_OPTIMIZATION line 32 a[0] == 4
FAIL: gcc.dg/guality/sra-1.c -O2 -flto -fuse-linker-plugin -fno-fat-lto-objects -DPREVENT_OPTIMIZATION line 32 a[1] == 14
FAIL: gcc.dg/guality/sra-1.c -O2 -flto -fuse-linker-plugin -fno-fat-lto-objects -DPREVENT_OPTIMIZATION line 43 a.i == 4
FAIL: gcc.dg/guality/sra-1.c -O2 -flto -fuse-linker-plugin -fno-fat-lto-objects -DPREVENT_OPTIMIZATION line 43 a.j == 14
FAIL: gcc.dg/guality/sra-1.c -O3 -g -DPREVENT_OPTIMIZATION line 43 a.i == 4
FAIL: gcc.dg/guality/sra-1.c -Os -DPREVENT_OPTIMIZATION line 43 a.i == 4
FAIL: gcc.dg/guality/sra-1.c -Og -DPREVENT_OPTIMIZATION line 21 a.i == 4
FAIL: gcc.dg/guality/sra-1.c -Og -DPREVENT_OPTIMIZATION line 21 a.j == 14
FAIL: gcc.dg/guality/sra-1.c -Og -DPREVENT_OPTIMIZATION line 32 a[0] == 4
FAIL: gcc.dg/guality/sra-1.c -Og -DPREVENT_OPTIMIZATION line 32 a[1] == 14
FAIL: gcc.dg/guality/sra-1.c -Og -DPREVENT_OPTIMIZATION line 43 a.i == 4
FAIL: gcc.dg/guality/sra-1.c -Og -DPREVENT_OPTIMIZATION line 43 a.j == 14
FAIL: gcc.dg/guality/vla-1.c -O1 -DPREVENT_OPTIMIZATION line 17 sizeof (a) == 6
FAIL: gcc.dg/guality/vla-1.c -O2 -DPREVENT_OPTIMIZATION line 17 sizeof (a) == 6
FAIL: gcc.dg/guality/vla-1.c -O2 -flto -fno-use-linker-plugin -flto-partition=none -DPREVENT_OPTIMIZATION line 17 sizeof (a) == 6
FAIL: gcc.dg/guality/vla-1.c -O2 -flto -fuse-linker-plugin -fno-fat-lto-objects -DPREVENT_OPTIMIZATION line 17 sizeof (a) == 6
FAIL: gcc.dg/guality/vla-1.c -O3 -g -DPREVENT_OPTIMIZATION line 17 sizeof (a) == 6
FAIL: gcc.dg/guality/vla-1.c -Os -DPREVENT_OPTIMIZATION line 17 sizeof (a) == 6
UNRESOLVED: gcc.dg/tree-prof/crossmodule-indir-call-topn-1.c scan-pgo-wpa-ipa-dump profile_estimate "2 \\\\(200.00%\\\\) speculations produced."
UNRESOLVED: gcc.dg/tree-prof/crossmodule-indir-call-topn-2.c scan-pgo-wpa-ipa-dump profile_estimate "2 \\\\(200.00%\\\\) speculations produced."
FAIL: gcc.dg/tree-ssa/dump-6.c scan-tree-dump store-merging "MEM <unsigned int> \\\\[\\\\(char \\\\*\\\\)\\\\&a8] = "
FAIL: gcc.dg/vect/O3-pr45971.c (internal compiler error)
FAIL: gcc.dg/vect/O3-pr45971.c (test for excess errors)
FAIL: gcc.dg/vect/O3-pr46077.c (internal compiler error)
FAIL: gcc.dg/vect/O3-pr46077.c (test for excess errors)
FAIL: gcc.dg/vect/bb-slp-39.c -flto -ffat-lto-objects scan-tree-dump-times slp2 "vectorizing stmts using SLP" 3
FAIL: gcc.dg/vect/bb-slp-39.c scan-tree-dump-times slp2 "vectorizing stmts using SLP" 3
FAIL: gcc.dg/vect/bb-slp-43.c (internal compiler error)
FAIL: gcc.dg/vect/bb-slp-43.c (test for excess errors)
FAIL: gcc.dg/vect/bb-slp-43.c -flto -ffat-lto-objects (internal compiler error)
FAIL: gcc.dg/vect/bb-slp-43.c -flto -ffat-lto-objects (test for excess errors)
FAIL: gcc.dg/vect/bb-slp-cond-1.c (internal compiler error)
FAIL: gcc.dg/vect/bb-slp-cond-1.c (test for excess errors)
FAIL: gcc.dg/vect/bb-slp-cond-1.c -flto -ffat-lto-objects (internal compiler error)
FAIL: gcc.dg/vect/bb-slp-cond-1.c -flto -ffat-lto-objects (test for excess errors)
UNRESOLVED: gcc.dg/vect/bb-slp-cond-1.c -flto -ffat-lto-objects compilation failed to produce executable
UNRESOLVED: gcc.dg/vect/bb-slp-cond-1.c compilation failed to produce executable
FAIL: gcc.dg/vect/bb-slp-pattern-2.c (internal compiler error)
FAIL: gcc.dg/vect/bb-slp-pattern-2.c (test for excess errors)
FAIL: gcc.dg/vect/bb-slp-pattern-2.c -flto -ffat-lto-objects (internal compiler error)
FAIL: gcc.dg/vect/bb-slp-pattern-2.c -flto -ffat-lto-objects (test for excess errors)
UNRESOLVED: gcc.dg/vect/bb-slp-pattern-2.c -flto -ffat-lto-objects compilation failed to produce executable
UNRESOLVED: gcc.dg/vect/bb-slp-pattern-2.c compilation failed to produce executable
FAIL: gcc.dg/vect/pr24059.c (internal compiler error)
FAIL: gcc.dg/vect/pr24059.c (test for excess errors)
FAIL: gcc.dg/vect/pr24059.c -flto -ffat-lto-objects (internal compiler error)
FAIL: gcc.dg/vect/pr24059.c -flto -ffat-lto-objects (test for excess errors)
FAIL: gcc.dg/vect/pr43430-1.c (internal compiler error)
FAIL: gcc.dg/vect/pr43430-1.c (test for excess errors)
FAIL: gcc.dg/vect/pr43430-1.c -flto -ffat-lto-objects (internal compiler error)
FAIL: gcc.dg/vect/pr43430-1.c -flto -ffat-lto-objects (test for excess errors)
UNRESOLVED: gcc.dg/vect/pr43430-1.c -flto -ffat-lto-objects compilation failed to produce executable
UNRESOLVED: gcc.dg/vect/pr43430-1.c compilation failed to produce executable
FAIL: gcc.dg/vect/pr43430-2.c (internal compiler error)
FAIL: gcc.dg/vect/pr43430-2.c (test for excess errors)
FAIL: gcc.dg/vect/pr43430-2.c -flto -ffat-lto-objects (internal compiler error)
FAIL: gcc.dg/vect/pr43430-2.c -flto -ffat-lto-objects (test for excess errors)
FAIL: gcc.dg/vect/pr46009.c (internal compiler error)
FAIL: gcc.dg/vect/pr46009.c (test for excess errors)
FAIL: gcc.dg/vect/pr46009.c -flto -ffat-lto-objects scan-tree-dump-times vect "vectorized 1 loops" 2
FAIL: gcc.dg/vect/pr46009.c -flto -ffat-lto-objects (internal compiler error)
FAIL: gcc.dg/vect/pr46009.c -flto -ffat-lto-objects (test for excess errors)
UNRESOLVED: gcc.dg/vect/pr46009.c -flto -ffat-lto-objects compilation failed to produce executable
UNRESOLVED: gcc.dg/vect/pr46009.c compilation failed to produce executable
FAIL: gcc.dg/vect/pr46009.c scan-tree-dump-times vect "vectorized 1 loops" 2
FAIL: gcc.dg/vect/pr51000.c (internal compiler error)
FAIL: gcc.dg/vect/pr51000.c (test for excess errors)
FAIL: gcc.dg/vect/pr51000.c -flto -ffat-lto-objects (internal compiler error)
FAIL: gcc.dg/vect/pr51000.c -flto -ffat-lto-objects (test for excess errors)
FAIL: gcc.dg/vect/pr51581-3.c (internal compiler error)
FAIL: gcc.dg/vect/pr51581-3.c (test for excess errors)
FAIL: gcc.dg/vect/pr51581-3.c -flto -ffat-lto-objects (internal compiler error)
FAIL: gcc.dg/vect/pr51581-3.c -flto -ffat-lto-objects (test for excess errors)
UNRESOLVED: gcc.dg/vect/pr51581-3.c -flto -ffat-lto-objects compilation failed to produce executable
UNRESOLVED: gcc.dg/vect/pr51581-3.c compilation failed to produce executable
FAIL: gcc.dg/vect/pr51581-4.c (internal compiler error)
FAIL: gcc.dg/vect/pr51581-4.c (test for excess errors)
FAIL: gcc.dg/vect/pr51581-4.c -flto -ffat-lto-objects (internal compiler error)
FAIL: gcc.dg/vect/pr51581-4.c -flto -ffat-lto-objects (test for excess errors)
UNRESOLVED: gcc.dg/vect/pr51581-4.c -flto -ffat-lto-objects compilation failed to produce executable
UNRESOLVED: gcc.dg/vect/pr51581-4.c compilation failed to produce executable
FAIL: gcc.dg/vect/pr56625.c (internal compiler error)
FAIL: gcc.dg/vect/pr56625.c (test for excess errors)
FAIL: gcc.dg/vect/pr56625.c -flto -ffat-lto-objects (internal compiler error)
FAIL: gcc.dg/vect/pr56625.c -flto -ffat-lto-objects (test for excess errors)
FAIL: gcc.dg/vect/pr58508.c (internal compiler error)
FAIL: gcc.dg/vect/pr58508.c (test for excess errors)
FAIL: gcc.dg/vect/pr58508.c -flto -ffat-lto-objects (internal compiler error)
FAIL: gcc.dg/vect/pr58508.c -flto -ffat-lto-objects (test for excess errors)
FAIL: gcc.dg/vect/pr59519-2.c (internal compiler error)
FAIL: gcc.dg/vect/pr59519-2.c (test for excess errors)
FAIL: gcc.dg/vect/pr59519-2.c -flto -ffat-lto-objects (internal compiler error)
FAIL: gcc.dg/vect/pr59519-2.c -flto -ffat-lto-objects (test for excess errors)
FAIL: gcc.dg/vect/pr59591-1.c (internal compiler error)
FAIL: gcc.dg/vect/pr59591-1.c (test for excess errors)
FAIL: gcc.dg/vect/pr59591-1.c -flto -ffat-lto-objects (internal compiler error)
FAIL: gcc.dg/vect/pr59591-1.c -flto -ffat-lto-objects (test for excess errors)
UNRESOLVED: gcc.dg/vect/pr59591-1.c -flto -ffat-lto-objects compilation failed to produce executable
UNRESOLVED: gcc.dg/vect/pr59591-1.c compilation failed to produce executable
FAIL: gcc.dg/vect/pr62075.c (internal compiler error)
FAIL: gcc.dg/vect/pr62075.c (test for excess errors)
FAIL: gcc.dg/vect/pr62075.c -flto -ffat-lto-objects (internal compiler error)
FAIL: gcc.dg/vect/pr62075.c -flto -ffat-lto-objects (test for excess errors)
FAIL: gcc.dg/vect/pr63605.c (internal compiler error)
FAIL: gcc.dg/vect/pr63605.c (test for excess errors)
FAIL: gcc.dg/vect/pr63605.c -flto -ffat-lto-objects (internal compiler error)
FAIL: gcc.dg/vect/pr63605.c -flto -ffat-lto-objects (test for excess errors)
UNRESOLVED: gcc.dg/vect/pr63605.c -flto -ffat-lto-objects compilation failed to produce executable
UNRESOLVED: gcc.dg/vect/pr63605.c compilation failed to produce executable
FAIL: gcc.dg/vect/pr65947-1.c (internal compiler error)
FAIL: gcc.dg/vect/pr65947-1.c (test for excess errors)
FAIL: gcc.dg/vect/pr65947-1.c -flto -ffat-lto-objects scan-tree-dump-times vect "LOOP VECTORIZED" 2
FAIL: gcc.dg/vect/pr65947-1.c -flto -ffat-lto-objects scan-tree-dump-times vect "condition expression based on integer induction." 2
FAIL: gcc.dg/vect/pr65947-1.c -flto -ffat-lto-objects (internal compiler error)
FAIL: gcc.dg/vect/pr65947-1.c -flto -ffat-lto-objects (test for excess errors)
UNRESOLVED: gcc.dg/vect/pr65947-1.c -flto -ffat-lto-objects compilation failed to produce executable
UNRESOLVED: gcc.dg/vect/pr65947-1.c compilation failed to produce executable
FAIL: gcc.dg/vect/pr65947-1.c scan-tree-dump-times vect "LOOP VECTORIZED" 2
FAIL: gcc.dg/vect/pr65947-1.c scan-tree-dump-times vect "condition expression based on integer induction." 2
FAIL: gcc.dg/vect/pr65947-12.c (internal compiler error)
FAIL: gcc.dg/vect/pr65947-12.c (test for excess errors)
FAIL: gcc.dg/vect/pr65947-12.c -flto -ffat-lto-objects scan-tree-dump-times vect "LOOP VECTORIZED" 2
FAIL: gcc.dg/vect/pr65947-12.c -flto -ffat-lto-objects (internal compiler error)
FAIL: gcc.dg/vect/pr65947-12.c -flto -ffat-lto-objects (test for excess errors)
UNRESOLVED: gcc.dg/vect/pr65947-12.c -flto -ffat-lto-objects compilation failed to produce executable
UNRESOLVED: gcc.dg/vect/pr65947-12.c compilation failed to produce executable
FAIL: gcc.dg/vect/pr65947-12.c scan-tree-dump-times vect "LOOP VECTORIZED" 2
FAIL: gcc.dg/vect/pr65947-13.c (internal compiler error)
FAIL: gcc.dg/vect/pr65947-13.c (test for excess errors)
FAIL: gcc.dg/vect/pr65947-13.c -flto -ffat-lto-objects scan-tree-dump-times vect "LOOP VECTORIZED" 2
FAIL: gcc.dg/vect/pr65947-13.c -flto -ffat-lto-objects scan-tree-dump-times vect "condition expression based on integer induction." 2
FAIL: gcc.dg/vect/pr65947-13.c -flto -ffat-lto-objects (internal compiler error)
FAIL: gcc.dg/vect/pr65947-13.c -flto -ffat-lto-objects (test for excess errors)
UNRESOLVED: gcc.dg/vect/pr65947-13.c -flto -ffat-lto-objects compilation failed to produce executable
UNRESOLVED: gcc.dg/vect/pr65947-13.c compilation failed to produce executable
FAIL: gcc.dg/vect/pr65947-13.c scan-tree-dump-times vect "LOOP VECTORIZED" 2
FAIL: gcc.dg/vect/pr65947-13.c scan-tree-dump-times vect "condition expression based on integer induction." 2
FAIL: gcc.dg/vect/pr65947-14.c (internal compiler error)
FAIL: gcc.dg/vect/pr65947-14.c (test for excess errors)
FAIL: gcc.dg/vect/pr65947-14.c -flto -ffat-lto-objects scan-tree-dump-times vect "LOOP VECTORIZED" 2
FAIL: gcc.dg/vect/pr65947-14.c -flto -ffat-lto-objects scan-tree-dump-times vect "condition expression based on integer induction." 2
FAIL: gcc.dg/vect/pr65947-14.c -flto -ffat-lto-objects (internal compiler error)
FAIL: gcc.dg/vect/pr65947-14.c -flto -ffat-lto-objects (test for excess errors)
UNRESOLVED: gcc.dg/vect/pr65947-14.c -flto -ffat-lto-objects compilation failed to produce executable
UNRESOLVED: gcc.dg/vect/pr65947-14.c compilation failed to produce executable
FAIL: gcc.dg/vect/pr65947-14.c scan-tree-dump-times vect "LOOP VECTORIZED" 2
FAIL: gcc.dg/vect/pr65947-14.c scan-tree-dump-times vect "condition expression based on integer induction." 2
FAIL: gcc.dg/vect/pr65947-2.c (internal compiler error)
FAIL: gcc.dg/vect/pr65947-2.c (test for excess errors)
FAIL: gcc.dg/vect/pr65947-2.c -flto -ffat-lto-objects scan-tree-dump-times vect "LOOP VECTORIZED" 2
FAIL: gcc.dg/vect/pr65947-2.c -flto -ffat-lto-objects (internal compiler error)
FAIL: gcc.dg/vect/pr65947-2.c -flto -ffat-lto-objects (test for excess errors)
UNRESOLVED: gcc.dg/vect/pr65947-2.c -flto -ffat-lto-objects compilation failed to produce executable
UNRESOLVED: gcc.dg/vect/pr65947-2.c compilation failed to produce executable
FAIL: gcc.dg/vect/pr65947-2.c scan-tree-dump-times vect "LOOP VECTORIZED" 2
FAIL: gcc.dg/vect/pr65947-3.c (internal compiler error)
FAIL: gcc.dg/vect/pr65947-3.c (test for excess errors)
FAIL: gcc.dg/vect/pr65947-3.c -flto -ffat-lto-objects scan-tree-dump-times vect "LOOP VECTORIZED" 2
FAIL: gcc.dg/vect/pr65947-3.c -flto -ffat-lto-objects (internal compiler error)
FAIL: gcc.dg/vect/pr65947-3.c -flto -ffat-lto-objects (test for excess errors)
UNRESOLVED: gcc.dg/vect/pr65947-3.c -flto -ffat-lto-objects compilation failed to produce executable
UNRESOLVED: gcc.dg/vect/pr65947-3.c compilation failed to produce executable
FAIL: gcc.dg/vect/pr65947-3.c scan-tree-dump-times vect "LOOP VECTORIZED" 2
FAIL: gcc.dg/vect/pr65947-4.c (internal compiler error)
FAIL: gcc.dg/vect/pr65947-4.c (test for excess errors)
FAIL: gcc.dg/vect/pr65947-4.c -flto -ffat-lto-objects scan-tree-dump-times vect "LOOP VECTORIZED" 2
FAIL: gcc.dg/vect/pr65947-4.c -flto -ffat-lto-objects scan-tree-dump-times vect "condition expression based on integer induction." 2
FAIL: gcc.dg/vect/pr65947-4.c -flto -ffat-lto-objects (internal compiler error)
FAIL: gcc.dg/vect/pr65947-4.c -flto -ffat-lto-objects (test for excess errors)
UNRESOLVED: gcc.dg/vect/pr65947-4.c -flto -ffat-lto-objects compilation failed to produce executable
UNRESOLVED: gcc.dg/vect/pr65947-4.c compilation failed to produce executable
FAIL: gcc.dg/vect/pr65947-4.c scan-tree-dump-times vect "LOOP VECTORIZED" 2
FAIL: gcc.dg/vect/pr65947-4.c scan-tree-dump-times vect "condition expression based on integer induction." 2
FAIL: gcc.dg/vect/pr65947-6.c (internal compiler error)
FAIL: gcc.dg/vect/pr65947-6.c (test for excess errors)
FAIL: gcc.dg/vect/pr65947-6.c -flto -ffat-lto-objects scan-tree-dump-times vect "LOOP VECTORIZED" 2
FAIL: gcc.dg/vect/pr65947-6.c -flto -ffat-lto-objects (internal compiler error)
FAIL: gcc.dg/vect/pr65947-6.c -flto -ffat-lto-objects (test for excess errors)
UNRESOLVED: gcc.dg/vect/pr65947-6.c -flto -ffat-lto-objects compilation failed to produce executable
UNRESOLVED: gcc.dg/vect/pr65947-6.c compilation failed to produce executable
FAIL: gcc.dg/vect/pr65947-6.c scan-tree-dump-times vect "LOOP VECTORIZED" 2
FAIL: gcc.dg/vect/pr68305.c (internal compiler error)
FAIL: gcc.dg/vect/pr68305.c (test for excess errors)
FAIL: gcc.dg/vect/pr68305.c -flto -ffat-lto-objects (internal compiler error)
FAIL: gcc.dg/vect/pr68305.c -flto -ffat-lto-objects (test for excess errors)
FAIL: gcc.dg/vect/pr68417.c (internal compiler error)
FAIL: gcc.dg/vect/pr68417.c (test for excess errors)
FAIL: gcc.dg/vect/pr68417.c -flto -ffat-lto-objects (internal compiler error)
FAIL: gcc.dg/vect/pr68417.c -flto -ffat-lto-objects (test for excess errors)
FAIL: gcc.dg/vect/pr69820.c (internal compiler error)
FAIL: gcc.dg/vect/pr69820.c (test for excess errors)
FAIL: gcc.dg/vect/pr69820.c -flto -ffat-lto-objects (internal compiler error)
FAIL: gcc.dg/vect/pr69820.c -flto -ffat-lto-objects (test for excess errors)
UNRESOLVED: gcc.dg/vect/pr69820.c -flto -ffat-lto-objects compilation failed to produce executable
UNRESOLVED: gcc.dg/vect/pr69820.c compilation failed to produce executable
FAIL: gcc.dg/vect/pr71259.c -flto -ffat-lto-objects (internal compiler error)
FAIL: gcc.dg/vect/pr71259.c -flto -ffat-lto-objects (test for excess errors)
UNRESOLVED: gcc.dg/vect/pr71259.c -flto -ffat-lto-objects compilation failed to produce executable
FAIL: gcc.dg/vect/pr71264.c -flto -ffat-lto-objects scan-tree-dump vect "vectorized 1 loops in function"
FAIL: gcc.dg/vect/pr71264.c scan-tree-dump vect "vectorized 1 loops in function"
FAIL: gcc.dg/vect/pr72866.c (internal compiler error)
FAIL: gcc.dg/vect/pr72866.c (test for excess errors)
FAIL: gcc.dg/vect/pr72866.c -flto -ffat-lto-objects (internal compiler error)
FAIL: gcc.dg/vect/pr72866.c -flto -ffat-lto-objects (test for excess errors)
FAIL: gcc.dg/vect/pr80631-1.c (internal compiler error)
FAIL: gcc.dg/vect/pr80631-1.c (test for excess errors)
FAIL: gcc.dg/vect/pr80631-1.c -flto -ffat-lto-objects scan-tree-dump-times vect "LOOP VECTORIZED" 5
FAIL: gcc.dg/vect/pr80631-1.c -flto -ffat-lto-objects scan-tree-dump-times vect "condition expression based on integer induction." 5
FAIL: gcc.dg/vect/pr80631-1.c -flto -ffat-lto-objects (internal compiler error)
FAIL: gcc.dg/vect/pr80631-1.c -flto -ffat-lto-objects (test for excess errors)
UNRESOLVED: gcc.dg/vect/pr80631-1.c -flto -ffat-lto-objects compilation failed to produce executable
UNRESOLVED: gcc.dg/vect/pr80631-1.c compilation failed to produce executable
FAIL: gcc.dg/vect/pr80631-1.c scan-tree-dump-times vect "LOOP VECTORIZED" 5
FAIL: gcc.dg/vect/pr80631-1.c scan-tree-dump-times vect "condition expression based on integer induction." 5
FAIL: gcc.dg/vect/pr80631-2.c (internal compiler error)
FAIL: gcc.dg/vect/pr80631-2.c (test for excess errors)
FAIL: gcc.dg/vect/pr80631-2.c -flto -ffat-lto-objects scan-tree-dump-times vect "LOOP VECTORIZED" 5
FAIL: gcc.dg/vect/pr80631-2.c -flto -ffat-lto-objects scan-tree-dump-times vect "condition expression based on integer induction." 5
FAIL: gcc.dg/vect/pr80631-2.c -flto -ffat-lto-objects (internal compiler error)
FAIL: gcc.dg/vect/pr80631-2.c -flto -ffat-lto-objects (test for excess errors)
UNRESOLVED: gcc.dg/vect/pr80631-2.c -flto -ffat-lto-objects compilation failed to produce executable
UNRESOLVED: gcc.dg/vect/pr80631-2.c compilation failed to produce executable
FAIL: gcc.dg/vect/pr80631-2.c scan-tree-dump-times vect "LOOP VECTORIZED" 5
FAIL: gcc.dg/vect/pr80631-2.c scan-tree-dump-times vect "condition expression based on integer induction." 5
FAIL: gcc.dg/vect/pr86927.c (internal compiler error)
FAIL: gcc.dg/vect/pr86927.c (test for excess errors)
FAIL: gcc.dg/vect/pr86927.c -flto -ffat-lto-objects (internal compiler error)
FAIL: gcc.dg/vect/pr86927.c -flto -ffat-lto-objects (test for excess errors)
UNRESOLVED: gcc.dg/vect/pr86927.c -flto -ffat-lto-objects compilation failed to produce executable
UNRESOLVED: gcc.dg/vect/pr86927.c compilation failed to produce executable
FAIL: gcc.dg/vect/pr94727.c (internal compiler error)
FAIL: gcc.dg/vect/pr94727.c (test for excess errors)
FAIL: gcc.dg/vect/pr94727.c -flto -ffat-lto-objects (internal compiler error)
FAIL: gcc.dg/vect/pr94727.c -flto -ffat-lto-objects (test for excess errors)
UNRESOLVED: gcc.dg/vect/pr94727.c -flto -ffat-lto-objects compilation failed to produce executable
UNRESOLVED: gcc.dg/vect/pr94727.c compilation failed to produce executable
FAIL: gcc.dg/vect/slp-cond-1.c (internal compiler error)
FAIL: gcc.dg/vect/slp-cond-1.c (test for excess errors)
FAIL: gcc.dg/vect/slp-cond-1.c -flto -ffat-lto-objects scan-tree-dump-times vect "vectorizing stmts using SLP" 3
FAIL: gcc.dg/vect/slp-cond-1.c -flto -ffat-lto-objects (internal compiler error)
FAIL: gcc.dg/vect/slp-cond-1.c -flto -ffat-lto-objects (test for excess errors)
UNRESOLVED: gcc.dg/vect/slp-cond-1.c -flto -ffat-lto-objects compilation failed to produce executable
UNRESOLVED: gcc.dg/vect/slp-cond-1.c compilation failed to produce executable
FAIL: gcc.dg/vect/slp-cond-1.c scan-tree-dump-times vect "vectorizing stmts using SLP" 3
FAIL: gcc.dg/vect/slp-cond-3.c (internal compiler error)
FAIL: gcc.dg/vect/slp-cond-3.c (test for excess errors)
FAIL: gcc.dg/vect/slp-cond-3.c -flto -ffat-lto-objects (internal compiler error)
FAIL: gcc.dg/vect/slp-cond-3.c -flto -ffat-lto-objects (test for excess errors)
UNRESOLVED: gcc.dg/vect/slp-cond-3.c -flto -ffat-lto-objects compilation failed to produce executable
UNRESOLVED: gcc.dg/vect/slp-cond-3.c compilation failed to produce executable
FAIL: gcc.dg/vect/slp-cond-4.c (internal compiler error)
FAIL: gcc.dg/vect/slp-cond-4.c (test for excess errors)
FAIL: gcc.dg/vect/slp-cond-4.c -flto -ffat-lto-objects (internal compiler error)
FAIL: gcc.dg/vect/slp-cond-4.c -flto -ffat-lto-objects (test for excess errors)
UNRESOLVED: gcc.dg/vect/slp-cond-4.c -flto -ffat-lto-objects compilation failed to produce executable
UNRESOLVED: gcc.dg/vect/slp-cond-4.c compilation failed to produce executable
FAIL: gcc.dg/vect/slp-cond-5.c (internal compiler error)
FAIL: gcc.dg/vect/slp-cond-5.c (test for excess errors)
FAIL: gcc.dg/vect/slp-cond-5.c -flto -ffat-lto-objects (internal compiler error)
FAIL: gcc.dg/vect/slp-cond-5.c -flto -ffat-lto-objects (test for excess errors)
UNRESOLVED: gcc.dg/vect/slp-cond-5.c -flto -ffat-lto-objects compilation failed to produce executable
UNRESOLVED: gcc.dg/vect/slp-cond-5.c compilation failed to produce executable
FAIL: gcc.dg/vect/vect-21.c (internal compiler error)
FAIL: gcc.dg/vect/vect-21.c (test for excess errors)
FAIL: gcc.dg/vect/vect-21.c -flto -ffat-lto-objects (internal compiler error)
FAIL: gcc.dg/vect/vect-21.c -flto -ffat-lto-objects (test for excess errors)
UNRESOLVED: gcc.dg/vect/vect-21.c -flto -ffat-lto-objects compilation failed to produce executable
UNRESOLVED: gcc.dg/vect/vect-21.c compilation failed to produce executable
FAIL: gcc.dg/vect/vect-23.c (internal compiler error)
FAIL: gcc.dg/vect/vect-23.c (test for excess errors)
FAIL: gcc.dg/vect/vect-23.c -flto -ffat-lto-objects (internal compiler error)
FAIL: gcc.dg/vect/vect-23.c -flto -ffat-lto-objects (test for excess errors)
UNRESOLVED: gcc.dg/vect/vect-23.c -flto -ffat-lto-objects compilation failed to produce executable
UNRESOLVED: gcc.dg/vect/vect-23.c compilation failed to produce executable
FAIL: gcc.dg/vect/vect-24.c (internal compiler error)
FAIL: gcc.dg/vect/vect-24.c (test for excess errors)
FAIL: gcc.dg/vect/vect-24.c -flto -ffat-lto-objects (internal compiler error)
FAIL: gcc.dg/vect/vect-24.c -flto -ffat-lto-objects (test for excess errors)
UNRESOLVED: gcc.dg/vect/vect-24.c -flto -ffat-lto-objects compilation failed to produce executable
UNRESOLVED: gcc.dg/vect/vect-24.c compilation failed to produce executable
FAIL: gcc.dg/vect/vect-bool-cmp-2.c (internal compiler error)
FAIL: gcc.dg/vect/vect-bool-cmp-2.c (test for excess errors)
FAIL: gcc.dg/vect/vect-bool-cmp-2.c -flto -ffat-lto-objects (internal compiler error)
FAIL: gcc.dg/vect/vect-bool-cmp-2.c -flto -ffat-lto-objects (test for excess errors)
FAIL: gcc.dg/vect/vect-bool-cmp.c (internal compiler error)
FAIL: gcc.dg/vect/vect-bool-cmp.c (test for excess errors)
FAIL: gcc.dg/vect/vect-bool-cmp.c -flto -ffat-lto-objects (internal compiler error)
FAIL: gcc.dg/vect/vect-bool-cmp.c -flto -ffat-lto-objects (test for excess errors)
UNRESOLVED: gcc.dg/vect/vect-bool-cmp.c -flto -ffat-lto-objects compilation failed to produce executable
UNRESOLVED: gcc.dg/vect/vect-bool-cmp.c compilation failed to produce executable
FAIL: gcc.dg/vect/vect-cond-1.c (internal compiler error)
FAIL: gcc.dg/vect/vect-cond-1.c (test for excess errors)
FAIL: gcc.dg/vect/vect-cond-1.c -flto -ffat-lto-objects (internal compiler error)
FAIL: gcc.dg/vect/vect-cond-1.c -flto -ffat-lto-objects (test for excess errors)
UNRESOLVED: gcc.dg/vect/vect-cond-1.c -flto -ffat-lto-objects compilation failed to produce executable
UNRESOLVED: gcc.dg/vect/vect-cond-1.c compilation failed to produce executable
FAIL: gcc.dg/vect/vect-cond-11.c (internal compiler error)
FAIL: gcc.dg/vect/vect-cond-11.c (test for excess errors)
FAIL: gcc.dg/vect/vect-cond-11.c -flto -ffat-lto-objects (internal compiler error)
FAIL: gcc.dg/vect/vect-cond-11.c -flto -ffat-lto-objects (test for excess errors)
UNRESOLVED: gcc.dg/vect/vect-cond-11.c -flto -ffat-lto-objects compilation failed to produce executable
UNRESOLVED: gcc.dg/vect/vect-cond-11.c compilation failed to produce executable
FAIL: gcc.dg/vect/vect-cond-2.c (internal compiler error)
FAIL: gcc.dg/vect/vect-cond-2.c (test for excess errors)
FAIL: gcc.dg/vect/vect-cond-2.c -flto -ffat-lto-objects (internal compiler error)
FAIL: gcc.dg/vect/vect-cond-2.c -flto -ffat-lto-objects (test for excess errors)
UNRESOLVED: gcc.dg/vect/vect-cond-2.c -flto -ffat-lto-objects compilation failed to produce executable
UNRESOLVED: gcc.dg/vect/vect-cond-2.c compilation failed to produce executable
FAIL: gcc.dg/vect/vect-cond-3.c (internal compiler error)
FAIL: gcc.dg/vect/vect-cond-3.c (test for excess errors)
FAIL: gcc.dg/vect/vect-cond-3.c -flto -ffat-lto-objects (internal compiler error)
FAIL: gcc.dg/vect/vect-cond-3.c -flto -ffat-lto-objects (test for excess errors)
UNRESOLVED: gcc.dg/vect/vect-cond-3.c -flto -ffat-lto-objects compilation failed to produce executable
UNRESOLVED: gcc.dg/vect/vect-cond-3.c compilation failed to produce executable
FAIL: gcc.dg/vect/vect-cond-4.c (internal compiler error)
FAIL: gcc.dg/vect/vect-cond-4.c (test for excess errors)
FAIL: gcc.dg/vect/vect-cond-4.c -flto -ffat-lto-objects (internal compiler error)
FAIL: gcc.dg/vect/vect-cond-4.c -flto -ffat-lto-objects (test for excess errors)
UNRESOLVED: gcc.dg/vect/vect-cond-4.c -flto -ffat-lto-objects compilation failed to produce executable
UNRESOLVED: gcc.dg/vect/vect-cond-4.c compilation failed to produce executable
FAIL: gcc.dg/vect/vect-cond-6.c (internal compiler error)
FAIL: gcc.dg/vect/vect-cond-6.c (test for excess errors)
FAIL: gcc.dg/vect/vect-cond-6.c -flto -ffat-lto-objects (internal compiler error)
FAIL: gcc.dg/vect/vect-cond-6.c -flto -ffat-lto-objects (test for excess errors)
UNRESOLVED: gcc.dg/vect/vect-cond-6.c -flto -ffat-lto-objects compilation failed to produce executable
UNRESOLVED: gcc.dg/vect/vect-cond-6.c compilation failed to produce executable
FAIL: gcc.dg/vect/vect-cond-7.c (internal compiler error)
FAIL: gcc.dg/vect/vect-cond-7.c (test for excess errors)
FAIL: gcc.dg/vect/vect-cond-7.c -flto -ffat-lto-objects (internal compiler error)
FAIL: gcc.dg/vect/vect-cond-7.c -flto -ffat-lto-objects (test for excess errors)
UNRESOLVED: gcc.dg/vect/vect-cond-7.c -flto -ffat-lto-objects compilation failed to produce executable
UNRESOLVED: gcc.dg/vect/vect-cond-7.c compilation failed to produce executable
FAIL: gcc.dg/vect/vect-cond-arith-1.c (internal compiler error)
FAIL: gcc.dg/vect/vect-cond-arith-1.c (test for excess errors)
FAIL: gcc.dg/vect/vect-cond-arith-1.c -flto -ffat-lto-objects (internal compiler error)
FAIL: gcc.dg/vect/vect-cond-arith-1.c -flto -ffat-lto-objects (test for excess errors)
UNRESOLVED: gcc.dg/vect/vect-cond-arith-1.c -flto -ffat-lto-objects compilation failed to produce executable
UNRESOLVED: gcc.dg/vect/vect-cond-arith-1.c compilation failed to produce executable
FAIL: gcc.dg/vect/vect-cond-reduc-1.c (internal compiler error)
FAIL: gcc.dg/vect/vect-cond-reduc-1.c (test for excess errors)
FAIL: gcc.dg/vect/vect-cond-reduc-1.c -flto -ffat-lto-objects (internal compiler error)
FAIL: gcc.dg/vect/vect-cond-reduc-1.c -flto -ffat-lto-objects (test for excess errors)
FAIL: gcc.dg/vect/vect-cond-reduc-4.c -flto -ffat-lto-objects scan-tree-dump-times vect "LOOP VECTORIZED" 2
FAIL: gcc.dg/vect/vect-cond-reduc-4.c scan-tree-dump-times vect "LOOP VECTORIZED" 2
FAIL: gcc.dg/vect/vect-cond-reduc-5.c (internal compiler error)
FAIL: gcc.dg/vect/vect-cond-reduc-5.c (test for excess errors)
FAIL: gcc.dg/vect/vect-cond-reduc-5.c -flto -ffat-lto-objects (internal compiler error)
FAIL: gcc.dg/vect/vect-cond-reduc-5.c -flto -ffat-lto-objects (test for excess errors)
UNRESOLVED: gcc.dg/vect/vect-cond-reduc-5.c -flto -ffat-lto-objects compilation failed to produce executable
UNRESOLVED: gcc.dg/vect/vect-cond-reduc-5.c compilation failed to produce executable
FAIL: gcc.dg/vect/vect-cond-reduc-6.c (internal compiler error)
FAIL: gcc.dg/vect/vect-cond-reduc-6.c (test for excess errors)
FAIL: gcc.dg/vect/vect-cond-reduc-6.c -flto -ffat-lto-objects (internal compiler error)
FAIL: gcc.dg/vect/vect-cond-reduc-6.c -flto -ffat-lto-objects (test for excess errors)
FAIL: gcc.dg/vect/vect-cselim-1.c (internal compiler error)
FAIL: gcc.dg/vect/vect-cselim-1.c (test for excess errors)
FAIL: gcc.dg/vect/vect-cselim-1.c -flto -ffat-lto-objects (internal compiler error)
FAIL: gcc.dg/vect/vect-cselim-1.c -flto -ffat-lto-objects (test for excess errors)
UNRESOLVED: gcc.dg/vect/vect-cselim-1.c -flto -ffat-lto-objects compilation failed to produce executable
UNRESOLVED: gcc.dg/vect/vect-cselim-1.c compilation failed to produce executable
FAIL: gcc.dg/vect/vect-epilogues-2.c (internal compiler error)
FAIL: gcc.dg/vect/vect-epilogues-2.c (test for excess errors)
FAIL: gcc.dg/vect/vect-epilogues-2.c -flto -ffat-lto-objects (internal compiler error)
FAIL: gcc.dg/vect/vect-epilogues-2.c -flto -ffat-lto-objects (test for excess errors)
FAIL: gcc.dg/vect/vect-ifcvt-11.c (internal compiler error)
FAIL: gcc.dg/vect/vect-ifcvt-11.c (test for excess errors)
FAIL: gcc.dg/vect/vect-ifcvt-11.c -flto -ffat-lto-objects (internal compiler error)
FAIL: gcc.dg/vect/vect-ifcvt-11.c -flto -ffat-lto-objects (test for excess errors)
UNRESOLVED: gcc.dg/vect/vect-ifcvt-11.c -flto -ffat-lto-objects compilation failed to produce executable
UNRESOLVED: gcc.dg/vect/vect-ifcvt-11.c compilation failed to produce executable
FAIL: gcc.dg/vect/vect-ifcvt-2.c (internal compiler error)
FAIL: gcc.dg/vect/vect-ifcvt-2.c (test for excess errors)
FAIL: gcc.dg/vect/vect-ifcvt-2.c -flto -ffat-lto-objects (internal compiler error)
FAIL: gcc.dg/vect/vect-ifcvt-2.c -flto -ffat-lto-objects (test for excess errors)
UNRESOLVED: gcc.dg/vect/vect-ifcvt-2.c -flto -ffat-lto-objects compilation failed to produce executable
UNRESOLVED: gcc.dg/vect/vect-ifcvt-2.c compilation failed to produce executable
FAIL: gcc.dg/vect/vect-ifcvt-3.c (internal compiler error)
FAIL: gcc.dg/vect/vect-ifcvt-3.c (test for excess errors)
FAIL: gcc.dg/vect/vect-ifcvt-3.c -flto -ffat-lto-objects (internal compiler error)
FAIL: gcc.dg/vect/vect-ifcvt-3.c -flto -ffat-lto-objects (test for excess errors)
UNRESOLVED: gcc.dg/vect/vect-ifcvt-3.c -flto -ffat-lto-objects compilation failed to produce executable
UNRESOLVED: gcc.dg/vect/vect-ifcvt-3.c compilation failed to produce executable
FAIL: gcc.dg/vect/vect-ifcvt-4.c (internal compiler error)
FAIL: gcc.dg/vect/vect-ifcvt-4.c (test for excess errors)
FAIL: gcc.dg/vect/vect-ifcvt-4.c -flto -ffat-lto-objects (internal compiler error)
FAIL: gcc.dg/vect/vect-ifcvt-4.c -flto -ffat-lto-objects (test for excess errors)
UNRESOLVED: gcc.dg/vect/vect-ifcvt-4.c -flto -ffat-lto-objects compilation failed to produce executable
UNRESOLVED: gcc.dg/vect/vect-ifcvt-4.c compilation failed to produce executable
FAIL: gcc.dg/vect/vect-ifcvt-5.c (internal compiler error)
FAIL: gcc.dg/vect/vect-ifcvt-5.c (test for excess errors)
FAIL: gcc.dg/vect/vect-ifcvt-5.c -flto -ffat-lto-objects (internal compiler error)
FAIL: gcc.dg/vect/vect-ifcvt-5.c -flto -ffat-lto-objects (test for excess errors)
UNRESOLVED: gcc.dg/vect/vect-ifcvt-5.c -flto -ffat-lto-objects compilation failed to produce executable
UNRESOLVED: gcc.dg/vect/vect-ifcvt-5.c compilation failed to produce executable
FAIL: gcc.dg/vect/vect-ifcvt-6.c (internal compiler error)
FAIL: gcc.dg/vect/vect-ifcvt-6.c (test for excess errors)
FAIL: gcc.dg/vect/vect-ifcvt-6.c -flto -ffat-lto-objects (internal compiler error)
FAIL: gcc.dg/vect/vect-ifcvt-6.c -flto -ffat-lto-objects (test for excess errors)
UNRESOLVED: gcc.dg/vect/vect-ifcvt-6.c -flto -ffat-lto-objects compilation failed to produce executable
UNRESOLVED: gcc.dg/vect/vect-ifcvt-6.c compilation failed to produce executable
FAIL: gcc.dg/vect/vect-ifcvt-7.c (internal compiler error)
FAIL: gcc.dg/vect/vect-ifcvt-7.c (test for excess errors)
FAIL: gcc.dg/vect/vect-ifcvt-7.c -flto -ffat-lto-objects (internal compiler error)
FAIL: gcc.dg/vect/vect-ifcvt-7.c -flto -ffat-lto-objects (test for excess errors)
UNRESOLVED: gcc.dg/vect/vect-ifcvt-7.c -flto -ffat-lto-objects compilation failed to produce executable
UNRESOLVED: gcc.dg/vect/vect-ifcvt-7.c compilation failed to produce executable
FAIL: gcc.dg/vect/vect-ifcvt-9.c (internal compiler error)
FAIL: gcc.dg/vect/vect-ifcvt-9.c (test for excess errors)
FAIL: gcc.dg/vect/vect-ifcvt-9.c -flto -ffat-lto-objects scan-tree-dump-times vect "vectorized 1 loops" 2
FAIL: gcc.dg/vect/vect-ifcvt-9.c -flto -ffat-lto-objects (internal compiler error)
FAIL: gcc.dg/vect/vect-ifcvt-9.c -flto -ffat-lto-objects (test for excess errors)
UNRESOLVED: gcc.dg/vect/vect-ifcvt-9.c -flto -ffat-lto-objects compilation failed to produce executable
UNRESOLVED: gcc.dg/vect/vect-ifcvt-9.c compilation failed to produce executable
FAIL: gcc.dg/vect/vect-ifcvt-9.c scan-tree-dump-times vect "vectorized 1 loops" 2
FAIL: gcc.dg/vect/vect-over-widen-13.c (internal compiler error)
FAIL: gcc.dg/vect/vect-over-widen-13.c (test for excess errors)
FAIL: gcc.dg/vect/vect-over-widen-13.c -flto -ffat-lto-objects (internal compiler error)
FAIL: gcc.dg/vect/vect-over-widen-13.c -flto -ffat-lto-objects (test for excess errors)
UNRESOLVED: gcc.dg/vect/vect-over-widen-13.c -flto -ffat-lto-objects compilation failed to produce executable
UNRESOLVED: gcc.dg/vect/vect-over-widen-13.c compilation failed to produce executable
FAIL: gcc.dg/vect/vect-over-widen-15.c (internal compiler error)
FAIL: gcc.dg/vect/vect-over-widen-15.c (test for excess errors)
FAIL: gcc.dg/vect/vect-over-widen-15.c -flto -ffat-lto-objects (internal compiler error)
FAIL: gcc.dg/vect/vect-over-widen-15.c -flto -ffat-lto-objects (test for excess errors)
UNRESOLVED: gcc.dg/vect/vect-over-widen-15.c -flto -ffat-lto-objects compilation failed to produce executable
UNRESOLVED: gcc.dg/vect/vect-over-widen-15.c compilation failed to produce executable
FAIL: gcc.dg/vect/vect-pr69848.c (internal compiler error)
FAIL: gcc.dg/vect/vect-pr69848.c (test for excess errors)
FAIL: gcc.dg/vect/vect-pr69848.c -flto -ffat-lto-objects (internal compiler error)
FAIL: gcc.dg/vect/vect-pr69848.c -flto -ffat-lto-objects (test for excess errors)
UNRESOLVED: gcc.dg/vect/vect-pr69848.c -flto -ffat-lto-objects compilation failed to produce executable
UNRESOLVED: gcc.dg/vect/vect-pr69848.c compilation failed to produce executable
FAIL: gcc.dg/vect/vect-sdiv-pow2-1.c (internal compiler error)
FAIL: gcc.dg/vect/vect-sdiv-pow2-1.c (test for excess errors)
FAIL: gcc.dg/vect/vect-sdiv-pow2-1.c -flto -ffat-lto-objects (internal compiler error)
FAIL: gcc.dg/vect/vect-sdiv-pow2-1.c -flto -ffat-lto-objects (test for excess errors)
UNRESOLVED: gcc.dg/vect/vect-sdiv-pow2-1.c -flto -ffat-lto-objects compilation failed to produce executable
UNRESOLVED: gcc.dg/vect/vect-sdiv-pow2-1.c compilation failed to produce executable
FAIL: gcc.dg/vect/vect-sdivmod-1.c (internal compiler error)
FAIL: gcc.dg/vect/vect-sdivmod-1.c (test for excess errors)
FAIL: gcc.dg/vect/vect-sdivmod-1.c -flto -ffat-lto-objects scan-tree-dump-times vect "vectorized 1 loops" 4
FAIL: gcc.dg/vect/vect-sdivmod-1.c -flto -ffat-lto-objects (internal compiler error)
FAIL: gcc.dg/vect/vect-sdivmod-1.c -flto -ffat-lto-objects (test for excess errors)
UNRESOLVED: gcc.dg/vect/vect-sdivmod-1.c -flto -ffat-lto-objects compilation failed to produce executable
UNRESOLVED: gcc.dg/vect/vect-sdivmod-1.c compilation failed to produce executable
FAIL: gcc.dg/vect/vect-sdivmod-1.c scan-tree-dump-times vect "vectorized 1 loops" 4
FAIL: gcc.dg/vect/vect-simd-5.c (internal compiler error)
FAIL: gcc.dg/vect/vect-simd-5.c (test for excess errors)
FAIL: gcc.dg/vect/vect-simd-5.c -flto -ffat-lto-objects (internal compiler error)
FAIL: gcc.dg/vect/vect-simd-5.c -flto -ffat-lto-objects (test for excess errors)
FAIL: gcc.dg/vect/vect-simd-6.c (internal compiler error)
FAIL: gcc.dg/vect/vect-simd-6.c (test for excess errors)
FAIL: gcc.dg/vect/vect-simd-6.c -flto -ffat-lto-objects scan-tree-dump-times vect "vectorized [12] loops" 2
FAIL: gcc.dg/vect/vect-simd-6.c -flto -ffat-lto-objects (internal compiler error)
FAIL: gcc.dg/vect/vect-simd-6.c -flto -ffat-lto-objects (test for excess errors)
UNRESOLVED: gcc.dg/vect/vect-simd-6.c -flto -ffat-lto-objects compilation failed to produce executable
UNRESOLVED: gcc.dg/vect/vect-simd-6.c compilation failed to produce executable
FAIL: gcc.dg/vect/vect-simd-6.c scan-tree-dump-times vect "vectorized [12] loops" 2
FAIL: gcc.dg/vect/vect-simd-7.c (internal compiler error)
FAIL: gcc.dg/vect/vect-simd-7.c (test for excess errors)
FAIL: gcc.dg/vect/vect-simd-7.c -flto -ffat-lto-objects (internal compiler error)
FAIL: gcc.dg/vect/vect-simd-7.c -flto -ffat-lto-objects (test for excess errors)
UNRESOLVED: gcc.dg/vect/vect-simd-7.c -flto -ffat-lto-objects compilation failed to produce executable
UNRESOLVED: gcc.dg/vect/vect-simd-7.c compilation failed to produce executable
FAIL: gcc.dg/vect/vect-version-1.c (internal compiler error)
FAIL: gcc.dg/vect/vect-version-1.c (test for excess errors)
FAIL: gcc.dg/vect/vect-version-1.c -flto -ffat-lto-objects (internal compiler error)
FAIL: gcc.dg/vect/vect-version-1.c -flto -ffat-lto-objects (test for excess errors)
FAIL: gcc.dg/vect/vect-version-2.c (internal compiler error)
FAIL: gcc.dg/vect/vect-version-2.c (test for excess errors)
FAIL: gcc.dg/vect/vect-version-2.c -flto -ffat-lto-objects (internal compiler error)
FAIL: gcc.dg/vect/vect-version-2.c -flto -ffat-lto-objects (test for excess errors)
FAIL: gcc.dg/vect/vect-widen-mult-extern-1.c (internal compiler error)
FAIL: gcc.dg/vect/vect-widen-mult-extern-1.c (test for excess errors)
FAIL: gcc.dg/vect/vect-widen-mult-extern-1.c -flto -ffat-lto-objects (internal compiler error)
FAIL: gcc.dg/vect/vect-widen-mult-extern-1.c -flto -ffat-lto-objects (test for excess errors)
FAIL: gcc.target/s390/global-array-element-pic2.c scan-assembler (?n)\\n\\tlgrl\\t%r\\\\d+,a@GOTENT\\n
FAIL: gcc.target/s390/load-and-test-fp-2.c scan-assembler ltdbr\\t
FAIL: gcc.target/s390/md/rXsbg_mode_sXl.c -O1 -march=z13 scan-assembler-times rosbg\\t%r.,%r.,32,63,62 1
FAIL: gcc.target/s390/md/rXsbg_mode_sXl.c -O1 -march=z13 scan-assembler-times rxsbg\\t%r.,%r.,32,63,62 1
FAIL: gcc.target/s390/md/rXsbg_mode_sXl.c -O2 -march=z13 scan-assembler-times rosbg\\t%r.,%r.,32,63,62 1
FAIL: gcc.target/s390/md/rXsbg_mode_sXl.c -O2 -march=z13 scan-assembler-times rxsbg\\t%r.,%r.,32,63,62 1
FAIL: gcc.target/s390/md/rXsbg_mode_sXl.c -O3 -march=z13 scan-assembler-times rosbg\\t%r.,%r.,32,63,62 1
FAIL: gcc.target/s390/md/rXsbg_mode_sXl.c -O3 -march=z13 scan-assembler-times rxsbg\\t%r.,%r.,32,63,62 1
FAIL: gcc.target/s390/md/rXsbg_mode_sXl.c -Os -march=z13 scan-assembler-times rosbg\\t%r.,%r.,32,63,62 1
FAIL: gcc.target/s390/md/rXsbg_mode_sXl.c -Os -march=z13 scan-assembler-times rxsbg\\t%r.,%r.,32,63,62 1
FAIL: gcc.target/s390/mul-signed-overflow-1.c execution test
FAIL: gcc.target/s390/mul-signed-overflow-2.c execution test
FAIL: gcc.target/s390/nobp-return-mem-z900.c scan-assembler jgle\\t__s390_indirect_jump
FAIL: gcc.target/s390/risbg-ll-1.c scan-assembler f12:\\n\\trisbg\\t%r3,%r2,0,0\\\\+32-1,64-0-32\\n\\tsllg\\t%r2,%r3,2\\n\\tnill\\t%r2,65295
FAIL: gcc.target/s390/risbg-ll-1.c scan-assembler f14:\\n\\trisbg\\t%r3,%r2,56,128\\\\+60,46\\n\\tlhi\\t%r2,0
FAIL: gcc.target/s390/risbg-ll-1.c scan-assembler f18:\\n\\trisbg\\t%r3,%r2,0,0\\\\+32-1,64-0-32\\n\\tlhi\\t%r2,0\\n\\trisbg\\t%r3,%r3,57,128\\\\+62,4
FAIL: gcc.target/s390/risbg-ll-1.c scan-assembler f20:\\n\\trisbg\\t%r3,%r2,0,0\\\\+32-1,64-0-32\\n\\tlhi\\t%r2,0\\n\\tsrag\\t%r3,%r3,60\\n\\tnilf\\t%r3,30
FAIL: gcc.target/s390/risbg-ll-1.c scan-assembler f22:\\n\\trisbg\\t%r3,%r2,60,128\\\\+62,64-28\\n\\tlhi\\t%r2,0
FAIL: gcc.target/s390/risbg-ll-1.c scan-assembler f27:\\n\\trisbg\\t%r3,%r2,0,0\\\\+32-1,64-0-32\\n\\trisbg\\t%r2,%r3,55,128\\\\+52,5
FAIL: gcc.target/s390/risbg-ll-1.c scan-assembler f29:\\n\\trisbg\\t%r[23],%r3,0,128\\\\+13,49\\n\\tlr\\t%r[23],%r[32]\\n\\tsrlg\\t%r2,%r2
FAIL: gcc.target/s390/risbg-ll-1.c scan-assembler f31:\\n\\trisbg\\t%r[23],%r3,0,128\\\\+12,50\\n\\tlr\\t%r[23],%r[32]\\n\\tsrlg\\t%r2,%r2
FAIL: gcc.target/s390/risbg-ll-1.c scan-assembler f33:\\n\\trisbg\\t%r3,%r2,0,0\\\\+32-1,64-0-32\\n\\tsllg\\t%r2,%r3,10\\n\\tnill\\t%r2,58368
FAIL: gcc.target/s390/risbg-ll-1.c scan-assembler f37:\\n(\\t.*\\n)*\\trisbg\\t%r3,%r2,0,0\\\\+32-1,64-0-32\\n\\tsrlg\\t%r2,%r3,1\\n\\tng\\t%r2,
FAIL: gcc.target/s390/risbg-ll-1.c scan-assembler f38:\\n\\trisbg\\t%r3,%r2,0,0\\\\+32-1,64-0-32\\n\\tsrag\\t%r2,%r3,32\\n\\tsllg\\t%r2,%r2,5
FAIL: gcc.target/s390/risbg-ll-1.c scan-assembler f39:\\n\\trisbg\\t%r3,%r2,0,0\\\\+32-1,64-0-32\\n\\tlhi\\t%r2,0\\n\\tsrag\\t%r3,%r3,35\\n(\\t.*\\n)*\\trisbg\\t%r3,%r3,33,128\\\\+61,2
FAIL: gcc.target/s390/risbg-ll-1.c scan-assembler f40:\\n\\trisbg\\t%r3,%r2,0,0\\\\+32-1,64-0-32\\n\\tlhi\\t%r2,0\\n\\tsrag\\t%r3,%r3,36\\n(\\t.*\\n)*\\trisbg\\t%r3,%r3,33,128\\\\+61,2
FAIL: gcc.target/s390/risbg-ll-1.c scan-assembler f41:\\n\\trisbg\\t%r3,%r2,64-28,128\\\\+63,34\\\\+28\\n\\tlhi\\t%r2,0
FAIL: gcc.target/s390/risbg-ll-1.c scan-assembler f42:\\n\\tsllg\\t%r3,%r3,63\\n\\tlhi\\t%r2,0\\n\\tsrag\\t%r3,%r3,63\\n\\tllcr\\t%r3,%r3
FAIL: gcc.target/s390/risbg-ll-1.c scan-assembler f43:\\n\\trisbg\\t%r3,%r2,0,0\\\\+32-1,64-0-32\\n\\trisbg\\t%r2,%r3,32,128\\\\+61,64-12
FAIL: gcc.target/s390/risbg-ll-1.c scan-assembler f44:\\n\\tsrlg\\t%r2,%r3,12\\n\\tnilf\\t%r2,10
FAIL: gcc.target/s390/risbg-ll-1.c scan-assembler f6:\\n\\trisbg\\t%r3,%r2,0,0\\\\+32-1,64-0-32\\n\\trisbg\\t%r2,%r3,2,128\\\\+60,64-2
FAIL: gcc.target/s390/risbg-ll-1.c scan-assembler f8:\\n\\trisbg\\t%r3,%r2,0,0\\\\+32-1,64-0-32\\n\\tsrlg\\t%r2,%r3,2\\n\\tnill\\t%r2,65529
FAIL: gcc.target/s390/risbg-ll-2.c scan-assembler f2:\\n\\trisbg\\t%r3,%r2,0,0\\\\+32-1,64-0-32\\n(\\t.*\\n)*\\trisbg\\t%r[23],%r5,60,62,0
FAIL: gcc.target/s390/risbg-ll-2.c scan-assembler f3:\\n\\trisbg\\t%r2,%r3,64-4,63,\\\\(64-32\\\\)\\\\+4\\\\+20\\n\\tlgfr\\t%r2,%r2
FAIL: gcc.target/s390/risbg-ll-2.c scan-assembler f4:\\n(\\t.*\\n)*\\trisbg\\t%r5,%r5,64-4,128\\\\+63,\\\\(64-64\\\\)\\\\+52\\\\+4
FAIL: gcc.target/s390/risbg-ll-2.c scan-assembler f6:\\n\\trisbg\\t%r5,%r4,0,0\\\\+32-1,64-0-32\\n(\\t.*\\n)*\\trisbg\\t%r[23],%r5,0,64-10-1,10
FAIL: gcc.target/s390/risbg-ll-3.c scan-assembler f1:\\n\\trisbgn\\t%r3,%r2,0,0\\\\+32-1,64-0-32\\n\\trisbgn\\t%r3,%r5,60,62,0\\n
FAIL: gcc.target/s390/risbg-ll-3.c scan-assembler f2_cconly:\\n\\trisbgn\\t%r3,%r2,0,0\\\\+32-1,64-0-32\\n\\trisbg\\t%r3,%r5,60,62,0\\n\\tber\\t%r14\\n\\tjg\\tf2_bar\\n
FAIL: gcc.target/s390/stack-clash-2.c (internal compiler error)
FAIL: gcc.target/s390/stack-clash-2.c (test for excess errors)
UNRESOLVED: gcc.target/s390/stack-clash-2.c scan-assembler-times c\\t 5
FAIL: gcc.target/s390/stack-clash-3.c (internal compiler error)
FAIL: gcc.target/s390/stack-clash-3.c (test for excess errors)
UNRESOLVED: gcc.target/s390/stack-clash-3.c scan-assembler-times c\\t 5
FAIL: gcc.target/s390/target-attribute/tpragma-struct-vx-1.c (internal compiler error)
FAIL: gcc.target/s390/target-attribute/tpragma-struct-vx-1.c (test for excess errors)
UNRESOLVED: gcc.target/s390/target-attribute/tpragma-struct-vx-1.c compilation failed to produce executable
FAIL: gcc.target/s390/vector/align-1.c scan-assembler-times vl\\t%v[0-9]*,[0-9]*\\\\(%r[0-9]*\\\\),3\\n 1
FAIL: gcc.target/s390/vector/align-1.c scan-assembler-times vl\\t%v[0-9]*,[0-9]*\\\\(%r[0-9]*\\\\),4\\n 2
FAIL: gcc.target/s390/vector/align-1.c scan-assembler-times vst\\t%v[0-9]*,[0-9]*\\\\(%r[0-9]*\\\\),3\\n 1
FAIL: gcc.target/s390/vector/align-1.c scan-assembler-times vst\\t%v[0-9]*,[0-9]*\\\\(%r[0-9]*\\\\),4 2
FAIL: gcc.target/s390/vector/align-2.c scan-assembler-times vl\\t%v[0-9]*,[0-9]*\\\\(%r[0-9]*\\\\),3\\n 1
FAIL: gcc.target/s390/vector/align-2.c scan-assembler-times vl\\t%v[0-9]*,[0-9]*\\\\(%r[0-9]*\\\\),4\\n 2
FAIL: gcc.target/s390/vector/align-2.c scan-assembler-times vst\\t%v[0-9]*,[0-9]*\\\\(%r[0-9]*\\\\),3\\n 1
FAIL: gcc.target/s390/vector/align-2.c scan-assembler-times vst\\t%v[0-9]*,[0-9]*\\\\(%r[0-9]*\\\\),4 2
FAIL: gcc.target/s390/vector/vcond-shift.c (internal compiler error)
FAIL: gcc.target/s390/vector/vcond-shift.c (test for excess errors)
UNRESOLVED: gcc.target/s390/vector/vcond-shift.c scan-assembler-not vzero\\t*
UNRESOLVED: gcc.target/s390/vector/vcond-shift.c scan-assembler-times vesrab\\t%v.?,%v.?,7 6
UNRESOLVED: gcc.target/s390/vector/vcond-shift.c scan-assembler-times vesraf\\t%v.?,%v.?,31 6
UNRESOLVED: gcc.target/s390/vector/vcond-shift.c scan-assembler-times vesrah\\t%v.?,%v.?,15 6
UNRESOLVED: gcc.target/s390/vector/vcond-shift.c scan-assembler-times vesrlb\\t%v.?,%v.?,7 4
UNRESOLVED: gcc.target/s390/vector/vcond-shift.c scan-assembler-times vesrlf\\t%v.?,%v.?,31 4
UNRESOLVED: gcc.target/s390/vector/vcond-shift.c scan-assembler-times vesrlh\\t%v.?,%v.?,15 4
FAIL: gcc.target/s390/vector/vec-cmp-1.c (internal compiler error)
FAIL: gcc.target/s390/vector/vec-cmp-1.c (test for excess errors)
UNRESOLVED: gcc.target/s390/vector/vec-cmp-1.c scan-assembler-times vchlb 1
UNRESOLVED: gcc.target/s390/vector/vec-cmp-1.c scan-assembler-times vchlf 1
UNRESOLVED: gcc.target/s390/vector/vec-cmp-1.c scan-assembler-times vchlg 1
UNRESOLVED: gcc.target/s390/vector/vec-cmp-1.c scan-assembler-times vchlh 1
FAIL: gcc.target/s390/vector/vec-cmp-2.c (internal compiler error)
FAIL: gcc.target/s390/vector/vec-cmp-2.c (test for excess errors)
UNRESOLVED: gcc.target/s390/vector/vec-cmp-2.c scan-assembler-times vchb 1
UNRESOLVED: gcc.target/s390/vector/vec-cmp-2.c scan-assembler-times vchf 1
UNRESOLVED: gcc.target/s390/vector/vec-cmp-2.c scan-assembler-times vchg 1
UNRESOLVED: gcc.target/s390/vector/vec-cmp-2.c scan-assembler-times vchh 1
FAIL: gcc.target/s390/vector/vec-init-1.c (internal compiler error)
FAIL: gcc.target/s390/vector/vec-init-1.c (test for excess errors)
UNRESOLVED: gcc.target/s390/vector/vec-init-1.c scan-assembler-times vgbm\\t%v.*,21450 1
UNRESOLVED: gcc.target/s390/vector/vec-init-1.c scan-assembler-times vgmf\\t%v.*,16,24 1
UNRESOLVED: gcc.target/s390/vector/vec-init-1.c scan-assembler-times vgmf\\t%v.*,28,3 1
UNRESOLVED: gcc.target/s390/vector/vec-init-1.c scan-assembler-times vgmf\\t%v.*,31,31 1
UNRESOLVED: gcc.target/s390/vector/vec-init-1.c scan-assembler-times vlrepf 1
UNRESOLVED: gcc.target/s390/vector/vec-init-1.c scan-assembler-times vone 1
UNRESOLVED: gcc.target/s390/vector/vec-init-1.c scan-assembler-times vrepf 1
UNRESOLVED: gcc.target/s390/vector/vec-init-1.c scan-assembler-times vzero 1
FAIL: gcc.target/s390/vector/vec-vcond-1.c (internal compiler error)
FAIL: gcc.target/s390/vector/vec-vcond-1.c (test for excess errors)
FAIL: gcc.target/s390/zvector/autovec-double-quiet-eq.c (internal compiler error)
FAIL: gcc.target/s390/zvector/autovec-double-quiet-eq.c (test for excess errors)
UNRESOLVED: gcc.target/s390/zvector/autovec-double-quiet-eq.c scan-assembler \\\\n\\\\tvfcedb\\\\t
FAIL: gcc.target/s390/zvector/autovec-double-quiet-ge.c (internal compiler error)
FAIL: gcc.target/s390/zvector/autovec-double-quiet-ge.c (test for excess errors)
UNRESOLVED: gcc.target/s390/zvector/autovec-double-quiet-ge.c scan-assembler \\\\n\\\\tvfchedb\\\\t
FAIL: gcc.target/s390/zvector/autovec-double-quiet-gt.c (internal compiler error)
FAIL: gcc.target/s390/zvector/autovec-double-quiet-gt.c (test for excess errors)
UNRESOLVED: gcc.target/s390/zvector/autovec-double-quiet-gt.c scan-assembler \\\\n\\\\tvfchdb\\\\t
FAIL: gcc.target/s390/zvector/autovec-double-quiet-le.c (internal compiler error)
FAIL: gcc.target/s390/zvector/autovec-double-quiet-le.c (test for excess errors)
UNRESOLVED: gcc.target/s390/zvector/autovec-double-quiet-le.c scan-assembler \\\\n\\\\tvfchedb\\\\t
FAIL: gcc.target/s390/zvector/autovec-double-quiet-lt.c (internal compiler error)
FAIL: gcc.target/s390/zvector/autovec-double-quiet-lt.c (test for excess errors)
UNRESOLVED: gcc.target/s390/zvector/autovec-double-quiet-lt.c scan-assembler \\\\n\\\\tvfchdb\\\\t
FAIL: gcc.target/s390/zvector/autovec-double-quiet-ordered.c (internal compiler error)
FAIL: gcc.target/s390/zvector/autovec-double-quiet-ordered.c (test for excess errors)
UNRESOLVED: gcc.target/s390/zvector/autovec-double-quiet-ordered.c scan-assembler \\\\n\\\\tvfchdb\\\\t
UNRESOLVED: gcc.target/s390/zvector/autovec-double-quiet-ordered.c scan-assembler \\\\n\\\\tvfchedb\\\\t
UNRESOLVED: gcc.target/s390/zvector/autovec-double-quiet-ordered.c scan-assembler \\\\n\\\\tvo\\\\t
FAIL: gcc.target/s390/zvector/autovec-double-quiet-uneq.c (internal compiler error)
FAIL: gcc.target/s390/zvector/autovec-double-quiet-uneq.c (test for excess errors)
UNRESOLVED: gcc.target/s390/zvector/autovec-double-quiet-uneq.c scan-assembler \\\\n\\\\tvo\\\\t
UNRESOLVED: gcc.target/s390/zvector/autovec-double-quiet-uneq.c scan-assembler \\\\n\\\\tvx\\\\t
UNRESOLVED: gcc.target/s390/zvector/autovec-double-quiet-uneq.c scan-assembler-times \\\\n\\\\tvfchdb\\\\t 2
FAIL: gcc.target/s390/zvector/autovec-double-quiet-unordered.c (internal compiler error)
FAIL: gcc.target/s390/zvector/autovec-double-quiet-unordered.c (test for excess errors)
UNRESOLVED: gcc.target/s390/zvector/autovec-double-quiet-unordered.c scan-assembler \\\\n\\\\tvfchdb\\\\t
UNRESOLVED: gcc.target/s390/zvector/autovec-double-quiet-unordered.c scan-assembler \\\\n\\\\tvfchedb\\\\t
UNRESOLVED: gcc.target/s390/zvector/autovec-double-quiet-unordered.c scan-assembler \\\\n\\\\tvo\\\\t
FAIL: gcc.target/s390/zvector/autovec-double-signaling-eq-z13-finite.c (internal compiler error)
FAIL: gcc.target/s390/zvector/autovec-double-signaling-eq-z13-finite.c (test for excess errors)
UNRESOLVED: gcc.target/s390/zvector/autovec-double-signaling-eq-z13-finite.c scan-assembler \\\\n\\\\tvfcedb\\\\t
FAIL: gcc.target/s390/zvector/autovec-double-signaling-eq.c (internal compiler error)
FAIL: gcc.target/s390/zvector/autovec-double-signaling-eq.c (test for excess errors)
UNRESOLVED: gcc.target/s390/zvector/autovec-double-signaling-eq.c scan-assembler \\\\n\\\\tvfcedb\\\\t
UNRESOLVED: gcc.target/s390/zvector/autovec-double-signaling-eq.c scan-assembler \\\\n\\\\tvfkhedb\\\\t
FAIL: gcc.target/s390/zvector/autovec-double-signaling-ge-z13-finite.c (internal compiler error)
FAIL: gcc.target/s390/zvector/autovec-double-signaling-ge-z13-finite.c (test for excess errors)
UNRESOLVED: gcc.target/s390/zvector/autovec-double-signaling-ge-z13-finite.c scan-assembler \\\\n\\\\tvfchedb\\\\t
FAIL: gcc.target/s390/zvector/autovec-double-signaling-ge.c (internal compiler error)
FAIL: gcc.target/s390/zvector/autovec-double-signaling-ge.c (test for excess errors)
UNRESOLVED: gcc.target/s390/zvector/autovec-double-signaling-ge.c scan-assembler \\\\n\\\\tvfkhedb\\\\t
FAIL: gcc.target/s390/zvector/autovec-double-signaling-gt-z13-finite.c (internal compiler error)
FAIL: gcc.target/s390/zvector/autovec-double-signaling-gt-z13-finite.c (test for excess errors)
UNRESOLVED: gcc.target/s390/zvector/autovec-double-signaling-gt-z13-finite.c scan-assembler \\\\n\\\\tvfchdb\\\\t
FAIL: gcc.target/s390/zvector/autovec-double-signaling-gt.c (internal compiler error)
FAIL: gcc.target/s390/zvector/autovec-double-signaling-gt.c (test for excess errors)
UNRESOLVED: gcc.target/s390/zvector/autovec-double-signaling-gt.c scan-assembler \\\\n\\\\tvfkhdb\\\\t
FAIL: gcc.target/s390/zvector/autovec-double-signaling-le-z13-finite.c (internal compiler error)
FAIL: gcc.target/s390/zvector/autovec-double-signaling-le-z13-finite.c (test for excess errors)
UNRESOLVED: gcc.target/s390/zvector/autovec-double-signaling-le-z13-finite.c scan-assembler \\\\n\\\\tvfchedb\\\\t
FAIL: gcc.target/s390/zvector/autovec-double-signaling-le.c (internal compiler error)
FAIL: gcc.target/s390/zvector/autovec-double-signaling-le.c (test for excess errors)
UNRESOLVED: gcc.target/s390/zvector/autovec-double-signaling-le.c scan-assembler \\\\n\\\\tvfkhedb\\\\t
FAIL: gcc.target/s390/zvector/autovec-double-signaling-lt-z13-finite.c (internal compiler error)
FAIL: gcc.target/s390/zvector/autovec-double-signaling-lt-z13-finite.c (test for excess errors)
UNRESOLVED: gcc.target/s390/zvector/autovec-double-signaling-lt-z13-finite.c scan-assembler \\\\n\\\\tvfchdb\\\\t
FAIL: gcc.target/s390/zvector/autovec-double-signaling-lt.c (internal compiler error)
FAIL: gcc.target/s390/zvector/autovec-double-signaling-lt.c (test for excess errors)
UNRESOLVED: gcc.target/s390/zvector/autovec-double-signaling-lt.c scan-assembler \\\\n\\\\tvfkhdb\\\\t
FAIL: gcc.target/s390/zvector/autovec-double-signaling-ltgt-z13-finite.c (internal compiler error)
FAIL: gcc.target/s390/zvector/autovec-double-signaling-ltgt-z13-finite.c (test for excess errors)
UNRESOLVED: gcc.target/s390/zvector/autovec-double-signaling-ltgt-z13-finite.c scan-assembler \\\\n\\\\tvfcedb\\\\t
FAIL: gcc.target/s390/zvector/autovec-double-signaling-ltgt.c (internal compiler error)
FAIL: gcc.target/s390/zvector/autovec-double-signaling-ltgt.c (test for excess errors)
UNRESOLVED: gcc.target/s390/zvector/autovec-double-signaling-ltgt.c scan-assembler \\\\n\\\\tvo\\\\t
UNRESOLVED: gcc.target/s390/zvector/autovec-double-signaling-ltgt.c scan-assembler-times \\\\n\\\\tvfkhdb\\\\t 2
FAIL: gcc.target/s390/zvector/autovec-float-quiet-eq.c (internal compiler error)
FAIL: gcc.target/s390/zvector/autovec-float-quiet-eq.c (test for excess errors)
UNRESOLVED: gcc.target/s390/zvector/autovec-float-quiet-eq.c scan-assembler \\\\n\\\\tvfcesb\\\\t
FAIL: gcc.target/s390/zvector/autovec-float-quiet-ge.c (internal compiler error)
FAIL: gcc.target/s390/zvector/autovec-float-quiet-ge.c (test for excess errors)
UNRESOLVED: gcc.target/s390/zvector/autovec-float-quiet-ge.c scan-assembler \\\\n\\\\tvfchesb\\\\t
FAIL: gcc.target/s390/zvector/autovec-float-quiet-gt.c (internal compiler error)
FAIL: gcc.target/s390/zvector/autovec-float-quiet-gt.c (test for excess errors)
UNRESOLVED: gcc.target/s390/zvector/autovec-float-quiet-gt.c scan-assembler \\\\n\\\\tvfchsb\\\\t
FAIL: gcc.target/s390/zvector/autovec-float-quiet-le.c (internal compiler error)
FAIL: gcc.target/s390/zvector/autovec-float-quiet-le.c (test for excess errors)
UNRESOLVED: gcc.target/s390/zvector/autovec-float-quiet-le.c scan-assembler \\\\n\\\\tvfchesb\\\\t
FAIL: gcc.target/s390/zvector/autovec-float-quiet-lt.c (internal compiler error)
FAIL: gcc.target/s390/zvector/autovec-float-quiet-lt.c (test for excess errors)
UNRESOLVED: gcc.target/s390/zvector/autovec-float-quiet-lt.c scan-assembler \\\\n\\\\tvfchsb\\\\t
FAIL: gcc.target/s390/zvector/autovec-float-quiet-ordered.c (internal compiler error)
FAIL: gcc.target/s390/zvector/autovec-float-quiet-ordered.c (test for excess errors)
UNRESOLVED: gcc.target/s390/zvector/autovec-float-quiet-ordered.c scan-assembler \\\\n\\\\tvfchesb\\\\t
UNRESOLVED: gcc.target/s390/zvector/autovec-float-quiet-ordered.c scan-assembler \\\\n\\\\tvfchsb\\\\t
UNRESOLVED: gcc.target/s390/zvector/autovec-float-quiet-ordered.c scan-assembler \\\\n\\\\tvo\\\\t
FAIL: gcc.target/s390/zvector/autovec-float-quiet-uneq.c (internal compiler error)
FAIL: gcc.target/s390/zvector/autovec-float-quiet-uneq.c (test for excess errors)
UNRESOLVED: gcc.target/s390/zvector/autovec-float-quiet-uneq.c scan-assembler \\\\n\\\\tvo\\\\t
UNRESOLVED: gcc.target/s390/zvector/autovec-float-quiet-uneq.c scan-assembler \\\\n\\\\tvx\\\\t
UNRESOLVED: gcc.target/s390/zvector/autovec-float-quiet-uneq.c scan-assembler-times \\\\n\\\\tvfchsb\\\\t 2
FAIL: gcc.target/s390/zvector/autovec-float-quiet-unordered.c (internal compiler error)
FAIL: gcc.target/s390/zvector/autovec-float-quiet-unordered.c (test for excess errors)
UNRESOLVED: gcc.target/s390/zvector/autovec-float-quiet-unordered.c scan-assembler \\\\n\\\\tvfchesb\\\\t
UNRESOLVED: gcc.target/s390/zvector/autovec-float-quiet-unordered.c scan-assembler \\\\n\\\\tvfchsb\\\\t
UNRESOLVED: gcc.target/s390/zvector/autovec-float-quiet-unordered.c scan-assembler \\\\n\\\\tvo\\\\t
FAIL: gcc.target/s390/zvector/autovec-float-signaling-eq.c (internal compiler error)
FAIL: gcc.target/s390/zvector/autovec-float-signaling-eq.c (test for excess errors)
UNRESOLVED: gcc.target/s390/zvector/autovec-float-signaling-eq.c scan-assembler \\\\n\\\\tvfcesb\\\\t
UNRESOLVED: gcc.target/s390/zvector/autovec-float-signaling-eq.c scan-assembler \\\\n\\\\tvfkhesb\\\\t
FAIL: gcc.target/s390/zvector/autovec-float-signaling-ge.c (internal compiler error)
FAIL: gcc.target/s390/zvector/autovec-float-signaling-ge.c (test for excess errors)
UNRESOLVED: gcc.target/s390/zvector/autovec-float-signaling-ge.c scan-assembler \\\\n\\\\tvfkhesb\\\\t
FAIL: gcc.target/s390/zvector/autovec-float-signaling-gt.c (internal compiler error)
FAIL: gcc.target/s390/zvector/autovec-float-signaling-gt.c (test for excess errors)
UNRESOLVED: gcc.target/s390/zvector/autovec-float-signaling-gt.c scan-assembler \\\\n\\\\tvfkhsb\\\\t
FAIL: gcc.target/s390/zvector/autovec-float-signaling-le.c (internal compiler error)
FAIL: gcc.target/s390/zvector/autovec-float-signaling-le.c (test for excess errors)
UNRESOLVED: gcc.target/s390/zvector/autovec-float-signaling-le.c scan-assembler \\\\n\\\\tvfkhesb\\\\t
FAIL: gcc.target/s390/zvector/autovec-float-signaling-lt.c (internal compiler error)
FAIL: gcc.target/s390/zvector/autovec-float-signaling-lt.c (test for excess errors)
UNRESOLVED: gcc.target/s390/zvector/autovec-float-signaling-lt.c scan-assembler \\\\n\\\\tvfkhsb\\\\t
FAIL: gcc.target/s390/zvector/autovec-float-signaling-ltgt.c (internal compiler error)
FAIL: gcc.target/s390/zvector/autovec-float-signaling-ltgt.c (test for excess errors)
UNRESOLVED: gcc.target/s390/zvector/autovec-float-signaling-ltgt.c scan-assembler \\\\n\\\\tvo\\\\t
UNRESOLVED: gcc.target/s390/zvector/autovec-float-signaling-ltgt.c scan-assembler-times \\\\n\\\\tvfkhsb\\\\t 2
=== gcc Summary for unix/-m31 ===
# of expected passes 141916
# of unexpected failures 633
# of unexpected successes 34
# of expected failures 729
# of unresolved testcases 189
# of unsupported tests 3475
Running target unix/-m64
FAIL: gcc.c-torture/execute/alias-2.c -O1 execution test
FAIL: gcc.c-torture/execute/alias-2.c -O2 execution test
FAIL: gcc.c-torture/execute/alias-2.c -O2 -flto -fno-use-linker-plugin -flto-partition=none execution test
FAIL: gcc.c-torture/execute/alias-2.c -O3 -g execution test
FAIL: gcc.c-torture/execute/alias-2.c -Os execution test
FAIL: c-c++-common/Wattributes.c -Wc++-compat (test for errors, line 404)
FAIL: gcc.dg/Wattributes-6.c (test for errors, line 404)
FAIL: gcc.dg/builtin-bswap-7.c scan-rtl-dump-not combine "bswapdi"
FAIL: gcc.dg/gimplefe-41.c (internal compiler error)
FAIL: gcc.dg/gimplefe-41.c (test for excess errors)
FAIL: gcc.dg/loop-9.c scan-rtl-dump loop2_invariant "Decided"
FAIL: gcc.dg/loop-9.c scan-rtl-dump loop2_invariant "without introducing a new temporary register"
FAIL: gcc.dg/pr84877.c execution test
FAIL: gcc.dg/pr90263.c scan-assembler memcpy
FAIL: gcc.dg/pr93210.c scan-tree-dump-times optimized "return [0-9][0-9a-fA-FxX]*;" 31
FAIL: gcc.dg/pr94780.c (internal compiler error)
FAIL: gcc.dg/pr94780.c (test for excess errors)
FAIL: gcc.dg/pr94842.c (internal compiler error)
FAIL: gcc.dg/pr94842.c (test for excess errors)
XPASS: gcc.dg/graphite/pr69728.c scan-tree-dump graphite "loop nest optimized"
FAIL: gcc.dg/graphite/vect-pr43423.c (internal compiler error)
FAIL: gcc.dg/graphite/vect-pr43423.c (test for excess errors)
XPASS: gcc.dg/guality/example.c -O0 execution test
XPASS: gcc.dg/guality/example.c -O1 -DPREVENT_OPTIMIZATION execution test
XPASS: gcc.dg/guality/example.c -Og -DPREVENT_OPTIMIZATION execution test
XPASS: gcc.dg/guality/guality.c -O0 execution test
XPASS: gcc.dg/guality/guality.c -O1 -DPREVENT_OPTIMIZATION execution test
XPASS: gcc.dg/guality/guality.c -O2 -DPREVENT_OPTIMIZATION execution test
XPASS: gcc.dg/guality/guality.c -O2 -flto -fno-use-linker-plugin -flto-partition=none -DPREVENT_OPTIMIZATION execution test
XPASS: gcc.dg/guality/guality.c -O2 -flto -fuse-linker-plugin -fno-fat-lto-objects -DPREVENT_OPTIMIZATION execution test
XPASS: gcc.dg/guality/guality.c -O3 -g -DPREVENT_OPTIMIZATION execution test
XPASS: gcc.dg/guality/guality.c -Os -DPREVENT_OPTIMIZATION execution test
XPASS: gcc.dg/guality/guality.c -Og -DPREVENT_OPTIMIZATION execution test
XPASS: gcc.dg/guality/inline-params.c -O2 -DPREVENT_OPTIMIZATION execution test
XPASS: gcc.dg/guality/inline-params.c -O2 -flto -fno-use-linker-plugin -flto-partition=none -DPREVENT_OPTIMIZATION execution test
XPASS: gcc.dg/guality/inline-params.c -O2 -flto -fuse-linker-plugin -fno-fat-lto-objects -DPREVENT_OPTIMIZATION execution test
XPASS: gcc.dg/guality/inline-params.c -O3 -g -DPREVENT_OPTIMIZATION execution test
XPASS: gcc.dg/guality/inline-params.c -Os -DPREVENT_OPTIMIZATION execution test
FAIL: gcc.dg/guality/loop-1.c -O3 -fomit-frame-pointer -funroll-loops -fpeel-loops -ftracer -finline-functions -DPREVENT_OPTIMIZATION line 20 i == 1
FAIL: gcc.dg/guality/pr36728-1.c -O2 -flto -fuse-linker-plugin -fno-fat-lto-objects -DPREVENT_OPTIMIZATION line 16 y == 2
FAIL: gcc.dg/guality/pr36728-2.c -O2 -flto -fuse-linker-plugin -fno-fat-lto-objects -DPREVENT_OPTIMIZATION line 16 arg3 == 3
FAIL: gcc.dg/guality/pr36728-2.c -O2 -flto -fuse-linker-plugin -fno-fat-lto-objects -DPREVENT_OPTIMIZATION line 16 arg4 == 4
FAIL: gcc.dg/guality/pr36728-2.c -O2 -flto -fuse-linker-plugin -fno-fat-lto-objects -DPREVENT_OPTIMIZATION line 16 arg5 == 5
FAIL: gcc.dg/guality/pr36728-2.c -O2 -flto -fuse-linker-plugin -fno-fat-lto-objects -DPREVENT_OPTIMIZATION line 16 arg6 == 6
FAIL: gcc.dg/guality/pr36728-2.c -O2 -flto -fuse-linker-plugin -fno-fat-lto-objects -DPREVENT_OPTIMIZATION line 16 arg7 == 30
FAIL: gcc.dg/guality/pr36728-2.c -O2 -flto -fuse-linker-plugin -fno-fat-lto-objects -DPREVENT_OPTIMIZATION line 18 arg3 == 3
FAIL: gcc.dg/guality/pr36728-2.c -O2 -flto -fuse-linker-plugin -fno-fat-lto-objects -DPREVENT_OPTIMIZATION line 18 arg4 == 4
FAIL: gcc.dg/guality/pr36728-2.c -O2 -flto -fuse-linker-plugin -fno-fat-lto-objects -DPREVENT_OPTIMIZATION line 18 arg5 == 5
FAIL: gcc.dg/guality/pr36728-2.c -O2 -flto -fuse-linker-plugin -fno-fat-lto-objects -DPREVENT_OPTIMIZATION line 18 arg6 == 6
FAIL: gcc.dg/guality/pr36728-2.c -O2 -flto -fuse-linker-plugin -fno-fat-lto-objects -DPREVENT_OPTIMIZATION line 18 arg7 == 30
FAIL: gcc.dg/guality/pr36728-2.c -O3 -g -DPREVENT_OPTIMIZATION line 16 arg3 == 3
FAIL: gcc.dg/guality/pr36728-2.c -O3 -g -DPREVENT_OPTIMIZATION line 16 arg4 == 4
FAIL: gcc.dg/guality/pr36728-2.c -O3 -g -DPREVENT_OPTIMIZATION line 16 arg5 == 5
FAIL: gcc.dg/guality/pr36728-2.c -O3 -g -DPREVENT_OPTIMIZATION line 16 arg6 == 6
FAIL: gcc.dg/guality/pr36728-2.c -O3 -g -DPREVENT_OPTIMIZATION line 16 arg7 == 30
FAIL: gcc.dg/guality/pr36728-2.c -O3 -g -DPREVENT_OPTIMIZATION line 18 arg3 == 3
FAIL: gcc.dg/guality/pr36728-2.c -O3 -g -DPREVENT_OPTIMIZATION line 18 arg4 == 4
FAIL: gcc.dg/guality/pr36728-2.c -O3 -g -DPREVENT_OPTIMIZATION line 18 arg5 == 5
FAIL: gcc.dg/guality/pr36728-2.c -O3 -g -DPREVENT_OPTIMIZATION line 18 arg6 == 6
FAIL: gcc.dg/guality/pr36728-2.c -O3 -g -DPREVENT_OPTIMIZATION line 18 arg7 == 30
XPASS: gcc.dg/guality/pr41353-1.c -O0 line 28 j == 28 + 37
FAIL: gcc.dg/guality/pr41353-1.c -Og -DPREVENT_OPTIMIZATION line 28 i == 37
FAIL: gcc.dg/guality/pr41353-1.c -Og -DPREVENT_OPTIMIZATION line 28 i1 == 2 * 37
FAIL: gcc.dg/guality/pr41353-1.c -Og -DPREVENT_OPTIMIZATION line 28 i2 == 3 * 37
XPASS: gcc.dg/guality/pr41353-1.c -Og -DPREVENT_OPTIMIZATION line 28 j == 28 + 37
FAIL: gcc.dg/guality/pr41616-1.c -O2 -DPREVENT_OPTIMIZATION execution test
FAIL: gcc.dg/guality/pr41616-1.c -O2 -flto -fno-use-linker-plugin -flto-partition=none -DPREVENT_OPTIMIZATION execution test
FAIL: gcc.dg/guality/pr41616-1.c -O2 -flto -fuse-linker-plugin -fno-fat-lto-objects -DPREVENT_OPTIMIZATION execution test
FAIL: gcc.dg/guality/pr41616-1.c -O3 -g -DPREVENT_OPTIMIZATION execution test
FAIL: gcc.dg/guality/pr43051-1.c -O1 -DPREVENT_OPTIMIZATION line 35 v == 1
FAIL: gcc.dg/guality/pr43051-1.c -O1 -DPREVENT_OPTIMIZATION line 40 v == 1
FAIL: gcc.dg/guality/pr43051-1.c -O2 -DPREVENT_OPTIMIZATION line 35 v == 1
FAIL: gcc.dg/guality/pr43051-1.c -O2 -DPREVENT_OPTIMIZATION line 40 v == 1
FAIL: gcc.dg/guality/pr43051-1.c -O2 -flto -fno-use-linker-plugin -flto-partition=none -DPREVENT_OPTIMIZATION line 35 v == 1
FAIL: gcc.dg/guality/pr43051-1.c -O2 -flto -fno-use-linker-plugin -flto-partition=none -DPREVENT_OPTIMIZATION line 40 v == 1
FAIL: gcc.dg/guality/pr43051-1.c -O2 -flto -fuse-linker-plugin -fno-fat-lto-objects -DPREVENT_OPTIMIZATION line 35 v == 1
FAIL: gcc.dg/guality/pr43051-1.c -O2 -flto -fuse-linker-plugin -fno-fat-lto-objects -DPREVENT_OPTIMIZATION line 40 v == 1
FAIL: gcc.dg/guality/pr43051-1.c -O3 -fomit-frame-pointer -funroll-loops -fpeel-loops -ftracer -finline-functions -DPREVENT_OPTIMIZATION line 35 v == 1
FAIL: gcc.dg/guality/pr43051-1.c -O3 -fomit-frame-pointer -funroll-loops -fpeel-loops -ftracer -finline-functions -DPREVENT_OPTIMIZATION line 40 v == 1
FAIL: gcc.dg/guality/pr43051-1.c -O3 -g -DPREVENT_OPTIMIZATION line 35 v == 1
FAIL: gcc.dg/guality/pr43051-1.c -O3 -g -DPREVENT_OPTIMIZATION line 40 v == 1
FAIL: gcc.dg/guality/pr43051-1.c -Os -DPREVENT_OPTIMIZATION line 35 v == 1
FAIL: gcc.dg/guality/pr43051-1.c -Os -DPREVENT_OPTIMIZATION line 40 v == 1
FAIL: gcc.dg/guality/pr43051-1.c -Og -DPREVENT_OPTIMIZATION line 35 v == 1
FAIL: gcc.dg/guality/pr43051-1.c -Og -DPREVENT_OPTIMIZATION line 40 v == 1
FAIL: gcc.dg/guality/pr43077-1.c -O0 line 42 b == 2
FAIL: gcc.dg/guality/pr43077-1.c -O0 line 42 c == 3
FAIL: gcc.dg/guality/pr43077-1.c -O0 line 42 varb == 2
FAIL: gcc.dg/guality/pr43077-1.c -O0 line 42 varc == 3
FAIL: gcc.dg/guality/pr43077-1.c -O1 -DPREVENT_OPTIMIZATION line 42 b == 2
FAIL: gcc.dg/guality/pr43077-1.c -O1 -DPREVENT_OPTIMIZATION line 42 c == 3
FAIL: gcc.dg/guality/pr43077-1.c -O1 -DPREVENT_OPTIMIZATION line 42 varb == 2
FAIL: gcc.dg/guality/pr43077-1.c -O1 -DPREVENT_OPTIMIZATION line 42 varc == 3
FAIL: gcc.dg/guality/pr43077-1.c -O2 -DPREVENT_OPTIMIZATION line 42 b == 2
FAIL: gcc.dg/guality/pr43077-1.c -O2 -DPREVENT_OPTIMIZATION line 42 c == 3
FAIL: gcc.dg/guality/pr43077-1.c -O2 -DPREVENT_OPTIMIZATION line 42 varb == 2
FAIL: gcc.dg/guality/pr43077-1.c -O2 -DPREVENT_OPTIMIZATION line 42 varc == 3
FAIL: gcc.dg/guality/pr43077-1.c -O2 -flto -fno-use-linker-plugin -flto-partition=none -DPREVENT_OPTIMIZATION line 42 b == 2
FAIL: gcc.dg/guality/pr43077-1.c -O2 -flto -fno-use-linker-plugin -flto-partition=none -DPREVENT_OPTIMIZATION line 42 c == 3
FAIL: gcc.dg/guality/pr43077-1.c -O2 -flto -fno-use-linker-plugin -flto-partition=none -DPREVENT_OPTIMIZATION line 42 varb == 2
FAIL: gcc.dg/guality/pr43077-1.c -O2 -flto -fno-use-linker-plugin -flto-partition=none -DPREVENT_OPTIMIZATION line 42 varc == 3
FAIL: gcc.dg/guality/pr43077-1.c -O2 -flto -fuse-linker-plugin -fno-fat-lto-objects -DPREVENT_OPTIMIZATION line 42 b == 2
FAIL: gcc.dg/guality/pr43077-1.c -O2 -flto -fuse-linker-plugin -fno-fat-lto-objects -DPREVENT_OPTIMIZATION line 42 c == 3
FAIL: gcc.dg/guality/pr43077-1.c -O2 -flto -fuse-linker-plugin -fno-fat-lto-objects -DPREVENT_OPTIMIZATION line 42 varb == 2
FAIL: gcc.dg/guality/pr43077-1.c -O2 -flto -fuse-linker-plugin -fno-fat-lto-objects -DPREVENT_OPTIMIZATION line 42 varc == 3
FAIL: gcc.dg/guality/pr43077-1.c -O3 -g -DPREVENT_OPTIMIZATION line 42 b == 2
FAIL: gcc.dg/guality/pr43077-1.c -O3 -g -DPREVENT_OPTIMIZATION line 42 c == 3
FAIL: gcc.dg/guality/pr43077-1.c -O3 -g -DPREVENT_OPTIMIZATION line 42 varb == 2
FAIL: gcc.dg/guality/pr43077-1.c -O3 -g -DPREVENT_OPTIMIZATION line 42 varc == 3
FAIL: gcc.dg/guality/pr43077-1.c -Os -DPREVENT_OPTIMIZATION line 42 b == 2
FAIL: gcc.dg/guality/pr43077-1.c -Os -DPREVENT_OPTIMIZATION line 42 c == 3
FAIL: gcc.dg/guality/pr43077-1.c -Os -DPREVENT_OPTIMIZATION line 42 varb == 2
FAIL: gcc.dg/guality/pr43077-1.c -Os -DPREVENT_OPTIMIZATION line 42 varc == 3
FAIL: gcc.dg/guality/pr43077-1.c -Og -DPREVENT_OPTIMIZATION line 42 b == 2
FAIL: gcc.dg/guality/pr43077-1.c -Og -DPREVENT_OPTIMIZATION line 42 c == 3
FAIL: gcc.dg/guality/pr43077-1.c -Og -DPREVENT_OPTIMIZATION line 42 varb == 2
FAIL: gcc.dg/guality/pr43077-1.c -Og -DPREVENT_OPTIMIZATION line 42 varc == 3
FAIL: gcc.dg/guality/pr54519-1.c -O1 -DPREVENT_OPTIMIZATION line 20 x == 36
FAIL: gcc.dg/guality/pr54519-1.c -O1 -DPREVENT_OPTIMIZATION line 20 y == 25
FAIL: gcc.dg/guality/pr54519-1.c -O1 -DPREVENT_OPTIMIZATION line 23 x == 98
FAIL: gcc.dg/guality/pr54519-1.c -O1 -DPREVENT_OPTIMIZATION line 23 y == 117
FAIL: gcc.dg/guality/pr54519-1.c -O2 -DPREVENT_OPTIMIZATION line 20 x == 36
FAIL: gcc.dg/guality/pr54519-1.c -O2 -DPREVENT_OPTIMIZATION line 23 x == 98
FAIL: gcc.dg/guality/pr54519-1.c -O2 -flto -fno-use-linker-plugin -flto-partition=none -DPREVENT_OPTIMIZATION line 20 x == 36
FAIL: gcc.dg/guality/pr54519-1.c -O2 -flto -fno-use-linker-plugin -flto-partition=none -DPREVENT_OPTIMIZATION line 20 y == 25
FAIL: gcc.dg/guality/pr54519-1.c -O2 -flto -fno-use-linker-plugin -flto-partition=none -DPREVENT_OPTIMIZATION line 20 z == 6
FAIL: gcc.dg/guality/pr54519-1.c -O2 -flto -fno-use-linker-plugin -flto-partition=none -DPREVENT_OPTIMIZATION line 23 x == 98
FAIL: gcc.dg/guality/pr54519-1.c -O2 -flto -fno-use-linker-plugin -flto-partition=none -DPREVENT_OPTIMIZATION line 23 y == 117
FAIL: gcc.dg/guality/pr54519-1.c -O2 -flto -fno-use-linker-plugin -flto-partition=none -DPREVENT_OPTIMIZATION line 23 z == 8
FAIL: gcc.dg/guality/pr54519-1.c -O2 -flto -fuse-linker-plugin -fno-fat-lto-objects -DPREVENT_OPTIMIZATION line 20 y == 25
FAIL: gcc.dg/guality/pr54519-1.c -O2 -flto -fuse-linker-plugin -fno-fat-lto-objects -DPREVENT_OPTIMIZATION line 20 z == 6
FAIL: gcc.dg/guality/pr54519-1.c -O2 -flto -fuse-linker-plugin -fno-fat-lto-objects -DPREVENT_OPTIMIZATION line 23 y == 117
FAIL: gcc.dg/guality/pr54519-1.c -O2 -flto -fuse-linker-plugin -fno-fat-lto-objects -DPREVENT_OPTIMIZATION line 23 z == 8
FAIL: gcc.dg/guality/pr54519-1.c -Os -DPREVENT_OPTIMIZATION line 20 x == 36
FAIL: gcc.dg/guality/pr54519-1.c -Os -DPREVENT_OPTIMIZATION line 23 x == 98
FAIL: gcc.dg/guality/pr54519-1.c -Og -DPREVENT_OPTIMIZATION line 20 x == 36
FAIL: gcc.dg/guality/pr54519-1.c -Og -DPREVENT_OPTIMIZATION line 20 y == 25
FAIL: gcc.dg/guality/pr54519-1.c -Og -DPREVENT_OPTIMIZATION line 23 x == 98
FAIL: gcc.dg/guality/pr54519-1.c -Og -DPREVENT_OPTIMIZATION line 23 y == 117
FAIL: gcc.dg/guality/pr54519-2.c -O1 -DPREVENT_OPTIMIZATION line 17 x == 6
FAIL: gcc.dg/guality/pr54519-2.c -O2 -flto -fno-use-linker-plugin -flto-partition=none -DPREVENT_OPTIMIZATION line 17 y == 25
FAIL: gcc.dg/guality/pr54519-2.c -O2 -flto -fuse-linker-plugin -fno-fat-lto-objects -DPREVENT_OPTIMIZATION line 17 y == 25
FAIL: gcc.dg/guality/pr54519-2.c -Og -DPREVENT_OPTIMIZATION line 17 x == 6
FAIL: gcc.dg/guality/pr54519-3.c -O2 -DPREVENT_OPTIMIZATION line 23 z == 8
FAIL: gcc.dg/guality/pr54519-3.c -O2 -flto -fno-use-linker-plugin -flto-partition=none -DPREVENT_OPTIMIZATION line 23 y == 117
FAIL: gcc.dg/guality/pr54519-3.c -O2 -flto -fno-use-linker-plugin -flto-partition=none -DPREVENT_OPTIMIZATION line 23 z == 8
FAIL: gcc.dg/guality/pr54519-3.c -O2 -flto -fuse-linker-plugin -fno-fat-lto-objects -DPREVENT_OPTIMIZATION line 23 y == 117
FAIL: gcc.dg/guality/pr54519-3.c -O2 -flto -fuse-linker-plugin -fno-fat-lto-objects -DPREVENT_OPTIMIZATION line 23 z == 8
FAIL: gcc.dg/guality/pr54519-3.c -O3 -g -DPREVENT_OPTIMIZATION line 23 z == 8
FAIL: gcc.dg/guality/pr54519-3.c -Os -DPREVENT_OPTIMIZATION line 20 z == 6
FAIL: gcc.dg/guality/pr54519-3.c -Os -DPREVENT_OPTIMIZATION line 23 z == 8
FAIL: gcc.dg/guality/pr54519-4.c -O2 -DPREVENT_OPTIMIZATION line 17 y == 25
FAIL: gcc.dg/guality/pr54519-4.c -O2 -flto -fno-use-linker-plugin -flto-partition=none -DPREVENT_OPTIMIZATION line 17 y == 25
FAIL: gcc.dg/guality/pr54519-4.c -O2 -flto -fuse-linker-plugin -fno-fat-lto-objects -DPREVENT_OPTIMIZATION line 17 y == 25
FAIL: gcc.dg/guality/pr54519-4.c -O3 -g -DPREVENT_OPTIMIZATION line 17 y == 25
FAIL: gcc.dg/guality/pr54519-4.c -Os -DPREVENT_OPTIMIZATION line 17 y == 25
FAIL: gcc.dg/guality/pr54519-5.c -O1 -DPREVENT_OPTIMIZATION line 17 x == 6
FAIL: gcc.dg/guality/pr54519-5.c -O1 -DPREVENT_OPTIMIZATION line 17 y == 25
FAIL: gcc.dg/guality/pr54519-5.c -O2 -DPREVENT_OPTIMIZATION line 17 y == 25
FAIL: gcc.dg/guality/pr54519-5.c -O2 -flto -fno-use-linker-plugin -flto-partition=none -DPREVENT_OPTIMIZATION line 17 y == 25
FAIL: gcc.dg/guality/pr54519-5.c -O2 -flto -fuse-linker-plugin -fno-fat-lto-objects -DPREVENT_OPTIMIZATION line 17 y == 25
FAIL: gcc.dg/guality/pr54519-5.c -O3 -g -DPREVENT_OPTIMIZATION line 17 y == 25
FAIL: gcc.dg/guality/pr54519-5.c -Os -DPREVENT_OPTIMIZATION line 17 y == 25
FAIL: gcc.dg/guality/pr54519-5.c -Og -DPREVENT_OPTIMIZATION line 17 x == 6
FAIL: gcc.dg/guality/pr54519-5.c -Og -DPREVENT_OPTIMIZATION line 17 y == 25
FAIL: gcc.dg/guality/pr54519-6.c -Os -DPREVENT_OPTIMIZATION line 11 x == 2
FAIL: gcc.dg/guality/pr54551.c -O1 -DPREVENT_OPTIMIZATION line 18 a == 4
FAIL: gcc.dg/guality/pr54551.c -O2 -DPREVENT_OPTIMIZATION line 18 a == 4
FAIL: gcc.dg/guality/pr54551.c -O2 -flto -fno-use-linker-plugin -flto-partition=none -DPREVENT_OPTIMIZATION line 18 a == 4
FAIL: gcc.dg/guality/pr54551.c -O3 -g -DPREVENT_OPTIMIZATION line 18 a == 4
FAIL: gcc.dg/guality/pr54551.c -Os -DPREVENT_OPTIMIZATION line 18 a == 4
FAIL: gcc.dg/guality/pr54551.c -Og -DPREVENT_OPTIMIZATION line 18 a == 4
FAIL: gcc.dg/guality/pr54693-2.c -O1 -DPREVENT_OPTIMIZATION line 21 x == 10 - i
FAIL: gcc.dg/guality/pr54693-2.c -O1 -DPREVENT_OPTIMIZATION line 21 y == 20 - 2 * i
FAIL: gcc.dg/guality/pr54693-2.c -O2 -DPREVENT_OPTIMIZATION line 21 x == 10 - i
FAIL: gcc.dg/guality/pr54693-2.c -O2 -DPREVENT_OPTIMIZATION line 21 y == 20 - 2 * i
FAIL: gcc.dg/guality/pr54693-2.c -O2 -flto -fno-use-linker-plugin -flto-partition=none -DPREVENT_OPTIMIZATION line 21 x == 10 - i
FAIL: gcc.dg/guality/pr54693-2.c -O2 -flto -fno-use-linker-plugin -flto-partition=none -DPREVENT_OPTIMIZATION line 21 y == 20 - 2 * i
FAIL: gcc.dg/guality/pr54693-2.c -O2 -flto -fuse-linker-plugin -fno-fat-lto-objects -DPREVENT_OPTIMIZATION line 21 y == 20 - 2 * i
FAIL: gcc.dg/guality/pr54693-2.c -O2 -flto -fuse-linker-plugin -fno-fat-lto-objects -DPREVENT_OPTIMIZATION line 21 z == 30 - 3 * i
FAIL: gcc.dg/guality/pr54693-2.c -O3 -fomit-frame-pointer -funroll-loops -fpeel-loops -ftracer -finline-functions -DPREVENT_OPTIMIZATION line 21 y == 20 - 2 * i
FAIL: gcc.dg/guality/pr54693-2.c -O3 -g -DPREVENT_OPTIMIZATION line 21 x == 10 - i
FAIL: gcc.dg/guality/pr54693-2.c -O3 -g -DPREVENT_OPTIMIZATION line 21 y == 20 - 2 * i
FAIL: gcc.dg/guality/pr54693-2.c -Os -DPREVENT_OPTIMIZATION line 21 x == 10 - i
FAIL: gcc.dg/guality/pr54693-2.c -Os -DPREVENT_OPTIMIZATION line 21 y == 20 - 2 * i
XPASS: gcc.dg/guality/pr54970.c -O0 line 15 a[0] == 1
XPASS: gcc.dg/guality/pr54970.c -O0 line 20 a[0] == 1
XPASS: gcc.dg/guality/pr54970.c -O0 line 25 a[0] == 1
XPASS: gcc.dg/guality/pr54970.c -O0 line 31 a[0] == 4
XPASS: gcc.dg/guality/pr54970.c -O0 line 36 a[0] == 4
XPASS: gcc.dg/guality/pr54970.c -O0 line 45 a[0] == 4
XPASS: gcc.dg/guality/pr54970.c -O0 line 45 p[-2] == 4
XPASS: gcc.dg/guality/pr54970.c -O0 line 45 q[-1] == 4
XPASS: gcc.dg/guality/pr54970.c -Og -DPREVENT_OPTIMIZATION line 15 a[0] == 1
XPASS: gcc.dg/guality/pr54970.c -Og -DPREVENT_OPTIMIZATION line 20 a[0] == 1
XPASS: gcc.dg/guality/pr54970.c -Og -DPREVENT_OPTIMIZATION line 25 a[0] == 1
XPASS: gcc.dg/guality/pr54970.c -Og -DPREVENT_OPTIMIZATION line 31 a[0] == 4
XPASS: gcc.dg/guality/pr54970.c -Og -DPREVENT_OPTIMIZATION line 36 a[0] == 4
XPASS: gcc.dg/guality/pr54970.c -Og -DPREVENT_OPTIMIZATION line 45 a[0] == 4
XPASS: gcc.dg/guality/pr54970.c -Og -DPREVENT_OPTIMIZATION line 45 p[-2] == 4
XPASS: gcc.dg/guality/pr54970.c -Og -DPREVENT_OPTIMIZATION line 45 q[-1] == 4
FAIL: gcc.dg/guality/pr56154-1.c -Og -DPREVENT_OPTIMIZATION line pr56154-1.c:20 x.a == 6
XPASS: gcc.dg/guality/pr59776.c -O0 line pr59776.c:17 s2.g == 6.0
XPASS: gcc.dg/guality/pr59776.c -O0 line pr59776.c:20 s2.g == 6.0
FAIL: gcc.dg/guality/pr59776.c -Og -DPREVENT_OPTIMIZATION line pr59776.c:17 s1.f == 5.0
FAIL: gcc.dg/guality/pr59776.c -Og -DPREVENT_OPTIMIZATION line pr59776.c:17 s1.g == 6.0
FAIL: gcc.dg/guality/pr59776.c -Og -DPREVENT_OPTIMIZATION line pr59776.c:17 s2.f == 0.0
FAIL: gcc.dg/guality/pr59776.c -Og -DPREVENT_OPTIMIZATION line pr59776.c:20 s1.f == 5.0
FAIL: gcc.dg/guality/pr59776.c -Og -DPREVENT_OPTIMIZATION line pr59776.c:20 s1.g == 6.0
FAIL: gcc.dg/guality/pr59776.c -Og -DPREVENT_OPTIMIZATION line pr59776.c:20 s2.f == 5.0
FAIL: gcc.dg/guality/sra-1.c -O1 -DPREVENT_OPTIMIZATION line 43 a.i == 4
FAIL: gcc.dg/guality/sra-1.c -O2 -DPREVENT_OPTIMIZATION line 43 a.i == 4
FAIL: gcc.dg/guality/sra-1.c -O2 -flto -fno-use-linker-plugin -flto-partition=none -DPREVENT_OPTIMIZATION line 43 a.i == 4
FAIL: gcc.dg/guality/sra-1.c -O2 -flto -fuse-linker-plugin -fno-fat-lto-objects -DPREVENT_OPTIMIZATION line 21 a.i == 4
FAIL: gcc.dg/guality/sra-1.c -O2 -flto -fuse-linker-plugin -fno-fat-lto-objects -DPREVENT_OPTIMIZATION line 21 a.j == 14
FAIL: gcc.dg/guality/sra-1.c -O2 -flto -fuse-linker-plugin -fno-fat-lto-objects -DPREVENT_OPTIMIZATION line 32 a[0] == 4
FAIL: gcc.dg/guality/sra-1.c -O2 -flto -fuse-linker-plugin -fno-fat-lto-objects -DPREVENT_OPTIMIZATION line 32 a[1] == 14
FAIL: gcc.dg/guality/sra-1.c -O2 -flto -fuse-linker-plugin -fno-fat-lto-objects -DPREVENT_OPTIMIZATION line 43 a.i == 4
FAIL: gcc.dg/guality/sra-1.c -O2 -flto -fuse-linker-plugin -fno-fat-lto-objects -DPREVENT_OPTIMIZATION line 43 a.j == 14
FAIL: gcc.dg/guality/sra-1.c -O3 -g -DPREVENT_OPTIMIZATION line 43 a.i == 4
FAIL: gcc.dg/guality/sra-1.c -Os -DPREVENT_OPTIMIZATION line 43 a.i == 4
FAIL: gcc.dg/guality/sra-1.c -Og -DPREVENT_OPTIMIZATION line 21 a.i == 4
FAIL: gcc.dg/guality/sra-1.c -Og -DPREVENT_OPTIMIZATION line 21 a.j == 14
FAIL: gcc.dg/guality/sra-1.c -Og -DPREVENT_OPTIMIZATION line 32 a[0] == 4
FAIL: gcc.dg/guality/sra-1.c -Og -DPREVENT_OPTIMIZATION line 32 a[1] == 14
FAIL: gcc.dg/guality/sra-1.c -Og -DPREVENT_OPTIMIZATION line 43 a.i == 4
FAIL: gcc.dg/guality/sra-1.c -Og -DPREVENT_OPTIMIZATION line 43 a.j == 14
FAIL: gcc.dg/guality/vla-1.c -O1 -DPREVENT_OPTIMIZATION line 17 sizeof (a) == 6
FAIL: gcc.dg/guality/vla-1.c -O2 -DPREVENT_OPTIMIZATION line 17 sizeof (a) == 6
FAIL: gcc.dg/guality/vla-1.c -O2 -flto -fno-use-linker-plugin -flto-partition=none -DPREVENT_OPTIMIZATION line 17 sizeof (a) == 6
FAIL: gcc.dg/guality/vla-1.c -O2 -flto -fuse-linker-plugin -fno-fat-lto-objects -DPREVENT_OPTIMIZATION line 17 sizeof (a) == 6
FAIL: gcc.dg/guality/vla-1.c -O3 -g -DPREVENT_OPTIMIZATION line 17 sizeof (a) == 6
FAIL: gcc.dg/guality/vla-1.c -Os -DPREVENT_OPTIMIZATION line 17 sizeof (a) == 6
UNRESOLVED: gcc.dg/tree-prof/crossmodule-indir-call-topn-1.c scan-pgo-wpa-ipa-dump profile_estimate "2 \\\\(200.00%\\\\) speculations produced."
UNRESOLVED: gcc.dg/tree-prof/crossmodule-indir-call-topn-2.c scan-pgo-wpa-ipa-dump profile_estimate "2 \\\\(200.00%\\\\) speculations produced."
FAIL: gcc.dg/vect/O3-pr45971.c (internal compiler error)
FAIL: gcc.dg/vect/O3-pr45971.c (test for excess errors)
FAIL: gcc.dg/vect/O3-pr46077.c (internal compiler error)
FAIL: gcc.dg/vect/O3-pr46077.c (test for excess errors)
FAIL: gcc.dg/vect/bb-slp-39.c -flto -ffat-lto-objects scan-tree-dump-times slp2 "vectorizing stmts using SLP" 3
FAIL: gcc.dg/vect/bb-slp-39.c scan-tree-dump-times slp2 "vectorizing stmts using SLP" 3
FAIL: gcc.dg/vect/bb-slp-43.c (internal compiler error)
FAIL: gcc.dg/vect/bb-slp-43.c (test for excess errors)
FAIL: gcc.dg/vect/bb-slp-43.c -flto -ffat-lto-objects (internal compiler error)
FAIL: gcc.dg/vect/bb-slp-43.c -flto -ffat-lto-objects (test for excess errors)
FAIL: gcc.dg/vect/bb-slp-cond-1.c (internal compiler error)
FAIL: gcc.dg/vect/bb-slp-cond-1.c (test for excess errors)
FAIL: gcc.dg/vect/bb-slp-cond-1.c -flto -ffat-lto-objects (internal compiler error)
FAIL: gcc.dg/vect/bb-slp-cond-1.c -flto -ffat-lto-objects (test for excess errors)
UNRESOLVED: gcc.dg/vect/bb-slp-cond-1.c -flto -ffat-lto-objects compilation failed to produce executable
UNRESOLVED: gcc.dg/vect/bb-slp-cond-1.c compilation failed to produce executable
FAIL: gcc.dg/vect/bb-slp-pattern-2.c (internal compiler error)
FAIL: gcc.dg/vect/bb-slp-pattern-2.c (test for excess errors)
FAIL: gcc.dg/vect/bb-slp-pattern-2.c -flto -ffat-lto-objects (internal compiler error)
FAIL: gcc.dg/vect/bb-slp-pattern-2.c -flto -ffat-lto-objects (test for excess errors)
UNRESOLVED: gcc.dg/vect/bb-slp-pattern-2.c -flto -ffat-lto-objects compilation failed to produce executable
UNRESOLVED: gcc.dg/vect/bb-slp-pattern-2.c compilation failed to produce executable
FAIL: gcc.dg/vect/pr24059.c (internal compiler error)
FAIL: gcc.dg/vect/pr24059.c (test for excess errors)
FAIL: gcc.dg/vect/pr24059.c -flto -ffat-lto-objects (internal compiler error)
FAIL: gcc.dg/vect/pr24059.c -flto -ffat-lto-objects (test for excess errors)
FAIL: gcc.dg/vect/pr43430-1.c (internal compiler error)
FAIL: gcc.dg/vect/pr43430-1.c (test for excess errors)
FAIL: gcc.dg/vect/pr43430-1.c -flto -ffat-lto-objects (internal compiler error)
FAIL: gcc.dg/vect/pr43430-1.c -flto -ffat-lto-objects (test for excess errors)
UNRESOLVED: gcc.dg/vect/pr43430-1.c -flto -ffat-lto-objects compilation failed to produce executable
UNRESOLVED: gcc.dg/vect/pr43430-1.c compilation failed to produce executable
FAIL: gcc.dg/vect/pr43430-2.c (internal compiler error)
FAIL: gcc.dg/vect/pr43430-2.c (test for excess errors)
FAIL: gcc.dg/vect/pr43430-2.c -flto -ffat-lto-objects (internal compiler error)
FAIL: gcc.dg/vect/pr43430-2.c -flto -ffat-lto-objects (test for excess errors)
FAIL: gcc.dg/vect/pr46009.c (internal compiler error)
FAIL: gcc.dg/vect/pr46009.c (test for excess errors)
FAIL: gcc.dg/vect/pr46009.c -flto -ffat-lto-objects scan-tree-dump-times vect "vectorized 1 loops" 2
FAIL: gcc.dg/vect/pr46009.c -flto -ffat-lto-objects (internal compiler error)
FAIL: gcc.dg/vect/pr46009.c -flto -ffat-lto-objects (test for excess errors)
UNRESOLVED: gcc.dg/vect/pr46009.c -flto -ffat-lto-objects compilation failed to produce executable
UNRESOLVED: gcc.dg/vect/pr46009.c compilation failed to produce executable
FAIL: gcc.dg/vect/pr46009.c scan-tree-dump-times vect "vectorized 1 loops" 2
FAIL: gcc.dg/vect/pr51000.c (internal compiler error)
FAIL: gcc.dg/vect/pr51000.c (test for excess errors)
FAIL: gcc.dg/vect/pr51000.c -flto -ffat-lto-objects (internal compiler error)
FAIL: gcc.dg/vect/pr51000.c -flto -ffat-lto-objects (test for excess errors)
FAIL: gcc.dg/vect/pr51581-3.c (internal compiler error)
FAIL: gcc.dg/vect/pr51581-3.c (test for excess errors)
FAIL: gcc.dg/vect/pr51581-3.c -flto -ffat-lto-objects (internal compiler error)
FAIL: gcc.dg/vect/pr51581-3.c -flto -ffat-lto-objects (test for excess errors)
UNRESOLVED: gcc.dg/vect/pr51581-3.c -flto -ffat-lto-objects compilation failed to produce executable
UNRESOLVED: gcc.dg/vect/pr51581-3.c compilation failed to produce executable
FAIL: gcc.dg/vect/pr51581-4.c (internal compiler error)
FAIL: gcc.dg/vect/pr51581-4.c (test for excess errors)
FAIL: gcc.dg/vect/pr51581-4.c -flto -ffat-lto-objects (internal compiler error)
FAIL: gcc.dg/vect/pr51581-4.c -flto -ffat-lto-objects (test for excess errors)
UNRESOLVED: gcc.dg/vect/pr51581-4.c -flto -ffat-lto-objects compilation failed to produce executable
UNRESOLVED: gcc.dg/vect/pr51581-4.c compilation failed to produce executable
FAIL: gcc.dg/vect/pr56625.c (internal compiler error)
FAIL: gcc.dg/vect/pr56625.c (test for excess errors)
FAIL: gcc.dg/vect/pr56625.c -flto -ffat-lto-objects (internal compiler error)
FAIL: gcc.dg/vect/pr56625.c -flto -ffat-lto-objects (test for excess errors)
FAIL: gcc.dg/vect/pr58508.c (internal compiler error)
FAIL: gcc.dg/vect/pr58508.c (test for excess errors)
FAIL: gcc.dg/vect/pr58508.c -flto -ffat-lto-objects (internal compiler error)
FAIL: gcc.dg/vect/pr58508.c -flto -ffat-lto-objects (test for excess errors)
FAIL: gcc.dg/vect/pr59519-2.c (internal compiler error)
FAIL: gcc.dg/vect/pr59519-2.c (test for excess errors)
FAIL: gcc.dg/vect/pr59519-2.c -flto -ffat-lto-objects (internal compiler error)
FAIL: gcc.dg/vect/pr59519-2.c -flto -ffat-lto-objects (test for excess errors)
FAIL: gcc.dg/vect/pr59591-1.c (internal compiler error)
FAIL: gcc.dg/vect/pr59591-1.c (test for excess errors)
FAIL: gcc.dg/vect/pr59591-1.c -flto -ffat-lto-objects (internal compiler error)
FAIL: gcc.dg/vect/pr59591-1.c -flto -ffat-lto-objects (test for excess errors)
UNRESOLVED: gcc.dg/vect/pr59591-1.c -flto -ffat-lto-objects compilation failed to produce executable
UNRESOLVED: gcc.dg/vect/pr59591-1.c compilation failed to produce executable
FAIL: gcc.dg/vect/pr62075.c (internal compiler error)
FAIL: gcc.dg/vect/pr62075.c (test for excess errors)
FAIL: gcc.dg/vect/pr62075.c -flto -ffat-lto-objects (internal compiler error)
FAIL: gcc.dg/vect/pr62075.c -flto -ffat-lto-objects (test for excess errors)
FAIL: gcc.dg/vect/pr63605.c (internal compiler error)
FAIL: gcc.dg/vect/pr63605.c (test for excess errors)
FAIL: gcc.dg/vect/pr63605.c -flto -ffat-lto-objects (internal compiler error)
FAIL: gcc.dg/vect/pr63605.c -flto -ffat-lto-objects (test for excess errors)
UNRESOLVED: gcc.dg/vect/pr63605.c -flto -ffat-lto-objects compilation failed to produce executable
UNRESOLVED: gcc.dg/vect/pr63605.c compilation failed to produce executable
FAIL: gcc.dg/vect/pr65947-1.c (internal compiler error)
FAIL: gcc.dg/vect/pr65947-1.c (test for excess errors)
FAIL: gcc.dg/vect/pr65947-1.c -flto -ffat-lto-objects scan-tree-dump-times vect "LOOP VECTORIZED" 2
FAIL: gcc.dg/vect/pr65947-1.c -flto -ffat-lto-objects scan-tree-dump-times vect "condition expression based on integer induction." 2
FAIL: gcc.dg/vect/pr65947-1.c -flto -ffat-lto-objects (internal compiler error)
FAIL: gcc.dg/vect/pr65947-1.c -flto -ffat-lto-objects (test for excess errors)
UNRESOLVED: gcc.dg/vect/pr65947-1.c -flto -ffat-lto-objects compilation failed to produce executable
UNRESOLVED: gcc.dg/vect/pr65947-1.c compilation failed to produce executable
FAIL: gcc.dg/vect/pr65947-1.c scan-tree-dump-times vect "LOOP VECTORIZED" 2
FAIL: gcc.dg/vect/pr65947-1.c scan-tree-dump-times vect "condition expression based on integer induction." 2
FAIL: gcc.dg/vect/pr65947-12.c (internal compiler error)
FAIL: gcc.dg/vect/pr65947-12.c (test for excess errors)
FAIL: gcc.dg/vect/pr65947-12.c -flto -ffat-lto-objects scan-tree-dump-times vect "LOOP VECTORIZED" 2
FAIL: gcc.dg/vect/pr65947-12.c -flto -ffat-lto-objects (internal compiler error)
FAIL: gcc.dg/vect/pr65947-12.c -flto -ffat-lto-objects (test for excess errors)
UNRESOLVED: gcc.dg/vect/pr65947-12.c -flto -ffat-lto-objects compilation failed to produce executable
UNRESOLVED: gcc.dg/vect/pr65947-12.c compilation failed to produce executable
FAIL: gcc.dg/vect/pr65947-12.c scan-tree-dump-times vect "LOOP VECTORIZED" 2
FAIL: gcc.dg/vect/pr65947-13.c (internal compiler error)
FAIL: gcc.dg/vect/pr65947-13.c (test for excess errors)
FAIL: gcc.dg/vect/pr65947-13.c -flto -ffat-lto-objects scan-tree-dump-times vect "LOOP VECTORIZED" 2
FAIL: gcc.dg/vect/pr65947-13.c -flto -ffat-lto-objects scan-tree-dump-times vect "condition expression based on integer induction." 2
FAIL: gcc.dg/vect/pr65947-13.c -flto -ffat-lto-objects (internal compiler error)
FAIL: gcc.dg/vect/pr65947-13.c -flto -ffat-lto-objects (test for excess errors)
UNRESOLVED: gcc.dg/vect/pr65947-13.c -flto -ffat-lto-objects compilation failed to produce executable
UNRESOLVED: gcc.dg/vect/pr65947-13.c compilation failed to produce executable
FAIL: gcc.dg/vect/pr65947-13.c scan-tree-dump-times vect "LOOP VECTORIZED" 2
FAIL: gcc.dg/vect/pr65947-13.c scan-tree-dump-times vect "condition expression based on integer induction." 2
FAIL: gcc.dg/vect/pr65947-14.c (internal compiler error)
FAIL: gcc.dg/vect/pr65947-14.c (test for excess errors)
FAIL: gcc.dg/vect/pr65947-14.c -flto -ffat-lto-objects scan-tree-dump-times vect "LOOP VECTORIZED" 2
FAIL: gcc.dg/vect/pr65947-14.c -flto -ffat-lto-objects scan-tree-dump-times vect "condition expression based on integer induction." 2
FAIL: gcc.dg/vect/pr65947-14.c -flto -ffat-lto-objects (internal compiler error)
FAIL: gcc.dg/vect/pr65947-14.c -flto -ffat-lto-objects (test for excess errors)
UNRESOLVED: gcc.dg/vect/pr65947-14.c -flto -ffat-lto-objects compilation failed to produce executable
UNRESOLVED: gcc.dg/vect/pr65947-14.c compilation failed to produce executable
FAIL: gcc.dg/vect/pr65947-14.c scan-tree-dump-times vect "LOOP VECTORIZED" 2
FAIL: gcc.dg/vect/pr65947-14.c scan-tree-dump-times vect "condition expression based on integer induction." 2
FAIL: gcc.dg/vect/pr65947-2.c (internal compiler error)
FAIL: gcc.dg/vect/pr65947-2.c (test for excess errors)
FAIL: gcc.dg/vect/pr65947-2.c -flto -ffat-lto-objects scan-tree-dump-times vect "LOOP VECTORIZED" 2
FAIL: gcc.dg/vect/pr65947-2.c -flto -ffat-lto-objects (internal compiler error)
FAIL: gcc.dg/vect/pr65947-2.c -flto -ffat-lto-objects (test for excess errors)
UNRESOLVED: gcc.dg/vect/pr65947-2.c -flto -ffat-lto-objects compilation failed to produce executable
UNRESOLVED: gcc.dg/vect/pr65947-2.c compilation failed to produce executable
FAIL: gcc.dg/vect/pr65947-2.c scan-tree-dump-times vect "LOOP VECTORIZED" 2
FAIL: gcc.dg/vect/pr65947-3.c (internal compiler error)
FAIL: gcc.dg/vect/pr65947-3.c (test for excess errors)
FAIL: gcc.dg/vect/pr65947-3.c -flto -ffat-lto-objects scan-tree-dump-times vect "LOOP VECTORIZED" 2
FAIL: gcc.dg/vect/pr65947-3.c -flto -ffat-lto-objects (internal compiler error)
FAIL: gcc.dg/vect/pr65947-3.c -flto -ffat-lto-objects (test for excess errors)
UNRESOLVED: gcc.dg/vect/pr65947-3.c -flto -ffat-lto-objects compilation failed to produce executable
UNRESOLVED: gcc.dg/vect/pr65947-3.c compilation failed to produce executable
FAIL: gcc.dg/vect/pr65947-3.c scan-tree-dump-times vect "LOOP VECTORIZED" 2
FAIL: gcc.dg/vect/pr65947-4.c (internal compiler error)
FAIL: gcc.dg/vect/pr65947-4.c (test for excess errors)
FAIL: gcc.dg/vect/pr65947-4.c -flto -ffat-lto-objects scan-tree-dump-times vect "LOOP VECTORIZED" 2
FAIL: gcc.dg/vect/pr65947-4.c -flto -ffat-lto-objects scan-tree-dump-times vect "condition expression based on integer induction." 2
FAIL: gcc.dg/vect/pr65947-4.c -flto -ffat-lto-objects (internal compiler error)
FAIL: gcc.dg/vect/pr65947-4.c -flto -ffat-lto-objects (test for excess errors)
UNRESOLVED: gcc.dg/vect/pr65947-4.c -flto -ffat-lto-objects compilation failed to produce executable
UNRESOLVED: gcc.dg/vect/pr65947-4.c compilation failed to produce executable
FAIL: gcc.dg/vect/pr65947-4.c scan-tree-dump-times vect "LOOP VECTORIZED" 2
FAIL: gcc.dg/vect/pr65947-4.c scan-tree-dump-times vect "condition expression based on integer induction." 2
FAIL: gcc.dg/vect/pr65947-6.c (internal compiler error)
FAIL: gcc.dg/vect/pr65947-6.c (test for excess errors)
FAIL: gcc.dg/vect/pr65947-6.c -flto -ffat-lto-objects scan-tree-dump-times vect "LOOP VECTORIZED" 2
FAIL: gcc.dg/vect/pr65947-6.c -flto -ffat-lto-objects (internal compiler error)
FAIL: gcc.dg/vect/pr65947-6.c -flto -ffat-lto-objects (test for excess errors)
UNRESOLVED: gcc.dg/vect/pr65947-6.c -flto -ffat-lto-objects compilation failed to produce executable
UNRESOLVED: gcc.dg/vect/pr65947-6.c compilation failed to produce executable
FAIL: gcc.dg/vect/pr65947-6.c scan-tree-dump-times vect "LOOP VECTORIZED" 2
FAIL: gcc.dg/vect/pr68305.c (internal compiler error)
FAIL: gcc.dg/vect/pr68305.c (test for excess errors)
FAIL: gcc.dg/vect/pr68305.c -flto -ffat-lto-objects (internal compiler error)
FAIL: gcc.dg/vect/pr68305.c -flto -ffat-lto-objects (test for excess errors)
FAIL: gcc.dg/vect/pr68417.c (internal compiler error)
FAIL: gcc.dg/vect/pr68417.c (test for excess errors)
FAIL: gcc.dg/vect/pr68417.c -flto -ffat-lto-objects (internal compiler error)
FAIL: gcc.dg/vect/pr68417.c -flto -ffat-lto-objects (test for excess errors)
FAIL: gcc.dg/vect/pr69820.c (internal compiler error)
FAIL: gcc.dg/vect/pr69820.c (test for excess errors)
FAIL: gcc.dg/vect/pr69820.c -flto -ffat-lto-objects (internal compiler error)
FAIL: gcc.dg/vect/pr69820.c -flto -ffat-lto-objects (test for excess errors)
UNRESOLVED: gcc.dg/vect/pr69820.c -flto -ffat-lto-objects compilation failed to produce executable
UNRESOLVED: gcc.dg/vect/pr69820.c compilation failed to produce executable
FAIL: gcc.dg/vect/pr71259.c -flto -ffat-lto-objects (internal compiler error)
FAIL: gcc.dg/vect/pr71259.c -flto -ffat-lto-objects (test for excess errors)
UNRESOLVED: gcc.dg/vect/pr71259.c -flto -ffat-lto-objects compilation failed to produce executable
FAIL: gcc.dg/vect/pr71264.c -flto -ffat-lto-objects scan-tree-dump vect "vectorized 1 loops in function"
FAIL: gcc.dg/vect/pr71264.c scan-tree-dump vect "vectorized 1 loops in function"
FAIL: gcc.dg/vect/pr72866.c (internal compiler error)
FAIL: gcc.dg/vect/pr72866.c (test for excess errors)
FAIL: gcc.dg/vect/pr72866.c -flto -ffat-lto-objects (internal compiler error)
FAIL: gcc.dg/vect/pr72866.c -flto -ffat-lto-objects (test for excess errors)
FAIL: gcc.dg/vect/pr80631-1.c (internal compiler error)
FAIL: gcc.dg/vect/pr80631-1.c (test for excess errors)
FAIL: gcc.dg/vect/pr80631-1.c -flto -ffat-lto-objects scan-tree-dump-times vect "LOOP VECTORIZED" 5
FAIL: gcc.dg/vect/pr80631-1.c -flto -ffat-lto-objects scan-tree-dump-times vect "condition expression based on integer induction." 5
FAIL: gcc.dg/vect/pr80631-1.c -flto -ffat-lto-objects (internal compiler error)
FAIL: gcc.dg/vect/pr80631-1.c -flto -ffat-lto-objects (test for excess errors)
UNRESOLVED: gcc.dg/vect/pr80631-1.c -flto -ffat-lto-objects compilation failed to produce executable
UNRESOLVED: gcc.dg/vect/pr80631-1.c compilation failed to produce executable
FAIL: gcc.dg/vect/pr80631-1.c scan-tree-dump-times vect "LOOP VECTORIZED" 5
FAIL: gcc.dg/vect/pr80631-1.c scan-tree-dump-times vect "condition expression based on integer induction." 5
FAIL: gcc.dg/vect/pr80631-2.c (internal compiler error)
FAIL: gcc.dg/vect/pr80631-2.c (test for excess errors)
FAIL: gcc.dg/vect/pr80631-2.c -flto -ffat-lto-objects scan-tree-dump-times vect "LOOP VECTORIZED" 5
FAIL: gcc.dg/vect/pr80631-2.c -flto -ffat-lto-objects scan-tree-dump-times vect "condition expression based on integer induction." 5
FAIL: gcc.dg/vect/pr80631-2.c -flto -ffat-lto-objects (internal compiler error)
FAIL: gcc.dg/vect/pr80631-2.c -flto -ffat-lto-objects (test for excess errors)
UNRESOLVED: gcc.dg/vect/pr80631-2.c -flto -ffat-lto-objects compilation failed to produce executable
UNRESOLVED: gcc.dg/vect/pr80631-2.c compilation failed to produce executable
FAIL: gcc.dg/vect/pr80631-2.c scan-tree-dump-times vect "LOOP VECTORIZED" 5
FAIL: gcc.dg/vect/pr80631-2.c scan-tree-dump-times vect "condition expression based on integer induction." 5
FAIL: gcc.dg/vect/pr86749.c (internal compiler error)
FAIL: gcc.dg/vect/pr86749.c (test for excess errors)
FAIL: gcc.dg/vect/pr86749.c -flto -ffat-lto-objects (internal compiler error)
FAIL: gcc.dg/vect/pr86749.c -flto -ffat-lto-objects (test for excess errors)
UNRESOLVED: gcc.dg/vect/pr86749.c -flto -ffat-lto-objects compilation failed to produce executable
UNRESOLVED: gcc.dg/vect/pr86749.c compilation failed to produce executable
FAIL: gcc.dg/vect/pr86927.c (internal compiler error)
FAIL: gcc.dg/vect/pr86927.c (test for excess errors)
FAIL: gcc.dg/vect/pr86927.c -flto -ffat-lto-objects (internal compiler error)
FAIL: gcc.dg/vect/pr86927.c -flto -ffat-lto-objects (test for excess errors)
UNRESOLVED: gcc.dg/vect/pr86927.c -flto -ffat-lto-objects compilation failed to produce executable
UNRESOLVED: gcc.dg/vect/pr86927.c compilation failed to produce executable
FAIL: gcc.dg/vect/pr94727.c (internal compiler error)
FAIL: gcc.dg/vect/pr94727.c (test for excess errors)
FAIL: gcc.dg/vect/pr94727.c -flto -ffat-lto-objects (internal compiler error)
FAIL: gcc.dg/vect/pr94727.c -flto -ffat-lto-objects (test for excess errors)
UNRESOLVED: gcc.dg/vect/pr94727.c -flto -ffat-lto-objects compilation failed to produce executable
UNRESOLVED: gcc.dg/vect/pr94727.c compilation failed to produce executable
FAIL: gcc.dg/vect/slp-cond-1.c (internal compiler error)
FAIL: gcc.dg/vect/slp-cond-1.c (test for excess errors)
FAIL: gcc.dg/vect/slp-cond-1.c -flto -ffat-lto-objects scan-tree-dump-times vect "vectorizing stmts using SLP" 3
FAIL: gcc.dg/vect/slp-cond-1.c -flto -ffat-lto-objects (internal compiler error)
FAIL: gcc.dg/vect/slp-cond-1.c -flto -ffat-lto-objects (test for excess errors)
UNRESOLVED: gcc.dg/vect/slp-cond-1.c -flto -ffat-lto-objects compilation failed to produce executable
UNRESOLVED: gcc.dg/vect/slp-cond-1.c compilation failed to produce executable
FAIL: gcc.dg/vect/slp-cond-1.c scan-tree-dump-times vect "vectorizing stmts using SLP" 3
FAIL: gcc.dg/vect/slp-cond-3.c (internal compiler error)
FAIL: gcc.dg/vect/slp-cond-3.c (test for excess errors)
FAIL: gcc.dg/vect/slp-cond-3.c -flto -ffat-lto-objects (internal compiler error)
FAIL: gcc.dg/vect/slp-cond-3.c -flto -ffat-lto-objects (test for excess errors)
UNRESOLVED: gcc.dg/vect/slp-cond-3.c -flto -ffat-lto-objects compilation failed to produce executable
UNRESOLVED: gcc.dg/vect/slp-cond-3.c compilation failed to produce executable
FAIL: gcc.dg/vect/slp-cond-4.c (internal compiler error)
FAIL: gcc.dg/vect/slp-cond-4.c (test for excess errors)
FAIL: gcc.dg/vect/slp-cond-4.c -flto -ffat-lto-objects (internal compiler error)
FAIL: gcc.dg/vect/slp-cond-4.c -flto -ffat-lto-objects (test for excess errors)
UNRESOLVED: gcc.dg/vect/slp-cond-4.c -flto -ffat-lto-objects compilation failed to produce executable
UNRESOLVED: gcc.dg/vect/slp-cond-4.c compilation failed to produce executable
FAIL: gcc.dg/vect/slp-cond-5.c (internal compiler error)
FAIL: gcc.dg/vect/slp-cond-5.c (test for excess errors)
FAIL: gcc.dg/vect/slp-cond-5.c -flto -ffat-lto-objects (internal compiler error)
FAIL: gcc.dg/vect/slp-cond-5.c -flto -ffat-lto-objects (test for excess errors)
UNRESOLVED: gcc.dg/vect/slp-cond-5.c -flto -ffat-lto-objects compilation failed to produce executable
UNRESOLVED: gcc.dg/vect/slp-cond-5.c compilation failed to produce executable
FAIL: gcc.dg/vect/vect-21.c (internal compiler error)
FAIL: gcc.dg/vect/vect-21.c (test for excess errors)
FAIL: gcc.dg/vect/vect-21.c -flto -ffat-lto-objects (internal compiler error)
FAIL: gcc.dg/vect/vect-21.c -flto -ffat-lto-objects (test for excess errors)
UNRESOLVED: gcc.dg/vect/vect-21.c -flto -ffat-lto-objects compilation failed to produce executable
UNRESOLVED: gcc.dg/vect/vect-21.c compilation failed to produce executable
FAIL: gcc.dg/vect/vect-23.c (internal compiler error)
FAIL: gcc.dg/vect/vect-23.c (test for excess errors)
FAIL: gcc.dg/vect/vect-23.c -flto -ffat-lto-objects (internal compiler error)
FAIL: gcc.dg/vect/vect-23.c -flto -ffat-lto-objects (test for excess errors)
UNRESOLVED: gcc.dg/vect/vect-23.c -flto -ffat-lto-objects compilation failed to produce executable
UNRESOLVED: gcc.dg/vect/vect-23.c compilation failed to produce executable
FAIL: gcc.dg/vect/vect-24.c (internal compiler error)
FAIL: gcc.dg/vect/vect-24.c (test for excess errors)
FAIL: gcc.dg/vect/vect-24.c -flto -ffat-lto-objects (internal compiler error)
FAIL: gcc.dg/vect/vect-24.c -flto -ffat-lto-objects (test for excess errors)
UNRESOLVED: gcc.dg/vect/vect-24.c -flto -ffat-lto-objects compilation failed to produce executable
UNRESOLVED: gcc.dg/vect/vect-24.c compilation failed to produce executable
FAIL: gcc.dg/vect/vect-bool-cmp-2.c (internal compiler error)
FAIL: gcc.dg/vect/vect-bool-cmp-2.c (test for excess errors)
FAIL: gcc.dg/vect/vect-bool-cmp-2.c -flto -ffat-lto-objects (internal compiler error)
FAIL: gcc.dg/vect/vect-bool-cmp-2.c -flto -ffat-lto-objects (test for excess errors)
FAIL: gcc.dg/vect/vect-bool-cmp.c (internal compiler error)
FAIL: gcc.dg/vect/vect-bool-cmp.c (test for excess errors)
FAIL: gcc.dg/vect/vect-bool-cmp.c -flto -ffat-lto-objects (internal compiler error)
FAIL: gcc.dg/vect/vect-bool-cmp.c -flto -ffat-lto-objects (test for excess errors)
UNRESOLVED: gcc.dg/vect/vect-bool-cmp.c -flto -ffat-lto-objects compilation failed to produce executable
UNRESOLVED: gcc.dg/vect/vect-bool-cmp.c compilation failed to produce executable
FAIL: gcc.dg/vect/vect-cond-1.c (internal compiler error)
FAIL: gcc.dg/vect/vect-cond-1.c (test for excess errors)
FAIL: gcc.dg/vect/vect-cond-1.c -flto -ffat-lto-objects (internal compiler error)
FAIL: gcc.dg/vect/vect-cond-1.c -flto -ffat-lto-objects (test for excess errors)
UNRESOLVED: gcc.dg/vect/vect-cond-1.c -flto -ffat-lto-objects compilation failed to produce executable
UNRESOLVED: gcc.dg/vect/vect-cond-1.c compilation failed to produce executable
FAIL: gcc.dg/vect/vect-cond-11.c (internal compiler error)
FAIL: gcc.dg/vect/vect-cond-11.c (test for excess errors)
FAIL: gcc.dg/vect/vect-cond-11.c -flto -ffat-lto-objects (internal compiler error)
FAIL: gcc.dg/vect/vect-cond-11.c -flto -ffat-lto-objects (test for excess errors)
UNRESOLVED: gcc.dg/vect/vect-cond-11.c -flto -ffat-lto-objects compilation failed to produce executable
UNRESOLVED: gcc.dg/vect/vect-cond-11.c compilation failed to produce executable
FAIL: gcc.dg/vect/vect-cond-2.c (internal compiler error)
FAIL: gcc.dg/vect/vect-cond-2.c (test for excess errors)
FAIL: gcc.dg/vect/vect-cond-2.c -flto -ffat-lto-objects (internal compiler error)
FAIL: gcc.dg/vect/vect-cond-2.c -flto -ffat-lto-objects (test for excess errors)
UNRESOLVED: gcc.dg/vect/vect-cond-2.c -flto -ffat-lto-objects compilation failed to produce executable
UNRESOLVED: gcc.dg/vect/vect-cond-2.c compilation failed to produce executable
FAIL: gcc.dg/vect/vect-cond-3.c (internal compiler error)
FAIL: gcc.dg/vect/vect-cond-3.c (test for excess errors)
FAIL: gcc.dg/vect/vect-cond-3.c -flto -ffat-lto-objects (internal compiler error)
FAIL: gcc.dg/vect/vect-cond-3.c -flto -ffat-lto-objects (test for excess errors)
UNRESOLVED: gcc.dg/vect/vect-cond-3.c -flto -ffat-lto-objects compilation failed to produce executable
UNRESOLVED: gcc.dg/vect/vect-cond-3.c compilation failed to produce executable
FAIL: gcc.dg/vect/vect-cond-4.c (internal compiler error)
FAIL: gcc.dg/vect/vect-cond-4.c (test for excess errors)
FAIL: gcc.dg/vect/vect-cond-4.c -flto -ffat-lto-objects (internal compiler error)
FAIL: gcc.dg/vect/vect-cond-4.c -flto -ffat-lto-objects (test for excess errors)
UNRESOLVED: gcc.dg/vect/vect-cond-4.c -flto -ffat-lto-objects compilation failed to produce executable
UNRESOLVED: gcc.dg/vect/vect-cond-4.c compilation failed to produce executable
FAIL: gcc.dg/vect/vect-cond-6.c (internal compiler error)
FAIL: gcc.dg/vect/vect-cond-6.c (test for excess errors)
FAIL: gcc.dg/vect/vect-cond-6.c -flto -ffat-lto-objects (internal compiler error)
FAIL: gcc.dg/vect/vect-cond-6.c -flto -ffat-lto-objects (test for excess errors)
UNRESOLVED: gcc.dg/vect/vect-cond-6.c -flto -ffat-lto-objects compilation failed to produce executable
UNRESOLVED: gcc.dg/vect/vect-cond-6.c compilation failed to produce executable
FAIL: gcc.dg/vect/vect-cond-7.c (internal compiler error)
FAIL: gcc.dg/vect/vect-cond-7.c (test for excess errors)
FAIL: gcc.dg/vect/vect-cond-7.c -flto -ffat-lto-objects (internal compiler error)
FAIL: gcc.dg/vect/vect-cond-7.c -flto -ffat-lto-objects (test for excess errors)
UNRESOLVED: gcc.dg/vect/vect-cond-7.c -flto -ffat-lto-objects compilation failed to produce executable
UNRESOLVED: gcc.dg/vect/vect-cond-7.c compilation failed to produce executable
FAIL: gcc.dg/vect/vect-cond-arith-1.c (internal compiler error)
FAIL: gcc.dg/vect/vect-cond-arith-1.c (test for excess errors)
FAIL: gcc.dg/vect/vect-cond-arith-1.c -flto -ffat-lto-objects (internal compiler error)
FAIL: gcc.dg/vect/vect-cond-arith-1.c -flto -ffat-lto-objects (test for excess errors)
UNRESOLVED: gcc.dg/vect/vect-cond-arith-1.c -flto -ffat-lto-objects compilation failed to produce executable
UNRESOLVED: gcc.dg/vect/vect-cond-arith-1.c compilation failed to produce executable
FAIL: gcc.dg/vect/vect-cond-reduc-1.c (internal compiler error)
FAIL: gcc.dg/vect/vect-cond-reduc-1.c (test for excess errors)
FAIL: gcc.dg/vect/vect-cond-reduc-1.c -flto -ffat-lto-objects (internal compiler error)
FAIL: gcc.dg/vect/vect-cond-reduc-1.c -flto -ffat-lto-objects (test for excess errors)
FAIL: gcc.dg/vect/vect-cond-reduc-4.c -flto -ffat-lto-objects scan-tree-dump-times vect "LOOP VECTORIZED" 2
FAIL: gcc.dg/vect/vect-cond-reduc-4.c scan-tree-dump-times vect "LOOP VECTORIZED" 2
FAIL: gcc.dg/vect/vect-cond-reduc-5.c (internal compiler error)
FAIL: gcc.dg/vect/vect-cond-reduc-5.c (test for excess errors)
FAIL: gcc.dg/vect/vect-cond-reduc-5.c -flto -ffat-lto-objects (internal compiler error)
FAIL: gcc.dg/vect/vect-cond-reduc-5.c -flto -ffat-lto-objects (test for excess errors)
UNRESOLVED: gcc.dg/vect/vect-cond-reduc-5.c -flto -ffat-lto-objects compilation failed to produce executable
UNRESOLVED: gcc.dg/vect/vect-cond-reduc-5.c compilation failed to produce executable
FAIL: gcc.dg/vect/vect-cond-reduc-6.c (internal compiler error)
FAIL: gcc.dg/vect/vect-cond-reduc-6.c (test for excess errors)
FAIL: gcc.dg/vect/vect-cond-reduc-6.c -flto -ffat-lto-objects (internal compiler error)
FAIL: gcc.dg/vect/vect-cond-reduc-6.c -flto -ffat-lto-objects (test for excess errors)
FAIL: gcc.dg/vect/vect-cselim-1.c (internal compiler error)
FAIL: gcc.dg/vect/vect-cselim-1.c (test for excess errors)
FAIL: gcc.dg/vect/vect-cselim-1.c -flto -ffat-lto-objects (internal compiler error)
FAIL: gcc.dg/vect/vect-cselim-1.c -flto -ffat-lto-objects (test for excess errors)
UNRESOLVED: gcc.dg/vect/vect-cselim-1.c -flto -ffat-lto-objects compilation failed to produce executable
UNRESOLVED: gcc.dg/vect/vect-cselim-1.c compilation failed to produce executable
FAIL: gcc.dg/vect/vect-epilogues-2.c (internal compiler error)
FAIL: gcc.dg/vect/vect-epilogues-2.c (test for excess errors)
FAIL: gcc.dg/vect/vect-epilogues-2.c -flto -ffat-lto-objects (internal compiler error)
FAIL: gcc.dg/vect/vect-epilogues-2.c -flto -ffat-lto-objects (test for excess errors)
FAIL: gcc.dg/vect/vect-ifcvt-11.c (internal compiler error)
FAIL: gcc.dg/vect/vect-ifcvt-11.c (test for excess errors)
FAIL: gcc.dg/vect/vect-ifcvt-11.c -flto -ffat-lto-objects (internal compiler error)
FAIL: gcc.dg/vect/vect-ifcvt-11.c -flto -ffat-lto-objects (test for excess errors)
UNRESOLVED: gcc.dg/vect/vect-ifcvt-11.c -flto -ffat-lto-objects compilation failed to produce executable
UNRESOLVED: gcc.dg/vect/vect-ifcvt-11.c compilation failed to produce executable
FAIL: gcc.dg/vect/vect-ifcvt-2.c (internal compiler error)
FAIL: gcc.dg/vect/vect-ifcvt-2.c (test for excess errors)
FAIL: gcc.dg/vect/vect-ifcvt-2.c -flto -ffat-lto-objects (internal compiler error)
FAIL: gcc.dg/vect/vect-ifcvt-2.c -flto -ffat-lto-objects (test for excess errors)
UNRESOLVED: gcc.dg/vect/vect-ifcvt-2.c -flto -ffat-lto-objects compilation failed to produce executable
UNRESOLVED: gcc.dg/vect/vect-ifcvt-2.c compilation failed to produce executable
FAIL: gcc.dg/vect/vect-ifcvt-3.c (internal compiler error)
FAIL: gcc.dg/vect/vect-ifcvt-3.c (test for excess errors)
FAIL: gcc.dg/vect/vect-ifcvt-3.c -flto -ffat-lto-objects (internal compiler error)
FAIL: gcc.dg/vect/vect-ifcvt-3.c -flto -ffat-lto-objects (test for excess errors)
UNRESOLVED: gcc.dg/vect/vect-ifcvt-3.c -flto -ffat-lto-objects compilation failed to produce executable
UNRESOLVED: gcc.dg/vect/vect-ifcvt-3.c compilation failed to produce executable
FAIL: gcc.dg/vect/vect-ifcvt-4.c (internal compiler error)
FAIL: gcc.dg/vect/vect-ifcvt-4.c (test for excess errors)
FAIL: gcc.dg/vect/vect-ifcvt-4.c -flto -ffat-lto-objects (internal compiler error)
FAIL: gcc.dg/vect/vect-ifcvt-4.c -flto -ffat-lto-objects (test for excess errors)
UNRESOLVED: gcc.dg/vect/vect-ifcvt-4.c -flto -ffat-lto-objects compilation failed to produce executable
UNRESOLVED: gcc.dg/vect/vect-ifcvt-4.c compilation failed to produce executable
FAIL: gcc.dg/vect/vect-ifcvt-5.c (internal compiler error)
FAIL: gcc.dg/vect/vect-ifcvt-5.c (test for excess errors)
FAIL: gcc.dg/vect/vect-ifcvt-5.c -flto -ffat-lto-objects (internal compiler error)
FAIL: gcc.dg/vect/vect-ifcvt-5.c -flto -ffat-lto-objects (test for excess errors)
UNRESOLVED: gcc.dg/vect/vect-ifcvt-5.c -flto -ffat-lto-objects compilation failed to produce executable
UNRESOLVED: gcc.dg/vect/vect-ifcvt-5.c compilation failed to produce executable
FAIL: gcc.dg/vect/vect-ifcvt-6.c (internal compiler error)
FAIL: gcc.dg/vect/vect-ifcvt-6.c (test for excess errors)
FAIL: gcc.dg/vect/vect-ifcvt-6.c -flto -ffat-lto-objects (internal compiler error)
FAIL: gcc.dg/vect/vect-ifcvt-6.c -flto -ffat-lto-objects (test for excess errors)
UNRESOLVED: gcc.dg/vect/vect-ifcvt-6.c -flto -ffat-lto-objects compilation failed to produce executable
UNRESOLVED: gcc.dg/vect/vect-ifcvt-6.c compilation failed to produce executable
FAIL: gcc.dg/vect/vect-ifcvt-7.c (internal compiler error)
FAIL: gcc.dg/vect/vect-ifcvt-7.c (test for excess errors)
FAIL: gcc.dg/vect/vect-ifcvt-7.c -flto -ffat-lto-objects (internal compiler error)
FAIL: gcc.dg/vect/vect-ifcvt-7.c -flto -ffat-lto-objects (test for excess errors)
UNRESOLVED: gcc.dg/vect/vect-ifcvt-7.c -flto -ffat-lto-objects compilation failed to produce executable
UNRESOLVED: gcc.dg/vect/vect-ifcvt-7.c compilation failed to produce executable
FAIL: gcc.dg/vect/vect-ifcvt-9.c (internal compiler error)
FAIL: gcc.dg/vect/vect-ifcvt-9.c (test for excess errors)
FAIL: gcc.dg/vect/vect-ifcvt-9.c -flto -ffat-lto-objects scan-tree-dump-times vect "vectorized 1 loops" 2
FAIL: gcc.dg/vect/vect-ifcvt-9.c -flto -ffat-lto-objects (internal compiler error)
FAIL: gcc.dg/vect/vect-ifcvt-9.c -flto -ffat-lto-objects (test for excess errors)
UNRESOLVED: gcc.dg/vect/vect-ifcvt-9.c -flto -ffat-lto-objects compilation failed to produce executable
UNRESOLVED: gcc.dg/vect/vect-ifcvt-9.c compilation failed to produce executable
FAIL: gcc.dg/vect/vect-ifcvt-9.c scan-tree-dump-times vect "vectorized 1 loops" 2
FAIL: gcc.dg/vect/vect-over-widen-13.c (internal compiler error)
FAIL: gcc.dg/vect/vect-over-widen-13.c (test for excess errors)
FAIL: gcc.dg/vect/vect-over-widen-13.c -flto -ffat-lto-objects (internal compiler error)
FAIL: gcc.dg/vect/vect-over-widen-13.c -flto -ffat-lto-objects (test for excess errors)
UNRESOLVED: gcc.dg/vect/vect-over-widen-13.c -flto -ffat-lto-objects compilation failed to produce executable
UNRESOLVED: gcc.dg/vect/vect-over-widen-13.c compilation failed to produce executable
FAIL: gcc.dg/vect/vect-over-widen-15.c (internal compiler error)
FAIL: gcc.dg/vect/vect-over-widen-15.c (test for excess errors)
FAIL: gcc.dg/vect/vect-over-widen-15.c -flto -ffat-lto-objects (internal compiler error)
FAIL: gcc.dg/vect/vect-over-widen-15.c -flto -ffat-lto-objects (test for excess errors)
UNRESOLVED: gcc.dg/vect/vect-over-widen-15.c -flto -ffat-lto-objects compilation failed to produce executable
UNRESOLVED: gcc.dg/vect/vect-over-widen-15.c compilation failed to produce executable
FAIL: gcc.dg/vect/vect-pr69848.c (internal compiler error)
FAIL: gcc.dg/vect/vect-pr69848.c (test for excess errors)
FAIL: gcc.dg/vect/vect-pr69848.c -flto -ffat-lto-objects (internal compiler error)
FAIL: gcc.dg/vect/vect-pr69848.c -flto -ffat-lto-objects (test for excess errors)
UNRESOLVED: gcc.dg/vect/vect-pr69848.c -flto -ffat-lto-objects compilation failed to produce executable
UNRESOLVED: gcc.dg/vect/vect-pr69848.c compilation failed to produce executable
FAIL: gcc.dg/vect/vect-sdiv-pow2-1.c (internal compiler error)
FAIL: gcc.dg/vect/vect-sdiv-pow2-1.c (test for excess errors)
FAIL: gcc.dg/vect/vect-sdiv-pow2-1.c -flto -ffat-lto-objects (internal compiler error)
FAIL: gcc.dg/vect/vect-sdiv-pow2-1.c -flto -ffat-lto-objects (test for excess errors)
UNRESOLVED: gcc.dg/vect/vect-sdiv-pow2-1.c -flto -ffat-lto-objects compilation failed to produce executable
UNRESOLVED: gcc.dg/vect/vect-sdiv-pow2-1.c compilation failed to produce executable
FAIL: gcc.dg/vect/vect-sdivmod-1.c (internal compiler error)
FAIL: gcc.dg/vect/vect-sdivmod-1.c (test for excess errors)
FAIL: gcc.dg/vect/vect-sdivmod-1.c -flto -ffat-lto-objects scan-tree-dump-times vect "vectorized 1 loops" 4
FAIL: gcc.dg/vect/vect-sdivmod-1.c -flto -ffat-lto-objects (internal compiler error)
FAIL: gcc.dg/vect/vect-sdivmod-1.c -flto -ffat-lto-objects (test for excess errors)
UNRESOLVED: gcc.dg/vect/vect-sdivmod-1.c -flto -ffat-lto-objects compilation failed to produce executable
UNRESOLVED: gcc.dg/vect/vect-sdivmod-1.c compilation failed to produce executable
FAIL: gcc.dg/vect/vect-sdivmod-1.c scan-tree-dump-times vect "vectorized 1 loops" 4
FAIL: gcc.dg/vect/vect-simd-5.c (internal compiler error)
FAIL: gcc.dg/vect/vect-simd-5.c (test for excess errors)
FAIL: gcc.dg/vect/vect-simd-5.c -flto -ffat-lto-objects (internal compiler error)
FAIL: gcc.dg/vect/vect-simd-5.c -flto -ffat-lto-objects (test for excess errors)
FAIL: gcc.dg/vect/vect-simd-6.c (internal compiler error)
FAIL: gcc.dg/vect/vect-simd-6.c (test for excess errors)
FAIL: gcc.dg/vect/vect-simd-6.c -flto -ffat-lto-objects scan-tree-dump-times vect "vectorized [12] loops" 2
FAIL: gcc.dg/vect/vect-simd-6.c -flto -ffat-lto-objects (internal compiler error)
FAIL: gcc.dg/vect/vect-simd-6.c -flto -ffat-lto-objects (test for excess errors)
UNRESOLVED: gcc.dg/vect/vect-simd-6.c -flto -ffat-lto-objects compilation failed to produce executable
UNRESOLVED: gcc.dg/vect/vect-simd-6.c compilation failed to produce executable
FAIL: gcc.dg/vect/vect-simd-6.c scan-tree-dump-times vect "vectorized [12] loops" 2
FAIL: gcc.dg/vect/vect-simd-7.c (internal compiler error)
FAIL: gcc.dg/vect/vect-simd-7.c (test for excess errors)
FAIL: gcc.dg/vect/vect-simd-7.c -flto -ffat-lto-objects (internal compiler error)
FAIL: gcc.dg/vect/vect-simd-7.c -flto -ffat-lto-objects (test for excess errors)
UNRESOLVED: gcc.dg/vect/vect-simd-7.c -flto -ffat-lto-objects compilation failed to produce executable
UNRESOLVED: gcc.dg/vect/vect-simd-7.c compilation failed to produce executable
FAIL: gcc.dg/vect/vect-version-1.c (internal compiler error)
FAIL: gcc.dg/vect/vect-version-1.c (test for excess errors)
FAIL: gcc.dg/vect/vect-version-1.c -flto -ffat-lto-objects (internal compiler error)
FAIL: gcc.dg/vect/vect-version-1.c -flto -ffat-lto-objects (test for excess errors)
FAIL: gcc.dg/vect/vect-version-2.c (internal compiler error)
FAIL: gcc.dg/vect/vect-version-2.c (test for excess errors)
FAIL: gcc.dg/vect/vect-version-2.c -flto -ffat-lto-objects (internal compiler error)
FAIL: gcc.dg/vect/vect-version-2.c -flto -ffat-lto-objects (test for excess errors)
FAIL: gcc.dg/vect/vect-widen-mult-extern-1.c (internal compiler error)
FAIL: gcc.dg/vect/vect-widen-mult-extern-1.c (test for excess errors)
FAIL: gcc.dg/vect/vect-widen-mult-extern-1.c -flto -ffat-lto-objects (internal compiler error)
FAIL: gcc.dg/vect/vect-widen-mult-extern-1.c -flto -ffat-lto-objects (test for excess errors)
FAIL: gcc.target/s390/arch13/sel-1.c scan-assembler-times \\tselrh\\t 1
FAIL: gcc.target/s390/load-and-test-fp-2.c scan-assembler ltdbr\\t
FAIL: gcc.target/s390/mul-signed-overflow-1.c execution test
FAIL: gcc.target/s390/mul-signed-overflow-2.c execution test
FAIL: gcc.target/s390/risbg-ll-1.c scan-assembler f42:\\n\\tsllg\\t%r2,%r2,63\\n\\tsrag\\t%r2,%r2,63\\n\\tllgcr\\t%r2,%r2
FAIL: gcc.target/s390/target-attribute/tpragma-struct-vx-1.c (internal compiler error)
FAIL: gcc.target/s390/target-attribute/tpragma-struct-vx-1.c (test for excess errors)
UNRESOLVED: gcc.target/s390/target-attribute/tpragma-struct-vx-1.c compilation failed to produce executable
FAIL: gcc.target/s390/vector/align-1.c scan-assembler-times vl\\t%v[0-9]*,[0-9]*\\\\(%r[0-9]*\\\\),3\\n 1
FAIL: gcc.target/s390/vector/align-1.c scan-assembler-times vl\\t%v[0-9]*,[0-9]*\\\\(%r[0-9]*\\\\),4\\n 2
FAIL: gcc.target/s390/vector/align-1.c scan-assembler-times vst\\t%v[0-9]*,[0-9]*\\\\(%r[0-9]*\\\\),3\\n 1
FAIL: gcc.target/s390/vector/align-1.c scan-assembler-times vst\\t%v[0-9]*,[0-9]*\\\\(%r[0-9]*\\\\),4 2
FAIL: gcc.target/s390/vector/align-2.c scan-assembler-times vl\\t%v[0-9]*,[0-9]*\\\\(%r[0-9]*\\\\),3\\n 1
FAIL: gcc.target/s390/vector/align-2.c scan-assembler-times vl\\t%v[0-9]*,[0-9]*\\\\(%r[0-9]*\\\\),4\\n 2
FAIL: gcc.target/s390/vector/align-2.c scan-assembler-times vst\\t%v[0-9]*,[0-9]*\\\\(%r[0-9]*\\\\),3\\n 1
FAIL: gcc.target/s390/vector/align-2.c scan-assembler-times vst\\t%v[0-9]*,[0-9]*\\\\(%r[0-9]*\\\\),4 2
FAIL: gcc.target/s390/vector/vcond-shift.c (internal compiler error)
FAIL: gcc.target/s390/vector/vcond-shift.c (test for excess errors)
UNRESOLVED: gcc.target/s390/vector/vcond-shift.c scan-assembler-not vzero\\t*
UNRESOLVED: gcc.target/s390/vector/vcond-shift.c scan-assembler-times vesrab\\t%v.?,%v.?,7 6
UNRESOLVED: gcc.target/s390/vector/vcond-shift.c scan-assembler-times vesraf\\t%v.?,%v.?,31 6
UNRESOLVED: gcc.target/s390/vector/vcond-shift.c scan-assembler-times vesrah\\t%v.?,%v.?,15 6
UNRESOLVED: gcc.target/s390/vector/vcond-shift.c scan-assembler-times vesrlb\\t%v.?,%v.?,7 4
UNRESOLVED: gcc.target/s390/vector/vcond-shift.c scan-assembler-times vesrlf\\t%v.?,%v.?,31 4
UNRESOLVED: gcc.target/s390/vector/vcond-shift.c scan-assembler-times vesrlh\\t%v.?,%v.?,15 4
FAIL: gcc.target/s390/vector/vec-cmp-1.c (internal compiler error)
FAIL: gcc.target/s390/vector/vec-cmp-1.c (test for excess errors)
UNRESOLVED: gcc.target/s390/vector/vec-cmp-1.c scan-assembler-times vchlb 1
UNRESOLVED: gcc.target/s390/vector/vec-cmp-1.c scan-assembler-times vchlf 1
UNRESOLVED: gcc.target/s390/vector/vec-cmp-1.c scan-assembler-times vchlg 1
UNRESOLVED: gcc.target/s390/vector/vec-cmp-1.c scan-assembler-times vchlh 1
FAIL: gcc.target/s390/vector/vec-cmp-2.c (internal compiler error)
FAIL: gcc.target/s390/vector/vec-cmp-2.c (test for excess errors)
UNRESOLVED: gcc.target/s390/vector/vec-cmp-2.c scan-assembler-times vchb 1
UNRESOLVED: gcc.target/s390/vector/vec-cmp-2.c scan-assembler-times vchf 1
UNRESOLVED: gcc.target/s390/vector/vec-cmp-2.c scan-assembler-times vchg 1
UNRESOLVED: gcc.target/s390/vector/vec-cmp-2.c scan-assembler-times vchh 1
FAIL: gcc.target/s390/vector/vec-init-1.c (internal compiler error)
FAIL: gcc.target/s390/vector/vec-init-1.c (test for excess errors)
UNRESOLVED: gcc.target/s390/vector/vec-init-1.c scan-assembler-times vgbm\\t%v.*,21450 1
UNRESOLVED: gcc.target/s390/vector/vec-init-1.c scan-assembler-times vgmf\\t%v.*,16,24 1
UNRESOLVED: gcc.target/s390/vector/vec-init-1.c scan-assembler-times vgmf\\t%v.*,28,3 1
UNRESOLVED: gcc.target/s390/vector/vec-init-1.c scan-assembler-times vgmf\\t%v.*,31,31 1
UNRESOLVED: gcc.target/s390/vector/vec-init-1.c scan-assembler-times vlrepf 1
UNRESOLVED: gcc.target/s390/vector/vec-init-1.c scan-assembler-times vone 1
UNRESOLVED: gcc.target/s390/vector/vec-init-1.c scan-assembler-times vrepf 1
UNRESOLVED: gcc.target/s390/vector/vec-init-1.c scan-assembler-times vzero 1
FAIL: gcc.target/s390/vector/vec-vcond-1.c (internal compiler error)
FAIL: gcc.target/s390/vector/vec-vcond-1.c (test for excess errors)
FAIL: gcc.target/s390/zvector/autovec-double-quiet-eq.c (internal compiler error)
FAIL: gcc.target/s390/zvector/autovec-double-quiet-eq.c (test for excess errors)
UNRESOLVED: gcc.target/s390/zvector/autovec-double-quiet-eq.c scan-assembler \\\\n\\\\tvfcedb\\\\t
FAIL: gcc.target/s390/zvector/autovec-double-quiet-ge.c (internal compiler error)
FAIL: gcc.target/s390/zvector/autovec-double-quiet-ge.c (test for excess errors)
UNRESOLVED: gcc.target/s390/zvector/autovec-double-quiet-ge.c scan-assembler \\\\n\\\\tvfchedb\\\\t
FAIL: gcc.target/s390/zvector/autovec-double-quiet-gt.c (internal compiler error)
FAIL: gcc.target/s390/zvector/autovec-double-quiet-gt.c (test for excess errors)
UNRESOLVED: gcc.target/s390/zvector/autovec-double-quiet-gt.c scan-assembler \\\\n\\\\tvfchdb\\\\t
FAIL: gcc.target/s390/zvector/autovec-double-quiet-le.c (internal compiler error)
FAIL: gcc.target/s390/zvector/autovec-double-quiet-le.c (test for excess errors)
UNRESOLVED: gcc.target/s390/zvector/autovec-double-quiet-le.c scan-assembler \\\\n\\\\tvfchedb\\\\t
FAIL: gcc.target/s390/zvector/autovec-double-quiet-lt.c (internal compiler error)
FAIL: gcc.target/s390/zvector/autovec-double-quiet-lt.c (test for excess errors)
UNRESOLVED: gcc.target/s390/zvector/autovec-double-quiet-lt.c scan-assembler \\\\n\\\\tvfchdb\\\\t
FAIL: gcc.target/s390/zvector/autovec-double-quiet-ordered.c (internal compiler error)
FAIL: gcc.target/s390/zvector/autovec-double-quiet-ordered.c (test for excess errors)
UNRESOLVED: gcc.target/s390/zvector/autovec-double-quiet-ordered.c scan-assembler \\\\n\\\\tvfchdb\\\\t
UNRESOLVED: gcc.target/s390/zvector/autovec-double-quiet-ordered.c scan-assembler \\\\n\\\\tvfchedb\\\\t
UNRESOLVED: gcc.target/s390/zvector/autovec-double-quiet-ordered.c scan-assembler \\\\n\\\\tvo\\\\t
FAIL: gcc.target/s390/zvector/autovec-double-quiet-uneq.c (internal compiler error)
FAIL: gcc.target/s390/zvector/autovec-double-quiet-uneq.c (test for excess errors)
UNRESOLVED: gcc.target/s390/zvector/autovec-double-quiet-uneq.c scan-assembler \\\\n\\\\tvo\\\\t
UNRESOLVED: gcc.target/s390/zvector/autovec-double-quiet-uneq.c scan-assembler \\\\n\\\\tvx\\\\t
UNRESOLVED: gcc.target/s390/zvector/autovec-double-quiet-uneq.c scan-assembler-times \\\\n\\\\tvfchdb\\\\t 2
FAIL: gcc.target/s390/zvector/autovec-double-quiet-unordered.c (internal compiler error)
FAIL: gcc.target/s390/zvector/autovec-double-quiet-unordered.c (test for excess errors)
UNRESOLVED: gcc.target/s390/zvector/autovec-double-quiet-unordered.c scan-assembler \\\\n\\\\tvfchdb\\\\t
UNRESOLVED: gcc.target/s390/zvector/autovec-double-quiet-unordered.c scan-assembler \\\\n\\\\tvfchedb\\\\t
UNRESOLVED: gcc.target/s390/zvector/autovec-double-quiet-unordered.c scan-assembler \\\\n\\\\tvo\\\\t
FAIL: gcc.target/s390/zvector/autovec-double-signaling-eq-z13-finite.c (internal compiler error)
FAIL: gcc.target/s390/zvector/autovec-double-signaling-eq-z13-finite.c (test for excess errors)
UNRESOLVED: gcc.target/s390/zvector/autovec-double-signaling-eq-z13-finite.c scan-assembler \\\\n\\\\tvfcedb\\\\t
FAIL: gcc.target/s390/zvector/autovec-double-signaling-eq.c (internal compiler error)
FAIL: gcc.target/s390/zvector/autovec-double-signaling-eq.c (test for excess errors)
UNRESOLVED: gcc.target/s390/zvector/autovec-double-signaling-eq.c scan-assembler \\\\n\\\\tvfcedb\\\\t
UNRESOLVED: gcc.target/s390/zvector/autovec-double-signaling-eq.c scan-assembler \\\\n\\\\tvfkhedb\\\\t
FAIL: gcc.target/s390/zvector/autovec-double-signaling-ge-z13-finite.c (internal compiler error)
FAIL: gcc.target/s390/zvector/autovec-double-signaling-ge-z13-finite.c (test for excess errors)
UNRESOLVED: gcc.target/s390/zvector/autovec-double-signaling-ge-z13-finite.c scan-assembler \\\\n\\\\tvfchedb\\\\t
FAIL: gcc.target/s390/zvector/autovec-double-signaling-ge.c (internal compiler error)
FAIL: gcc.target/s390/zvector/autovec-double-signaling-ge.c (test for excess errors)
UNRESOLVED: gcc.target/s390/zvector/autovec-double-signaling-ge.c scan-assembler \\\\n\\\\tvfkhedb\\\\t
FAIL: gcc.target/s390/zvector/autovec-double-signaling-gt-z13-finite.c (internal compiler error)
FAIL: gcc.target/s390/zvector/autovec-double-signaling-gt-z13-finite.c (test for excess errors)
UNRESOLVED: gcc.target/s390/zvector/autovec-double-signaling-gt-z13-finite.c scan-assembler \\\\n\\\\tvfchdb\\\\t
FAIL: gcc.target/s390/zvector/autovec-double-signaling-gt.c (internal compiler error)
FAIL: gcc.target/s390/zvector/autovec-double-signaling-gt.c (test for excess errors)
UNRESOLVED: gcc.target/s390/zvector/autovec-double-signaling-gt.c scan-assembler \\\\n\\\\tvfkhdb\\\\t
FAIL: gcc.target/s390/zvector/autovec-double-signaling-le-z13-finite.c (internal compiler error)
FAIL: gcc.target/s390/zvector/autovec-double-signaling-le-z13-finite.c (test for excess errors)
UNRESOLVED: gcc.target/s390/zvector/autovec-double-signaling-le-z13-finite.c scan-assembler \\\\n\\\\tvfchedb\\\\t
FAIL: gcc.target/s390/zvector/autovec-double-signaling-le.c (internal compiler error)
FAIL: gcc.target/s390/zvector/autovec-double-signaling-le.c (test for excess errors)
UNRESOLVED: gcc.target/s390/zvector/autovec-double-signaling-le.c scan-assembler \\\\n\\\\tvfkhedb\\\\t
FAIL: gcc.target/s390/zvector/autovec-double-signaling-lt-z13-finite.c (internal compiler error)
FAIL: gcc.target/s390/zvector/autovec-double-signaling-lt-z13-finite.c (test for excess errors)
UNRESOLVED: gcc.target/s390/zvector/autovec-double-signaling-lt-z13-finite.c scan-assembler \\\\n\\\\tvfchdb\\\\t
FAIL: gcc.target/s390/zvector/autovec-double-signaling-lt.c (internal compiler error)
FAIL: gcc.target/s390/zvector/autovec-double-signaling-lt.c (test for excess errors)
UNRESOLVED: gcc.target/s390/zvector/autovec-double-signaling-lt.c scan-assembler \\\\n\\\\tvfkhdb\\\\t
FAIL: gcc.target/s390/zvector/autovec-double-signaling-ltgt-z13-finite.c (internal compiler error)
FAIL: gcc.target/s390/zvector/autovec-double-signaling-ltgt-z13-finite.c (test for excess errors)
UNRESOLVED: gcc.target/s390/zvector/autovec-double-signaling-ltgt-z13-finite.c scan-assembler \\\\n\\\\tvfcedb\\\\t
FAIL: gcc.target/s390/zvector/autovec-double-signaling-ltgt.c (internal compiler error)
FAIL: gcc.target/s390/zvector/autovec-double-signaling-ltgt.c (test for excess errors)
UNRESOLVED: gcc.target/s390/zvector/autovec-double-signaling-ltgt.c scan-assembler \\\\n\\\\tvo\\\\t
UNRESOLVED: gcc.target/s390/zvector/autovec-double-signaling-ltgt.c scan-assembler-times \\\\n\\\\tvfkhdb\\\\t 2
FAIL: gcc.target/s390/zvector/autovec-float-quiet-eq.c (internal compiler error)
FAIL: gcc.target/s390/zvector/autovec-float-quiet-eq.c (test for excess errors)
UNRESOLVED: gcc.target/s390/zvector/autovec-float-quiet-eq.c scan-assembler \\\\n\\\\tvfcesb\\\\t
FAIL: gcc.target/s390/zvector/autovec-float-quiet-ge.c (internal compiler error)
FAIL: gcc.target/s390/zvector/autovec-float-quiet-ge.c (test for excess errors)
UNRESOLVED: gcc.target/s390/zvector/autovec-float-quiet-ge.c scan-assembler \\\\n\\\\tvfchesb\\\\t
FAIL: gcc.target/s390/zvector/autovec-float-quiet-gt.c (internal compiler error)
FAIL: gcc.target/s390/zvector/autovec-float-quiet-gt.c (test for excess errors)
UNRESOLVED: gcc.target/s390/zvector/autovec-float-quiet-gt.c scan-assembler \\\\n\\\\tvfchsb\\\\t
FAIL: gcc.target/s390/zvector/autovec-float-quiet-le.c (internal compiler error)
FAIL: gcc.target/s390/zvector/autovec-float-quiet-le.c (test for excess errors)
UNRESOLVED: gcc.target/s390/zvector/autovec-float-quiet-le.c scan-assembler \\\\n\\\\tvfchesb\\\\t
FAIL: gcc.target/s390/zvector/autovec-float-quiet-lt.c (internal compiler error)
FAIL: gcc.target/s390/zvector/autovec-float-quiet-lt.c (test for excess errors)
UNRESOLVED: gcc.target/s390/zvector/autovec-float-quiet-lt.c scan-assembler \\\\n\\\\tvfchsb\\\\t
FAIL: gcc.target/s390/zvector/autovec-float-quiet-ordered.c (internal compiler error)
FAIL: gcc.target/s390/zvector/autovec-float-quiet-ordered.c (test for excess errors)
UNRESOLVED: gcc.target/s390/zvector/autovec-float-quiet-ordered.c scan-assembler \\\\n\\\\tvfchesb\\\\t
UNRESOLVED: gcc.target/s390/zvector/autovec-float-quiet-ordered.c scan-assembler \\\\n\\\\tvfchsb\\\\t
UNRESOLVED: gcc.target/s390/zvector/autovec-float-quiet-ordered.c scan-assembler \\\\n\\\\tvo\\\\t
FAIL: gcc.target/s390/zvector/autovec-float-quiet-uneq.c (internal compiler error)
FAIL: gcc.target/s390/zvector/autovec-float-quiet-uneq.c (test for excess errors)
UNRESOLVED: gcc.target/s390/zvector/autovec-float-quiet-uneq.c scan-assembler \\\\n\\\\tvo\\\\t
UNRESOLVED: gcc.target/s390/zvector/autovec-float-quiet-uneq.c scan-assembler \\\\n\\\\tvx\\\\t
UNRESOLVED: gcc.target/s390/zvector/autovec-float-quiet-uneq.c scan-assembler-times \\\\n\\\\tvfchsb\\\\t 2
FAIL: gcc.target/s390/zvector/autovec-float-quiet-unordered.c (internal compiler error)
FAIL: gcc.target/s390/zvector/autovec-float-quiet-unordered.c (test for excess errors)
UNRESOLVED: gcc.target/s390/zvector/autovec-float-quiet-unordered.c scan-assembler \\\\n\\\\tvfchesb\\\\t
UNRESOLVED: gcc.target/s390/zvector/autovec-float-quiet-unordered.c scan-assembler \\\\n\\\\tvfchsb\\\\t
UNRESOLVED: gcc.target/s390/zvector/autovec-float-quiet-unordered.c scan-assembler \\\\n\\\\tvo\\\\t
FAIL: gcc.target/s390/zvector/autovec-float-signaling-eq.c (internal compiler error)
FAIL: gcc.target/s390/zvector/autovec-float-signaling-eq.c (test for excess errors)
UNRESOLVED: gcc.target/s390/zvector/autovec-float-signaling-eq.c scan-assembler \\\\n\\\\tvfcesb\\\\t
UNRESOLVED: gcc.target/s390/zvector/autovec-float-signaling-eq.c scan-assembler \\\\n\\\\tvfkhesb\\\\t
FAIL: gcc.target/s390/zvector/autovec-float-signaling-ge.c (internal compiler error)
FAIL: gcc.target/s390/zvector/autovec-float-signaling-ge.c (test for excess errors)
UNRESOLVED: gcc.target/s390/zvector/autovec-float-signaling-ge.c scan-assembler \\\\n\\\\tvfkhesb\\\\t
FAIL: gcc.target/s390/zvector/autovec-float-signaling-gt.c (internal compiler error)
FAIL: gcc.target/s390/zvector/autovec-float-signaling-gt.c (test for excess errors)
UNRESOLVED: gcc.target/s390/zvector/autovec-float-signaling-gt.c scan-assembler \\\\n\\\\tvfkhsb\\\\t
FAIL: gcc.target/s390/zvector/autovec-float-signaling-le.c (internal compiler error)
FAIL: gcc.target/s390/zvector/autovec-float-signaling-le.c (test for excess errors)
UNRESOLVED: gcc.target/s390/zvector/autovec-float-signaling-le.c scan-assembler \\\\n\\\\tvfkhesb\\\\t
FAIL: gcc.target/s390/zvector/autovec-float-signaling-lt.c (internal compiler error)
FAIL: gcc.target/s390/zvector/autovec-float-signaling-lt.c (test for excess errors)
UNRESOLVED: gcc.target/s390/zvector/autovec-float-signaling-lt.c scan-assembler \\\\n\\\\tvfkhsb\\\\t
FAIL: gcc.target/s390/zvector/autovec-float-signaling-ltgt.c (internal compiler error)
FAIL: gcc.target/s390/zvector/autovec-float-signaling-ltgt.c (test for excess errors)
UNRESOLVED: gcc.target/s390/zvector/autovec-float-signaling-ltgt.c scan-assembler \\\\n\\\\tvo\\\\t
UNRESOLVED: gcc.target/s390/zvector/autovec-float-signaling-ltgt.c scan-assembler-times \\\\n\\\\tvfkhsb\\\\t 2
FAIL: gcc.target/s390/zvector/autovec-long-double-signaling-ge.c (internal compiler error)
FAIL: gcc.target/s390/zvector/autovec-long-double-signaling-ge.c (test for excess errors)
UNRESOLVED: gcc.target/s390/zvector/autovec-long-double-signaling-ge.c scan-assembler \\\\n\\\\twfkhexb\\\\t
FAIL: gcc.target/s390/zvector/autovec-long-double-signaling-gt.c (internal compiler error)
FAIL: gcc.target/s390/zvector/autovec-long-double-signaling-gt.c (test for excess errors)
UNRESOLVED: gcc.target/s390/zvector/autovec-long-double-signaling-gt.c scan-assembler \\\\n\\\\twfkhxb\\\\t
FAIL: gcc.target/s390/zvector/autovec-long-double-signaling-le.c (internal compiler error)
FAIL: gcc.target/s390/zvector/autovec-long-double-signaling-le.c (test for excess errors)
UNRESOLVED: gcc.target/s390/zvector/autovec-long-double-signaling-le.c scan-assembler \\\\n\\\\twfkhexb\\\\t
FAIL: gcc.target/s390/zvector/autovec-long-double-signaling-lt.c (internal compiler error)
FAIL: gcc.target/s390/zvector/autovec-long-double-signaling-lt.c (test for excess errors)
UNRESOLVED: gcc.target/s390/zvector/autovec-long-double-signaling-lt.c scan-assembler \\\\n\\\\twfkhxb\\\\t
=== gcc Summary for unix/-m64 ===
# of expected passes 144333
# of unexpected failures 647
# of unexpected successes 37
# of expected failures 729
# of unresolved testcases 191
# of unsupported tests 3009
=== gcc Summary ===
# of expected passes 286249
# of unexpected failures 1280
# of unexpected successes 71
# of expected failures 1458
# of unresolved testcases 380
# of unsupported tests 6484
-default/gcc/xgcc version 11.0.0 20200618 (experimental) (GCC)
=== gfortran tests ===
Running target unix/-m31
FAIL: gfortran.dg/analyzer/pr93993.f90 -O (test for excess errors)
FAIL: gfortran.dg/pr95690.f90 -O (test for errors, line 5)
FAIL: gfortran.dg/pr95690.f90 -O (test for excess errors)
FAIL: gfortran.dg/gomp/target1.f90 -O (internal compiler error)
FAIL: gfortran.dg/gomp/target1.f90 -O (test for excess errors)
FAIL: gfortran.dg/graphite/vect-pr40979.f90 -O scan-tree-dump-times vect "vectorized 1 loops" 1
FAIL: gfortran.dg/vect/fast-math-mgrid-resid.f -O scan-tree-dump pcom "Executing predictive commoning without unrolling"
FAIL: gfortran.dg/vect/fast-math-mgrid-resid.f -O scan-tree-dump pcom "vectp_u.*__lsm.* = PHI <.*vectp_u.*__lsm"
FAIL: gfortran.dg/vect/fast-math-pr38968.f90 -O scan-tree-dump vect "vectorized 1 loops"
FAIL: gfortran.dg/vect/fast-math-rnflow-trs2a2.f90 -O scan-tree-dump-times vect "vectorized 2 loops" 1
FAIL: gfortran.dg/vect/pr62283.f -O scan-tree-dump-times vect "vectorized 1 loops" 2
FAIL: gfortran.dg/vect/pr81303.f -O (internal compiler error)
FAIL: gfortran.dg/vect/pr81303.f -O (test for excess errors)
FAIL: gfortran.dg/vect/pr83232.f90 -O scan-tree-dump-times slp1 "vectorizing stmts using SLP" 3
FAIL: gfortran.dg/vect/vect-8.f90 -O scan-tree-dump-times vect "vectorized 17 loops" 1
=== gfortran Summary for unix/-m31 ===
# of expected passes 53251
# of unexpected failures 15
# of expected failures 195
# of unsupported tests 264
Running target unix/-m64
FAIL: gfortran.dg/analyzer/pr93993.f90 -O (test for excess errors)
FAIL: gfortran.dg/pr95690.f90 -O (test for errors, line 5)
FAIL: gfortran.dg/pr95690.f90 -O (test for excess errors)
FAIL: gfortran.dg/gomp/target1.f90 -O (internal compiler error)
FAIL: gfortran.dg/gomp/target1.f90 -O (test for excess errors)
FAIL: gfortran.dg/graphite/vect-pr40979.f90 -O scan-tree-dump-times vect "vectorized 1 loops" 1
FAIL: gfortran.dg/vect/fast-math-mgrid-resid.f -O scan-tree-dump pcom "Executing predictive commoning without unrolling"
FAIL: gfortran.dg/vect/fast-math-mgrid-resid.f -O scan-tree-dump pcom "vectp_u.*__lsm.* = PHI <.*vectp_u.*__lsm"
FAIL: gfortran.dg/vect/fast-math-pr38968.f90 -O scan-tree-dump vect "vectorized 1 loops"
FAIL: gfortran.dg/vect/fast-math-rnflow-trs2a2.f90 -O scan-tree-dump-times vect "vectorized 2 loops" 1
FAIL: gfortran.dg/vect/pr62283.f -O scan-tree-dump-times vect "vectorized 1 loops" 2
FAIL: gfortran.dg/vect/pr81303.f -O (internal compiler error)
FAIL: gfortran.dg/vect/pr81303.f -O (test for excess errors)
FAIL: gfortran.dg/vect/pr83232.f90 -O scan-tree-dump-times slp1 "vectorizing stmts using SLP" 3
FAIL: gfortran.dg/vect/vect-8.f90 -O scan-tree-dump-times vect "vectorized 17 loops" 1
=== gfortran Summary for unix/-m64 ===
# of expected passes 53512
# of unexpected failures 15
# of expected failures 193
# of unsupported tests 137
=== gfortran Summary ===
# of expected passes 106763
# of unexpected failures 30
# of expected failures 388
# of unsupported tests 401
-default/gcc/gfortran version 11.0.0 20200618 (experimental) (GCC)
=== g++ tests ===
Running target unix/-m31
FAIL: c-c++-common/asan/pointer-compare-1.c -O0 output pattern test
FAIL: c-c++-common/asan/pointer-compare-1.c -O1 output pattern test
FAIL: c-c++-common/asan/pointer-compare-1.c -O2 output pattern test
FAIL: c-c++-common/asan/pointer-compare-1.c -O2 -flto -fno-use-linker-plugin -flto-partition=none output pattern test
FAIL: c-c++-common/asan/pointer-compare-1.c -O2 -flto -fuse-linker-plugin -fno-fat-lto-objects output pattern test
FAIL: c-c++-common/asan/pointer-compare-1.c -O3 -g output pattern test
FAIL: c-c++-common/asan/pointer-compare-1.c -Os output pattern test
FAIL: c-c++-common/asan/pointer-subtract-3.c -O0 execution test
FAIL: c-c++-common/asan/pointer-subtract-3.c -O1 execution test
FAIL: c-c++-common/asan/pointer-subtract-3.c -O2 execution test
FAIL: c-c++-common/asan/pointer-subtract-3.c -O2 -flto -fno-use-linker-plugin -flto-partition=none execution test
FAIL: c-c++-common/asan/pointer-subtract-3.c -O2 -flto -fuse-linker-plugin -fno-fat-lto-objects execution test
FAIL: c-c++-common/asan/pointer-subtract-3.c -O3 -g execution test
FAIL: c-c++-common/asan/pointer-subtract-3.c -Os execution test
FAIL: c-c++-common/asan/pr64820.c -O0 output pattern test
FAIL: c-c++-common/asan/pr64820.c -O1 output pattern test
FAIL: c-c++-common/asan/pr64820.c -O2 output pattern test
FAIL: c-c++-common/asan/pr64820.c -O2 -flto -fno-use-linker-plugin -flto-partition=none output pattern test
FAIL: c-c++-common/asan/pr64820.c -O2 -flto -fuse-linker-plugin -fno-fat-lto-objects output pattern test
FAIL: c-c++-common/asan/pr64820.c -O3 -g output pattern test
FAIL: c-c++-common/asan/pr64820.c -Os output pattern test
FAIL: c-c++-common/asan/use-after-return-1.c -O0 output pattern test
FAIL: c-c++-common/asan/use-after-return-1.c -O1 output pattern test
FAIL: c-c++-common/asan/use-after-return-1.c -O2 output pattern test
FAIL: c-c++-common/asan/use-after-return-1.c -O2 -flto -fno-use-linker-plugin -flto-partition=none output pattern test
FAIL: c-c++-common/asan/use-after-return-1.c -O2 -flto -fuse-linker-plugin -fno-fat-lto-objects output pattern test
FAIL: c-c++-common/asan/use-after-return-1.c -O3 -g output pattern test
FAIL: c-c++-common/asan/use-after-return-1.c -Os output pattern test
FAIL: g++.dg/asan/function-argument-3.C -O0 output pattern test
FAIL: g++.dg/asan/function-argument-3.C -O1 output pattern test
FAIL: g++.dg/asan/function-argument-3.C -O2 output pattern test
FAIL: g++.dg/asan/function-argument-3.C -O2 -flto -fno-use-linker-plugin -flto-partition=none output pattern test
FAIL: g++.dg/asan/function-argument-3.C -O2 -flto -fuse-linker-plugin -fno-fat-lto-objects execution test
FAIL: g++.dg/asan/function-argument-3.C -O3 -g output pattern test
FAIL: g++.dg/asan/function-argument-3.C -Os output pattern test
FAIL: c-c++-common/Wattributes.c -std=gnu++14 (test for errors, line 404)
FAIL: c-c++-common/Wattributes.c -std=gnu++17 (test for errors, line 404)
FAIL: c-c++-common/Wattributes.c -std=gnu++2a (test for errors, line 404)
FAIL: c-c++-common/Wattributes.c -std=gnu++98 (test for errors, line 404)
FAIL: g++.dg/guality/pr55665.C -O2 -flto -fno-use-linker-plugin -flto-partition=none line 23 p == 40
FAIL: g++.dg/vect/pr60000.cc -std=c++14 (internal compiler error)
FAIL: g++.dg/vect/pr60000.cc -std=c++14 (test for excess errors)
FAIL: g++.dg/vect/pr60000.cc -std=c++17 (internal compiler error)
FAIL: g++.dg/vect/pr60000.cc -std=c++17 (test for excess errors)
FAIL: g++.dg/vect/pr60000.cc -std=c++2a (internal compiler error)
FAIL: g++.dg/vect/pr60000.cc -std=c++2a (test for excess errors)
FAIL: g++.dg/vect/pr60000.cc -std=c++98 (internal compiler error)
FAIL: g++.dg/vect/pr60000.cc -std=c++98 (test for excess errors)
FAIL: g++.dg/vect/pr89653.cc -std=c++14 scan-tree-dump vect "vectorized 1 loops"
FAIL: g++.dg/vect/pr89653.cc -std=c++17 scan-tree-dump vect "vectorized 1 loops"
FAIL: g++.dg/vect/pr89653.cc -std=c++2a scan-tree-dump vect "vectorized 1 loops"
FAIL: g++.dg/vect/pr89653.cc -std=c++98 scan-tree-dump vect "vectorized 1 loops"
=== g++ Summary for unix/-m31 ===
# of expected passes 186269
# of unexpected failures 52
# of expected failures 701
# of unsupported tests 8670
Running target unix/-m64
FAIL: g++.dg/asan/function-argument-3.C -O0 execution test
FAIL: g++.dg/asan/function-argument-3.C -O1 execution test
FAIL: g++.dg/asan/function-argument-3.C -O2 execution test
FAIL: g++.dg/asan/function-argument-3.C -O2 -flto -fno-use-linker-plugin -flto-partition=none execution test
FAIL: g++.dg/asan/function-argument-3.C -O2 -flto -fuse-linker-plugin -fno-fat-lto-objects output pattern test
FAIL: g++.dg/asan/function-argument-3.C -O3 -g execution test
FAIL: g++.dg/asan/function-argument-3.C -Os execution test
FAIL: c-c++-common/Wattributes.c -std=gnu++14 (test for errors, line 404)
FAIL: c-c++-common/Wattributes.c -std=gnu++17 (test for errors, line 404)
FAIL: c-c++-common/Wattributes.c -std=gnu++2a (test for errors, line 404)
FAIL: c-c++-common/Wattributes.c -std=gnu++98 (test for errors, line 404)
FAIL: g++.dg/guality/pr55665.C -O2 -flto -fno-use-linker-plugin -flto-partition=none line 23 p == 40
FAIL: g++.dg/vect/pr60000.cc -std=c++14 (internal compiler error)
FAIL: g++.dg/vect/pr60000.cc -std=c++14 (test for excess errors)
FAIL: g++.dg/vect/pr60000.cc -std=c++17 (internal compiler error)
FAIL: g++.dg/vect/pr60000.cc -std=c++17 (test for excess errors)
FAIL: g++.dg/vect/pr60000.cc -std=c++2a (internal compiler error)
FAIL: g++.dg/vect/pr60000.cc -std=c++2a (test for excess errors)
FAIL: g++.dg/vect/pr60000.cc -std=c++98 (internal compiler error)
FAIL: g++.dg/vect/pr60000.cc -std=c++98 (test for excess errors)
FAIL: g++.dg/vect/pr89653.cc -std=c++14 scan-tree-dump vect "vectorized 1 loops"
FAIL: g++.dg/vect/pr89653.cc -std=c++17 scan-tree-dump vect "vectorized 1 loops"
FAIL: g++.dg/vect/pr89653.cc -std=c++2a scan-tree-dump vect "vectorized 1 loops"
FAIL: g++.dg/vect/pr89653.cc -std=c++98 scan-tree-dump vect "vectorized 1 loops"
=== g++ Summary for unix/-m64 ===
# of expected passes 188952
# of unexpected failures 24
# of expected failures 705
# of unsupported tests 8578
=== g++ Summary ===
# of expected passes 375221
# of unexpected failures 76
# of expected failures 1406
# of unsupported tests 17248
-default/gcc/xg++ version 11.0.0 20200618 (experimental) (GCC)
=== gnat tests ===
Running target unix/-m31
FAIL: gnat.dg/frame_overflow.adb (test for errors, line 14)
FAIL: gnat.dg/frame_overflow.adb (test for errors, line 5)
FAIL: gnat.dg/frame_overflow.adb (test for excess errors)
FAIL: gnat.dg/frame_overflow2.adb (test for errors, line 5)
FAIL: gnat.dg/frame_overflow2.adb (test for excess errors)
FAIL: gnat.dg/opt49.adb (test for excess errors)
FAIL: gnat.dg/opt49.adb 3 blank line(s) in output
UNRESOLVED: gnat.dg/opt49.adb compilation failed to produce executable
FAIL: gnat.dg/stack_check1.adb (test for excess errors)
FAIL: gnat.dg/stack_check1.adb 3 blank line(s) in output
UNRESOLVED: gnat.dg/stack_check1.adb compilation failed to produce executable
FAIL: gnat.dg/stack_check2.adb (test for excess errors)
FAIL: gnat.dg/stack_check2.adb 3 blank line(s) in output
UNRESOLVED: gnat.dg/stack_check2.adb compilation failed to produce executable
FAIL: gnat.dg/stack_check3.adb (test for excess errors)
FAIL: gnat.dg/stack_check3.adb 3 blank line(s) in output
FAIL: gnat.dg/specs/atomic1.ads (test for errors, line 13)
FAIL: gnat.dg/specs/atomic1.ads (test for errors, line 9)
=== gnat Summary for unix/-m31 ===
# of expected passes 3255
# of unexpected failures 15
# of expected failures 23
# of unresolved testcases 3
# of unsupported tests 23
Running target unix/-m64
FAIL: gnat.dg/opt39.adb scan-tree-dump-not optimized "tmp"
=== gnat Summary for unix/-m64 ===
# of expected passes 3268
# of unexpected failures 1
# of expected failures 23
# of unsupported tests 23
=== gnat Summary ===
# of expected passes 6523
# of unexpected failures 16
# of expected failures 46
# of unresolved testcases 3
# of unsupported tests 46
-default/gcc/gnatmake version 11.0.0 20200618 (experimental)
=== go tests ===
Running target unix/-m31
FAIL: ./index0-out.go execution, -O0 -g -fno-var-tracking-assignments
FAIL: go.test/test/fixedbugs/issue4085b.go execution, -O2 -g
FAIL: go.test/test/ken/cplx2.go execution, -O2 -g
=== go Summary for unix/-m31 ===
# of expected passes 7473
# of unexpected failures 3
# of expected failures 1
# of untested testcases 7
# of unsupported tests 3
Running target unix/-m64
FAIL: ./index0-out.go execution, -O0 -g -fno-var-tracking-assignments
FAIL: go.test/test/ken/cplx2.go execution, -O2 -g
=== go Summary for unix/-m64 ===
# of expected passes 7354
# of unexpected failures 2
# of expected failures 1
# of untested testcases 7
# of unsupported tests 3
=== go Summary ===
# of expected passes 14827
# of unexpected failures 5
# of expected failures 2
# of untested testcases 14
# of unsupported tests 6
-default/gcc/gccgo version 11.0.0 20200618 (experimental) (GCC)
=== obj-c++ tests ===
Running target unix/-m31
=== obj-c++ Summary for unix/-m31 ===
# of expected passes 1450
# of expected failures 2
# of unsupported tests 77
Running target unix/-m64
=== obj-c++ Summary for unix/-m64 ===
# of expected passes 1442
# of expected failures 10
# of unsupported tests 77
=== obj-c++ Summary ===
# of expected passes 2892
# of expected failures 12
# of unsupported tests 154
-default/gcc/xg++ version 11.0.0 20200618 (experimental) (GCC)
=== objc tests ===
Running target unix/-m31
=== objc Summary for unix/-m31 ===
# of expected passes 2784
# of unsupported tests 68
Running target unix/-m64
=== objc Summary for unix/-m64 ===
# of expected passes 2784
# of unsupported tests 68
=== objc Summary ===
# of expected passes 5568
# of unsupported tests 136
-default/gcc/xgcc version 11.0.0 20200618 (experimental) (GCC)
=== gotools tests ===
FAIL: go test cmd/go
FAIL: TestScript
=== gotools Summary ===
# of expected passes 438
# of unexpected failures 2
# of untested testcases 190
-default/./gcc/gccgo version 11.0.0 20200618 (experimental) (GCC)
=== libatomic tests ===
Running target unix/-m31
=== libatomic Summary for unix/-m31 ===
# of expected passes 44
# of unsupported tests 5
Running target unix/-m64
=== libatomic Summary for unix/-m64 ===
# of expected passes 54
=== libatomic Summary ===
# of expected passes 98
# of unsupported tests 5
=== libffi tests ===
Running target unix/-m31
=== libffi Summary for unix/-m31 ===
# of expected passes 2214
Running target unix/-m64
=== libffi Summary for unix/-m64 ===
# of expected passes 2214
=== libffi Summary ===
# of expected passes 4428
=== libgo tests ===
Running target unix
FAIL: sync
=== libgo Summary for unix ===
# of expected passes 172
# of unexpected failures 1
Running target unix/-m31
FAIL: net
FAIL: net/http
FAIL: runtime
=== libgo Summary for unix/-m31 ===
# of expected passes 170
# of unexpected failures 3
=== libgo Summary ===
# of expected passes 342
# of unexpected failures 4
-default/./gcc/gccgo version 11.0.0 20200618 (experimental) (GCC)
=== libgomp tests ===
Running target unix/-m31
=== libgomp Summary for unix/-m31 ===
# of expected passes 7761
# of expected failures 4
# of unsupported tests 575
Running target unix/-m64
=== libgomp Summary for unix/-m64 ===
# of expected passes 7761
# of expected failures 4
# of unsupported tests 575
=== libgomp Summary ===
# of expected passes 15522
# of expected failures 8
# of unsupported tests 1150
=== libitm tests ===
Running target unix/-m31
=== libitm Summary for unix/-m31 ===
# of expected passes 42
# of expected failures 3
# of unsupported tests 1
Running target unix/-m64
=== libitm Summary for unix/-m64 ===
# of expected passes 42
# of expected failures 3
# of unsupported tests 1
=== libitm Summary ===
# of expected passes 84
# of expected failures 6
# of unsupported tests 2
=== libstdc++ tests ===
Running target unix/-m31
FAIL: libstdc++-abi/abi_check
FAIL: 29_atomics/atomic_float/1.cc (test for excess errors)
UNRESOLVED: 29_atomics/atomic_float/1.cc compilation failed to produce executable
FAIL: 29_atomics/atomic_ref/float.cc (test for excess errors)
UNRESOLVED: 29_atomics/atomic_ref/float.cc compilation failed to produce executable
=== libstdc++ Summary for unix/-m31 ===
# of expected passes 14483
# of unexpected failures 3
# of expected failures 93
# of unresolved testcases 2
# of unsupported tests 626
Running target unix/-m64
FAIL: 29_atomics/atomic_float/1.cc (test for excess errors)
UNRESOLVED: 29_atomics/atomic_float/1.cc compilation failed to produce executable
FAIL: 29_atomics/atomic_ref/float.cc (test for excess errors)
UNRESOLVED: 29_atomics/atomic_ref/float.cc compilation failed to produce executable
=== libstdc++ Summary for unix/-m64 ===
# of expected passes 14484
# of unexpected failures 2
# of expected failures 93
# of unresolved testcases 2
# of unsupported tests 626
=== libstdc++ Summary ===
# of expected passes 28967
# of unexpected failures 5
# of expected failures 186
# of unresolved testcases 4
# of unsupported tests 1252
Version: 11.0.0 20200618 (experimental) (GCC)
Platform: s390x-ibm-linux-gnu default
configure flags: --enable-shared --with-system-zlib --enable-threads=posix --enable-__cxa_atexit --enable-checking --disable-werror --with-diagnostics-color=never --prefix=/home/dailybuild/gnu-dailybuild/arena/20200618/gcc-master/install-s390x-default --enable-languages=c,c++,objc,obj-c++,fortran,ada,go --with-mode=zarch
GCC version:
More information about the Gcc-testresults
mailing list