Results for 11.0.0 20200612 (experimental) [master revision 47fe96341d28ff9e68990038b1beb8a760ff26d0] (GCC) testsuite on sparc-sun-solaris2.11
Rainer Orth
ro@CeBiTec.Uni-Bielefeld.DE
Sat Jun 13 11:08:57 GMT 2020
LAST_UPDATED: Fri Jun 12 08:28:03 UTC 2020 (revision 47fe96341d28ff9e68990038b1beb8a760ff26d0)
=== acats tests ===
=== acats Summary ===
# of expected passes 2320
# of unexpected failures 0
Native configuration is sparc-sun-solaris2.11
=== g++ tests ===
Running target unix
FAIL: g++.dg/cpp1y/lambda-generic-variadic20.C -std=c++14 (internal compiler error)
FAIL: g++.dg/cpp1y/lambda-generic-variadic20.C -std=c++14 (test for excess errors)
FAIL: g++.dg/cpp1y/lambda-generic-variadic20.C -std=c++17 (internal compiler error)
FAIL: g++.dg/cpp1y/lambda-generic-variadic20.C -std=c++17 (test for excess errors)
FAIL: g++.dg/cpp1y/lambda-generic-variadic20.C -std=c++2a (internal compiler error)
FAIL: g++.dg/cpp1y/lambda-generic-variadic20.C -std=c++2a (test for excess errors)
FAIL: g++.dg/lto/pr89335 cp_lto_pr89335_0.o assemble, -O2 -flto -Wsuggest-final-methods
=== g++ Summary for unix ===
# of expected passes 183110
# of unexpected failures 7
# of expected failures 692
# of unsupported tests 8868
Running target unix/-m64
FAIL: g++.dg/lto/pr89335 cp_lto_pr89335_0.o assemble, -O2 -flto -Wsuggest-final-methods
=== g++ Summary for unix/-m64 ===
# of expected passes 183862
# of unexpected failures 1
# of expected failures 696
# of unsupported tests 8564
=== g++ Summary ===
# of expected passes 366972
# of unexpected failures 8
# of expected failures 1388
# of unsupported tests 17432
/var/gcc/regression/master/11.3-gcc-gas/build/gcc/xg++ version 11.0.0 20200612 (experimental) [master revision 47fe96341d28ff9e68990038b1beb8a760ff26d0] (GCC)
=== gcc tests ===
Running target unix
FAIL: gcc.dg/builtin-stringop-chk-5.c (test for excess errors)
FAIL: gcc.dg/builtin-stringop-chk-5.c memcpy into allocated (test for warnings, line 136)
FAIL: gcc.dg/builtin-stringop-chk-5.c memcpy into allocated (test for warnings, line 139)
FAIL: gcc.dg/builtin-stringop-chk-5.c memcpy into allocated (test for warnings, line 142)
FAIL: gcc.dg/builtin-stringop-chk-5.c memcpy into allocated (test for warnings, line 145)
FAIL: gcc.dg/builtin-stringop-chk-5.c memcpy into allocated (test for warnings, line 148)
FAIL: gcc.dg/builtin-stringop-chk-5.c memcpy into allocated (test for warnings, line 151)
FAIL: gcc.dg/visibility-22.c execution test
XPASS: gcc.dg/graphite/pr80906.c scan-tree-dump graphite "isl AST to Gimple succeeded"
FAIL: gcc.dg/ipa/iinline-attr.c scan-ipa-dump inline "hooray[^\\\\n]*inline copy in test"
FAIL: gcc.dg/ipa/ipa-icf-38.c scan-ltrans-tree-dump-not optimized "Function bar"
FAIL: gcc.dg/simulate-thread/atomic-other-int.c -O2 -g thread simulation test
FAIL: gcc.dg/simulate-thread/atomic-other-int.c -O3 -g thread simulation test
FAIL: gcc.dg/simulate-thread/speculative-store-4.c -O0 -g thread simulation test
FAIL: gcc.dg/simulate-thread/speculative-store-4.c -O2 -g thread simulation test
FAIL: gcc.dg/simulate-thread/speculative-store-4.c -O3 -g thread simulation test
FAIL: gcc.dg/simulate-thread/speculative-store.c -O0 -g thread simulation test
FAIL: gcc.dg/torture/pr60092.c -O0 execution test
UNRESOLVED: gcc.dg/tree-prof/crossmodule-indir-call-topn-1.c scan-pgo-wpa-ipa-dump profile_estimate "2 \\\\(200.00%\\\\) speculations produced."
UNRESOLVED: gcc.dg/tree-prof/crossmodule-indir-call-topn-2.c scan-pgo-wpa-ipa-dump profile_estimate "2 \\\\(200.00%\\\\) speculations produced."
FAIL: outputs doc double !-c -o -db'' -flto: extra
FAIL: outputs lto dbsovrdd mult named: extra
FAIL: outputs lto dbsovrdd mult namedb: extra
FAIL: outputs lto dbsovrdd mult unnamed: extra
FAIL: outputs lto dbsovrdd sing named: extra
FAIL: outputs lto dbsovrdd sing namedb: extra
FAIL: outputs lto dbsovrdd sing unnamed: extra
FAIL: outputs lto dbswthdd mult named: extra
FAIL: outputs lto dbswthdd mult namedb: extra
FAIL: outputs lto dbswthdd mult unnamed: extra
FAIL: outputs lto dbswthdd sing named: extra
FAIL: outputs lto dbswthdd sing namedb: extra
FAIL: outputs lto dbswthdd sing unnamed: extra
FAIL: outputs lto mult dumpbase named: extra
FAIL: outputs lto mult dumpbase namedb: extra
FAIL: outputs lto mult dumpbase unnamed: extra
FAIL: outputs lto mult dumpdir named: extra
FAIL: outputs lto mult dumpdir namedb: extra
FAIL: outputs lto mult dumpdir unnamed: extra
FAIL: outputs lto mult empty dumpbase dumpdir named: extra
FAIL: outputs lto mult empty dumpbase dumpdir namedb: extra
FAIL: outputs lto mult empty dumpbase dumpdir unnamed: extra
FAIL: outputs lto mult empty dumpbase named: extra
FAIL: outputs lto mult empty dumpbase namedb: extra
FAIL: outputs lto mult empty dumpbase unnamed: extra
FAIL: outputs lto mult empty dumpdir empty dumpbase named: extra
FAIL: outputs lto mult empty dumpdir empty dumpbase namedb: extra
FAIL: outputs lto mult empty dumpdir empty dumpbase unnamed: extra
FAIL: outputs lto mult named: extra
FAIL: outputs lto mult nameddir: extra
FAIL: outputs lto mult unnamed: extra
FAIL: outputs lto sing dumpbase named: extra
FAIL: outputs lto sing dumpbase namedb: extra
FAIL: outputs lto sing dumpbase unnamed: extra
FAIL: outputs lto sing dumpdir named: extra
FAIL: outputs lto sing dumpdir namedb: extra
FAIL: outputs lto sing dumpdir unnamed: extra
FAIL: outputs lto sing empty dumpbase dumpdir named: extra
FAIL: outputs lto sing empty dumpbase dumpdir namedb: extra
FAIL: outputs lto sing empty dumpbase dumpdir unnamed: extra
FAIL: outputs lto sing empty dumpbase named: extra
FAIL: outputs lto sing empty dumpbase namedb: extra
FAIL: outputs lto sing empty dumpbase unnamed: extra
FAIL: outputs lto sing empty dumpdir empty dumpbase named: extra
FAIL: outputs lto sing empty dumpdir empty dumpbase namedb: extra
FAIL: outputs lto sing empty dumpdir empty dumpbase unnamed: extra
FAIL: outputs lto sing named: extra
FAIL: outputs lto sing nameddir: extra
FAIL: outputs lto sing unnamed: extra
FAIL: outputs lto st mult dumpdir empty dumpbase named: dir/outputs-1.lto_wrapper_args
FAIL: outputs lto st mult dumpdir empty dumpbase named: dir/outputs-1.res
FAIL: outputs lto st mult dumpdir empty dumpbase named: extra
FAIL: outputs lto st mult dumpdir named: dir/outputs-lto_wrapper_args
FAIL: outputs lto st mult dumpdir named: dir/outputs-res
FAIL: outputs lto st mult dumpdir named: extra
FAIL: outputs lto st mult empty dumpbase namedb: dir/outputs.lto_wrapper_args
FAIL: outputs lto st mult empty dumpbase namedb: dir/outputs.res
FAIL: outputs lto st mult empty dumpbase namedb: extra
FAIL: outputs lto st mult empty dumpbase unnamed: a.lto_wrapper_args
FAIL: outputs lto st mult empty dumpbase unnamed: a.res
FAIL: outputs lto st mult empty dumpbase unnamed: extra
FAIL: outputs lto st mult namedb: dir/outputs.lto_wrapper_args
FAIL: outputs lto st mult namedb: dir/outputs.res
FAIL: outputs lto st mult namedb: extra
FAIL: outputs lto st mult unnamed: a.lto_wrapper_args
FAIL: outputs lto st mult unnamed: a.res
FAIL: outputs lto st mult unnamed: extra
FAIL: outputs lto st sing dumpdir empty dumpbase named: dir/outputs-0.lto_wrapper_args
FAIL: outputs lto st sing dumpdir empty dumpbase named: dir/outputs-0.res
FAIL: outputs lto st sing dumpdir empty dumpbase named: extra
FAIL: outputs lto st sing dumpdir named: dir/outputs-lto_wrapper_args
FAIL: outputs lto st sing dumpdir named: dir/outputs-res
FAIL: outputs lto st sing dumpdir named: extra
FAIL: outputs lto st sing empty dumpbase namedb: dir/outputs.lto_wrapper_args
FAIL: outputs lto st sing empty dumpbase namedb: dir/outputs.res
FAIL: outputs lto st sing empty dumpbase namedb: extra
FAIL: outputs lto st sing empty dumpbase unnamed: a.lto_wrapper_args
FAIL: outputs lto st sing empty dumpbase unnamed: a.res
FAIL: outputs lto st sing empty dumpbase unnamed: extra
FAIL: outputs lto st sing namedb: dir/outputs.lto_wrapper_args
FAIL: outputs lto st sing namedb: dir/outputs.res
FAIL: outputs lto st sing namedb: extra
FAIL: outputs lto st sing unnamed: a.lto_wrapper_args
FAIL: outputs lto st sing unnamed: a.res
FAIL: outputs lto st sing unnamed: extra
=== gcc Summary for unix ===
# of expected passes 125472
# of unexpected failures 102
# of unexpected successes 1
# of expected failures 765
# of unresolved testcases 2
# of unsupported tests 3632
Running target unix/-m64
FAIL: gcc.dg/strcmpopt_8.c (test for excess errors)
FAIL: gcc.dg/strcmpopt_8.c scan-tree-dump-not forwprop1 "strncmp"
FAIL: gcc.dg/visibility-22.c execution test
XPASS: gcc.dg/graphite/pr80906.c scan-tree-dump graphite "isl AST to Gimple succeeded"
FAIL: gcc.dg/ipa/ipa-icf-38.c scan-ltrans-tree-dump-not optimized "Function bar"
FAIL: gcc.dg/torture/pr60092.c -O0 execution test
UNRESOLVED: gcc.dg/tree-prof/crossmodule-indir-call-topn-1.c scan-pgo-wpa-ipa-dump profile_estimate "2 \\\\(200.00%\\\\) speculations produced."
UNRESOLVED: gcc.dg/tree-prof/crossmodule-indir-call-topn-2.c scan-pgo-wpa-ipa-dump profile_estimate "2 \\\\(200.00%\\\\) speculations produced."
FAIL: outputs doc double !-c -o -db'' -flto: extra
FAIL: outputs lto dbsovrdd mult named: extra
FAIL: outputs lto dbsovrdd mult namedb: extra
FAIL: outputs lto dbsovrdd mult unnamed: extra
FAIL: outputs lto dbsovrdd sing named: extra
FAIL: outputs lto dbsovrdd sing namedb: extra
FAIL: outputs lto dbsovrdd sing unnamed: extra
FAIL: outputs lto dbswthdd mult named: extra
FAIL: outputs lto dbswthdd mult namedb: extra
FAIL: outputs lto dbswthdd mult unnamed: extra
FAIL: outputs lto dbswthdd sing named: extra
FAIL: outputs lto dbswthdd sing namedb: extra
FAIL: outputs lto dbswthdd sing unnamed: extra
FAIL: outputs lto mult dumpbase named: extra
FAIL: outputs lto mult dumpbase namedb: extra
FAIL: outputs lto mult dumpbase unnamed: extra
FAIL: outputs lto mult dumpdir named: extra
FAIL: outputs lto mult dumpdir namedb: extra
FAIL: outputs lto mult dumpdir unnamed: extra
FAIL: outputs lto mult empty dumpbase dumpdir named: extra
FAIL: outputs lto mult empty dumpbase dumpdir namedb: extra
FAIL: outputs lto mult empty dumpbase dumpdir unnamed: extra
FAIL: outputs lto mult empty dumpbase named: extra
FAIL: outputs lto mult empty dumpbase namedb: extra
FAIL: outputs lto mult empty dumpbase unnamed: extra
FAIL: outputs lto mult empty dumpdir empty dumpbase named: extra
FAIL: outputs lto mult empty dumpdir empty dumpbase namedb: extra
FAIL: outputs lto mult empty dumpdir empty dumpbase unnamed: extra
FAIL: outputs lto mult named: extra
FAIL: outputs lto mult nameddir: extra
FAIL: outputs lto mult unnamed: extra
FAIL: outputs lto sing dumpbase named: extra
FAIL: outputs lto sing dumpbase namedb: extra
FAIL: outputs lto sing dumpbase unnamed: extra
FAIL: outputs lto sing dumpdir named: extra
FAIL: outputs lto sing dumpdir namedb: extra
FAIL: outputs lto sing dumpdir unnamed: extra
FAIL: outputs lto sing empty dumpbase dumpdir named: extra
FAIL: outputs lto sing empty dumpbase dumpdir namedb: extra
FAIL: outputs lto sing empty dumpbase dumpdir unnamed: extra
FAIL: outputs lto sing empty dumpbase named: extra
FAIL: outputs lto sing empty dumpbase namedb: extra
FAIL: outputs lto sing empty dumpbase unnamed: extra
FAIL: outputs lto sing empty dumpdir empty dumpbase named: extra
FAIL: outputs lto sing empty dumpdir empty dumpbase namedb: extra
FAIL: outputs lto sing empty dumpdir empty dumpbase unnamed: extra
FAIL: outputs lto sing named: extra
FAIL: outputs lto sing nameddir: extra
FAIL: outputs lto sing unnamed: extra
FAIL: outputs lto st mult dumpdir empty dumpbase named: dir/outputs-1.lto_wrapper_args
FAIL: outputs lto st mult dumpdir empty dumpbase named: dir/outputs-1.res
FAIL: outputs lto st mult dumpdir empty dumpbase named: extra
FAIL: outputs lto st mult dumpdir named: dir/outputs-lto_wrapper_args
FAIL: outputs lto st mult dumpdir named: dir/outputs-res
FAIL: outputs lto st mult dumpdir named: extra
FAIL: outputs lto st mult empty dumpbase namedb: dir/outputs.lto_wrapper_args
FAIL: outputs lto st mult empty dumpbase namedb: dir/outputs.res
FAIL: outputs lto st mult empty dumpbase namedb: extra
FAIL: outputs lto st mult empty dumpbase unnamed: a.lto_wrapper_args
FAIL: outputs lto st mult empty dumpbase unnamed: a.res
FAIL: outputs lto st mult empty dumpbase unnamed: extra
FAIL: outputs lto st mult namedb: dir/outputs.lto_wrapper_args
FAIL: outputs lto st mult namedb: dir/outputs.res
FAIL: outputs lto st mult namedb: extra
FAIL: outputs lto st mult unnamed: a.lto_wrapper_args
FAIL: outputs lto st mult unnamed: a.res
FAIL: outputs lto st mult unnamed: extra
FAIL: outputs lto st sing dumpdir empty dumpbase named: dir/outputs-0.lto_wrapper_args
FAIL: outputs lto st sing dumpdir empty dumpbase named: dir/outputs-0.res
FAIL: outputs lto st sing dumpdir empty dumpbase named: extra
FAIL: outputs lto st sing dumpdir named: dir/outputs-lto_wrapper_args
FAIL: outputs lto st sing dumpdir named: dir/outputs-res
FAIL: outputs lto st sing dumpdir named: extra
FAIL: outputs lto st sing empty dumpbase namedb: dir/outputs.lto_wrapper_args
FAIL: outputs lto st sing empty dumpbase namedb: dir/outputs.res
FAIL: outputs lto st sing empty dumpbase namedb: extra
FAIL: outputs lto st sing empty dumpbase unnamed: a.lto_wrapper_args
FAIL: outputs lto st sing empty dumpbase unnamed: a.res
FAIL: outputs lto st sing empty dumpbase unnamed: extra
FAIL: outputs lto st sing namedb: dir/outputs.lto_wrapper_args
FAIL: outputs lto st sing namedb: dir/outputs.res
FAIL: outputs lto st sing namedb: extra
FAIL: outputs lto st sing unnamed: a.lto_wrapper_args
FAIL: outputs lto st sing unnamed: a.res
FAIL: outputs lto st sing unnamed: extra
=== gcc Summary for unix/-m64 ===
# of expected passes 125090
# of unexpected failures 90
# of unexpected successes 1
# of expected failures 755
# of unresolved testcases 2
# of unsupported tests 2971
=== gcc Summary ===
# of expected passes 250562
# of unexpected failures 192
# of unexpected successes 2
# of expected failures 1520
# of unresolved testcases 4
# of unsupported tests 6603
/var/gcc/regression/master/11.3-gcc-gas/build/gcc/xgcc version 11.0.0 20200612 (experimental) [master revision 47fe96341d28ff9e68990038b1beb8a760ff26d0] (GCC)
=== gdc tests ===
Running target unix
FAIL: runnable/eh.d execution test
FAIL: runnable/eh.d -fPIC execution test
FAIL: runnable/eh.d -fPIC -shared-libphobos execution test
FAIL: runnable/eh.d -shared-libphobos execution test
FAIL: runnable/test42.d execution test
FAIL: runnable/test42.d -g execution test
FAIL: runnable/test42.d -g -shared-libphobos execution test
FAIL: runnable/test42.d -shared-libphobos execution test
FAIL: runnable_cxx/cpp_abi_tests.d -O2 execution test
FAIL: runnable_cxx/cpp_abi_tests.d -O2 -g execution test
=== gdc Summary for unix ===
# of expected passes 30615
# of unexpected failures 10
Running target unix/-m64
FAIL: runnable/foreach5.d execution test
FAIL: runnable/foreach5.d -frelease execution test
FAIL: runnable/foreach5.d -frelease -g execution test
FAIL: runnable/foreach5.d -frelease -g -shared-libphobos execution test
FAIL: runnable/foreach5.d -frelease -shared-libphobos execution test
FAIL: runnable/foreach5.d -g execution test
FAIL: runnable/foreach5.d -g -shared-libphobos execution test
FAIL: runnable/foreach5.d -shared-libphobos execution test
FAIL: runnable/inline.d execution test
FAIL: runnable/inline.d -O2 execution test
FAIL: runnable/inline.d -O2 -g execution test
FAIL: runnable/inline.d -O2 -g -shared-libphobos execution test
FAIL: runnable/inline.d -O2 -shared-libphobos execution test
FAIL: runnable/inline.d -g execution test
FAIL: runnable/inline.d -g -shared-libphobos execution test
FAIL: runnable/inline.d -shared-libphobos execution test
FAIL: runnable/test42.d execution test
FAIL: runnable/test42.d -g execution test
FAIL: runnable/test42.d -g -shared-libphobos execution test
FAIL: runnable/test42.d -shared-libphobos execution test
FAIL: runnable_cxx/cpp_abi_tests.d -O2 execution test
FAIL: runnable_cxx/cpp_abi_tests.d -O2 -g execution test
=== gdc Summary for unix/-m64 ===
# of expected passes 30602
# of unexpected failures 22
=== gdc Summary ===
# of expected passes 61217
# of unexpected failures 32
/var/gcc/regression/master/11.3-gcc-gas/build/gcc/gdc version 11.0.0 20200612 (experimental) [master revision 47fe96341d28ff9e68990038b1beb8a760ff26d0] (GCC)
=== gfortran tests ===
Running target unix
FAIL: gfortran.dg/analyzer/pr93993.f90 -O (test for excess errors)
FAIL: gfortran.dg/gomp/target1.f90 -O (internal compiler error)
FAIL: gfortran.dg/gomp/target1.f90 -O (test for excess errors)
=== gfortran Summary for unix ===
# of expected passes 53679
# of unexpected failures 3
# of expected failures 195
# of unsupported tests 284
Running target unix/-m64
FAIL: gfortran.dg/analyzer/pr93993.f90 -O (test for excess errors)
FAIL: gfortran.dg/gomp/target1.f90 -O (internal compiler error)
FAIL: gfortran.dg/gomp/target1.f90 -O (test for excess errors)
=== gfortran Summary for unix/-m64 ===
# of expected passes 53928
# of unexpected failures 3
# of expected failures 193
# of unsupported tests 157
=== gfortran Summary ===
# of expected passes 107607
# of unexpected failures 6
# of expected failures 388
# of unsupported tests 441
/var/gcc/regression/master/11.3-gcc-gas/build/gcc/gfortran version 11.0.0 20200612 (experimental) [master revision 47fe96341d28ff9e68990038b1beb8a760ff26d0] (GCC)
=== gnat tests ===
Running target unix
WARNING: gnat.dg/array21.adb (test for excess errors) program timed out.
FAIL: gnat.dg/array21.adb (test for excess errors)
=== gnat Summary for unix ===
# of expected passes 3248
# of unexpected failures 1
# of expected failures 23
# of unsupported tests 32
Running target unix/-m64
=== gnat Summary for unix/-m64 ===
# of expected passes 3249
# of expected failures 23
# of unsupported tests 32
=== gnat Summary ===
# of expected passes 6497
# of unexpected failures 1
# of expected failures 46
# of unsupported tests 64
/var/gcc/regression/master/11.3-gcc-gas/build/gcc/gnatmake version 11.0.0 20200612 (experimental) [master revision 47fe96341d28ff9e68990038b1beb8a760ff26d0]
=== go tests ===
Running target unix
FAIL: ./index0-out.go execution, -O0 -g -fno-var-tracking-assignments
FAIL: go.test/test/fixedbugs/issue4085b.go execution, -O2 -g
FAIL: go.test/test/fixedbugs/issue4562.go execution, -O2 -g
FAIL: go.test/test/nil.go execution, -O2 -g
=== go Summary for unix ===
# of expected passes 7464
# of unexpected failures 4
# of expected failures 1
# of untested testcases 11
# of unsupported tests 3
Running target unix/-m64
FAIL: ./index0-out.go execution, -O0 -g -fno-var-tracking-assignments
=== go Summary for unix/-m64 ===
# of expected passes 7347
# of unexpected failures 1
# of expected failures 1
# of untested testcases 11
# of unsupported tests 3
=== go Summary ===
# of expected passes 14811
# of unexpected failures 5
# of expected failures 2
# of untested testcases 22
# of unsupported tests 6
=== obj-c++ tests ===
Running target unix
=== obj-c++ Summary for unix ===
# of expected passes 1450
# of expected failures 2
# of unsupported tests 77
Running target unix/-m64
=== obj-c++ Summary for unix/-m64 ===
# of expected passes 1442
# of expected failures 10
# of unsupported tests 77
=== obj-c++ Summary ===
# of expected passes 2892
# of expected failures 12
# of unsupported tests 154
/var/gcc/regression/master/11.3-gcc-gas/build/gcc/xg++ version 11.0.0 20200612 (experimental) [master revision 47fe96341d28ff9e68990038b1beb8a760ff26d0] (GCC)
=== objc tests ===
Running target unix
=== objc Summary for unix ===
# of expected passes 2784
# of unsupported tests 68
Running target unix/-m64
=== objc Summary for unix/-m64 ===
# of expected passes 2784
# of unsupported tests 68
=== objc Summary ===
# of expected passes 5568
# of unsupported tests 136
/var/gcc/regression/master/11.3-gcc-gas/build/gcc/xgcc version 11.0.0 20200612 (experimental) [master revision 47fe96341d28ff9e68990038b1beb8a760ff26d0] (GCC)
=== gotools tests ===
FAIL: TestLegacyMod
FAIL: go test cmd/go
FAIL: TestAbort
FAIL: TestBreakpoint
FAIL: TestCgoSignalDeadlock
FAIL: TestGccgoCrashTracebackNodebug
FAIL: TestMemmoveAtomicity
FAIL: TestPanicInlined
FAIL: TestSelectStackAdjust
FAIL: go test runtime
FAIL: go test misc/cgo/test
FAIL: TestCompileWithoutShared
FAIL: TestEarlySignalHandler
FAIL: TestOsSignal
FAIL: TestPIE
FAIL: TestSigaltstack
FAIL: TestSignalForwarding
FAIL: TestSignalForwardingExternal
FAIL: go test misc/cgo/testcarchive
FAIL: TestVet
FAIL: go test cmd/vet
=== gotools Summary ===
# of expected passes 282
# of unexpected failures 21
# of untested testcases 170
/var/gcc/regression/master/11.3-gcc-gas/build/./gcc/gccgo version 11.0.0 20200612 (experimental) [master revision 47fe96341d28ff9e68990038b1beb8a760ff26d0] (GCC)
=== libatomic tests ===
Running target unix
=== libatomic Summary for unix ===
# of expected passes 44
# of unsupported tests 5
Running target unix/-m64
=== libatomic Summary for unix/-m64 ===
# of expected passes 54
=== libatomic Summary ===
# of expected passes 98
# of unsupported tests 5
=== libffi tests ===
Running target unix
=== libffi Summary for unix ===
# of expected passes 2214
Running target unix/-m64
=== libffi Summary for unix/-m64 ===
# of expected passes 2214
=== libffi Summary ===
# of expected passes 4428
=== libgo tests ===
Running target unix
FAIL: go/build
FAIL: os/signal
FAIL: runtime
FAIL: runtime/pprof
FAIL: sync/atomic
=== libgo Summary for unix ===
# of expected passes 168
# of unexpected failures 5
Running target unix/-m64
FAIL: go/build
FAIL: runtime
FAIL: runtime/pprof
FAIL: sync/atomic
=== libgo Summary for unix/-m64 ===
# of expected passes 169
# of unexpected failures 4
=== libgo Summary ===
# of expected passes 337
# of unexpected failures 9
/var/gcc/regression/master/11.3-gcc-gas/build/./gcc/gccgo version 11.0.0 20200612 (experimental) [master revision 47fe96341d28ff9e68990038b1beb8a760ff26d0] (GCC)
=== libgomp tests ===
Running target unix
WARNING: libgomp.c++/task-reduction-10.C execution test program timed out.
FAIL: libgomp.c++/task-reduction-10.C execution test
WARNING: libgomp.c++/task-reduction-11.C execution test program timed out.
FAIL: libgomp.c++/task-reduction-11.C execution test
WARNING: libgomp.c++/task-reduction-13.C execution test program timed out.
FAIL: libgomp.c++/task-reduction-13.C execution test
WARNING: libgomp.c++/task-reduction-8.C execution test program timed out.
FAIL: libgomp.c++/task-reduction-8.C execution test
WARNING: libgomp.c/../libgomp.c-c++-common/for-11.c (test for excess errors) program timed out.
FAIL: libgomp.c/../libgomp.c-c++-common/for-11.c (test for excess errors)
UNRESOLVED: libgomp.c/../libgomp.c-c++-common/for-11.c compilation failed to produce executable
WARNING: libgomp.c/../libgomp.c-c++-common/for-12.c (test for excess errors) program timed out.
FAIL: libgomp.c/../libgomp.c-c++-common/for-12.c (test for excess errors)
UNRESOLVED: libgomp.c/../libgomp.c-c++-common/for-12.c compilation failed to produce executable
=== libgomp Summary for unix ===
# of expected passes 7727
# of unexpected failures 6
# of expected failures 4
# of unresolved testcases 2
# of unsupported tests 577
Running target unix/-m64
WARNING: libgomp.c++/task-reduction-10.C execution test program timed out.
FAIL: libgomp.c++/task-reduction-10.C execution test
WARNING: libgomp.c++/task-reduction-11.C execution test program timed out.
FAIL: libgomp.c++/task-reduction-11.C execution test
WARNING: libgomp.c++/task-reduction-13.C execution test program timed out.
FAIL: libgomp.c++/task-reduction-13.C execution test
WARNING: libgomp.c++/task-reduction-8.C execution test program timed out.
FAIL: libgomp.c++/task-reduction-8.C execution test
=== libgomp Summary for unix/-m64 ===
# of expected passes 7731
# of unexpected failures 4
# of expected failures 4
# of unsupported tests 577
=== libgomp Summary ===
# of expected passes 15458
# of unexpected failures 10
# of expected failures 8
# of unresolved testcases 2
# of unsupported tests 1154
=== libitm tests ===
Running target unix
=== libitm Summary for unix ===
# of expected passes 42
# of expected failures 3
# of unsupported tests 1
Running target unix/-m64
=== libitm Summary for unix/-m64 ===
# of expected passes 42
# of expected failures 3
# of unsupported tests 1
=== libitm Summary ===
# of expected passes 84
# of expected failures 6
# of unsupported tests 2
=== libphobos tests ===
Running target unix
WARNING: libphobos.druntime_shared/core/demangle.d (test for excess errors) program timed out.
FAIL: libphobos.druntime_shared/core/demangle.d (test for excess errors)
WARNING: libphobos.druntime_shared/core/internal/arrayop.d (test for excess errors) program timed out.
FAIL: libphobos.druntime_shared/core/internal/arrayop.d (test for excess errors)
UNRESOLVED: libphobos.druntime_shared/core/internal/arrayop.d compilation failed to produce executable
FAIL: libphobos.druntime_shared/core/thread.d execution test
FAIL: libphobos.druntime_shared/core/time.d execution test
WARNING: libphobos.phobos_shared/std/datetime/date.d (test for excess errors) program timed out.
FAIL: libphobos.phobos_shared/std/datetime/date.d (test for excess errors)
UNRESOLVED: libphobos.phobos_shared/std/datetime/date.d compilation failed to produce executable
FAIL: libphobos.phobos_shared/std/datetime/systime.d execution test
FAIL: libphobos.phobos_shared/std/datetime/timezone.d execution test
FAIL: libphobos.phobos_shared/std/digest/murmurhash.d execution test
FAIL: libphobos.phobos_shared/std/experimental/allocator/building_blocks/region.d execution test
WARNING: libphobos.phobos_shared/std/format.d (test for excess errors) program timed out.
FAIL: libphobos.phobos_shared/std/format.d (test for excess errors)
UNRESOLVED: libphobos.phobos_shared/std/format.d compilation failed to produce executable
FAIL: libphobos.phobos_shared/std/internal/math/errorfunction.d execution test
FAIL: libphobos.phobos_shared/std/internal/math/gammafunction.d execution test
FAIL: libphobos.phobos_shared/std/math.d execution test
WARNING: libphobos.phobos_shared/std/net/curl.d execution test program timed out.
FAIL: libphobos.phobos_shared/std/net/curl.d execution test
WARNING: libphobos.phobos_shared/std/net/isemail.d (test for excess errors) program timed out.
FAIL: libphobos.phobos_shared/std/net/isemail.d (test for excess errors)
UNRESOLVED: libphobos.phobos_shared/std/net/isemail.d compilation failed to produce executable
FAIL: libphobos.phobos_shared/std/numeric.d execution test
FAIL: libphobos.phobos_shared/std/parallelism.d execution test
WARNING: libphobos.phobos_shared/std/random.d (test for excess errors) program timed out.
FAIL: libphobos.phobos_shared/std/random.d (test for excess errors)
UNRESOLVED: libphobos.phobos_shared/std/random.d compilation failed to produce executable
WARNING: libphobos.phobos_shared/std/range/package.d (test for excess errors) program timed out.
FAIL: libphobos.phobos_shared/std/range/package.d (test for excess errors)
UNRESOLVED: libphobos.phobos_shared/std/range/package.d compilation failed to produce executable
FAIL: libphobos.phobos_shared/std/regex/internal/kickstart.d execution test
WARNING: libphobos.phobos_shared/std/regex/internal/tests.d (test for excess errors) program timed out.
FAIL: libphobos.phobos_shared/std/regex/internal/tests.d (test for excess errors)
UNRESOLVED: libphobos.phobos_shared/std/regex/internal/tests.d compilation failed to produce executable
WARNING: libphobos.phobos_shared/std/regex/package.d (test for excess errors) program timed out.
FAIL: libphobos.phobos_shared/std/regex/package.d (test for excess errors)
UNRESOLVED: libphobos.phobos_shared/std/regex/package.d compilation failed to produce executable
FAIL: libphobos.phobos_shared/std/stdio.d execution test
WARNING: libphobos.phobos_shared/std/string.d (test for excess errors) program timed out.
FAIL: libphobos.phobos_shared/std/string.d (test for excess errors)
UNRESOLVED: libphobos.phobos_shared/std/string.d compilation failed to produce executable
WARNING: libphobos.phobos_shared/std/typecons.d (test for excess errors) program timed out.
FAIL: libphobos.phobos_shared/std/typecons.d (test for excess errors)
UNRESOLVED: libphobos.phobos_shared/std/typecons.d compilation failed to produce executable
WARNING: libphobos.phobos_shared/std/uni.d (test for excess errors) program timed out.
FAIL: libphobos.phobos_shared/std/uni.d (test for excess errors)
UNRESOLVED: libphobos.phobos_shared/std/uni.d compilation failed to produce executable
WARNING: libphobos.phobos_shared/std/variant.d (test for excess errors) program timed out.
FAIL: libphobos.phobos_shared/std/variant.d (test for excess errors)
UNRESOLVED: libphobos.phobos_shared/std/variant.d compilation failed to produce executable
FAIL: libphobos.shared/finalize.d -shared-libphobos -ldl execution test
FAIL: libphobos.shared/load.d -shared-libphobos -ldl execution test
FAIL: libphobos.shared/load_13414.d -shared-libphobos -ldl execution test
FAIL: libphobos.shared/load_linkdep.d -shared-libphobos -ldl execution test
=== libphobos Summary for unix ===
# of expected passes 381
# of unexpected failures 31
# of unresolved testcases 12
Running target unix/-m64
FAIL: libphobos.druntime_shared/core/thread.d execution test
FAIL: libphobos.druntime_shared/core/time.d execution test
WARNING: libphobos.phobos_shared/std/algorithm/iteration.d (test for excess errors) program timed out.
FAIL: libphobos.phobos_shared/std/algorithm/iteration.d (test for excess errors)
UNRESOLVED: libphobos.phobos_shared/std/algorithm/iteration.d compilation failed to produce executable
WARNING: libphobos.phobos_shared/std/algorithm/searching.d (test for excess errors) program timed out.
FAIL: libphobos.phobos_shared/std/algorithm/searching.d (test for excess errors)
UNRESOLVED: libphobos.phobos_shared/std/algorithm/searching.d compilation failed to produce executable
WARNING: libphobos.phobos_shared/std/datetime/date.d (test for excess errors) program timed out.
FAIL: libphobos.phobos_shared/std/datetime/date.d (test for excess errors)
UNRESOLVED: libphobos.phobos_shared/std/datetime/date.d compilation failed to produce executable
WARNING: libphobos.phobos_shared/std/datetime/systime.d (test for excess errors) program timed out.
FAIL: libphobos.phobos_shared/std/datetime/systime.d (test for excess errors)
UNRESOLVED: libphobos.phobos_shared/std/datetime/systime.d compilation failed to produce executable
FAIL: libphobos.phobos_shared/std/datetime/timezone.d execution test
FAIL: libphobos.phobos_shared/std/digest/murmurhash.d execution test
FAIL: libphobos.phobos_shared/std/format.d execution test
FAIL: libphobos.phobos_shared/std/internal/math/errorfunction.d execution test
FAIL: libphobos.phobos_shared/std/internal/math/gammafunction.d execution test
FAIL: libphobos.phobos_shared/std/math.d execution test
FAIL: libphobos.phobos_shared/std/numeric.d execution test
FAIL: libphobos.phobos_shared/std/parallelism.d execution test
WARNING: libphobos.phobos_shared/std/range/package.d (test for excess errors) program timed out.
FAIL: libphobos.phobos_shared/std/range/package.d (test for excess errors)
UNRESOLVED: libphobos.phobos_shared/std/range/package.d compilation failed to produce executable
FAIL: libphobos.phobos_shared/std/regex/internal/kickstart.d execution test
WARNING: libphobos.phobos_shared/std/regex/internal/tests.d (test for excess errors) program timed out.
FAIL: libphobos.phobos_shared/std/regex/internal/tests.d (test for excess errors)
UNRESOLVED: libphobos.phobos_shared/std/regex/internal/tests.d compilation failed to produce executable
WARNING: libphobos.phobos_shared/std/regex/package.d (test for excess errors) program timed out.
FAIL: libphobos.phobos_shared/std/regex/package.d (test for excess errors)
UNRESOLVED: libphobos.phobos_shared/std/regex/package.d compilation failed to produce executable
WARNING: libphobos.phobos_shared/std/string.d (test for excess errors) program timed out.
FAIL: libphobos.phobos_shared/std/string.d (test for excess errors)
UNRESOLVED: libphobos.phobos_shared/std/string.d compilation failed to produce executable
WARNING: libphobos.phobos_shared/std/typecons.d (test for excess errors) program timed out.
FAIL: libphobos.phobos_shared/std/typecons.d (test for excess errors)
UNRESOLVED: libphobos.phobos_shared/std/typecons.d compilation failed to produce executable
WARNING: libphobos.phobos_shared/std/uni.d (test for excess errors) program timed out.
FAIL: libphobos.phobos_shared/std/uni.d (test for excess errors)
UNRESOLVED: libphobos.phobos_shared/std/uni.d compilation failed to produce executable
WARNING: libphobos.phobos_shared/std/utf.d (test for excess errors) program timed out.
FAIL: libphobos.phobos_shared/std/utf.d (test for excess errors)
UNRESOLVED: libphobos.phobos_shared/std/utf.d compilation failed to produce executable
FAIL: libphobos.shared/finalize.d -shared-libphobos -ldl execution test
FAIL: libphobos.shared/load.d -shared-libphobos -ldl execution test
FAIL: libphobos.shared/load_13414.d -shared-libphobos -ldl execution test
FAIL: libphobos.shared/load_linkdep.d -shared-libphobos -ldl execution test
=== libphobos Summary for unix/-m64 ===
# of expected passes 387
# of unexpected failures 26
# of unresolved testcases 11
=== libphobos Summary ===
# of expected passes 768
# of unexpected failures 57
# of unresolved testcases 23
=== libstdc++ tests ===
Running target unix
ERROR: could not compile testsuite_abi.cc
FAIL: experimental/net/internet/resolver/ops/lookup.cc execution test
WARNING: tcl error sourcing /vol/gcc/src/hg/master/local/libstdc++-v3/testsuite/libstdc++-dg/conformance.exp. program timed out.
ERROR: tcl error sourcing /vol/gcc/src/hg/master/local/libstdc++-v3/testsuite/libstdc++-dg/conformance.exp.
=== libstdc++ Summary for unix ===
# of expected passes 10901
# of unexpected failures 1
# of expected failures 79
# of unsupported tests 582
Running target unix/-m64
FAIL: experimental/net/internet/resolver/ops/lookup.cc execution test
=== libstdc++ Summary for unix/-m64 ===
# of expected passes 17181
# of unexpected failures 1
# of expected failures 119
# of unsupported tests 928
=== libstdc++ Summary ===
# of expected passes 28082
# of unexpected failures 2
# of expected failures 198
# of unsupported tests 1510
Compiler version: 11.0.0 20200612 (experimental) [master revision 47fe96341d28ff9e68990038b1beb8a760ff26d0] (GCC)
Platform: sparc-sun-solaris2.11
configure flags: --prefix=/vol/gcc --target=sparc-sun-solaris2.11 --enable-objc-gc --with-target-bdw-gc-include=/vol/gcc/include --with-target-bdw-gc-lib=/vol/gcc/lib,sparcv9=/vol/gcc/lib/sparcv9 --with-as=/vol/gcc/bin/gas-2.34 --with-gnu-as --with-gmp-include=/vol/gcc/include --with-gmp-lib=/vol/gcc/lib --with-mpfr-include=/vol/gcc/include --with-mpfr-lib=/vol/gcc/lib --with-mpc-include=/vol/gcc/include --with-mpc-lib=/vol/gcc/lib --enable-languages=all,ada,obj-c++,go --with-isl-include=/vol/gcc/include --with-isl-lib=/vol/gcc/lib --with-zstd-include=/vol/gcc/include --with-zstd-lib=/vol/gcc/lib --build=sparc-sun-solaris2.11 --host=sparc-sun-solaris2.11
BOOT_CFLAGS=-g -O2
More information about the Gcc-testresults
mailing list