Results for 8.4.1 20200608 (GCC) testsuite on hppa2.0w-hp-hpux11.11
John David Anglin
dave@hiauly3.hia.nrc.ca
Fri Jun 12 12:28:14 GMT 2020
=== acats tests ===
FAIL: c9a011b
=== acats Summary ===
# of expected passes 2319
# of unexpected failures 1
Native configuration is hppa2.0w-hp-hpux11.11
=== g++ tests ===
Running target unix
FAIL: g++.dg/pr83239.C -std=gnu++98 (test for excess errors)
FAIL: g++.dg/abi/abi-tag18a.C -std=gnu++98 scan-assembler _ZZ1fB7__test1vEN1T1gB7__test2Ev
FAIL: g++.dg/abi/abi-tag18a.C -std=gnu++98 scan-assembler _ZZZ1fB7__test1vEN1T1gEvE1x
FAIL: g++.dg/abi/abi-tag18a.C -std=gnu++11 scan-assembler _ZZ1fB7__test1vEN1T1gB7__test2Ev
FAIL: g++.dg/abi/abi-tag18a.C -std=gnu++11 scan-assembler _ZZZ1fB7__test1vEN1T1gEvE1x
FAIL: g++.dg/abi/abi-tag18a.C -std=gnu++14 scan-assembler _ZZ1fB7__test1vEN1T1gB7__test2Ev
FAIL: g++.dg/abi/abi-tag18a.C -std=gnu++14 scan-assembler _ZZZ1fB7__test1vEN1T1gEvE1x
FAIL: g++.dg/ext/visibility/lambda1.C -std=c++11 (test for excess errors)
FAIL: g++.dg/ext/visibility/lambda1.C -std=c++14 (test for excess errors)
FAIL: g++.dg/ipa/pr89009.C -std=gnu++98 (test for excess errors)
FAIL: g++.dg/ipa/pr89009.C -std=gnu++11 (test for excess errors)
FAIL: g++.dg/ipa/pr89009.C -std=gnu++14 (test for excess errors)
FAIL: c-c++-common/gomp/clauses-2.c -std=c++98 (test for errors, line 25)
FAIL: c-c++-common/gomp/clauses-2.c -std=c++98 (test for errors, line 39)
FAIL: c-c++-common/gomp/clauses-2.c -std=c++98 (test for errors, line 41)
FAIL: c-c++-common/gomp/clauses-2.c -std=c++98 (test for errors, line 43)
FAIL: c-c++-common/gomp/clauses-2.c -std=c++98 (test for excess errors)
FAIL: c-c++-common/gomp/clauses-2.c -std=c++11 (test for errors, line 25)
FAIL: c-c++-common/gomp/clauses-2.c -std=c++11 (test for errors, line 39)
FAIL: c-c++-common/gomp/clauses-2.c -std=c++11 (test for errors, line 41)
FAIL: c-c++-common/gomp/clauses-2.c -std=c++11 (test for errors, line 43)
FAIL: c-c++-common/gomp/clauses-2.c -std=c++11 (test for excess errors)
FAIL: c-c++-common/gomp/clauses-2.c -std=c++14 (test for errors, line 25)
FAIL: c-c++-common/gomp/clauses-2.c -std=c++14 (test for errors, line 39)
FAIL: c-c++-common/gomp/clauses-2.c -std=c++14 (test for errors, line 41)
FAIL: c-c++-common/gomp/clauses-2.c -std=c++14 (test for errors, line 43)
FAIL: c-c++-common/gomp/clauses-2.c -std=c++14 (test for excess errors)
WARNING: program timed out.
FAIL: c-c++-common/simulate-thread/bitfields-1.c -O2 -g -std=c++98 thread simulation test
FAIL: c-c++-common/simulate-thread/bitfields-1.c -O3 -g -std=c++11 thread simulation test
FAIL: g++.dg/tls/pr77285-2.C -std=c++11 scan-assembler _ZTH4var1B3tag
FAIL: g++.dg/tls/pr77285-2.C -std=c++14 scan-assembler _ZTH4var1B3tag
FAIL: g++.dg/torture/pr81812.C -O0 (test for excess errors)
FAIL: g++.dg/torture/pr81812.C -O1 (test for excess errors)
FAIL: g++.dg/torture/pr81812.C -O2 (test for excess errors)
FAIL: g++.dg/torture/pr81812.C -O3 -g (test for excess errors)
FAIL: g++.dg/torture/pr81812.C -Os (test for excess errors)
=== g++ Summary ===
# of expected passes 106561
# of unexpected failures 36
# of expected failures 501
# of unsupported tests 5856
/mnt/gnu/gcc/objdir/gcc/testsuite/g++/../../xg++ version 8.4.1 20200608 (GCC)
=== gcc tests ===
Running target unix
FAIL: gcc.c-torture/compile/limits-exprparen.c -O0 (internal compiler error)
FAIL: gcc.c-torture/compile/limits-exprparen.c -O0 (test for excess errors)
FAIL: gcc.c-torture/compile/limits-exprparen.c -O1 (internal compiler error)
FAIL: gcc.c-torture/compile/limits-exprparen.c -O1 (test for excess errors)
FAIL: gcc.c-torture/compile/limits-exprparen.c -O2 (internal compiler error)
FAIL: gcc.c-torture/compile/limits-exprparen.c -O2 (test for excess errors)
FAIL: gcc.c-torture/compile/limits-exprparen.c -O3 -g (internal compiler error)
FAIL: gcc.c-torture/compile/limits-exprparen.c -O3 -g (test for excess errors)
FAIL: gcc.c-torture/compile/limits-exprparen.c -Os (internal compiler error)
FAIL: gcc.c-torture/compile/limits-exprparen.c -Os (test for excess errors)
FAIL: gcc.dg/atomic/c11-atomic-exec-5.c -O0 execution test
FAIL: gcc.dg/atomic/c11-atomic-exec-5.c -O1 execution test
FAIL: gcc.dg/atomic/c11-atomic-exec-5.c -O2 execution test
FAIL: gcc.dg/atomic/c11-atomic-exec-5.c -O3 -fomit-frame-pointer -funroll-loops -fpeel-loops -ftracer -finline-functions execution test
FAIL: gcc.dg/atomic/c11-atomic-exec-5.c -O3 -g execution test
FAIL: gcc.dg/atomic/c11-atomic-exec-5.c -Os execution test
FAIL: gcc.dg/compat/pr83487-1 c_compat_y_tst.o compile
FAIL: gcc.dg/compat/pr83487-2 c_compat_y_tst.o compile
FAIL: gcc.dg/cpp/_Pragma3.c (test for excess errors)
FAIL: gcc.dg/pr84941.c (test for excess errors)
FAIL: gcc.dg/pr88074.c (test for excess errors)
FAIL: gcc.dg/pr90756.c (test for excess errors)
FAIL: gcc.dg/predict-13.c scan-tree-dump-times profile_estimate "combined heuristics of edge[^:]*: 0.1%" 2
FAIL: c-c++-common/gomp/clauses-2.c (test for errors, line 25)
FAIL: c-c++-common/gomp/clauses-2.c (test for errors, line 39)
FAIL: c-c++-common/gomp/clauses-2.c (test for errors, line 41)
FAIL: c-c++-common/gomp/clauses-2.c (test for errors, line 43)
FAIL: c-c++-common/gomp/clauses-2.c (test for excess errors)
WARNING: program timed out.
FAIL: gcc.dg/ipa/ipcp-agg-12.c scan-ipa-dump-times cp "adding an extra caller" 2
FAIL: c-c++-common/simulate-thread/bitfields-1.c -O2 -g thread simulation test
FAIL: c-c++-common/simulate-thread/bitfields-1.c -O3 -g thread simulation test
XPASS: gcc.dg/torture/pr47917.c -O1 execution test
XPASS: gcc.dg/torture/pr47917.c -O2 execution test
XPASS: gcc.dg/torture/pr47917.c -O3 -g execution test
XPASS: gcc.dg/torture/pr47917.c -Os execution test
FAIL: gcc.dg/torture/pr90020.c -O0 (test for excess errors)
FAIL: gcc.dg/torture/pr90020.c -O0 execution test
FAIL: gcc.dg/torture/pr90020.c -O1 (test for excess errors)
FAIL: gcc.dg/torture/pr90020.c -O1 execution test
FAIL: gcc.dg/torture/pr90020.c -O2 (test for excess errors)
FAIL: gcc.dg/torture/pr90020.c -O2 execution test
FAIL: gcc.dg/torture/pr90020.c -O3 -g (test for excess errors)
FAIL: gcc.dg/torture/pr90020.c -O3 -g execution test
FAIL: gcc.dg/torture/pr90020.c -Os (test for excess errors)
FAIL: gcc.dg/torture/pr90020.c -Os execution test
FAIL: gcc.dg/tree-ssa/builtin-sprintf.c execution test
FAIL: gcc.target/hppa/shadd-3.c scan-assembler-times sh.add 5
=== gcc Summary ===
# of expected passes 80538
# of unexpected failures 43
# of unexpected successes 4
# of expected failures 290
# of unsupported tests 2351
/mnt/gnu/gcc/objdir/gcc/xgcc version 8.4.1 20200608 (GCC)
=== gfortran tests ===
Running target unix
FAIL: gfortran.dg/coarray_data_1.f90 -O (test for excess errors)
FAIL: gfortran.dg/coarray_data_1.f90 -O execution test
FAIL: gfortran.dg/elemental_subroutine_3.f90 -O1 (test for excess errors)
FAIL: gfortran.dg/elemental_subroutine_3.f90 -O2 (test for excess errors)
FAIL: gfortran.dg/elemental_subroutine_3.f90 -O3 -fomit-frame-pointer -funroll-loops -fpeel-loops -ftracer -finline-functions (test for excess errors)
FAIL: gfortran.dg/elemental_subroutine_3.f90 -O3 -g (test for excess errors)
FAIL: gfortran.dg/elemental_subroutine_3.f90 -Os (test for excess errors)
FAIL: gfortran.dg/temporary_3.f90 -O0 (test for excess errors)
FAIL: gfortran.dg/temporary_3.f90 -O1 (test for excess errors)
FAIL: gfortran.dg/temporary_3.f90 -O2 (test for excess errors)
FAIL: gfortran.dg/temporary_3.f90 -O3 -fomit-frame-pointer -funroll-loops -fpeel-loops -ftracer -finline-functions (test for excess errors)
FAIL: gfortran.dg/temporary_3.f90 -O3 -g (test for excess errors)
FAIL: gfortran.dg/temporary_3.f90 -Os (test for excess errors)
FAIL: gfortran.dg/unlimited_polymorphic_30.f03 -O0 execution test
FAIL: gfortran.dg/unlimited_polymorphic_30.f03 -O1 execution test
=== gfortran Summary ===
# of expected passes 46362
# of unexpected failures 15
# of expected failures 102
# of unsupported tests 461
/mnt/gnu/gcc/objdir/gcc/testsuite/gfortran/../../gfortran version 8.4.1 20200608 (GCC)
=== gnat tests ===
Running target unix
FAIL: gnat.dg/debug11.adb scan-assembler-times 0x5a.*DW_AT_discr_list 1
FAIL: gnat.dg/debug11.adb scan-assembler-times 0x80.*DW_AT_discr_list 1
FAIL: gnat.dg/debug11_pkg.adb scan-assembler local_imported_func
FAIL: gnat.dg/debug11_pkg.adb scan-assembler local_imported_var
FAIL: gnat.dg/debug11_pkg.adb scan-assembler global_imported_func
FAIL: gnat.dg/debug11_pkg.adb scan-assembler global_imported_var
FAIL: gnat.dg/debug12.adb (test for excess errors)
UNRESOLVED: gnat.dg/debug12.adb scan-assembler-times DW_AT_location 4
XPASS: gnat.dg/lto19.adb (test for excess errors)
FAIL: gnat.dg/socket1.adb execution test
=== gnat Summary ===
# of expected passes 2677
# of unexpected failures 8
# of unexpected successes 1
# of expected failures 23
# of unresolved testcases 1
# of unsupported tests 25
/mnt/gnu/gcc/objdir/gcc/gnatmake version 8.4.1 20200608
=== obj-c++ tests ===
Running target unix
=== obj-c++ Summary ===
# of expected passes 1406
# of expected failures 2
# of unsupported tests 60
/mnt/gnu/gcc/objdir/gcc/testsuite/obj-c++/../../xg++ version 8.4.1 20200608 (GCC)
=== objc tests ===
Running target unix
=== objc Summary ===
# of expected passes 2706
# of unsupported tests 61
/mnt/gnu/gcc/objdir/gcc/xgcc version 8.4.1 20200608 (GCC)
=== libatomic tests ===
Running target unix
=== libatomic Summary ===
# of expected passes 44
# of unsupported tests 5
=== libgomp tests ===
Running target unix
FAIL: libgomp.c/target-29.c (internal compiler error)
FAIL: libgomp.c/target-29.c (test for excess errors)
UNRESOLVED: libgomp.c/target-29.c compilation failed to produce executable
FAIL: libgomp.c++/target-15.C (internal compiler error)
FAIL: libgomp.c++/target-15.C (test for excess errors)
UNRESOLVED: libgomp.c++/target-15.C compilation failed to produce executable
FAIL: libgomp.c++/target-16.C (internal compiler error)
FAIL: libgomp.c++/target-16.C (test for excess errors)
UNRESOLVED: libgomp.c++/target-16.C compilation failed to produce executable
FAIL: libgomp.c++/target-17.C (internal compiler error)
FAIL: libgomp.c++/target-17.C (test for excess errors)
UNRESOLVED: libgomp.c++/target-17.C compilation failed to produce executable
FAIL: libgomp.c++/target-19.C (internal compiler error)
FAIL: libgomp.c++/target-19.C (test for excess errors)
UNRESOLVED: libgomp.c++/target-19.C compilation failed to produce executable
FAIL: libgomp.oacc-c/../libgomp.oacc-c-c++-common/atomic_update-1.c -DACC_DEVICE_TYPE_host=1 -DACC_MEM_SHARED=1 -O2 execution test
FAIL: libgomp.oacc-c++/../libgomp.oacc-c-c++-common/atomic_update-1.c -DACC_DEVICE_TYPE_host=1 -DACC_MEM_SHARED=1 -O2 execution test
=== libgomp Summary ===
# of expected passes 5417
# of unexpected failures 12
# of expected failures 2
# of unresolved testcases 5
# of unsupported tests 382
=== libstdc++ tests ===
Running target unix
FAIL: 20_util/shared_ptr/thread/default_weaktoshared.cc (test for excess errors)
FAIL: 20_util/shared_ptr/thread/default_weaktoshared.cc execution test
FAIL: 20_util/shared_ptr/thread/mutex_weaktoshared.cc (test for excess errors)
FAIL: 20_util/shared_ptr/thread/mutex_weaktoshared.cc execution test
FAIL: 22_locale/num_put/put/char/14220.cc execution test
FAIL: 22_locale/num_put/put/wchar_t/14220.cc execution test
FAIL: 27_io/basic_ostream/inserters_arithmetic/char/4402.cc execution test
FAIL: 27_io/basic_ostream/inserters_arithmetic/wchar_t/4402.cc execution test
FAIL: libstdc++-prettyprinters/48362.cc print t1
FAIL: libstdc++-prettyprinters/48362.cc print t2
FAIL: libstdc++-prettyprinters/59161.cc print diter
FAIL: libstdc++-prettyprinters/59161.cc print liter
FAIL: libstdc++-prettyprinters/59161.cc print sliter
FAIL: libstdc++-prettyprinters/59161.cc print siter
FAIL: libstdc++-prettyprinters/59161.cc print viter
FAIL: libstdc++-prettyprinters/80276.cc whatis p1
FAIL: libstdc++-prettyprinters/80276.cc whatis p2
FAIL: libstdc++-prettyprinters/80276.cc whatis p3
FAIL: libstdc++-prettyprinters/80276.cc whatis p4
FAIL: libstdc++-prettyprinters/cxx11.cc print efl
FAIL: libstdc++-prettyprinters/cxx11.cc print refl
FAIL: libstdc++-prettyprinters/cxx11.cc print fl
FAIL: libstdc++-prettyprinters/cxx11.cc print rfl
FAIL: libstdc++-prettyprinters/cxx11.cc print eum
FAIL: libstdc++-prettyprinters/cxx11.cc print reum
FAIL: libstdc++-prettyprinters/cxx11.cc print eumm
FAIL: libstdc++-prettyprinters/cxx11.cc print reumm
FAIL: libstdc++-prettyprinters/cxx11.cc print eus
FAIL: libstdc++-prettyprinters/cxx11.cc print reus
FAIL: libstdc++-prettyprinters/cxx11.cc print eums
FAIL: libstdc++-prettyprinters/cxx11.cc print reums
FAIL: libstdc++-prettyprinters/cxx11.cc print uom
FAIL: libstdc++-prettyprinters/cxx11.cc print ruom
FAIL: libstdc++-prettyprinters/cxx11.cc print uomm
FAIL: libstdc++-prettyprinters/cxx11.cc print ruomm
FAIL: libstdc++-prettyprinters/cxx11.cc print uos
FAIL: libstdc++-prettyprinters/cxx11.cc print ruos
FAIL: libstdc++-prettyprinters/cxx11.cc print uoms
FAIL: libstdc++-prettyprinters/cxx11.cc print ruoms
FAIL: libstdc++-prettyprinters/cxx11.cc print uptr
FAIL: libstdc++-prettyprinters/cxx11.cc print ruptr
FAIL: libstdc++-prettyprinters/cxx11.cc print arrptr
FAIL: libstdc++-prettyprinters/cxx11.cc print rarrptr
FAIL: libstdc++-prettyprinters/cxx11.cc print tpl
FAIL: libstdc++-prettyprinters/cxx11.cc print rtpl
FAIL: libstdc++-prettyprinters/cxx17.cc print str
FAIL: libstdc++-prettyprinters/cxx17.cc print o
FAIL: libstdc++-prettyprinters/cxx17.cc print ob
FAIL: libstdc++-prettyprinters/cxx17.cc print oi
FAIL: libstdc++-prettyprinters/cxx17.cc print op
FAIL: libstdc++-prettyprinters/cxx17.cc print om
FAIL: libstdc++-prettyprinters/cxx17.cc print os
FAIL: libstdc++-prettyprinters/cxx17.cc print a
FAIL: libstdc++-prettyprinters/cxx17.cc print ab
FAIL: libstdc++-prettyprinters/cxx17.cc print ai
FAIL: libstdc++-prettyprinters/cxx17.cc print ap
FAIL: libstdc++-prettyprinters/cxx17.cc print as
FAIL: libstdc++-prettyprinters/cxx17.cc print as2
FAIL: libstdc++-prettyprinters/cxx17.cc print am
FAIL: libstdc++-prettyprinters/cxx17.cc print v0
FAIL: libstdc++-prettyprinters/cxx17.cc print v1
FAIL: libstdc++-prettyprinters/cxx17.cc print v2
FAIL: libstdc++-prettyprinters/cxx17.cc print v3
FAIL: libstdc++-prettyprinters/cxx17.cc print v4
FAIL: libstdc++-prettyprinters/cxx17.cc print p
FAIL: libstdc++-prettyprinters/cxx17.cc print wp
FAIL: libstdc++-prettyprinters/cxx17.cc print q
FAIL: libstdc++-prettyprinters/cxx17.cc print wq
FAIL: libstdc++-prettyprinters/debug.cc print str
FAIL: libstdc++-prettyprinters/debug.cc print bs
FAIL: libstdc++-prettyprinters/debug.cc print deq
FAIL: libstdc++-prettyprinters/debug.cc print deqiter
FAIL: libstdc++-prettyprinters/debug.cc print lst
FAIL: libstdc++-prettyprinters/debug.cc print lstiter
FAIL: libstdc++-prettyprinters/debug.cc print lstciter
FAIL: libstdc++-prettyprinters/debug.cc print mp
FAIL: libstdc++-prettyprinters/debug.cc print mpiter
FAIL: libstdc++-prettyprinters/debug.cc print const_intset
FAIL: libstdc++-prettyprinters/debug.cc print sp
FAIL: libstdc++-prettyprinters/debug.cc print spciter
FAIL: libstdc++-prettyprinters/debug.cc print sll
FAIL: libstdc++-prettyprinters/debug.cc print viter0
FAIL: libstdc++-prettyprinters/debug.cc print v
FAIL: libstdc++-prettyprinters/debug.cc print viter1
FAIL: libstdc++-prettyprinters/debug.cc print viter2
FAIL: libstdc++-prettyprinters/debug.cc print viter3
FAIL: libstdc++-prettyprinters/debug.cc print slliter
FAIL: libstdc++-prettyprinters/debug_cxx11.cc print flstiter0
FAIL: libstdc++-prettyprinters/debug_cxx11.cc print *flstiter1
FAIL: libstdc++-prettyprinters/debug_cxx11.cc print *flstiter2
FAIL: libstdc++-prettyprinters/debug_cxx11.cc print flst
FAIL: libstdc++-prettyprinters/debug_cxx11.cc print *flstciter
FAIL: libstdc++-prettyprinters/debug_cxx11.cc print um
FAIL: libstdc++-prettyprinters/libfundts.cc print str
FAIL: libstdc++-prettyprinters/libfundts.cc print o
FAIL: libstdc++-prettyprinters/libfundts.cc print ob
FAIL: libstdc++-prettyprinters/libfundts.cc print oi
FAIL: libstdc++-prettyprinters/libfundts.cc print op
FAIL: libstdc++-prettyprinters/libfundts.cc print om
FAIL: libstdc++-prettyprinters/libfundts.cc print os
FAIL: libstdc++-prettyprinters/libfundts.cc print a
FAIL: libstdc++-prettyprinters/libfundts.cc print ab
FAIL: libstdc++-prettyprinters/libfundts.cc print ai
FAIL: libstdc++-prettyprinters/libfundts.cc print ap
FAIL: libstdc++-prettyprinters/libfundts.cc print as
FAIL: libstdc++-prettyprinters/libfundts.cc print as2
FAIL: libstdc++-prettyprinters/libfundts.cc print am
FAIL: libstdc++-prettyprinters/shared_ptr.cc print esp
FAIL: libstdc++-prettyprinters/shared_ptr.cc print ewp1
FAIL: libstdc++-prettyprinters/shared_ptr.cc print ewp2
FAIL: libstdc++-prettyprinters/shared_ptr.cc print sp1
FAIL: libstdc++-prettyprinters/shared_ptr.cc print wp1
FAIL: libstdc++-prettyprinters/shared_ptr.cc print wp2
FAIL: libstdc++-prettyprinters/simple.cc print str
FAIL: libstdc++-prettyprinters/simple.cc print bs0
FAIL: libstdc++-prettyprinters/simple.cc print bs
FAIL: libstdc++-prettyprinters/simple.cc print deq
FAIL: libstdc++-prettyprinters/simple.cc print deqiter0
FAIL: libstdc++-prettyprinters/simple.cc print deqiter
FAIL: libstdc++-prettyprinters/simple.cc print lst
FAIL: libstdc++-prettyprinters/simple.cc print lstiter0
FAIL: libstdc++-prettyprinters/simple.cc print lstiter
FAIL: libstdc++-prettyprinters/simple.cc print lstciter
FAIL: libstdc++-prettyprinters/simple.cc print mp
FAIL: libstdc++-prettyprinters/simple.cc print mpiter
FAIL: libstdc++-prettyprinters/simple.cc print mpiter0
FAIL: libstdc++-prettyprinters/simple.cc print const_intset
FAIL: libstdc++-prettyprinters/simple.cc print sp
FAIL: libstdc++-prettyprinters/simple.cc print spciter
FAIL: libstdc++-prettyprinters/simple.cc print spiter0
FAIL: libstdc++-prettyprinters/simple.cc print v
FAIL: libstdc++-prettyprinters/simple.cc print viter3
FAIL: libstdc++-prettyprinters/simple.cc print viter0
FAIL: libstdc++-prettyprinters/simple.cc print sll
FAIL: libstdc++-prettyprinters/simple.cc print slliter
FAIL: libstdc++-prettyprinters/simple.cc print slliter0
FAIL: libstdc++-prettyprinters/simple11.cc print str
FAIL: libstdc++-prettyprinters/simple11.cc print bs
FAIL: libstdc++-prettyprinters/simple11.cc print deq
FAIL: libstdc++-prettyprinters/simple11.cc print deqiter
FAIL: libstdc++-prettyprinters/simple11.cc print deqiter0
FAIL: libstdc++-prettyprinters/simple11.cc print lst
FAIL: libstdc++-prettyprinters/simple11.cc print lstiter
FAIL: libstdc++-prettyprinters/simple11.cc print lstciter
FAIL: libstdc++-prettyprinters/simple11.cc print lstiter0
FAIL: libstdc++-prettyprinters/simple11.cc print mp
FAIL: libstdc++-prettyprinters/simple11.cc print mpiter
FAIL: libstdc++-prettyprinters/simple11.cc print mpiter0
FAIL: libstdc++-prettyprinters/simple11.cc print const_intset
FAIL: libstdc++-prettyprinters/simple11.cc print sp
FAIL: libstdc++-prettyprinters/simple11.cc print spciter
FAIL: libstdc++-prettyprinters/simple11.cc print spiter0
FAIL: libstdc++-prettyprinters/simple11.cc print v
FAIL: libstdc++-prettyprinters/simple11.cc print viter3
FAIL: libstdc++-prettyprinters/simple11.cc print viter0
FAIL: libstdc++-prettyprinters/simple11.cc print sll
FAIL: libstdc++-prettyprinters/simple11.cc print slliter
FAIL: libstdc++-prettyprinters/simple11.cc print slliter0
FAIL: libstdc++-prettyprinters/tr1.cc print eum
FAIL: libstdc++-prettyprinters/tr1.cc print eumm
FAIL: libstdc++-prettyprinters/tr1.cc print eus
FAIL: libstdc++-prettyprinters/tr1.cc print eums
FAIL: libstdc++-prettyprinters/tr1.cc print uom
FAIL: libstdc++-prettyprinters/tr1.cc print uomm
FAIL: libstdc++-prettyprinters/tr1.cc print uos
FAIL: libstdc++-prettyprinters/tr1.cc print uoms
FAIL: libstdc++-prettyprinters/whatis.cc whatis string_holder
FAIL: libstdc++-prettyprinters/whatis.cc whatis ios_holder
FAIL: libstdc++-prettyprinters/whatis.cc whatis streambuf_holder
FAIL: libstdc++-prettyprinters/whatis.cc whatis istream_holder
FAIL: libstdc++-prettyprinters/whatis.cc whatis ostream_holder
FAIL: libstdc++-prettyprinters/whatis.cc whatis iostream_holder
FAIL: libstdc++-prettyprinters/whatis.cc whatis stringbuf_holder
FAIL: libstdc++-prettyprinters/whatis.cc whatis istringstream_holder
FAIL: libstdc++-prettyprinters/whatis.cc whatis ostringstream_holder
FAIL: libstdc++-prettyprinters/whatis.cc whatis stringstream_holder
FAIL: libstdc++-prettyprinters/whatis.cc whatis filebuf_holder
FAIL: libstdc++-prettyprinters/whatis.cc whatis ifstream_holder
FAIL: libstdc++-prettyprinters/whatis.cc whatis ofstream_holder
FAIL: libstdc++-prettyprinters/whatis.cc whatis fstream_holder
FAIL: libstdc++-prettyprinters/whatis.cc whatis streampos_holder
FAIL: libstdc++-prettyprinters/whatis.cc whatis regex_holder
FAIL: libstdc++-prettyprinters/whatis.cc whatis csub_match_holder
FAIL: libstdc++-prettyprinters/whatis.cc whatis ssub_match_holder
FAIL: libstdc++-prettyprinters/whatis.cc whatis cmatch_holder
FAIL: libstdc++-prettyprinters/whatis.cc whatis smatch_holder
FAIL: libstdc++-prettyprinters/whatis.cc whatis cregex_iterator_holder
FAIL: libstdc++-prettyprinters/whatis.cc whatis sregex_iterator_holder
FAIL: libstdc++-prettyprinters/whatis.cc whatis cregex_token_iterator_holder
FAIL: libstdc++-prettyprinters/whatis.cc whatis sregex_token_iterator_holder
FAIL: libstdc++-prettyprinters/whatis.cc whatis u16string_holder
FAIL: libstdc++-prettyprinters/whatis.cc whatis u32string_holder
FAIL: libstdc++-prettyprinters/whatis.cc whatis minstd_rand0_holder
FAIL: libstdc++-prettyprinters/whatis.cc whatis minstd_rand_holder
FAIL: libstdc++-prettyprinters/whatis.cc whatis mt19937_holder
FAIL: libstdc++-prettyprinters/whatis.cc whatis mt19937_64_holder
FAIL: libstdc++-prettyprinters/whatis.cc whatis ranlux24_base_holder
FAIL: libstdc++-prettyprinters/whatis.cc whatis ranlux48_base_holder
FAIL: libstdc++-prettyprinters/whatis.cc whatis ranlux24_holder
FAIL: libstdc++-prettyprinters/whatis.cc whatis ranlux48_holder
FAIL: libstdc++-prettyprinters/whatis.cc whatis knuth_b_holder
FAIL: libstdc++-prettyprinters/whatis.cc whatis seq1_holder
FAIL: libstdc++-prettyprinters/whatis.cc whatis seq2_holder
FAIL: libstdc++-prettyprinters/whatis.cc whatis assoc1_holder
FAIL: libstdc++-prettyprinters/whatis.cc whatis assoc2_holder
FAIL: libstdc++-prettyprinters/whatis.cc whatis unord1_holder
FAIL: libstdc++-prettyprinters/whatis.cc whatis unord2_holder
FAIL: libstdc++-prettyprinters/whatis2.cc whatis string_holder
FAIL: libstdc++-prettyprinters/whatis2.cc whatis ios_holder
FAIL: libstdc++-prettyprinters/whatis2.cc whatis streambuf_holder
FAIL: libstdc++-prettyprinters/whatis2.cc whatis istream_holder
FAIL: libstdc++-prettyprinters/whatis2.cc whatis ostream_holder
FAIL: libstdc++-prettyprinters/whatis2.cc whatis iostream_holder
FAIL: libstdc++-prettyprinters/whatis2.cc whatis stringbuf_holder
FAIL: libstdc++-prettyprinters/whatis2.cc whatis istringstream_holder
FAIL: libstdc++-prettyprinters/whatis2.cc whatis ostringstream_holder
FAIL: libstdc++-prettyprinters/whatis2.cc whatis stringstream_holder
FAIL: libstdc++-prettyprinters/whatis2.cc whatis filebuf_holder
FAIL: libstdc++-prettyprinters/whatis2.cc whatis ifstream_holder
FAIL: libstdc++-prettyprinters/whatis2.cc whatis ofstream_holder
FAIL: libstdc++-prettyprinters/whatis2.cc whatis fstream_holder
FAIL: libstdc++-prettyprinters/whatis2.cc whatis streampos_holder
FAIL: libstdc++-prettyprinters/whatis2.cc whatis regex_holder
FAIL: libstdc++-prettyprinters/whatis2.cc whatis csub_match_holder
FAIL: libstdc++-prettyprinters/whatis2.cc whatis ssub_match_holder
FAIL: libstdc++-prettyprinters/whatis2.cc whatis cmatch_holder
FAIL: libstdc++-prettyprinters/whatis2.cc whatis smatch_holder
FAIL: libstdc++-prettyprinters/whatis2.cc whatis cregex_iterator_holder
FAIL: libstdc++-prettyprinters/whatis2.cc whatis sregex_iterator_holder
FAIL: libstdc++-prettyprinters/whatis2.cc whatis cregex_token_iterator_holder
FAIL: libstdc++-prettyprinters/whatis2.cc whatis sregex_token_iterator_holder
FAIL: libstdc++-prettyprinters/whatis2.cc whatis u16string_holder
FAIL: libstdc++-prettyprinters/whatis2.cc whatis u32string_holder
FAIL: libstdc++-prettyprinters/whatis2.cc whatis minstd_rand0_holder
FAIL: libstdc++-prettyprinters/whatis2.cc whatis minstd_rand_holder
FAIL: libstdc++-prettyprinters/whatis2.cc whatis mt19937_holder
FAIL: libstdc++-prettyprinters/whatis2.cc whatis mt19937_64_holder
FAIL: libstdc++-prettyprinters/whatis2.cc whatis ranlux24_base_holder
FAIL: libstdc++-prettyprinters/whatis2.cc whatis ranlux48_base_holder
FAIL: libstdc++-prettyprinters/whatis2.cc whatis ranlux24_holder
FAIL: libstdc++-prettyprinters/whatis2.cc whatis ranlux48_holder
FAIL: libstdc++-prettyprinters/whatis2.cc whatis knuth_b_holder
FAIL: libstdc++-prettyprinters/whatis2.cc whatis seq1_holder
FAIL: libstdc++-prettyprinters/whatis2.cc whatis seq2_holder
FAIL: libstdc++-prettyprinters/whatis2.cc whatis assoc1_holder
FAIL: libstdc++-prettyprinters/whatis2.cc whatis assoc2_holder
FAIL: libstdc++-prettyprinters/whatis2.cc whatis unord1_holder
FAIL: libstdc++-prettyprinters/whatis2.cc whatis unord2_holder
=== libstdc++ Summary ===
# of expected passes 10808
# of unexpected failures 248
# of expected failures 71
# of unsupported tests 948
Compiler version: 8.4.1 20200608 (GCC)
Platform: hppa2.0w-hp-hpux11.11
configure flags: --with-gnu-as --with-as=/opt/gnu/bin/as --enable-shared --with-local-prefix=/opt/gnu --prefix=/opt/gnu/gcc/gcc-8 --with-gmp=/opt/gnu/gcc/gmp --enable-threads=posix --disable-nls --disable-lto --without-cloog --without-ppl --enable-checking=release --enable-languages=c,c++,objc,fortran,ada,obj-c++
More information about the Gcc-testresults
mailing list