Results for 11.0.0 20200611 (experimental) (GCC) gcc testsuite on moxie-unknown-elf
Anthony Green
green@moxielogic.com
Thu Jun 11 08:13:46 GMT 2020
rlgl policy check: RED: https://rl.gl/doc?id=RLGL-2BRGR6XT
Target is moxie-unknown-elf
Host is x86_64-pc-linux-gnu
=== gcc tests ===
Running target moxie-sim
FAIL: c-c++-common/spec-barrier-1.c -Wc++-compat (test for excess errors)
FAIL: gcc.dg/attr-vector_size.c (internal compiler error)
FAIL: gcc.dg/attr-vector_size.c (test for excess errors)
FAIL: gcc.dg/attr-vector_size.c ILP32 (test for errors, line 37)
FAIL: gcc.dg/attr-vector_size.c ILP32 (test for errors, line 39)
FAIL: gcc.dg/attr-vector_size.c ILP32 (test for errors, line 64)
FAIL: gcc.dg/attr-vector_size.c ILP32 (test for errors, line 66)
FAIL: gcc.dg/builtin-apply2.c execution test
FAIL: gcc.dg/builtin-stringop-chk-5.c (test for excess errors)
FAIL: gcc.dg/builtin-stringop-chk-5.c memcpy into allocated (test for warnings, line 136)
FAIL: gcc.dg/builtin-stringop-chk-5.c memcpy into allocated (test for warnings, line 139)
FAIL: gcc.dg/builtin-stringop-chk-5.c memcpy into allocated (test for warnings, line 142)
FAIL: gcc.dg/builtin-stringop-chk-5.c memcpy into allocated (test for warnings, line 145)
FAIL: gcc.dg/builtin-stringop-chk-5.c memcpy into allocated (test for warnings, line 148)
FAIL: gcc.dg/builtin-stringop-chk-5.c memcpy into allocated (test for warnings, line 151)
FAIL: gcc.dg/cleanup-12.c execution test
FAIL: gcc.dg/cleanup-13.c execution test
FAIL: gcc.dg/cleanup-5.c execution test
FAIL: gcc.dg/ifcvt-4.c scan-rtl-dump ce1 "2 true changes made"
FAIL: gcc.dg/loop-8.c scan-rtl-dump-not loop2_invariant "without introducing a new temporary register"
FAIL: gcc.dg/loop-8.c scan-rtl-dump-times loop2_invariant "Decided" 1
FAIL: gcc.dg/pr69973.c (internal compiler error)
FAIL: gcc.dg/pr69973.c (test for excess errors)
FAIL: gcc.dg/pr84877.c execution test
FAIL: gcc.dg/sibcall-10.c execution test
FAIL: gcc.dg/sibcall-9.c execution test
FAIL: gcc.dg/sinatan-2.c scan-tree-dump-not optimized "atan "
FAIL: gcc.dg/sinatan-2.c scan-tree-dump-not optimized "atanf "
FAIL: gcc.dg/sinatan-2.c scan-tree-dump-not optimized "atanl "
FAIL: gcc.dg/sinatan-2.c scan-tree-dump-not optimized "cos "
FAIL: gcc.dg/sinatan-2.c scan-tree-dump-not optimized "cosf "
FAIL: gcc.dg/sinatan-2.c scan-tree-dump-not optimized "cosl "
FAIL: gcc.dg/sinatan-2.c scan-tree-dump-not optimized "sin "
FAIL: gcc.dg/sinatan-2.c scan-tree-dump-not optimized "sinf "
FAIL: gcc.dg/sinatan-2.c scan-tree-dump-not optimized "sinl "
FAIL: gcc.dg/sinhovercosh-1.c scan-tree-dump-times optimized "tanhf " 1
FAIL: gcc.dg/sinhovercosh-1.c scan-tree-dump-times optimized "tanhl " 1
FAIL: gcc.dg/tanhbysinh.c scan-tree-dump optimized "coshf "
FAIL: gcc.dg/tanhbysinh.c scan-tree-dump optimized "coshl "
FAIL: gcc.dg/plugin/must-tail-call-1.c -fplugin=./must_tail_call_plugin.so (test for excess errors)
FAIL: gcc.dg/torture/pr37868.c -O0 execution test
FAIL: gcc.dg/torture/pr95248.c -O0 execution test
FAIL: gcc.dg/torture/pr95248.c -O1 execution test
FAIL: gcc.dg/torture/pr95248.c -O2 execution test
FAIL: gcc.dg/torture/pr95248.c -O2 -flto -fno-use-linker-plugin -flto-partition=none execution test
FAIL: gcc.dg/torture/pr95248.c -O3 -fomit-frame-pointer -funroll-loops -fpeel-loops -ftracer -finline-functions execution test
FAIL: gcc.dg/torture/pr95248.c -O3 -g execution test
FAIL: gcc.dg/torture/pr95248.c -Os execution test
FAIL: gcc.dg/torture/stackalign/builtin-apply-2.c -O0 execution test
FAIL: gcc.dg/torture/stackalign/builtin-apply-2.c -O0 -fpic execution test
FAIL: gcc.dg/torture/stackalign/builtin-apply-2.c -O1 execution test
FAIL: gcc.dg/torture/stackalign/builtin-apply-2.c -O1 -fpic execution test
FAIL: gcc.dg/torture/stackalign/builtin-apply-2.c -O2 execution test
FAIL: gcc.dg/torture/stackalign/builtin-apply-2.c -O2 -flto -fno-use-linker-plugin -flto-partition=none execution test
FAIL: gcc.dg/torture/stackalign/builtin-apply-2.c -O2 -flto -fno-use-linker-plugin -flto-partition=none -fpic execution test
FAIL: gcc.dg/torture/stackalign/builtin-apply-2.c -O2 -flto -fuse-linker-plugin -fno-fat-lto-objects execution test
FAIL: gcc.dg/torture/stackalign/builtin-apply-2.c -O2 -flto -fuse-linker-plugin -fno-fat-lto-objects -fpic execution test
FAIL: gcc.dg/torture/stackalign/builtin-apply-2.c -O2 -fpic execution test
FAIL: gcc.dg/torture/stackalign/builtin-apply-2.c -O3 -g execution test
FAIL: gcc.dg/torture/stackalign/builtin-apply-2.c -O3 -g -fpic execution test
FAIL: gcc.dg/torture/stackalign/builtin-apply-2.c -Os execution test
FAIL: gcc.dg/torture/stackalign/builtin-apply-2.c -Os -fpic execution test
FAIL: gcc.dg/tree-ssa/builtin-sprintf.c execution test
FAIL: gcc.dg/tree-ssa/loop-1.c scan-assembler-times foo 5
FAIL: gcc.dg/tree-ssa/loop-interchange-1.c execution test
FAIL: gcc.dg/tree-ssa/loop-interchange-1b.c execution test
UNRESOLVED: gcc.dg/tree-ssa/pr89430-1.c scan-tree-dump cselim "Conditional store replacement"
UNRESOLVED: gcc.dg/tree-ssa/pr89430-2.c scan-tree-dump cselim "Conditional store replacement"
UNRESOLVED: gcc.dg/tree-ssa/pr89430-3.c scan-tree-dump-not cselim "Conditional store replacement"
UNRESOLVED: gcc.dg/tree-ssa/pr89430-4.c scan-tree-dump-not cselim "Conditional store replacement"
UNRESOLVED: gcc.dg/tree-ssa/pr89430-5.c scan-tree-dump cselim "Conditional store replacement"
UNRESOLVED: gcc.dg/tree-ssa/pr89430-6.c scan-tree-dump cselim "Conditional store replacement"
UNRESOLVED: gcc.dg/tree-ssa/pr89430-7-comp-ref.c scan-tree-dump cselim "Conditional store replacement"
UNRESOLVED: gcc.dg/tree-ssa/pr89430-8-mem-ref-size.c scan-tree-dump cselim "Conditional store replacement"
FAIL: gcc.dg/tree-ssa/ssa-dom-thread-7.c scan-tree-dump-not dom3 "Jumps threaded"
FAIL: gcc.dg/tree-ssa/ssa-dom-thread-7.c scan-tree-dump-not vrp2 "Jumps threaded"
FAIL: compiler driver -Q --help=warnings option(s): "-Wabsolute-value[ \\t]+\\[available in C, ObjC\\]" present in output
=== gcc Summary ===
# of expected passes 107715
# of unexpected failures 69
# of expected failures 491
# of unresolved testcases 8
# of unsupported tests 3092
/home/moxie/build/gcc/xgcc version 11.0.0 20200611 (experimental) (GCC)
Compiler version: 11.0.0 20200611 (experimental) (GCC) gcc
Platform: moxie-unknown-elf
configure flags: --prefix=/opt/moxielogic --target=moxie-elf --enable-languages=c --disable-libquadmath --disable-libssp --with-newlib --with-headers=/opt/moxielogic/moxie-elf/include
More information about the Gcc-testresults
mailing list