Results for 10.1.1 20200606 [releases/gcc-10 revision r10-8258-g7eb958eb4b5a] (GCC) testsuite on x86_64-apple-darwin13
Iain Sandoe
iains.gcc@gmail.com
Mon Jun 8 08:39:40 GMT 2020
LAST_UPDATED: Sat Jun 6 10:39:40 UTC 2020 (revision r10-8258-g7eb958eb4b5a)
=== acats tests ===
=== acats Summary ===
# of expected passes 2320
# of unexpected failures 0
Native configuration is x86_64-apple-darwin13
=== g++ tests ===
Running target unix/-m32
FAIL: c-c++-common/asan/memcmp-1.c -O0 output pattern test
FAIL: c-c++-common/asan/memcmp-1.c -O1 output pattern test
FAIL: c-c++-common/asan/memcmp-1.c -O2 output pattern test
FAIL: c-c++-common/asan/memcmp-1.c -O2 -flto output pattern test
FAIL: c-c++-common/asan/memcmp-1.c -O2 -flto -flto-partition=none output pattern test
FAIL: c-c++-common/asan/memcmp-1.c -O3 -g output pattern test
FAIL: c-c++-common/asan/memcmp-1.c -Os output pattern test
FAIL: c-c++-common/asan/null-deref-1.c -O0 output pattern test
FAIL: c-c++-common/asan/null-deref-1.c -O1 output pattern test
FAIL: c-c++-common/asan/null-deref-1.c -O2 output pattern test
FAIL: c-c++-common/asan/null-deref-1.c -O2 -flto output pattern test
FAIL: c-c++-common/asan/null-deref-1.c -O2 -flto -flto-partition=none output pattern test
FAIL: c-c++-common/asan/null-deref-1.c -O3 -g output pattern test
FAIL: c-c++-common/asan/null-deref-1.c -Os output pattern test
UNRESOLVED: g++.dg/bprob/g++-bprob-1.C compilation, -O3 -g -fbranch-probabilities
FAIL: g++.dg/bprob/g++-bprob-1.C compilation, -O3 -g -fprofile-arcs
UNRESOLVED: g++.dg/bprob/g++-bprob-1.C compilation, -g -fbranch-probabilities
FAIL: g++.dg/bprob/g++-bprob-1.C compilation, -g -fprofile-arcs
UNRESOLVED: g++.dg/bprob/g++-bprob-1.C execution, -O3 -g -fbranch-probabilities
UNRESOLVED: g++.dg/bprob/g++-bprob-1.C execution, -O3 -g -fprofile-arcs
UNRESOLVED: g++.dg/bprob/g++-bprob-1.C execution, -g -fbranch-probabilities
UNRESOLVED: g++.dg/bprob/g++-bprob-1.C execution, -g -fprofile-arcs
UNRESOLVED: g++.dg/bprob/g++-bprob-2.C compilation, -O3 -g -fbranch-probabilities
FAIL: g++.dg/bprob/g++-bprob-2.C compilation, -O3 -g -fprofile-arcs
UNRESOLVED: g++.dg/bprob/g++-bprob-2.C compilation, -g -fbranch-probabilities
FAIL: g++.dg/bprob/g++-bprob-2.C compilation, -g -fprofile-arcs
UNRESOLVED: g++.dg/bprob/g++-bprob-2.C execution, -O3 -g -fbranch-probabilities
UNRESOLVED: g++.dg/bprob/g++-bprob-2.C execution, -O3 -g -fprofile-arcs
UNRESOLVED: g++.dg/bprob/g++-bprob-2.C execution, -g -fbranch-probabilities
UNRESOLVED: g++.dg/bprob/g++-bprob-2.C execution, -g -fprofile-arcs
FAIL: g++.dg/ext/pr84828.C -std=gnu++14 (test for excess errors)
FAIL: g++.dg/ext/pr84828.C -std=gnu++17 (test for excess errors)
FAIL: g++.dg/ext/pr84828.C -std=gnu++2a (test for excess errors)
FAIL: g++.dg/ext/pr84828.C -std=gnu++98 (test for excess errors)
FAIL: g++.dg/ipa/pr67056.C scan-ipa-dump cp "Speculative outer type:struct CompositeClass"
FAIL: g++.dg/gomp/pr88182.C -std=gnu++14 (test for excess errors)
UNRESOLVED: g++.dg/gomp/pr88182.C -std=gnu++14 compilation failed to produce executable
FAIL: g++.dg/gomp/pr88182.C -std=gnu++17 (test for excess errors)
UNRESOLVED: g++.dg/gomp/pr88182.C -std=gnu++17 compilation failed to produce executable
FAIL: g++.dg/gomp/pr88182.C -std=gnu++2a (test for excess errors)
UNRESOLVED: g++.dg/gomp/pr88182.C -std=gnu++2a compilation failed to produce executable
FAIL: g++.dg/gomp/pr88182.C -std=gnu++98 (test for excess errors)
UNRESOLVED: g++.dg/gomp/pr88182.C -std=gnu++98 compilation failed to produce executable
FAIL: g++.dg/lto/pr65276 cp_lto_pr65276_0.o-cp_lto_pr65276_1.o link, -flto -O0 -std=c++11
FAIL: g++.dg/lto/pr65549 cp_lto_pr65549_0.o-cp_lto_pr65549_0.o link, -std=gnu++14 -flto -g -O2 -fno-inline -flto-partition=max -Wno-return-type
FAIL: g++.dg/lto/pr89335 cp_lto_pr89335_0.o assemble, -O2 -flto -Wsuggest-final-methods
FAIL: g++.dg/tree-prof/pr57451.C compilation, -fprofile-generate -D_PROFILE_GENERATE
UNRESOLVED: g++.dg/tree-prof/pr57451.C compilation, -fprofile-use -D_PROFILE_USE
UNRESOLVED: g++.dg/tree-prof/pr57451.C execution, -fprofile-generate -D_PROFILE_GENERATE
UNRESOLVED: g++.dg/tree-prof/pr57451.C execution, -fprofile-use -D_PROFILE_USE
FAIL: g++.dg/tree-prof/pr63581.C compilation, -fprofile-generate -D_PROFILE_GENERATE
UNRESOLVED: g++.dg/tree-prof/pr63581.C compilation, -fprofile-use -D_PROFILE_USE
UNRESOLVED: g++.dg/tree-prof/pr63581.C execution, -fprofile-generate -D_PROFILE_GENERATE
UNRESOLVED: g++.dg/tree-prof/pr63581.C execution, -fprofile-use -D_PROFILE_USE
=== g++ Summary for unix/-m32 ===
# of expected passes 186041
# of unexpected failures 32
# of expected failures 725
# of unresolved testcases 22
# of unsupported tests 8426
Running target unix/-m64
FAIL: c-c++-common/asan/memcmp-1.c -O0 output pattern test
FAIL: c-c++-common/asan/memcmp-1.c -O1 output pattern test
FAIL: c-c++-common/asan/memcmp-1.c -Os output pattern test
UNRESOLVED: g++.dg/bprob/g++-bprob-1.C compilation, -O3 -g -fbranch-probabilities
FAIL: g++.dg/bprob/g++-bprob-1.C compilation, -O3 -g -fprofile-arcs
UNRESOLVED: g++.dg/bprob/g++-bprob-1.C compilation, -g -fbranch-probabilities
FAIL: g++.dg/bprob/g++-bprob-1.C compilation, -g -fprofile-arcs
UNRESOLVED: g++.dg/bprob/g++-bprob-1.C execution, -O3 -g -fbranch-probabilities
UNRESOLVED: g++.dg/bprob/g++-bprob-1.C execution, -O3 -g -fprofile-arcs
UNRESOLVED: g++.dg/bprob/g++-bprob-1.C execution, -g -fbranch-probabilities
UNRESOLVED: g++.dg/bprob/g++-bprob-1.C execution, -g -fprofile-arcs
UNRESOLVED: g++.dg/bprob/g++-bprob-2.C compilation, -O3 -g -fbranch-probabilities
FAIL: g++.dg/bprob/g++-bprob-2.C compilation, -O3 -g -fprofile-arcs
UNRESOLVED: g++.dg/bprob/g++-bprob-2.C compilation, -g -fbranch-probabilities
FAIL: g++.dg/bprob/g++-bprob-2.C compilation, -g -fprofile-arcs
UNRESOLVED: g++.dg/bprob/g++-bprob-2.C execution, -O3 -g -fbranch-probabilities
UNRESOLVED: g++.dg/bprob/g++-bprob-2.C execution, -O3 -g -fprofile-arcs
UNRESOLVED: g++.dg/bprob/g++-bprob-2.C execution, -g -fbranch-probabilities
UNRESOLVED: g++.dg/bprob/g++-bprob-2.C execution, -g -fprofile-arcs
WARNING: g++.dg/init/reference2.C -std=c++14 (test for errors, line 11) program timed out.
FAIL: g++.dg/ipa/pr67056.C scan-ipa-dump cp "Speculative outer type:struct CompositeClass"
FAIL: g++.dg/pr80481.C -std=gnu++14 scan-assembler-not vmovaps[^\\n\\r]*zmm[0-9]+,[^\\n\\r]*zmm[0-9]+
FAIL: g++.dg/pr80481.C -std=gnu++17 scan-assembler-not vmovaps[^\\n\\r]*zmm[0-9]+,[^\\n\\r]*zmm[0-9]+
FAIL: g++.dg/pr80481.C -std=gnu++2a scan-assembler-not vmovaps[^\\n\\r]*zmm[0-9]+,[^\\n\\r]*zmm[0-9]+
FAIL: g++.dg/pr80481.C -std=gnu++98 scan-assembler-not vmovaps[^\\n\\r]*zmm[0-9]+,[^\\n\\r]*zmm[0-9]+
FAIL: g++.dg/gomp/pr88182.C -std=gnu++14 (test for excess errors)
UNRESOLVED: g++.dg/gomp/pr88182.C -std=gnu++14 compilation failed to produce executable
FAIL: g++.dg/gomp/pr88182.C -std=gnu++17 (test for excess errors)
UNRESOLVED: g++.dg/gomp/pr88182.C -std=gnu++17 compilation failed to produce executable
FAIL: g++.dg/gomp/pr88182.C -std=gnu++2a (test for excess errors)
UNRESOLVED: g++.dg/gomp/pr88182.C -std=gnu++2a compilation failed to produce executable
FAIL: g++.dg/gomp/pr88182.C -std=gnu++98 (test for excess errors)
UNRESOLVED: g++.dg/gomp/pr88182.C -std=gnu++98 compilation failed to produce executable
FAIL: g++.dg/lto/pr65276 cp_lto_pr65276_0.o-cp_lto_pr65276_1.o link, -flto -O0 -std=c++11
FAIL: g++.dg/lto/pr65549 cp_lto_pr65549_0.o-cp_lto_pr65549_0.o link, -std=gnu++14 -flto -g -O2 -fno-inline -flto-partition=max -Wno-return-type
FAIL: g++.dg/lto/pr89335 cp_lto_pr89335_0.o assemble, -O2 -flto -Wsuggest-final-methods
FAIL: g++.dg/tree-prof/pr57451.C compilation, -fprofile-generate -D_PROFILE_GENERATE
UNRESOLVED: g++.dg/tree-prof/pr57451.C compilation, -fprofile-use -D_PROFILE_USE
UNRESOLVED: g++.dg/tree-prof/pr57451.C execution, -fprofile-generate -D_PROFILE_GENERATE
UNRESOLVED: g++.dg/tree-prof/pr57451.C execution, -fprofile-use -D_PROFILE_USE
FAIL: g++.dg/tree-prof/pr63581.C compilation, -fprofile-generate -D_PROFILE_GENERATE
UNRESOLVED: g++.dg/tree-prof/pr63581.C compilation, -fprofile-use -D_PROFILE_USE
UNRESOLVED: g++.dg/tree-prof/pr63581.C execution, -fprofile-generate -D_PROFILE_GENERATE
UNRESOLVED: g++.dg/tree-prof/pr63581.C execution, -fprofile-use -D_PROFILE_USE
=== g++ Summary for unix/-m64 ===
# of expected passes 188338
# of unexpected failures 21
# of expected failures 729
# of unresolved testcases 22
# of unsupported tests 8574
=== g++ Summary ===
# of expected passes 374379
# of unexpected failures 53
# of expected failures 1454
# of unresolved testcases 44
# of unsupported tests 17000
/GCC/gcc-10-wip/gcc/testsuite/g++/../../xg++ version 10.1.1 20200606 [releases/gcc-10 revision r10-8258-g7eb958eb4b5a] (GCC)
=== gcc tests ===
Running target unix/-m32
WARNING: gcc.c-torture/execute/20040811-1.c -Os (test for excess errors) program timed out.
FAIL: gcc.c-torture/execute/20040811-1.c -Os (test for excess errors)
WARNING: gcc.c-torture/execute/921007-1.c -Os (test for excess errors) program timed out.
FAIL: gcc.c-torture/execute/921007-1.c -Os (test for excess errors)
WARNING: gcc.c-torture/execute/wchar_t-1.c -O0 (test for excess errors) program timed out.
FAIL: gcc.c-torture/execute/wchar_t-1.c -O0 (test for excess errors)
FAIL: c-c++-common/asan/memcmp-1.c -O0 output pattern test
FAIL: c-c++-common/asan/memcmp-1.c -O1 output pattern test
FAIL: c-c++-common/asan/memcmp-1.c -O2 output pattern test
FAIL: c-c++-common/asan/memcmp-1.c -O2 -flto output pattern test
FAIL: c-c++-common/asan/memcmp-1.c -O2 -flto -flto-partition=none output pattern test
FAIL: c-c++-common/asan/memcmp-1.c -O3 -g output pattern test
FAIL: c-c++-common/asan/memcmp-1.c -Os output pattern test
FAIL: c-c++-common/asan/null-deref-1.c -O0 output pattern test
FAIL: c-c++-common/asan/null-deref-1.c -O1 output pattern test
FAIL: c-c++-common/asan/null-deref-1.c -O2 output pattern test
FAIL: c-c++-common/asan/null-deref-1.c -O2 -flto output pattern test
FAIL: c-c++-common/asan/null-deref-1.c -O2 -flto -flto-partition=none output pattern test
FAIL: c-c++-common/asan/null-deref-1.c -O3 -g output pattern test
FAIL: c-c++-common/asan/null-deref-1.c -Os output pattern test
FAIL: c-c++-common/asan/strncpy-overflow-1.c -O0 output pattern test
FAIL: gcc.dg/debug/dwarf2/inline4.c scan-assembler DW_TAG_inlined_subroutine[^\\\\(]*\\\\([^\\\\)]*\\\\)[^\\\\(]*\\\\(DIE \\\\(0x[0-9a-f]*\\\\) DW_TAG_formal_parameter[^\\\\(]*\\\\(DIE \\\\(0x[0-9a-f]*\\\\) DW_TAG_variable
FAIL: gcc.dg/debug/dwarf2/inline5.c scan-assembler-not \\\\(DIE \\\\(0x([0-9a-f]*)\\\\) DW_TAG_lexical_block\\\\)[^#/!@;\\\\|]*[#/!@;\\\\|]+ +[^(].*DW_TAG_lexical_block\\\\)[^#/!@;\\\\|x]*x\\\\1[^#/!@;\\\\|]*[#/!@;\\\\|] +DW_AT_abstract_origin
WARNING: gcc.dg/debug/dwarf2/var2.c (test for excess errors) program timed out.
FAIL: gcc.dg/debug/dwarf2/var2.c (test for excess errors)
FAIL: gcc.dg/pr68766.c (internal compiler error)
FAIL: gcc.dg/pr68766.c (test for excess errors)
FAIL: gcc.dg/stack-layout-dynamic-1.c (test for excess errors)
UNRESOLVED: gcc.dg/stack-layout-dynamic-1.c scan-assembler-not cfi_def_cfa_register
FAIL: c-c++-common/goacc/firstprivate-mappings-1.c scan-tree-dump omplower "(?n)#pragma omp target oacc_parallel map\\\\(from:array_so \\\\[len: 4\\\\]\\\\) firstprivate\\\\(array_li.[0-9]+\\\\) map\\\\(tofrom:\\\\(\\\\*array.[0-9]+\\\\) \\\\[len: D\\\\.[0-9]+\\\\]\\\\) map\\\\(firstprivate:array \\\\[pointer assign, bias: 0\\\\]\\\\) \\\\["
FAIL: gcc.dg/graphite/scop-19.c scan-tree-dump-times graphite "number of SCoPs: 0" 1
FAIL: gcc.dg/ipa/ipa-icf-38.c scan-ltrans-tree-dump-not optimized "Function bar"
FAIL: gcc.dg/lto/pr94157 c_lto_pr94157_0.o assemble, -O0 -fipa-vrp -flto -Wa,--noexecstack -Wa,--noexecstack -Wa,--execstack -Wa,--execstack -Wa,--execstack -Wa,--execstack -Wa,--execstack -Wa,--execstack -Wa,--execstack -Wa,--execstack -Wa,--execstack -Wa,--execstack -Wa,--execstack -Wa,--execstack -Wa,--execstack -Wa,--execstack
UNRESOLVED: gcc.dg/lto/pr94157 c_lto_pr94157_0.o-c_lto_pr94157_0.o execute -O0 -fipa-vrp -flto -Wa,--noexecstack -Wa,--noexecstack -Wa,--execstack -Wa,--execstack -Wa,--execstack -Wa,--execstack -Wa,--execstack -Wa,--execstack -Wa,--execstack -Wa,--execstack -Wa,--execstack -Wa,--execstack -Wa,--execstack -Wa,--execstack -Wa,--execstack -Wa,--execstack
UNRESOLVED: gcc.dg/lto/pr94157 c_lto_pr94157_0.o-c_lto_pr94157_0.o link -O0 -fipa-vrp -flto -Wa,--noexecstack -Wa,--noexecstack -Wa,--execstack -Wa,--execstack -Wa,--execstack -Wa,--execstack -Wa,--execstack -Wa,--execstack -Wa,--execstack -Wa,--execstack -Wa,--execstack -Wa,--execstack -Wa,--execstack -Wa,--execstack -Wa,--execstack -Wa,--execstack
FAIL: gcc.dg/torture/builtin-self.c -O0 scan-assembler-not \\tcall
WARNING: gcc.dg/torture/fp-int-convert-float128x.c -O2 program timed out.
FAIL: gcc.dg/torture/ftrapv-1.c -O0 execution test
FAIL: gcc.dg/torture/ftrapv-1.c -O1 execution test
FAIL: gcc.dg/torture/ftrapv-1.c -O2 execution test
FAIL: gcc.dg/torture/ftrapv-1.c -O2 -flto execution test
FAIL: gcc.dg/torture/ftrapv-1.c -O2 -flto -flto-partition=none execution test
FAIL: gcc.dg/torture/ftrapv-1.c -O3 -fomit-frame-pointer -funroll-loops -fpeel-loops -ftracer -finline-functions execution test
FAIL: gcc.dg/torture/ftrapv-1.c -O3 -g execution test
FAIL: gcc.dg/torture/ftrapv-1.c -Os execution test
FAIL: gcc.dg/torture/ftrapv-2.c -O0 execution test
FAIL: gcc.dg/torture/ftrapv-2.c -O1 execution test
FAIL: gcc.dg/torture/ftrapv-2.c -O2 execution test
FAIL: gcc.dg/torture/ftrapv-2.c -O3 -fomit-frame-pointer -funroll-loops -fpeel-loops -ftracer -finline-functions execution test
FAIL: gcc.dg/torture/ftrapv-2.c -O3 -g execution test
FAIL: gcc.dg/torture/ftrapv-2.c -Os execution test
XPASS: gcc.dg/vect/vect-reduc-in-order-1.c -flto -ffat-lto-objects execution test
XPASS: gcc.dg/vect/vect-reduc-in-order-1.c execution test
XPASS: gcc.dg/vect/vect-reduc-in-order-2.c -flto -ffat-lto-objects execution test
XPASS: gcc.dg/vect/vect-reduc-in-order-2.c execution test
XPASS: gcc.dg/vect/vect-reduc-in-order-3.c -flto -ffat-lto-objects execution test
XPASS: gcc.dg/vect/vect-reduc-in-order-3.c execution test
XPASS: gcc.dg/vect/vect-reduc-in-order-4.c -flto -ffat-lto-objects execution test
XPASS: gcc.dg/vect/vect-reduc-in-order-4.c execution test
FAIL: gcc.misc-tests/gcov-2.c (test for excess errors)
FAIL: gcc.target/i386/pad-3.c scan-assembler-not nop
FAIL: gcc.target/i386/pr15184-1.c scan-assembler-times movb[ \\\\t]+%al 4
FAIL: gcc.target/i386/pr15184-2.c scan-assembler-times movb[ \\\\t]+%al 2
FAIL: gcc.target/i386/pr36502.c scan-assembler-not esp
FAIL: gcc.target/i386/pr54855-3.c scan-assembler-not movsd
FAIL: gcc.target/i386/pr54855-7.c scan-assembler-not movss
FAIL: gcc.target/i386/pr66334.c scan-assembler movl[ \\\\t].+, %ebx
FAIL: gcc.target/i386/pr71245-1.c scan-assembler-not (fistp|fild)
FAIL: gcc.target/i386/pr71245-2.c scan-assembler-not movlps
FAIL: gcc.target/i386/pr78035.c scan-assembler-times cmp 2
FAIL: gcc.target/i386/pr81736-5.c scan-assembler-not %[re]bp
XPASS: gcc.target/i386/pr84101.c scan-tree-dump-not slp2 "basic block vectorized"
FAIL: gcc.target/i386/pr84278.c scan-assembler-not \\\\(%.sp\\\\)
FAIL: gcc.target/i386/pr85667-6.c scan-assembler-times flds[^\\n\\r]* 1
WARNING: gcc.target/i386/pr88414.c (test for errors, line 15) program timed out.
FAIL: gcc.target/i386/pr92651.c scan-assembler-times sub 2
FAIL: gcc.target/i386/ret-thunk-22.c scan-assembler call[ \\\\t]*___x86.get_pc_thunk.cx
FAIL: gcc.target/i386/ret-thunk-23.c scan-assembler call[ \\\\t]*___x86.get_pc_thunk.cx
FAIL: gcc.target/i386/ret-thunk-24.c scan-assembler call[ \\\\t]*___x86.get_pc_thunk.cx
=== gcc Summary for unix/-m32 ===
# of expected passes 139619
# of unexpected failures 61
# of unexpected successes 9
# of expected failures 702
# of unresolved testcases 3
# of unsupported tests 5451
Running target unix/-m64
FAIL: c-c++-common/asan/memcmp-1.c -O0 output pattern test
FAIL: c-c++-common/asan/memcmp-1.c -O1 output pattern test
FAIL: c-c++-common/asan/memcmp-1.c -Os output pattern test
FAIL: c-c++-common/asan/strncpy-overflow-1.c -O0 execution test
FAIL: gcc.dg/debug/dwarf2/inline4.c scan-assembler DW_TAG_inlined_subroutine[^\\\\(]*\\\\([^\\\\)]*\\\\)[^\\\\(]*\\\\(DIE \\\\(0x[0-9a-f]*\\\\) DW_TAG_formal_parameter[^\\\\(]*\\\\(DIE \\\\(0x[0-9a-f]*\\\\) DW_TAG_variable
FAIL: gcc.dg/debug/dwarf2/inline5.c scan-assembler-not \\\\(DIE \\\\(0x([0-9a-f]*)\\\\) DW_TAG_lexical_block\\\\)[^#/!@;\\\\|]*[#/!@;\\\\|]+ +[^(].*DW_TAG_lexical_block\\\\)[^#/!@;\\\\|x]*x\\\\1[^#/!@;\\\\|]*[#/!@;\\\\|] +DW_AT_abstract_origin
FAIL: gcc.dg/pr68766.c (internal compiler error)
FAIL: gcc.dg/pr68766.c (test for excess errors)
FAIL: gcc.dg/strlenopt-82.c scan-tree-dump-times optimized "call_in_true_branch_not_eliminated_" 0
FAIL: gcc.dg/graphite/scop-19.c scan-tree-dump-times graphite "number of SCoPs: 0" 1
FAIL: gcc.dg/ipa/ipa-icf-38.c scan-ltrans-tree-dump-not optimized "Function bar"
FAIL: gcc.dg/lto/pr94157 c_lto_pr94157_0.o assemble, -O0 -fipa-vrp -flto -Wa,--noexecstack -Wa,--noexecstack -Wa,--execstack -Wa,--execstack -Wa,--execstack -Wa,--execstack -Wa,--execstack -Wa,--execstack -Wa,--execstack -Wa,--execstack -Wa,--execstack -Wa,--execstack -Wa,--execstack -Wa,--execstack -Wa,--execstack -Wa,--execstack
UNRESOLVED: gcc.dg/lto/pr94157 c_lto_pr94157_0.o-c_lto_pr94157_0.o execute -O0 -fipa-vrp -flto -Wa,--noexecstack -Wa,--noexecstack -Wa,--execstack -Wa,--execstack -Wa,--execstack -Wa,--execstack -Wa,--execstack -Wa,--execstack -Wa,--execstack -Wa,--execstack -Wa,--execstack -Wa,--execstack -Wa,--execstack -Wa,--execstack -Wa,--execstack -Wa,--execstack
UNRESOLVED: gcc.dg/lto/pr94157 c_lto_pr94157_0.o-c_lto_pr94157_0.o link -O0 -fipa-vrp -flto -Wa,--noexecstack -Wa,--noexecstack -Wa,--execstack -Wa,--execstack -Wa,--execstack -Wa,--execstack -Wa,--execstack -Wa,--execstack -Wa,--execstack -Wa,--execstack -Wa,--execstack -Wa,--execstack -Wa,--execstack -Wa,--execstack -Wa,--execstack -Wa,--execstack
FAIL: gcc.dg/rtl/x86_64/final.c (internal compiler error)
FAIL: gcc.dg/rtl/x86_64/final.c (test for excess errors)
UNRESOLVED: gcc.dg/rtl/x86_64/final.c scan-assembler .cfi_endproc
UNRESOLVED: gcc.dg/rtl/x86_64/final.c scan-assembler .cfi_startproc
UNRESOLVED: gcc.dg/rtl/x86_64/final.c scan-assembler ret
UNRESOLVED: gcc.dg/rtl/x86_64/final.c scan-assembler test_1:
WARNING: gcc.dg/torture/20180712-1.c -O1 (test for excess errors) program timed out.
FAIL: gcc.dg/torture/20180712-1.c -O1 (test for excess errors)
FAIL: gcc.dg/torture/fp-int-convert-timode-3.c -O0 execution test
FAIL: gcc.dg/torture/fp-int-convert-timode-3.c -O1 execution test
FAIL: gcc.dg/torture/fp-int-convert-timode-3.c -O2 execution test
FAIL: gcc.dg/torture/fp-int-convert-timode-3.c -O2 -flto execution test
FAIL: gcc.dg/torture/fp-int-convert-timode-3.c -O2 -flto -flto-partition=none execution test
FAIL: gcc.dg/torture/fp-int-convert-timode-3.c -O3 -g execution test
FAIL: gcc.dg/torture/fp-int-convert-timode-3.c -Os execution test
FAIL: gcc.dg/torture/fp-int-convert-timode-4.c -O0 execution test
FAIL: gcc.dg/torture/fp-int-convert-timode-4.c -O1 execution test
FAIL: gcc.dg/torture/fp-int-convert-timode-4.c -O2 execution test
FAIL: gcc.dg/torture/fp-int-convert-timode-4.c -O2 -flto execution test
FAIL: gcc.dg/torture/fp-int-convert-timode-4.c -O2 -flto -flto-partition=none execution test
FAIL: gcc.dg/torture/fp-int-convert-timode-4.c -O3 -g execution test
FAIL: gcc.dg/torture/fp-int-convert-timode-4.c -Os execution test
FAIL: gcc.dg/torture/ftrapv-1.c -O0 execution test
FAIL: gcc.dg/torture/ftrapv-1.c -O1 execution test
FAIL: gcc.dg/torture/ftrapv-1.c -O2 execution test
FAIL: gcc.dg/torture/ftrapv-1.c -O2 -flto execution test
FAIL: gcc.dg/torture/ftrapv-1.c -O2 -flto -flto-partition=none execution test
FAIL: gcc.dg/torture/ftrapv-1.c -O3 -fomit-frame-pointer -funroll-loops -fpeel-loops -ftracer -finline-functions execution test
FAIL: gcc.dg/torture/ftrapv-1.c -O3 -g execution test
FAIL: gcc.dg/torture/ftrapv-1.c -Os execution test
FAIL: gcc.dg/torture/ftrapv-2.c -O0 execution test
FAIL: gcc.dg/torture/ftrapv-2.c -O1 execution test
FAIL: gcc.dg/torture/ftrapv-2.c -O2 execution test
FAIL: gcc.dg/torture/ftrapv-2.c -O3 -fomit-frame-pointer -funroll-loops -fpeel-loops -ftracer -finline-functions execution test
FAIL: gcc.dg/torture/ftrapv-2.c -O3 -g execution test
FAIL: gcc.dg/torture/ftrapv-2.c -Os execution test
XPASS: gcc.dg/tree-ssa/pr91091-2.c scan-tree-dump-times fre1 " = [^;]*x;" 1
XPASS: gcc.dg/tree-ssa/pr91091-2.c scan-tree-dump-times fre1 "x = " 1
XPASS: gcc.dg/tree-ssa/ssa-fre-77.c scan-tree-dump fre1 "return 1;"
FAIL: gcc.misc-tests/gcov-2.c (test for excess errors)
FAIL: gcc.target/i386/pr34256.c scan-assembler-times mov 5
FAIL: gcc.target/i386/pr78035.c scan-assembler-times cmp 2
FAIL: gcc.target/i386/pr85667-10.c scan-assembler-times movq[ \\t]*%r8, .* 1
FAIL: gcc.target/i386/pr85667-10.c scan-assembler-times movq[ \\t]*%r9, .* 1
FAIL: gcc.target/i386/pr85667-10.c scan-assembler-times movq[ \\t]*%rcx, .* 1
FAIL: gcc.target/i386/pr85667-10.c scan-assembler-times movq[ \\t]*%rdx, .* 1
FAIL: gcc.target/i386/pr85667-10.c scan-assembler-times movq[^\\n\\r]*, %rax 1
FAIL: gcc.target/i386/pr92651.c scan-assembler-times sub 2
FAIL: gcc.target/i386/stackalign/pr88483-1.c -mno-stackrealign scan-assembler-not and[lq]?[^\\\\n]*-[0-9]+,[^\\\\n]*sp
FAIL: gcc.target/i386/stackalign/pr88483-1.c -mstackrealign scan-assembler-not and[lq]?[^\\\\n]*-[0-9]+,[^\\\\n]*sp
FAIL: gcc.target/i386/stackalign/pr88483-2.c -mno-stackrealign scan-assembler-not (sub|add)(l|q)[\\\\t ]*\\\\\$[0-9]*,[\\\\t ]*%[re]?sp
FAIL: gcc.target/i386/stackalign/pr88483-2.c -mno-stackrealign scan-assembler-not and[lq]?[^\\\\n]*-[0-9]+,[^\\\\n]*sp
FAIL: gcc.target/i386/stackalign/pr88483-2.c -mstackrealign scan-assembler-not (sub|add)(l|q)[\\\\t ]*\\\\\$[0-9]*,[\\\\t ]*%[re]?sp
FAIL: gcc.target/i386/stackalign/pr88483-2.c -mstackrealign scan-assembler-not and[lq]?[^\\\\n]*-[0-9]+,[^\\\\n]*sp
=== gcc Summary for unix/-m64 ===
# of expected passes 141829
# of unexpected failures 58
# of unexpected successes 3
# of expected failures 703
# of unresolved testcases 6
# of unsupported tests 5103
=== gcc Summary ===
# of expected passes 281448
# of unexpected failures 119
# of unexpected successes 12
# of expected failures 1405
# of unresolved testcases 9
# of unsupported tests 10554
/GCC/gcc-10-wip/gcc/xgcc version 10.1.1 20200606 [releases/gcc-10 revision r10-8258-g7eb958eb4b5a] (GCC)
=== gfortran tests ===
Running target unix/-m32
FAIL: gfortran.dg/analyzer/pr93993.f90 -O (test for excess errors)
=== gfortran Summary for unix/-m32 ===
# of expected passes 53728
# of unexpected failures 1
# of expected failures 195
# of unsupported tests 209
Running target unix/-m64
FAIL: gfortran.dg/analyzer/pr93993.f90 -O (test for excess errors)
=== gfortran Summary for unix/-m64 ===
# of expected passes 53959
# of unexpected failures 1
# of expected failures 193
# of unsupported tests 100
=== gfortran Summary ===
# of expected passes 107687
# of unexpected failures 2
# of expected failures 388
# of unsupported tests 309
/GCC/gcc-10-wip/gcc/testsuite/gfortran/../../gfortran version 10.1.1 20200606 [releases/gcc-10 revision r10-8258-g7eb958eb4b5a] (GCC)
=== gnat tests ===
Running target unix/-m32
FAIL: gnat.dg/bias1.adb scan-assembler DW_AT_GNU_bias
=== gnat Summary for unix/-m32 ===
# of expected passes 3272
# of unexpected failures 1
# of expected failures 23
# of unsupported tests 13
Running target unix/-m64
FAIL: gnat.dg/bias1.adb scan-assembler DW_AT_GNU_bias
=== gnat Summary for unix/-m64 ===
# of expected passes 3272
# of unexpected failures 1
# of expected failures 23
# of unsupported tests 13
=== gnat Summary ===
# of expected passes 6544
# of unexpected failures 2
# of expected failures 46
# of unsupported tests 26
/GCC/gcc-10-wip/gcc/gnatmake version 10.1.1 20200606 [releases/gcc-10 revision r10-8258-g7eb958eb4b5a]
=== obj-c++ tests ===
Running target unix/-m64
FAIL: obj-c++.dg/bitfield-2.mm -fnext-runtime execution test
FAIL: obj-c++.dg/gnu-api-2-objc.mm -fnext-runtime execution test
FAIL: obj-c++.dg/try-catch-2.mm -fnext-runtime execution test
FAIL: obj-c++.dg/try-catch-9.mm -fnext-runtime execution test
FAIL: obj-c++.dg/plugin/diagnostic-test-expressions-1.mm -fplugin=./diagnostic_plugin_test_tree_expression_range.so (test for warnings, line 60)
FAIL: obj-c++.dg/plugin/diagnostic-test-expressions-1.mm -fplugin=./diagnostic_plugin_test_tree_expression_range.so (test for warnings, line 68)
FAIL: obj-c++.dg/plugin/diagnostic-test-expressions-1.mm -fplugin=./diagnostic_plugin_test_tree_expression_range.so expected multiline pattern lines 62-63 not found: " __emit_expression_range \\( 0, @selector\\(func0\\) \\);.*\\n \\^~~~~~~~~~~~~~~~\\n"
FAIL: obj-c++.dg/plugin/diagnostic-test-expressions-1.mm -fplugin=./diagnostic_plugin_test_tree_expression_range.so expected multiline pattern lines 70-71 not found: " __emit_expression_range \\( 0, @protocol\\(prot\\) \\);.*\\n \\^~~~~~~~~~~~~~~\\n"
FAIL: obj-c++.dg/plugin/diagnostic-test-expressions-1.mm -fplugin=./diagnostic_plugin_test_tree_expression_range.so (test for excess errors)
FAIL: obj-c++.dg/property/synthesize-10.mm -fnext-runtime execution test
=== obj-c++ Summary for unix/-m64 ===
# of expected passes 3047
# of unexpected failures 10
# of expected failures 18
# of unsupported tests 69
Running target unix/-m32
FAIL: obj-c++.dg/gnu-api-2-objc.mm -fnext-runtime execution test
FAIL: obj-c++.dg/plugin/diagnostic-test-expressions-1.mm -fplugin=./diagnostic_plugin_test_tree_expression_range.so (test for warnings, line 60)
FAIL: obj-c++.dg/plugin/diagnostic-test-expressions-1.mm -fplugin=./diagnostic_plugin_test_tree_expression_range.so expected multiline pattern lines 62-63 not found: " __emit_expression_range \\( 0, @selector\\(func0\\) \\);.*\\n \\^~~~~~~~~~~~~~~~\\n"
FAIL: obj-c++.dg/plugin/diagnostic-test-expressions-1.mm -fplugin=./diagnostic_plugin_test_tree_expression_range.so (test for excess errors)
=== obj-c++ Summary for unix/-m32 ===
# of expected passes 3113
# of unexpected failures 4
# of expected failures 2
# of unsupported tests 63
=== obj-c++ Summary ===
# of expected passes 6160
# of unexpected failures 14
# of expected failures 20
# of unsupported tests 132
/GCC/gcc-10-wip/gcc/testsuite/obj-c++/../../xg++ version 10.1.1 20200606 [releases/gcc-10 revision r10-8258-g7eb958eb4b5a] (GCC)
=== objc tests ===
Running target unix/-m32
FAIL: objc.dg/call-super-2.m -fnext-runtime (test for warnings, line 104)
FAIL: objc.dg/call-super-2.m -fnext-runtime (test for warnings, line 74)
FAIL: objc.dg/gnu-api-2-objc.m -fnext-runtime execution test
FAIL: objc.dg/ivar-scope-4.m -fnext-runtime execution test
FAIL: objc.dg/plugin/diagnostic-test-expressions-1.m -fplugin=./diagnostic_plugin_test_tree_expression_range.so (test for warnings, line 60)
FAIL: objc.dg/plugin/diagnostic-test-expressions-1.m -fplugin=./diagnostic_plugin_test_tree_expression_range.so expected multiline pattern lines 62-63 not found: " __emit_expression_range \\( 0, @selector\\(func0\\) \\);.*\\n \\^~~~~~~~~~~~~~~~\\n"
FAIL: objc.dg/plugin/diagnostic-test-expressions-1.m -fplugin=./diagnostic_plugin_test_tree_expression_range.so (test for excess errors)
=== objc Summary for unix/-m32 ===
# of expected passes 5647
# of unexpected failures 7
# of expected failures 6
# of unsupported tests 78
Running target unix/-m64
FAIL: objc.dg/call-super-2.m -fnext-runtime (test for warnings, line 104)
FAIL: objc.dg/call-super-2.m -fnext-runtime (test for warnings, line 74)
FAIL: objc.dg/exceptions-2.m -fnext-runtime execution test
FAIL: objc.dg/gnu-api-2-objc.m -fnext-runtime execution test
FAIL: objc.dg/plugin/diagnostic-test-expressions-1.m -fplugin=./diagnostic_plugin_test_tree_expression_range.so (test for warnings, line 60)
FAIL: objc.dg/plugin/diagnostic-test-expressions-1.m -fplugin=./diagnostic_plugin_test_tree_expression_range.so (test for warnings, line 68)
FAIL: objc.dg/plugin/diagnostic-test-expressions-1.m -fplugin=./diagnostic_plugin_test_tree_expression_range.so expected multiline pattern lines 62-63 not found: " __emit_expression_range \\( 0, @selector\\(func0\\) \\);.*\\n \\^~~~~~~~~~~~~~~~\\n"
FAIL: objc.dg/plugin/diagnostic-test-expressions-1.m -fplugin=./diagnostic_plugin_test_tree_expression_range.so expected multiline pattern lines 70-71 not found: " __emit_expression_range \\( 0, @protocol\\(prot\\) \\);.*\\n ~~~~~~~~~~~~~~~\\n"
FAIL: objc.dg/plugin/diagnostic-test-expressions-1.m -fplugin=./diagnostic_plugin_test_tree_expression_range.so (test for excess errors)
=== objc Summary for unix/-m64 ===
# of expected passes 5505
# of unexpected failures 9
# of expected failures 6
# of unsupported tests 85
=== objc Summary ===
# of expected passes 11152
# of unexpected failures 16
# of expected failures 12
# of unsupported tests 163
/GCC/gcc-10-wip/gcc/xgcc version 10.1.1 20200606 [releases/gcc-10 revision r10-8258-g7eb958eb4b5a] (GCC)
=== libatomic tests ===
Running target unix/-m64
=== libatomic Summary for unix/-m64 ===
# of expected passes 54
Running target unix/-m32
=== libatomic Summary for unix/-m32 ===
# of expected passes 44
# of unsupported tests 5
=== libatomic Summary ===
# of expected passes 98
# of unsupported tests 5
=== libgomp tests ===
Running target unix/-m64
=== libgomp Summary for unix/-m64 ===
# of expected passes 7648
# of expected failures 4
# of unsupported tests 575
Running target unix/-m32
=== libgomp Summary for unix/-m32 ===
# of expected passes 7648
# of expected failures 4
# of unsupported tests 575
=== libgomp Summary ===
# of expected passes 15296
# of expected failures 8
# of unsupported tests 1150
=== libitm tests ===
Running target unix/-m64
=== libitm Summary for unix/-m64 ===
# of expected passes 40
# of expected failures 3
# of unsupported tests 2
Running target unix/-m32
=== libitm Summary for unix/-m32 ===
# of expected passes 40
# of expected failures 3
# of unsupported tests 2
=== libitm Summary ===
# of expected passes 80
# of expected failures 6
# of unsupported tests 4
=== libstdc++ tests ===
Running target unix/-m32
=== libstdc++ Summary for unix/-m32 ===
# of expected passes 13182
# of expected failures 93
# of unsupported tests 759
Running target unix/-m64
=== libstdc++ Summary for unix/-m64 ===
# of expected passes 13180
# of expected failures 93
# of unsupported tests 760
=== libstdc++ Summary ===
# of expected passes 26362
# of expected failures 186
# of unsupported tests 1519
Compiler version: 10.1.1 20200606 [releases/gcc-10 revision r10-8258-g7eb958eb4b5a] (GCC)
Platform: x86_64-apple-darwin13
configure flags: --prefix=/opt/iains/x86_64-apple-darwin13/gcc-10-wip --target=x86_64-apple-darwin13 --host=x86_64-apple-darwin13 --build=x86_64-apple-darwin13 --with-sysroot=/opt/iains/SDKs/darwin13 --with-as=/XC/6.2/usr/bin/as --with-ld=/XC/6.2/usr/bin/ld --enable-languages=all CC='gcc --sysroot=/opt/iains/SDKs/darwin13' CXX='g++ --sysroot=/opt/iains/SDKs/darwin13'
More information about the Gcc-testresults
mailing list