Results for 11.0.0 20200605 (experimental) [master revision 6ea6c4978111d146db8d33c80d9da93d7bd2bc8d] (GCC) testsuite on sparcv9-sun-solaris2.11
Rainer Orth
ro@CeBiTec.Uni-Bielefeld.DE
Sat Jun 6 11:29:42 GMT 2020
LAST_UPDATED: Fri Jun 5 08:52:40 UTC 2020 (revision 6ea6c4978111d146db8d33c80d9da93d7bd2bc8d)
=== acats tests ===
=== acats Summary ===
# of expected passes 2320
# of unexpected failures 0
Native configuration is sparcv9-sun-solaris2.11
=== g++ tests ===
Running target unix
FAIL: g++.dg/gcov/pr16855-priority.C -std=gnu++14 gcov: 1 failures in line counts, 0 in branch percentages, 0 in return percentages, 0 in intermediate format
FAIL: g++.dg/gcov/pr16855-priority.C -std=gnu++14 line 22: is #####:should be 1
FAIL: g++.dg/gcov/pr16855-priority.C -std=gnu++17 gcov: 1 failures in line counts, 0 in branch percentages, 0 in return percentages, 0 in intermediate format
FAIL: g++.dg/gcov/pr16855-priority.C -std=gnu++17 line 22: is #####:should be 1
FAIL: g++.dg/gcov/pr16855-priority.C -std=gnu++2a gcov: 1 failures in line counts, 0 in branch percentages, 0 in return percentages, 0 in intermediate format
FAIL: g++.dg/gcov/pr16855-priority.C -std=gnu++2a line 22: is #####:should be 1
FAIL: g++.dg/gcov/pr16855-priority.C -std=gnu++98 gcov: 1 failures in line counts, 0 in branch percentages, 0 in return percentages, 0 in intermediate format
FAIL: g++.dg/gcov/pr16855-priority.C -std=gnu++98 line 22: is #####:should be 1
FAIL: g++.dg/gcov/pr16855.C -std=gnu++14 gcov: 1 failures in line counts, 0 in branch percentages, 0 in return percentages, 0 in intermediate format
FAIL: g++.dg/gcov/pr16855.C -std=gnu++14 line 24: is #####:should be 1
FAIL: g++.dg/gcov/pr16855.C -std=gnu++17 gcov: 1 failures in line counts, 0 in branch percentages, 0 in return percentages, 0 in intermediate format
FAIL: g++.dg/gcov/pr16855.C -std=gnu++17 line 24: is #####:should be 1
FAIL: g++.dg/gcov/pr16855.C -std=gnu++2a gcov: 1 failures in line counts, 0 in branch percentages, 0 in return percentages, 0 in intermediate format
FAIL: g++.dg/gcov/pr16855.C -std=gnu++2a line 24: is #####:should be 1
FAIL: g++.dg/gcov/pr16855.C -std=gnu++98 gcov: 1 failures in line counts, 0 in branch percentages, 0 in return percentages, 0 in intermediate format
FAIL: g++.dg/gcov/pr16855.C -std=gnu++98 line 24: is #####:should be 1
FAIL: g++.dg/lto/pr89335 cp_lto_pr89335_0.o assemble, -O2 -flto -Wsuggest-final-methods
=== g++ Summary for unix ===
# of expected passes 183957
# of unexpected failures 17
# of expected failures 700
# of unsupported tests 8488
Running target unix/-m32
FAIL: g++.dg/asan/default-options-1.C -O0 execution test
FAIL: g++.dg/asan/default-options-1.C -O1 execution test
FAIL: g++.dg/asan/default-options-1.C -O2 execution test
FAIL: g++.dg/asan/default-options-1.C -O2 -flto execution test
FAIL: g++.dg/asan/default-options-1.C -O2 -flto -flto-partition=none execution test
FAIL: g++.dg/asan/default-options-1.C -O3 -g execution test
FAIL: g++.dg/asan/default-options-1.C -Os execution test
UNRESOLVED: tmpdir-g++.dg-struct-layout-1/t002 cp_compat_x_tst.o-cp_compat_y_tst.o execute
UNRESOLVED: tmpdir-g++.dg-struct-layout-1/t002 cp_compat_x_tst.o-cp_compat_y_tst.o link
WARNING: tmpdir-g++.dg-struct-layout-1/t002 cp_compat_y_tst.o compile program timed out.
FAIL: tmpdir-g++.dg-struct-layout-1/t002 cp_compat_y_tst.o compile
FAIL: g++.dg/cpp1y/lambda-generic-variadic20.C -std=c++14 (internal compiler error)
FAIL: g++.dg/cpp1y/lambda-generic-variadic20.C -std=c++14 (test for excess errors)
FAIL: g++.dg/cpp1y/lambda-generic-variadic20.C -std=c++17 (internal compiler error)
FAIL: g++.dg/cpp1y/lambda-generic-variadic20.C -std=c++17 (test for excess errors)
FAIL: g++.dg/cpp1y/lambda-generic-variadic20.C -std=c++2a (internal compiler error)
FAIL: g++.dg/cpp1y/lambda-generic-variadic20.C -std=c++2a (test for excess errors)
FAIL: g++.dg/gcov/pr16855-priority.C -std=gnu++14 gcov: 1 failures in line counts, 0 in branch percentages, 0 in return percentages, 0 in intermediate format
FAIL: g++.dg/gcov/pr16855-priority.C -std=gnu++14 line 22: is #####:should be 1
FAIL: g++.dg/gcov/pr16855-priority.C -std=gnu++17 gcov: 1 failures in line counts, 0 in branch percentages, 0 in return percentages, 0 in intermediate format
FAIL: g++.dg/gcov/pr16855-priority.C -std=gnu++17 line 22: is #####:should be 1
FAIL: g++.dg/gcov/pr16855-priority.C -std=gnu++2a gcov: 1 failures in line counts, 0 in branch percentages, 0 in return percentages, 0 in intermediate format
FAIL: g++.dg/gcov/pr16855-priority.C -std=gnu++2a line 22: is #####:should be 1
FAIL: g++.dg/gcov/pr16855-priority.C -std=gnu++98 gcov: 1 failures in line counts, 0 in branch percentages, 0 in return percentages, 0 in intermediate format
FAIL: g++.dg/gcov/pr16855-priority.C -std=gnu++98 line 22: is #####:should be 1
FAIL: g++.dg/gcov/pr16855.C -std=gnu++14 gcov: 1 failures in line counts, 0 in branch percentages, 0 in return percentages, 0 in intermediate format
FAIL: g++.dg/gcov/pr16855.C -std=gnu++14 line 24: is #####:should be 1
FAIL: g++.dg/gcov/pr16855.C -std=gnu++17 gcov: 1 failures in line counts, 0 in branch percentages, 0 in return percentages, 0 in intermediate format
FAIL: g++.dg/gcov/pr16855.C -std=gnu++17 line 24: is #####:should be 1
FAIL: g++.dg/gcov/pr16855.C -std=gnu++2a gcov: 1 failures in line counts, 0 in branch percentages, 0 in return percentages, 0 in intermediate format
FAIL: g++.dg/gcov/pr16855.C -std=gnu++2a line 24: is #####:should be 1
FAIL: g++.dg/gcov/pr16855.C -std=gnu++98 gcov: 1 failures in line counts, 0 in branch percentages, 0 in return percentages, 0 in intermediate format
FAIL: g++.dg/gcov/pr16855.C -std=gnu++98 line 24: is #####:should be 1
FAIL: g++.dg/lto/pr89335 cp_lto_pr89335_0.o assemble, -O2 -flto -Wsuggest-final-methods
FAIL: g++.dg/tree-prof/pr35545.C compilation, -fprofile-use -D_PROFILE_USE
UNRESOLVED: g++.dg/tree-prof/pr35545.C execution, -fprofile-use -D_PROFILE_USE
=== g++ Summary for unix/-m32 ===
# of expected passes 183156
# of unexpected failures 32
# of expected failures 696
# of unresolved testcases 3
# of unsupported tests 8792
=== g++ Summary ===
# of expected passes 367113
# of unexpected failures 49
# of expected failures 1396
# of unresolved testcases 3
# of unsupported tests 17280
/var/gcc/regression/master/11.4-gcc-64/build/gcc/xg++ version 11.0.0 20200605 (experimental) [master revision 6ea6c4978111d146db8d33c80d9da93d7bd2bc8d] (GCC)
=== gcc tests ===
Running target unix
XPASS: gcc.dg/graphite/pr80906.c scan-tree-dump graphite "isl AST to Gimple succeeded"
FAIL: gcc.dg/ipa/ipa-icf-38.c scan-ltrans-tree-dump-not optimized "Function bar"
UNRESOLVED: gcc.dg/tree-prof/crossmodule-indir-call-topn-1.c scan-pgo-wpa-ipa-dump profile_estimate "2 \\\\(200.00%\\\\) speculations produced."
UNRESOLVED: gcc.dg/tree-prof/crossmodule-indir-call-topn-2.c scan-pgo-wpa-ipa-dump profile_estimate "2 \\\\(200.00%\\\\) speculations produced."
FAIL: gcc.dg/ubsan/pr89284.c -O0 (test for warnings, line 11)
FAIL: gcc.dg/ubsan/pr89284.c -O0 (test for warnings, line 20)
FAIL: gcc.dg/ubsan/pr89284.c -O0 (test for excess errors)
FAIL: gcc.dg/ubsan/pr89284.c -O1 (test for warnings, line 11)
FAIL: gcc.dg/ubsan/pr89284.c -O1 (test for warnings, line 20)
FAIL: gcc.dg/ubsan/pr89284.c -O1 (test for excess errors)
FAIL: gcc.dg/ubsan/pr89284.c -O2 (test for warnings, line 11)
FAIL: gcc.dg/ubsan/pr89284.c -O2 (test for warnings, line 20)
FAIL: gcc.dg/ubsan/pr89284.c -O2 (test for excess errors)
FAIL: gcc.dg/ubsan/pr89284.c -O2 -flto (test for warnings, line 11)
FAIL: gcc.dg/ubsan/pr89284.c -O2 -flto (test for warnings, line 20)
FAIL: gcc.dg/ubsan/pr89284.c -O2 -flto (test for excess errors)
FAIL: gcc.dg/ubsan/pr89284.c -O2 -flto -flto-partition=none (test for warnings, line 11)
FAIL: gcc.dg/ubsan/pr89284.c -O2 -flto -flto-partition=none (test for warnings, line 20)
FAIL: gcc.dg/ubsan/pr89284.c -O2 -flto -flto-partition=none (test for excess errors)
FAIL: gcc.dg/ubsan/pr89284.c -O3 -g (test for warnings, line 11)
FAIL: gcc.dg/ubsan/pr89284.c -O3 -g (test for warnings, line 20)
FAIL: gcc.dg/ubsan/pr89284.c -O3 -g (test for excess errors)
FAIL: gcc.dg/ubsan/pr89284.c -Os (test for warnings, line 11)
FAIL: gcc.dg/ubsan/pr89284.c -Os (test for warnings, line 20)
FAIL: gcc.dg/ubsan/pr89284.c -Os (test for excess errors)
FAIL: outputs doc double !-c -o -db'' -flto: extra
FAIL: outputs lto dbsovrdd mult named: extra
FAIL: outputs lto dbsovrdd mult namedb: extra
FAIL: outputs lto dbsovrdd mult unnamed: extra
FAIL: outputs lto dbsovrdd sing named: extra
FAIL: outputs lto dbsovrdd sing namedb: extra
FAIL: outputs lto dbsovrdd sing unnamed: extra
FAIL: outputs lto dbswthdd mult named: extra
FAIL: outputs lto dbswthdd mult namedb: extra
FAIL: outputs lto dbswthdd mult unnamed: extra
FAIL: outputs lto dbswthdd sing named: extra
FAIL: outputs lto dbswthdd sing namedb: extra
FAIL: outputs lto dbswthdd sing unnamed: extra
FAIL: outputs lto mult dumpbase named: extra
FAIL: outputs lto mult dumpbase namedb: extra
FAIL: outputs lto mult dumpbase unnamed: extra
FAIL: outputs lto mult dumpdir named: extra
FAIL: outputs lto mult dumpdir namedb: extra
FAIL: outputs lto mult dumpdir unnamed: extra
FAIL: outputs lto mult empty dumpbase dumpdir named: extra
FAIL: outputs lto mult empty dumpbase dumpdir namedb: extra
FAIL: outputs lto mult empty dumpbase dumpdir unnamed: extra
FAIL: outputs lto mult empty dumpbase named: extra
FAIL: outputs lto mult empty dumpbase namedb: extra
FAIL: outputs lto mult empty dumpbase unnamed: extra
FAIL: outputs lto mult empty dumpdir empty dumpbase named: extra
FAIL: outputs lto mult empty dumpdir empty dumpbase namedb: extra
FAIL: outputs lto mult empty dumpdir empty dumpbase unnamed: extra
FAIL: outputs lto mult named: extra
FAIL: outputs lto mult nameddir: extra
FAIL: outputs lto mult unnamed: extra
FAIL: outputs lto sing dumpbase named: extra
FAIL: outputs lto sing dumpbase namedb: extra
FAIL: outputs lto sing dumpbase unnamed: extra
FAIL: outputs lto sing dumpdir named: extra
FAIL: outputs lto sing dumpdir namedb: extra
FAIL: outputs lto sing dumpdir unnamed: extra
FAIL: outputs lto sing empty dumpbase dumpdir named: extra
FAIL: outputs lto sing empty dumpbase dumpdir namedb: extra
FAIL: outputs lto sing empty dumpbase dumpdir unnamed: extra
FAIL: outputs lto sing empty dumpbase named: extra
FAIL: outputs lto sing empty dumpbase namedb: extra
FAIL: outputs lto sing empty dumpbase unnamed: extra
FAIL: outputs lto sing empty dumpdir empty dumpbase named: extra
FAIL: outputs lto sing empty dumpdir empty dumpbase namedb: extra
FAIL: outputs lto sing empty dumpdir empty dumpbase unnamed: extra
FAIL: outputs lto sing named: extra
FAIL: outputs lto sing nameddir: extra
FAIL: outputs lto sing unnamed: extra
FAIL: outputs lto st mult dumpdir empty dumpbase named: dir/outputs-1.lto_wrapper_args
FAIL: outputs lto st mult dumpdir empty dumpbase named: dir/outputs-1.res
FAIL: outputs lto st mult dumpdir empty dumpbase named: extra
FAIL: outputs lto st mult dumpdir named: dir/outputs-lto_wrapper_args
FAIL: outputs lto st mult dumpdir named: dir/outputs-res
FAIL: outputs lto st mult dumpdir named: extra
FAIL: outputs lto st mult empty dumpbase namedb: dir/outputs.lto_wrapper_args
FAIL: outputs lto st mult empty dumpbase namedb: dir/outputs.res
FAIL: outputs lto st mult empty dumpbase namedb: extra
FAIL: outputs lto st mult empty dumpbase unnamed: a.lto_wrapper_args
FAIL: outputs lto st mult empty dumpbase unnamed: a.res
FAIL: outputs lto st mult empty dumpbase unnamed: extra
FAIL: outputs lto st mult namedb: dir/outputs.lto_wrapper_args
FAIL: outputs lto st mult namedb: dir/outputs.res
FAIL: outputs lto st mult namedb: extra
FAIL: outputs lto st mult unnamed: a.lto_wrapper_args
FAIL: outputs lto st mult unnamed: a.res
FAIL: outputs lto st mult unnamed: extra
FAIL: outputs lto st sing dumpdir empty dumpbase named: dir/outputs-0.lto_wrapper_args
FAIL: outputs lto st sing dumpdir empty dumpbase named: dir/outputs-0.res
FAIL: outputs lto st sing dumpdir empty dumpbase named: extra
FAIL: outputs lto st sing dumpdir named: dir/outputs-lto_wrapper_args
FAIL: outputs lto st sing dumpdir named: dir/outputs-res
FAIL: outputs lto st sing dumpdir named: extra
FAIL: outputs lto st sing empty dumpbase namedb: dir/outputs.lto_wrapper_args
FAIL: outputs lto st sing empty dumpbase namedb: dir/outputs.res
FAIL: outputs lto st sing empty dumpbase namedb: extra
FAIL: outputs lto st sing empty dumpbase unnamed: a.lto_wrapper_args
FAIL: outputs lto st sing empty dumpbase unnamed: a.res
FAIL: outputs lto st sing empty dumpbase unnamed: extra
FAIL: outputs lto st sing namedb: dir/outputs.lto_wrapper_args
FAIL: outputs lto st sing namedb: dir/outputs.res
FAIL: outputs lto st sing namedb: extra
FAIL: outputs lto st sing unnamed: a.lto_wrapper_args
FAIL: outputs lto st sing unnamed: a.res
FAIL: outputs lto st sing unnamed: extra
=== gcc Summary for unix ===
# of expected passes 125089
# of unexpected failures 107
# of unexpected successes 1
# of expected failures 768
# of unresolved testcases 2
# of unsupported tests 2974
Running target unix/-m32
XPASS: gcc.dg/graphite/pr80906.c scan-tree-dump graphite "isl AST to Gimple succeeded"
FAIL: gcc.dg/ipa/iinline-attr.c scan-ipa-dump inline "hooray[^\\\\n]*inline copy in test"
FAIL: gcc.dg/ipa/ipa-icf-38.c scan-ltrans-tree-dump-not optimized "Function bar"
FAIL: gcc.dg/simulate-thread/atomic-other-int.c -O2 -g thread simulation test
FAIL: gcc.dg/simulate-thread/atomic-other-int.c -O3 -g thread simulation test
FAIL: gcc.dg/simulate-thread/speculative-store-4.c -O0 -g thread simulation test
FAIL: gcc.dg/simulate-thread/speculative-store-4.c -O2 -g thread simulation test
FAIL: gcc.dg/simulate-thread/speculative-store-4.c -O3 -g thread simulation test
FAIL: gcc.dg/simulate-thread/speculative-store.c -O0 -g thread simulation test
UNRESOLVED: gcc.dg/tree-prof/crossmodule-indir-call-topn-1.c scan-pgo-wpa-ipa-dump profile_estimate "2 \\\\(200.00%\\\\) speculations produced."
UNRESOLVED: gcc.dg/tree-prof/crossmodule-indir-call-topn-2.c scan-pgo-wpa-ipa-dump profile_estimate "2 \\\\(200.00%\\\\) speculations produced."
FAIL: gcc.dg/tree-prof/indir-call-prof-2.c compilation, -fprofile-use -D_PROFILE_USE
UNRESOLVED: gcc.dg/tree-prof/indir-call-prof-2.c execution, -fprofile-use -D_PROFILE_USE
FAIL: gcc.dg/tree-prof/indir-call-prof-topn.c compilation, -fprofile-use -D_PROFILE_USE
UNRESOLVED: gcc.dg/tree-prof/indir-call-prof-topn.c execution, -fprofile-use -D_PROFILE_USE
FAIL: gcc.dg/tree-prof/indir-call-prof.c compilation, -fprofile-use -D_PROFILE_USE
UNRESOLVED: gcc.dg/tree-prof/indir-call-prof.c execution, -fprofile-use -D_PROFILE_USE
FAIL: gcc.dg/tree-prof/pr59003.c compilation, -fprofile-use -D_PROFILE_USE
UNRESOLVED: gcc.dg/tree-prof/pr59003.c execution, -fprofile-use -D_PROFILE_USE
FAIL: gcc.dg/tree-prof/val-prof-2.c scan-ipa-dump profile "Transformation done: div/mod by constant 256"
FAIL: gcc.dg/tree-prof/val-prof-6.c compilation, -fprofile-use -D_PROFILE_USE
UNRESOLVED: gcc.dg/tree-prof/val-prof-6.c execution, -fprofile-use -D_PROFILE_USE
FAIL: gcc.dg/ubsan/pr89284.c -O0 (test for warnings, line 11)
FAIL: gcc.dg/ubsan/pr89284.c -O0 (test for warnings, line 20)
FAIL: gcc.dg/ubsan/pr89284.c -O0 (test for excess errors)
FAIL: gcc.dg/ubsan/pr89284.c -O1 (test for warnings, line 11)
FAIL: gcc.dg/ubsan/pr89284.c -O1 (test for warnings, line 20)
FAIL: gcc.dg/ubsan/pr89284.c -O1 (test for excess errors)
FAIL: gcc.dg/ubsan/pr89284.c -O2 (test for warnings, line 11)
FAIL: gcc.dg/ubsan/pr89284.c -O2 (test for warnings, line 20)
FAIL: gcc.dg/ubsan/pr89284.c -O2 (test for excess errors)
FAIL: gcc.dg/ubsan/pr89284.c -O2 -flto (test for warnings, line 11)
FAIL: gcc.dg/ubsan/pr89284.c -O2 -flto (test for warnings, line 20)
FAIL: gcc.dg/ubsan/pr89284.c -O2 -flto (test for excess errors)
FAIL: gcc.dg/ubsan/pr89284.c -O2 -flto -flto-partition=none (test for warnings, line 11)
FAIL: gcc.dg/ubsan/pr89284.c -O2 -flto -flto-partition=none (test for warnings, line 20)
FAIL: gcc.dg/ubsan/pr89284.c -O2 -flto -flto-partition=none (test for excess errors)
FAIL: gcc.dg/ubsan/pr89284.c -O3 -g (test for warnings, line 11)
FAIL: gcc.dg/ubsan/pr89284.c -O3 -g (test for warnings, line 20)
FAIL: gcc.dg/ubsan/pr89284.c -O3 -g (test for excess errors)
FAIL: gcc.dg/ubsan/pr89284.c -Os (test for warnings, line 11)
FAIL: gcc.dg/ubsan/pr89284.c -Os (test for warnings, line 20)
FAIL: gcc.dg/ubsan/pr89284.c -Os (test for excess errors)
FAIL: outputs doc double !-c -o -db'' -flto: extra
FAIL: outputs lto dbsovrdd mult named: extra
FAIL: outputs lto dbsovrdd mult namedb: extra
FAIL: outputs lto dbsovrdd mult unnamed: extra
FAIL: outputs lto dbsovrdd sing named: extra
FAIL: outputs lto dbsovrdd sing namedb: extra
FAIL: outputs lto dbsovrdd sing unnamed: extra
FAIL: outputs lto dbswthdd mult named: extra
FAIL: outputs lto dbswthdd mult namedb: extra
FAIL: outputs lto dbswthdd mult unnamed: extra
FAIL: outputs lto dbswthdd sing named: extra
FAIL: outputs lto dbswthdd sing namedb: extra
FAIL: outputs lto dbswthdd sing unnamed: extra
FAIL: outputs lto mult dumpbase named: extra
FAIL: outputs lto mult dumpbase namedb: extra
FAIL: outputs lto mult dumpbase unnamed: extra
FAIL: outputs lto mult dumpdir named: extra
FAIL: outputs lto mult dumpdir namedb: extra
FAIL: outputs lto mult dumpdir unnamed: extra
FAIL: outputs lto mult empty dumpbase dumpdir named: extra
FAIL: outputs lto mult empty dumpbase dumpdir namedb: extra
FAIL: outputs lto mult empty dumpbase dumpdir unnamed: extra
FAIL: outputs lto mult empty dumpbase named: extra
FAIL: outputs lto mult empty dumpbase namedb: extra
FAIL: outputs lto mult empty dumpbase unnamed: extra
FAIL: outputs lto mult empty dumpdir empty dumpbase named: extra
FAIL: outputs lto mult empty dumpdir empty dumpbase namedb: extra
FAIL: outputs lto mult empty dumpdir empty dumpbase unnamed: extra
FAIL: outputs lto mult named: extra
FAIL: outputs lto mult nameddir: extra
FAIL: outputs lto mult unnamed: extra
FAIL: outputs lto sing dumpbase named: extra
FAIL: outputs lto sing dumpbase namedb: extra
FAIL: outputs lto sing dumpbase unnamed: extra
FAIL: outputs lto sing dumpdir named: extra
FAIL: outputs lto sing dumpdir namedb: extra
FAIL: outputs lto sing dumpdir unnamed: extra
FAIL: outputs lto sing empty dumpbase dumpdir named: extra
FAIL: outputs lto sing empty dumpbase dumpdir namedb: extra
FAIL: outputs lto sing empty dumpbase dumpdir unnamed: extra
FAIL: outputs lto sing empty dumpbase named: extra
FAIL: outputs lto sing empty dumpbase namedb: extra
FAIL: outputs lto sing empty dumpbase unnamed: extra
FAIL: outputs lto sing empty dumpdir empty dumpbase named: extra
FAIL: outputs lto sing empty dumpdir empty dumpbase namedb: extra
FAIL: outputs lto sing empty dumpdir empty dumpbase unnamed: extra
FAIL: outputs lto sing named: extra
FAIL: outputs lto sing nameddir: extra
FAIL: outputs lto sing unnamed: extra
FAIL: outputs lto st mult dumpdir empty dumpbase named: dir/outputs-1.lto_wrapper_args
FAIL: outputs lto st mult dumpdir empty dumpbase named: dir/outputs-1.res
FAIL: outputs lto st mult dumpdir empty dumpbase named: extra
FAIL: outputs lto st mult dumpdir named: dir/outputs-lto_wrapper_args
FAIL: outputs lto st mult dumpdir named: dir/outputs-res
FAIL: outputs lto st mult dumpdir named: extra
FAIL: outputs lto st mult empty dumpbase namedb: dir/outputs.lto_wrapper_args
FAIL: outputs lto st mult empty dumpbase namedb: dir/outputs.res
FAIL: outputs lto st mult empty dumpbase namedb: extra
FAIL: outputs lto st mult empty dumpbase unnamed: a.lto_wrapper_args
FAIL: outputs lto st mult empty dumpbase unnamed: a.res
FAIL: outputs lto st mult empty dumpbase unnamed: extra
FAIL: outputs lto st mult namedb: dir/outputs.lto_wrapper_args
FAIL: outputs lto st mult namedb: dir/outputs.res
FAIL: outputs lto st mult namedb: extra
FAIL: outputs lto st mult unnamed: a.lto_wrapper_args
FAIL: outputs lto st mult unnamed: a.res
FAIL: outputs lto st mult unnamed: extra
FAIL: outputs lto st sing dumpdir empty dumpbase named: dir/outputs-0.lto_wrapper_args
FAIL: outputs lto st sing dumpdir empty dumpbase named: dir/outputs-0.res
FAIL: outputs lto st sing dumpdir empty dumpbase named: extra
FAIL: outputs lto st sing dumpdir named: dir/outputs-lto_wrapper_args
FAIL: outputs lto st sing dumpdir named: dir/outputs-res
FAIL: outputs lto st sing dumpdir named: extra
FAIL: outputs lto st sing empty dumpbase namedb: dir/outputs.lto_wrapper_args
FAIL: outputs lto st sing empty dumpbase namedb: dir/outputs.res
FAIL: outputs lto st sing empty dumpbase namedb: extra
FAIL: outputs lto st sing empty dumpbase unnamed: a.lto_wrapper_args
FAIL: outputs lto st sing empty dumpbase unnamed: a.res
FAIL: outputs lto st sing empty dumpbase unnamed: extra
FAIL: outputs lto st sing namedb: dir/outputs.lto_wrapper_args
FAIL: outputs lto st sing namedb: dir/outputs.res
FAIL: outputs lto st sing namedb: extra
FAIL: outputs lto st sing unnamed: a.lto_wrapper_args
FAIL: outputs lto st sing unnamed: a.res
FAIL: outputs lto st sing unnamed: extra
=== gcc Summary for unix/-m32 ===
# of expected passes 125430
# of unexpected failures 120
# of unexpected successes 1
# of expected failures 778
# of unresolved testcases 7
# of unsupported tests 3635
=== gcc Summary ===
# of expected passes 250519
# of unexpected failures 227
# of unexpected successes 2
# of expected failures 1546
# of unresolved testcases 9
# of unsupported tests 6609
/var/gcc/regression/master/11.4-gcc-64/build/gcc/xgcc version 11.0.0 20200605 (experimental) [master revision 6ea6c4978111d146db8d33c80d9da93d7bd2bc8d] (GCC)
=== gdc tests ===
Running target unix
=== gdc Summary for unix ===
# of expected passes 21216
# of unsupported tests 129
Running target unix/-m32
=== gdc Summary for unix/-m32 ===
# of expected passes 21216
# of unsupported tests 129
=== gdc Summary ===
# of expected passes 42432
# of unsupported tests 258
/var/gcc/regression/master/11.4-gcc-64/build/gcc/gdc version 11.0.0 20200605 (experimental) [master revision 6ea6c4978111d146db8d33c80d9da93d7bd2bc8d] (GCC)
=== gfortran tests ===
Running target unix
FAIL: gfortran.dg/analyzer/pr93993.f90 -O (test for excess errors)
FAIL: gfortran.dg/spellcheck-operator.f90 -O (test for excess errors)
FAIL: gfortran.dg/goacc/uninit-use-device-clause.f95 -O (test for warnings, line 7)
FAIL: gfortran.dg/goacc/uninit-use-device-clause.f95 -O (test for excess errors)
FAIL: gfortran.dg/gomp/target1.f90 -O (internal compiler error)
FAIL: gfortran.dg/gomp/target1.f90 -O (test for excess errors)
=== gfortran Summary for unix ===
# of expected passes 53884
# of unexpected failures 6
# of expected failures 193
# of unsupported tests 157
Running target unix/-m32
FAIL: gfortran.dg/analyzer/pr93993.f90 -O (test for excess errors)
FAIL: gfortran.dg/spellcheck-operator.f90 -O (test for excess errors)
FAIL: gfortran.dg/goacc/uninit-use-device-clause.f95 -O (test for warnings, line 7)
FAIL: gfortran.dg/goacc/uninit-use-device-clause.f95 -O (test for excess errors)
FAIL: gfortran.dg/gomp/target1.f90 -O (internal compiler error)
FAIL: gfortran.dg/gomp/target1.f90 -O (test for excess errors)
=== gfortran Summary for unix/-m32 ===
# of expected passes 53635
# of unexpected failures 6
# of expected failures 195
# of unsupported tests 284
=== gfortran Summary ===
# of expected passes 107519
# of unexpected failures 12
# of expected failures 388
# of unsupported tests 441
/var/gcc/regression/master/11.4-gcc-64/build/gcc/gfortran version 11.0.0 20200605 (experimental) [master revision 6ea6c4978111d146db8d33c80d9da93d7bd2bc8d] (GCC)
=== gnat tests ===
Running target unix
=== gnat Summary for unix ===
# of expected passes 3249
# of expected failures 23
# of unsupported tests 32
Running target unix/-m32
=== gnat Summary for unix/-m32 ===
# of expected passes 3249
# of expected failures 23
# of unsupported tests 32
=== gnat Summary ===
# of expected passes 6498
# of expected failures 46
# of unsupported tests 64
/var/gcc/regression/master/11.4-gcc-64/build/gcc/gnatmake version 11.0.0 20200605 (experimental) [master revision 6ea6c4978111d146db8d33c80d9da93d7bd2bc8d]
=== go tests ===
Running target unix
WARNING: ./index0-out.go compilation, -O0 -g -fno-var-tracking-assignments program timed out.
FAIL: ./index0-out.go compilation, -O0 -g -fno-var-tracking-assignments
WARNING: ./slice3-out.go compilation, -O0 -g -fno-var-tracking-assignments program timed out.
FAIL: ./slice3-out.go compilation, -O0 -g -fno-var-tracking-assignments
FAIL: go.test/test/fixedbugs/issue4348.go -O (test for excess errors)
=== go Summary for unix ===
# of expected passes 7343
# of unexpected failures 3
# of expected failures 1
# of untested testcases 13
# of unsupported tests 3
Running target unix/-m32
FAIL: ./index0-out.go execution, -O0 -g -fno-var-tracking-assignments
FAIL: go.test/test/fixedbugs/issue4085b.go execution, -O2 -g
FAIL: go.test/test/fixedbugs/issue4562.go execution, -O2 -g
FAIL: go.test/test/nil.go execution, -O2 -g
=== go Summary for unix/-m32 ===
# of expected passes 7464
# of unexpected failures 4
# of expected failures 1
# of untested testcases 11
# of unsupported tests 3
=== go Summary ===
# of expected passes 14807
# of unexpected failures 7
# of expected failures 2
# of untested testcases 24
# of unsupported tests 6
=== obj-c++ tests ===
Running target unix/-m32
=== obj-c++ Summary for unix/-m32 ===
# of expected passes 1450
# of expected failures 2
# of unsupported tests 77
Running target unix
=== obj-c++ Summary for unix ===
# of expected passes 1442
# of expected failures 10
# of unsupported tests 77
=== obj-c++ Summary ===
# of expected passes 2892
# of expected failures 12
# of unsupported tests 154
/var/gcc/regression/master/11.4-gcc-64/build/gcc/xg++ version 11.0.0 20200605 (experimental) [master revision 6ea6c4978111d146db8d33c80d9da93d7bd2bc8d] (GCC)
=== objc tests ===
Running target unix
=== objc Summary for unix ===
# of expected passes 2784
# of unsupported tests 68
Running target unix/-m32
=== objc Summary for unix/-m32 ===
# of expected passes 2784
# of unsupported tests 68
=== objc Summary ===
# of expected passes 5568
# of unsupported tests 136
/var/gcc/regression/master/11.4-gcc-64/build/gcc/xgcc version 11.0.0 20200605 (experimental) [master revision 6ea6c4978111d146db8d33c80d9da93d7bd2bc8d] (GCC)
=== gotools tests ===
FAIL: go test cmd/go
FAIL: TestAbort
FAIL: TestArenaCollision
FAIL: TestGccgoCrashTracebackNodebug
FAIL: TestPanicInlined
FAIL: go test runtime
=== gotools Summary ===
# of expected passes 330
# of unexpected failures 6
# of untested testcases 138
/var/gcc/regression/master/11.4-gcc-64/build/./gcc/gccgo version 11.0.0 20200605 (experimental) [master revision 6ea6c4978111d146db8d33c80d9da93d7bd2bc8d] (GCC)
=== libatomic tests ===
Running target unix/-m32
=== libatomic Summary for unix/-m32 ===
# of expected passes 44
# of unsupported tests 5
Running target unix
=== libatomic Summary for unix ===
# of expected passes 54
=== libatomic Summary ===
# of expected passes 98
# of unsupported tests 5
=== libffi tests ===
Running target unix/-m32
=== libffi Summary for unix/-m32 ===
# of expected passes 2214
Running target unix
=== libffi Summary for unix ===
# of expected passes 2214
=== libffi Summary ===
# of expected passes 4428
=== libgo tests ===
Running target unix
FAIL: go/build
FAIL: net/http
FAIL: runtime
FAIL: runtime/pprof
FAIL: sync/atomic
=== libgo Summary for unix ===
# of expected passes 168
# of unexpected failures 5
Running target unix/-m32
FAIL: go/build
FAIL: os/signal
FAIL: runtime
FAIL: runtime/pprof
FAIL: sync/atomic
=== libgo Summary for unix/-m32 ===
# of expected passes 168
# of unexpected failures 5
=== libgo Summary ===
# of expected passes 336
# of unexpected failures 10
/var/gcc/regression/master/11.4-gcc-64/build/./gcc/gccgo version 11.0.0 20200605 (experimental) [master revision 6ea6c4978111d146db8d33c80d9da93d7bd2bc8d] (GCC)
=== libgomp tests ===
Running target unix
WARNING: libgomp.c++/../libgomp.c-c++-common/for-11.c (test for excess errors) program timed out.
FAIL: libgomp.c++/../libgomp.c-c++-common/for-11.c (test for excess errors)
UNRESOLVED: libgomp.c++/../libgomp.c-c++-common/for-11.c compilation failed to produce executable
WARNING: libgomp.c++/../libgomp.c-c++-common/for-12.c (test for excess errors) program timed out.
FAIL: libgomp.c++/../libgomp.c-c++-common/for-12.c (test for excess errors)
UNRESOLVED: libgomp.c++/../libgomp.c-c++-common/for-12.c compilation failed to produce executable
WARNING: libgomp.c++/../libgomp.c-c++-common/for-5.c (test for excess errors) program timed out.
FAIL: libgomp.c++/../libgomp.c-c++-common/for-5.c (test for excess errors)
UNRESOLVED: libgomp.c++/../libgomp.c-c++-common/for-5.c compilation failed to produce executable
WARNING: libgomp.c++/../libgomp.c-c++-common/for-6.c (test for excess errors) program timed out.
FAIL: libgomp.c++/../libgomp.c-c++-common/for-6.c (test for excess errors)
UNRESOLVED: libgomp.c++/../libgomp.c-c++-common/for-6.c compilation failed to produce executable
WARNING: libgomp.c++/task-reduction-11.C execution test program timed out.
FAIL: libgomp.c++/task-reduction-11.C execution test
WARNING: libgomp.c++/task-reduction-13.C execution test program timed out.
FAIL: libgomp.c++/task-reduction-13.C execution test
=== libgomp Summary for unix ===
# of expected passes 7715
# of unexpected failures 6
# of expected failures 4
# of unresolved testcases 4
# of unsupported tests 577
Running target unix/-m32
WARNING: libgomp.c++/../libgomp.c-c++-common/for-9.c (test for excess errors) program timed out.
FAIL: libgomp.c++/../libgomp.c-c++-common/for-9.c (test for excess errors)
UNRESOLVED: libgomp.c++/../libgomp.c-c++-common/for-9.c compilation failed to produce executable
WARNING: libgomp.c++/task-reduction-10.C execution test program timed out.
FAIL: libgomp.c++/task-reduction-10.C execution test
WARNING: libgomp.c++/task-reduction-13.C execution test program timed out.
FAIL: libgomp.c++/task-reduction-13.C execution test
WARNING: libgomp.c/../libgomp.c-c++-common/for-5.c (test for excess errors) program timed out.
FAIL: libgomp.c/../libgomp.c-c++-common/for-5.c (test for excess errors)
UNRESOLVED: libgomp.c/../libgomp.c-c++-common/for-5.c compilation failed to produce executable
=== libgomp Summary for unix/-m32 ===
# of expected passes 7719
# of unexpected failures 4
# of expected failures 4
# of unresolved testcases 2
# of unsupported tests 577
=== libgomp Summary ===
# of expected passes 15434
# of unexpected failures 10
# of expected failures 8
# of unresolved testcases 6
# of unsupported tests 1154
=== libitm tests ===
Running target unix/-m32
=== libitm Summary for unix/-m32 ===
# of expected passes 42
# of expected failures 3
# of unsupported tests 1
Running target unix
=== libitm Summary for unix ===
# of expected passes 42
# of expected failures 3
# of unsupported tests 1
=== libitm Summary ===
# of expected passes 84
# of expected failures 6
# of unsupported tests 2
=== libstdc++ tests ===
Running target unix
WARNING: std/ranges/adaptors/all.cc (test for excess errors) program timed out.
FAIL: std/ranges/adaptors/all.cc (test for excess errors)
UNRESOLVED: std/ranges/adaptors/all.cc compilation failed to produce executable
=== libstdc++ Summary for unix ===
# of expected passes 14030
# of unexpected failures 1
# of expected failures 93
# of unresolved testcases 1
# of unsupported tests 733
Running target unix/-m32
WARNING: std/ranges/adaptors/drop.cc (test for excess errors) program timed out.
FAIL: std/ranges/adaptors/drop.cc (test for excess errors)
UNRESOLVED: std/ranges/adaptors/drop.cc compilation failed to produce executable
WARNING: std/ranges/adaptors/split.cc (test for excess errors) program timed out.
FAIL: std/ranges/adaptors/split.cc (test for excess errors)
UNRESOLVED: std/ranges/adaptors/split.cc compilation failed to produce executable
=== libstdc++ Summary for unix/-m32 ===
# of expected passes 14028
# of unexpected failures 2
# of expected failures 93
# of unresolved testcases 2
# of unsupported tests 733
=== libstdc++ Summary ===
# of expected passes 28058
# of unexpected failures 3
# of expected failures 186
# of unresolved testcases 3
# of unsupported tests 1466
Compiler version: 11.0.0 20200605 (experimental) [master revision 6ea6c4978111d146db8d33c80d9da93d7bd2bc8d] (GCC)
Platform: sparcv9-sun-solaris2.11
configure flags: --prefix=/vol/gcc --target=sparcv9-sun-solaris2.11 --enable-objc-gc --with-target-bdw-gc-include=/vol/gcc/include --with-target-bdw-gc-lib=/vol/gcc/lib/sparcv9,sparcv8plus=/vol/gcc/lib --with-as=/usr/ccs/bin/as --without-gnu-as --with-gmp-include=/vol/gcc/include --with-gmp-lib=/vol/gcc/lib/sparcv9 --with-mpfr-include=/vol/gcc/include --with-mpfr-lib=/vol/gcc/lib/sparcv9 --with-mpc-include=/vol/gcc/include --with-mpc-lib=/vol/gcc/lib/sparcv9 --enable-languages=all,ada,obj-c++,go --with-isl-include=/vol/gcc/include --with-isl-lib=/vol/gcc/lib/sparcv9 --with-zstd-include=/vol/gcc/include --with-zstd-lib=/vol/gcc/lib/sparcv9 --build=sparcv9-sun-solaris2.11 --host=sparcv9-sun-solaris2.11
BOOT_CFLAGS=-g -O2
More information about the Gcc-testresults
mailing list