Results for 8.4.1 20200713 [releases/gcc-8 revision r8-10354-g92432d97445b26e2c09645474006e80a74cbb53a] (GCC) testsuite on aarch64_be-none-elf
Christophe LYON
christophe.lyon@st.com
Mon Jul 13 10:10:55 GMT 2020
LAST_UPDATED: Mon Jul 13 09:12:33 UTC 2020 (revision r8-10354-g92432d97445b26e2c09645474006e80a74cbb53a) TARGET=aarch64_be-none-elf CPU=default FPU=default MODE=default
Target is aarch64_be-none-elf
Host is aarch64_be-none-elf
=== libstdc++ tests ===
Running target aarch64-none-elf-foundation
XPASS: 21_strings/basic_string/numeric_conversions/char/stod.cc execution test
XPASS: 21_strings/basic_string/numeric_conversions/wchar_t/stod.cc execution test
FAIL: 22_locale/money_get/get/char/5.cc execution test
FAIL: 22_locale/money_get/get/wchar_t/5.cc execution test
FAIL: 22_locale/num_get/get/char/39168.cc execution test
FAIL: 22_locale/num_get/get/char/4.cc execution test
FAIL: 22_locale/num_get/get/wchar_t/39168.cc execution test
FAIL: 22_locale/num_get/get/wchar_t/4.cc execution test
FAIL: 26_numerics/complex/inserters_extractors/char/1.cc execution test
FAIL: 26_numerics/complex/inserters_extractors/wchar_t/1.cc execution test
FAIL: 27_io/basic_istream/extractors_arithmetic/char/01.cc execution test
FAIL: 27_io/basic_istream/extractors_arithmetic/char/12.cc execution test
FAIL: 27_io/basic_istream/extractors_arithmetic/wchar_t/01.cc execution test
FAIL: 27_io/basic_istream/extractors_arithmetic/wchar_t/12.cc execution test
=== libstdc++ Summary ===
# of expected passes 10408
# of unexpected failures 12
# of unexpected successes 2
# of expected failures 74
# of unsupported tests 836
Host is x86_64-pc-linux-gnu
=== gcc tests ===
Running target aarch64-none-elf-foundation
FAIL: gcc.dg/attr-weakref-1.c (test for excess errors)
UNRESOLVED: gcc.dg/attr-weakref-1.c compilation failed to produce executable
=== gcc Summary ===
# of expected passes 113129
# of unexpected failures 1
# of expected failures 354
# of unresolved testcases 1
# of unsupported tests 3440
/tmp/9400679_34.tmpdir/aci-gcc-fsf/builds/gcc-fsf-gccsrc/obj-aarch64_be-none-elf/gcc3/gcc/xgcc version 8.4.1 20200713 [releases/gcc-8 revision r8-10354-g92432d97445b26e2c09645474006e80a74cbb53a] (GCC)
Host is x86_64-pc-linux-gnu
=== g++ tests ===
Running target aarch64-none-elf-foundation
FAIL: g++.dg/pr83239.C -std=gnu++98 (test for excess errors)
=== g++ Summary ===
# of expected passes 104666
# of unexpected failures 1
# of expected failures 457
# of unsupported tests 5529
/tmp/9400679_34.tmpdir/aci-gcc-fsf/builds/gcc-fsf-gccsrc/obj-aarch64_be-none-elf/gcc3/gcc/xg++ version 8.4.1 20200713 [releases/gcc-8 revision r8-10354-g92432d97445b26e2c09645474006e80a74cbb53a] (GCC)
Compiler version: 8.4.1 20200713 [releases/gcc-8 revision r8-10354-g92432d97445b26e2c09645474006e80a74cbb53a] (GCC)
Platform: aarch64_be-none-elf
configure flags: --target=aarch64_be-none-elf --prefix=/tmp/9400679_34.tmpdir/aci-gcc-fsf/builds/gcc-fsf-gccsrc/tools --with-sysroot=/tmp/9400679_34.tmpdir/aci-gcc-fsf/builds/gcc-fsf-gccsrc/sysroot-aarch64_be-none-elf --disable-nls --disable-libgomp --disable-libmudflap --disable-libcilkrts --enable-checking --enable-languages=c,c++ --with-newlib --disable-tls
More information about the Gcc-testresults
mailing list