Results for 11.0.0 20200711 (experimental) [master revision r11-2032-g865362954f7523e8b09f54393d174fc6b0067dd8] (GCC) testsuite on arm-none-linux-gnueabi
Christophe LYON
christophe.lyon@st.com
Sat Jul 11 07:02:57 GMT 2020
LAST_UPDATED: Sat Jul 11 03:32:01 UTC 2020 (revision r11-2032-g865362954f7523e8b09f54393d174fc6b0067dd8) TARGET=arm-none-linux-gnueabi CPU=cortex-a9 FPU=default MODE=arm
Target is arm-none-linux-gnueabi
Host is arm-none-linux-gnueabi
=== libatomic tests ===
Running target qemu/-mthumb
=== libatomic Summary ===
# of expected passes 44
# of unsupported tests 5
Host is arm-none-linux-gnueabi
=== libitm tests ===
Running target qemu/-mthumb
=== libitm Summary ===
# of expected passes 42
# of expected failures 3
# of unsupported tests 1
Host is arm-none-linux-gnueabi
=== libstdc++ tests ===
Running target qemu/-mthumb
FAIL: experimental/net/internet/resolver/ops/lookup.cc execution test
=== libstdc++ Summary ===
# of expected passes 13336
# of unexpected failures 1
# of expected failures 94
# of untested testcases 1
# of unsupported tests 744
Host is x86_64-pc-linux-gnu
=== gcc tests ===
Running target qemu/-mthumb
WARNING: skipping asan tests due to ulimit -v
WARNING: skipping asan tests due to ulimit -v
WARNING: skipping asan tests due to ulimit -v
WARNING: skipping asan tests due to ulimit -v
WARNING: skipping asan tests due to ulimit -v
WARNING: skipping asan tests due to ulimit -v
WARNING: skipping asan tests due to ulimit -v
WARNING: skipping asan tests due to ulimit -v
WARNING: skipping asan tests due to ulimit -v
WARNING: skipping asan tests due to ulimit -v
FAIL: gcc.dg/strlenopt-73.c scan-tree-dump-times optimized "_not_eliminated_" 0
FAIL: gcc.dg/strlenopt-73.c scan-tree-dump-times optimized "strlen" 0
FAIL: gcc.dg/tree-prof/pr77698.c scan-rtl-dump-times alignments "internal loop alignment added" 1
FAIL: gcc.dg/tree-ssa/gen-vect-26.c scan-tree-dump-times vect "Alignment of access forced using peeling" 1
FAIL: gcc.dg/tree-ssa/gen-vect-26.c scan-tree-dump-times vect "Vectorizing an unaligned access" 0
FAIL: gcc.dg/tree-ssa/gen-vect-28.c scan-tree-dump-times vect "Alignment of access forced using peeling" 1
FAIL: gcc.dg/tree-ssa/gen-vect-28.c scan-tree-dump-times vect "Vectorizing an unaligned access" 0
UNRESOLVED: gcc.target/aarch64/advsimd-intrinsics/vld1x2.c -O0 compilation failed to produce executable
UNRESOLVED: gcc.target/aarch64/advsimd-intrinsics/vld1x2.c -O1 compilation failed to produce executable
UNRESOLVED: gcc.target/aarch64/advsimd-intrinsics/vld1x2.c -O2 compilation failed to produce executable
UNRESOLVED: gcc.target/aarch64/advsimd-intrinsics/vld1x2.c -O2 -flto -fno-use-linker-plugin -flto-partition=none compilation failed to produce executable
UNRESOLVED: gcc.target/aarch64/advsimd-intrinsics/vld1x2.c -O2 -flto -fuse-linker-plugin -fno-fat-lto-objects compilation failed to produce executable
UNRESOLVED: gcc.target/aarch64/advsimd-intrinsics/vld1x2.c -O3 -fomit-frame-pointer -funroll-loops -fpeel-loops -ftracer -finline-functions compilation failed to produce executable
UNRESOLVED: gcc.target/aarch64/advsimd-intrinsics/vld1x2.c -O3 -g compilation failed to produce executable
UNRESOLVED: gcc.target/aarch64/advsimd-intrinsics/vld1x2.c -Og -g compilation failed to produce executable
UNRESOLVED: gcc.target/aarch64/advsimd-intrinsics/vld1x2.c -Os compilation failed to produce executable
UNRESOLVED: gcc.target/aarch64/advsimd-intrinsics/vld1x3.c -O0 compilation failed to produce executable
UNRESOLVED: gcc.target/aarch64/advsimd-intrinsics/vld1x3.c -O1 compilation failed to produce executable
UNRESOLVED: gcc.target/aarch64/advsimd-intrinsics/vld1x3.c -O2 compilation failed to produce executable
UNRESOLVED: gcc.target/aarch64/advsimd-intrinsics/vld1x3.c -O2 -flto -fno-use-linker-plugin -flto-partition=none compilation failed to produce executable
UNRESOLVED: gcc.target/aarch64/advsimd-intrinsics/vld1x3.c -O2 -flto -fuse-linker-plugin -fno-fat-lto-objects compilation failed to produce executable
UNRESOLVED: gcc.target/aarch64/advsimd-intrinsics/vld1x3.c -O3 -fomit-frame-pointer -funroll-loops -fpeel-loops -ftracer -finline-functions compilation failed to produce executable
UNRESOLVED: gcc.target/aarch64/advsimd-intrinsics/vld1x3.c -O3 -g compilation failed to produce executable
UNRESOLVED: gcc.target/aarch64/advsimd-intrinsics/vld1x3.c -Og -g compilation failed to produce executable
UNRESOLVED: gcc.target/aarch64/advsimd-intrinsics/vld1x3.c -Os compilation failed to produce executable
UNRESOLVED: gcc.target/aarch64/advsimd-intrinsics/vld1x4.c -O0 compilation failed to produce executable
UNRESOLVED: gcc.target/aarch64/advsimd-intrinsics/vld1x4.c -O1 compilation failed to produce executable
UNRESOLVED: gcc.target/aarch64/advsimd-intrinsics/vld1x4.c -O2 compilation failed to produce executable
UNRESOLVED: gcc.target/aarch64/advsimd-intrinsics/vld1x4.c -O2 -flto -fno-use-linker-plugin -flto-partition=none compilation failed to produce executable
UNRESOLVED: gcc.target/aarch64/advsimd-intrinsics/vld1x4.c -O2 -flto -fuse-linker-plugin -fno-fat-lto-objects compilation failed to produce executable
UNRESOLVED: gcc.target/aarch64/advsimd-intrinsics/vld1x4.c -O3 -fomit-frame-pointer -funroll-loops -fpeel-loops -ftracer -finline-functions compilation failed to produce executable
UNRESOLVED: gcc.target/aarch64/advsimd-intrinsics/vld1x4.c -O3 -g compilation failed to produce executable
UNRESOLVED: gcc.target/aarch64/advsimd-intrinsics/vld1x4.c -Og -g compilation failed to produce executable
UNRESOLVED: gcc.target/aarch64/advsimd-intrinsics/vld1x4.c -Os compilation failed to produce executable
UNRESOLVED: gcc.target/aarch64/advsimd-intrinsics/vst1x2.c -O0 compilation failed to produce executable
UNRESOLVED: gcc.target/aarch64/advsimd-intrinsics/vst1x2.c -O1 compilation failed to produce executable
UNRESOLVED: gcc.target/aarch64/advsimd-intrinsics/vst1x2.c -O2 compilation failed to produce executable
UNRESOLVED: gcc.target/aarch64/advsimd-intrinsics/vst1x2.c -O2 -flto -fno-use-linker-plugin -flto-partition=none compilation failed to produce executable
UNRESOLVED: gcc.target/aarch64/advsimd-intrinsics/vst1x2.c -O2 -flto -fuse-linker-plugin -fno-fat-lto-objects compilation failed to produce executable
UNRESOLVED: gcc.target/aarch64/advsimd-intrinsics/vst1x2.c -O3 -fomit-frame-pointer -funroll-loops -fpeel-loops -ftracer -finline-functions compilation failed to produce executable
UNRESOLVED: gcc.target/aarch64/advsimd-intrinsics/vst1x2.c -O3 -g compilation failed to produce executable
UNRESOLVED: gcc.target/aarch64/advsimd-intrinsics/vst1x2.c -Og -g compilation failed to produce executable
UNRESOLVED: gcc.target/aarch64/advsimd-intrinsics/vst1x2.c -Os compilation failed to produce executable
UNRESOLVED: gcc.target/aarch64/advsimd-intrinsics/vst1x3.c -O0 compilation failed to produce executable
UNRESOLVED: gcc.target/aarch64/advsimd-intrinsics/vst1x3.c -O1 compilation failed to produce executable
UNRESOLVED: gcc.target/aarch64/advsimd-intrinsics/vst1x3.c -O2 compilation failed to produce executable
UNRESOLVED: gcc.target/aarch64/advsimd-intrinsics/vst1x3.c -O2 -flto -fno-use-linker-plugin -flto-partition=none compilation failed to produce executable
UNRESOLVED: gcc.target/aarch64/advsimd-intrinsics/vst1x3.c -O2 -flto -fuse-linker-plugin -fno-fat-lto-objects compilation failed to produce executable
UNRESOLVED: gcc.target/aarch64/advsimd-intrinsics/vst1x3.c -O3 -fomit-frame-pointer -funroll-loops -fpeel-loops -ftracer -finline-functions compilation failed to produce executable
UNRESOLVED: gcc.target/aarch64/advsimd-intrinsics/vst1x3.c -O3 -g compilation failed to produce executable
UNRESOLVED: gcc.target/aarch64/advsimd-intrinsics/vst1x3.c -Og -g compilation failed to produce executable
UNRESOLVED: gcc.target/aarch64/advsimd-intrinsics/vst1x3.c -Os compilation failed to produce executable
UNRESOLVED: gcc.target/aarch64/advsimd-intrinsics/vst1x4.c -O0 compilation failed to produce executable
UNRESOLVED: gcc.target/aarch64/advsimd-intrinsics/vst1x4.c -O1 compilation failed to produce executable
UNRESOLVED: gcc.target/aarch64/advsimd-intrinsics/vst1x4.c -O2 compilation failed to produce executable
UNRESOLVED: gcc.target/aarch64/advsimd-intrinsics/vst1x4.c -O2 -flto -fno-use-linker-plugin -flto-partition=none compilation failed to produce executable
UNRESOLVED: gcc.target/aarch64/advsimd-intrinsics/vst1x4.c -O2 -flto -fuse-linker-plugin -fno-fat-lto-objects compilation failed to produce executable
UNRESOLVED: gcc.target/aarch64/advsimd-intrinsics/vst1x4.c -O3 -fomit-frame-pointer -funroll-loops -fpeel-loops -ftracer -finline-functions compilation failed to produce executable
UNRESOLVED: gcc.target/aarch64/advsimd-intrinsics/vst1x4.c -O3 -g compilation failed to produce executable
UNRESOLVED: gcc.target/aarch64/advsimd-intrinsics/vst1x4.c -Og -g compilation failed to produce executable
UNRESOLVED: gcc.target/aarch64/advsimd-intrinsics/vst1x4.c -Os compilation failed to produce executable
FAIL: gcc.target/arm/addr-modes-float.c scan-assembler vst3.8\\t{d[02468], d[02468], d[02468]}, \\\\[r[0-9]+\\\\]!
FAIL: gcc.target/arm/armv8_2-fp16-scalar-2.c scan-assembler-times vmov.f16\\\\ts[0-9]+, #1\\\\.0e\\\\+0 4
UNRESOLVED: gcc.target/arm/lp1243022.c scan-rtl-dump subreg2 "REG_INC"
FAIL: gcc.target/arm/pr43920-2.c scan-assembler-times pop 2
FAIL: gcc.target/arm/mve/intrinsics/mve_vector_float2.c scan-assembler-times vmov\\\\tq[0-7], q[0-7] 2
FAIL: gcc.target/arm/mve/intrinsics/mve_vector_int.c scan-assembler vmov\\\\tq[0-7], q[0-7]
FAIL: gcc.target/arm/mve/intrinsics/mve_vector_int.c scan-assembler vmov\\\\tq[0-7], q[0-7]
FAIL: gcc.target/arm/mve/intrinsics/mve_vector_int.c scan-assembler vmov\\\\tq[0-7], q[0-7]
FAIL: gcc.target/arm/mve/intrinsics/mve_vector_int.c scan-assembler vmov\\\\tq[0-7], q[0-7]
FAIL: gcc.target/arm/mve/intrinsics/mve_vector_uint.c scan-assembler vmov\\\\tq[0-7], q[0-7]
FAIL: gcc.target/arm/mve/intrinsics/mve_vector_uint.c scan-assembler vmov\\\\tq[0-7], q[0-7]
FAIL: gcc.target/arm/mve/intrinsics/mve_vector_uint.c scan-assembler vmov\\\\tq[0-7], q[0-7]
FAIL: gcc.target/arm/mve/intrinsics/mve_vector_uint.c scan-assembler vmov\\\\tq[0-7], q[0-7]
FAIL: gcc.target/arm/mve/intrinsics/mve_vector_uint1.c scan-assembler vmov\\\\tq[0-7], q[0-7]
FAIL: gcc.target/arm/mve/intrinsics/mve_vector_uint1.c scan-assembler vmov\\\\tq[0-7], q[0-7]
FAIL: gcc.target/arm/mve/intrinsics/mve_vector_uint1.c scan-assembler vmov\\\\tq[0-7], q[0-7]
FAIL: gcc.target/arm/mve/intrinsics/mve_vector_uint1.c scan-assembler vmov\\\\tq[0-7], q[0-7]
FAIL: gcc.target/arm/mve/intrinsics/mve_vector_uint2.c scan-assembler vmov\\\\tq[0-7], q[0-7]
FAIL: gcc.target/arm/mve/intrinsics/mve_vector_uint2.c scan-assembler vmov\\\\tq[0-7], q[0-7]
FAIL: gcc.target/arm/mve/intrinsics/mve_vector_uint2.c scan-assembler vmov\\\\tq[0-7], q[0-7]
FAIL: gcc.target/arm/mve/intrinsics/mve_vector_uint2.c scan-assembler vmov\\\\tq[0-7], q[0-7]
FAIL: gcc.target/arm/mve/intrinsics/vgetq_lane_s64.c scan-assembler vmov\\\\tr0, r1, d0
FAIL: gcc.target/arm/mve/intrinsics/vgetq_lane_s64.c scan-assembler vmov\\\\tr0, r1, d0
FAIL: gcc.target/arm/mve/intrinsics/vgetq_lane_u64.c scan-assembler vmov\\\\tr0, r1, d0
FAIL: gcc.target/arm/mve/intrinsics/vgetq_lane_u64.c scan-assembler vmov\\\\tr0, r1, d0
FAIL: gcc.target/arm/mve/intrinsics/vsetq_lane_s64.c scan-assembler vmov\\\\td0, r[1-9]*[0-9], r[1-9]*[0-9]
FAIL: gcc.target/arm/mve/intrinsics/vsetq_lane_u64.c scan-assembler vmov\\\\td0, r[1-9]*[0-9], r[1-9]*[0-9]
FAIL: gcc.target/arm/simd/vdot-2-1.c check-function-bodies sfoo_lane
FAIL: gcc.target/arm/simd/vdot-2-1.c check-function-bodies sfooq_lane
FAIL: gcc.target/arm/simd/vdot-2-1.c check-function-bodies usfoo
FAIL: gcc.target/arm/simd/vdot-2-1.c check-function-bodies usfoo_lane
FAIL: gcc.target/arm/simd/vdot-2-1.c check-function-bodies usfoo_lane_untied
FAIL: gcc.target/arm/simd/vdot-2-1.c check-function-bodies usfoo_untied
FAIL: gcc.target/arm/simd/vdot-2-1.c check-function-bodies usfooq_lane
FAIL: gcc.target/arm/simd/vdot-2-2.c check-function-bodies sfoo_lane
FAIL: gcc.target/arm/simd/vdot-2-2.c check-function-bodies sfooq_lane
FAIL: gcc.target/arm/simd/vdot-2-2.c check-function-bodies usfoo
FAIL: gcc.target/arm/simd/vdot-2-2.c check-function-bodies usfoo_lane
FAIL: gcc.target/arm/simd/vdot-2-2.c check-function-bodies usfoo_lane_untied
FAIL: gcc.target/arm/simd/vdot-2-2.c check-function-bodies usfoo_untied
FAIL: gcc.target/arm/simd/vdot-2-2.c check-function-bodies usfooq_lane
FAIL: gcc.target/arm/simd/vmmla_1.c (test for excess errors)
UNRESOLVED: gcc.target/arm/simd/vmmla_1.c scan-assembler-times \\\\tvsmmla.s8\\\\tq[0-9]+, q[0-9]+, q[0-9]+ 1
UNRESOLVED: gcc.target/arm/simd/vmmla_1.c scan-assembler-times \\\\tvummla.u8\\\\tq[0-9]+, q[0-9]+, q[0-9]+ 1
UNRESOLVED: gcc.target/arm/simd/vmmla_1.c scan-assembler-times \\\\tvusmmla.s8\\\\tq[0-9]+, q[0-9]+, q[0-9]+ 1
=== gcc Summary ===
# of expected passes 139046
# of unexpected failures 48
# of expected failures 645
# of unresolved testcases 58
# of unsupported tests 6525
/tmp/9134346_3.tmpdir/aci-gcc-fsf/builds/gcc-fsf-gccsrc/obj-arm-none-linux-gnueabi/gcc3/gcc/xgcc version 11.0.0 20200711 (experimental) [master revision r11-2032-g865362954f7523e8b09f54393d174fc6b0067dd8] (GCC)
Host is x86_64-pc-linux-gnu
=== gfortran tests ===
Running target qemu/-mthumb
WARNING: skipping asan tests due to ulimit -v
WARNING: skipping asan tests due to ulimit -v
WARNING: skipping asan tests due to ulimit -v
WARNING: skipping asan tests due to ulimit -v
WARNING: skipping asan tests due to ulimit -v
FAIL: gfortran.dg/pr93423.f90 -O (internal compiler error)
FAIL: gfortran.dg/pr93423.f90 -O (test for excess errors)
FAIL: gfortran.dg/gomp/target1.f90 -O (internal compiler error)
FAIL: gfortran.dg/gomp/target1.f90 -O (test for excess errors)
FAIL: gfortran.dg/ieee/ieee_1.F90 -O0 execution test
FAIL: gfortran.dg/ieee/ieee_1.F90 -O1 execution test
FAIL: gfortran.dg/ieee/ieee_1.F90 -O2 execution test
FAIL: gfortran.dg/ieee/ieee_1.F90 -O3 -fomit-frame-pointer -funroll-loops -fpeel-loops -ftracer -finline-functions execution test
FAIL: gfortran.dg/ieee/ieee_1.F90 -O3 -g execution test
FAIL: gfortran.dg/ieee/ieee_1.F90 -Os execution test
FAIL: gfortran.dg/ieee/ieee_2.f90 -O0 execution test
FAIL: gfortran.dg/ieee/ieee_2.f90 -O1 execution test
FAIL: gfortran.dg/ieee/ieee_2.f90 -O2 execution test
FAIL: gfortran.dg/ieee/ieee_2.f90 -O3 -fomit-frame-pointer -funroll-loops -fpeel-loops -ftracer -finline-functions execution test
FAIL: gfortran.dg/ieee/ieee_2.f90 -O3 -g execution test
FAIL: gfortran.dg/ieee/ieee_2.f90 -Os execution test
FAIL: gfortran.dg/ieee/ieee_6.f90 -O0 execution test
FAIL: gfortran.dg/ieee/ieee_6.f90 -O1 execution test
FAIL: gfortran.dg/ieee/ieee_6.f90 -O2 execution test
FAIL: gfortran.dg/ieee/ieee_6.f90 -O3 -fomit-frame-pointer -funroll-loops -fpeel-loops -ftracer -finline-functions execution test
FAIL: gfortran.dg/ieee/ieee_6.f90 -O3 -g execution test
FAIL: gfortran.dg/ieee/ieee_6.f90 -Os execution test
XPASS: gfortran.dg/ieee/ieee_8.f90 -O0 execution test
XPASS: gfortran.dg/ieee/ieee_8.f90 -O1 execution test
XPASS: gfortran.dg/ieee/ieee_8.f90 -O2 execution test
XPASS: gfortran.dg/ieee/ieee_8.f90 -O3 -fomit-frame-pointer -funroll-loops -fpeel-loops -ftracer -finline-functions execution test
XPASS: gfortran.dg/ieee/ieee_8.f90 -O3 -g execution test
XPASS: gfortran.dg/ieee/ieee_8.f90 -Os execution test
FAIL: gfortran.dg/ieee/ieee_9.f90 -O0 (test for excess errors)
UNRESOLVED: gfortran.dg/ieee/ieee_9.f90 -O0 compilation failed to produce executable
FAIL: gfortran.dg/ieee/ieee_9.f90 -O1 (test for excess errors)
UNRESOLVED: gfortran.dg/ieee/ieee_9.f90 -O1 compilation failed to produce executable
FAIL: gfortran.dg/ieee/ieee_9.f90 -O2 (test for excess errors)
UNRESOLVED: gfortran.dg/ieee/ieee_9.f90 -O2 compilation failed to produce executable
FAIL: gfortran.dg/ieee/ieee_9.f90 -O3 -fomit-frame-pointer -funroll-loops -fpeel-loops -ftracer -finline-functions (test for excess errors)
UNRESOLVED: gfortran.dg/ieee/ieee_9.f90 -O3 -fomit-frame-pointer -funroll-loops -fpeel-loops -ftracer -finline-functions compilation failed to produce executable
FAIL: gfortran.dg/ieee/ieee_9.f90 -O3 -g (test for excess errors)
UNRESOLVED: gfortran.dg/ieee/ieee_9.f90 -O3 -g compilation failed to produce executable
FAIL: gfortran.dg/ieee/ieee_9.f90 -Os (test for excess errors)
UNRESOLVED: gfortran.dg/ieee/ieee_9.f90 -Os compilation failed to produce executable
FAIL: gfortran.dg/ieee/large_2.f90 -O0 execution test
FAIL: gfortran.dg/ieee/large_2.f90 -O1 execution test
FAIL: gfortran.dg/ieee/large_2.f90 -O2 execution test
FAIL: gfortran.dg/ieee/large_2.f90 -O3 -fomit-frame-pointer -funroll-loops -fpeel-loops -ftracer -finline-functions execution test
FAIL: gfortran.dg/ieee/large_2.f90 -O3 -g execution test
FAIL: gfortran.dg/ieee/large_2.f90 -Os execution test
FAIL: gfortran.dg/ieee/large_3.F90 -O0 execution test
FAIL: gfortran.dg/ieee/large_3.F90 -O1 execution test
FAIL: gfortran.dg/ieee/large_3.F90 -O2 execution test
FAIL: gfortran.dg/ieee/large_3.F90 -O3 -fomit-frame-pointer -funroll-loops -fpeel-loops -ftracer -finline-functions execution test
FAIL: gfortran.dg/ieee/large_3.F90 -O3 -g execution test
FAIL: gfortran.dg/ieee/large_3.F90 -Os execution test
FAIL: gfortran.dg/ieee/rounding_1.f90 -O0 execution test
FAIL: gfortran.dg/ieee/rounding_1.f90 -O1 execution test
FAIL: gfortran.dg/ieee/rounding_1.f90 -O2 execution test
FAIL: gfortran.dg/ieee/rounding_1.f90 -O3 -fomit-frame-pointer -funroll-loops -fpeel-loops -ftracer -finline-functions execution test
FAIL: gfortran.dg/ieee/rounding_1.f90 -O3 -g execution test
FAIL: gfortran.dg/ieee/rounding_1.f90 -Os execution test
=== gfortran Summary ===
# of expected passes 52833
# of unexpected failures 46
# of unexpected successes 6
# of expected failures 185
# of unresolved testcases 6
# of unsupported tests 406
/tmp/9134346_3.tmpdir/aci-gcc-fsf/builds/gcc-fsf-gccsrc/obj-arm-none-linux-gnueabi/gcc3/gcc/gfortran version 11.0.0 20200711 (experimental) [master revision r11-2032-g865362954f7523e8b09f54393d174fc6b0067dd8] (GCC)
Host is x86_64-pc-linux-gnu
=== g++ tests ===
Running target qemu/-mthumb
WARNING: skipping asan tests due to ulimit -v
WARNING: skipping asan tests due to ulimit -v
WARNING: skipping asan tests due to ulimit -v
FAIL: g++.dg/lto/pr65276 cp_lto_pr65276_0.o-cp_lto_pr65276_1.o link, -flto -O0 -std=c++11
FAIL: g++.target/arm/../../gcc.target/arm/mve/intrinsics/mve_vector_float2.c scan-assembler-times vmov\\\\tq[0-7], q[0-7] 2
FAIL: g++.target/arm/../../gcc.target/arm/mve/intrinsics/mve_vector_int.c scan-assembler vmov\\\\tq[0-7], q[0-7]
FAIL: g++.target/arm/../../gcc.target/arm/mve/intrinsics/mve_vector_int.c scan-assembler vmov\\\\tq[0-7], q[0-7]
FAIL: g++.target/arm/../../gcc.target/arm/mve/intrinsics/mve_vector_int.c scan-assembler vmov\\\\tq[0-7], q[0-7]
FAIL: g++.target/arm/../../gcc.target/arm/mve/intrinsics/mve_vector_int.c scan-assembler vmov\\\\tq[0-7], q[0-7]
FAIL: g++.target/arm/../../gcc.target/arm/mve/intrinsics/mve_vector_uint.c scan-assembler vmov\\\\tq[0-7], q[0-7]
FAIL: g++.target/arm/../../gcc.target/arm/mve/intrinsics/mve_vector_uint.c scan-assembler vmov\\\\tq[0-7], q[0-7]
FAIL: g++.target/arm/../../gcc.target/arm/mve/intrinsics/mve_vector_uint.c scan-assembler vmov\\\\tq[0-7], q[0-7]
FAIL: g++.target/arm/../../gcc.target/arm/mve/intrinsics/mve_vector_uint.c scan-assembler vmov\\\\tq[0-7], q[0-7]
FAIL: g++.target/arm/../../gcc.target/arm/mve/intrinsics/mve_vector_uint1.c scan-assembler vmov\\\\tq[0-7], q[0-7]
FAIL: g++.target/arm/../../gcc.target/arm/mve/intrinsics/mve_vector_uint1.c scan-assembler vmov\\\\tq[0-7], q[0-7]
FAIL: g++.target/arm/../../gcc.target/arm/mve/intrinsics/mve_vector_uint1.c scan-assembler vmov\\\\tq[0-7], q[0-7]
FAIL: g++.target/arm/../../gcc.target/arm/mve/intrinsics/mve_vector_uint1.c scan-assembler vmov\\\\tq[0-7], q[0-7]
FAIL: g++.target/arm/../../gcc.target/arm/mve/intrinsics/mve_vector_uint2.c scan-assembler vmov\\\\tq[0-7], q[0-7]
FAIL: g++.target/arm/../../gcc.target/arm/mve/intrinsics/mve_vector_uint2.c scan-assembler vmov\\\\tq[0-7], q[0-7]
FAIL: g++.target/arm/../../gcc.target/arm/mve/intrinsics/mve_vector_uint2.c scan-assembler vmov\\\\tq[0-7], q[0-7]
FAIL: g++.target/arm/../../gcc.target/arm/mve/intrinsics/mve_vector_uint2.c scan-assembler vmov\\\\tq[0-7], q[0-7]
FAIL: g++.target/arm/../../gcc.target/arm/mve/intrinsics/vgetq_lane_s64.c scan-assembler vmov\\\\tr0, r1, d0
FAIL: g++.target/arm/../../gcc.target/arm/mve/intrinsics/vgetq_lane_s64.c scan-assembler vmov\\\\tr0, r1, d0
FAIL: g++.target/arm/../../gcc.target/arm/mve/intrinsics/vgetq_lane_u64.c scan-assembler vmov\\\\tr0, r1, d0
FAIL: g++.target/arm/../../gcc.target/arm/mve/intrinsics/vgetq_lane_u64.c scan-assembler vmov\\\\tr0, r1, d0
FAIL: g++.target/arm/../../gcc.target/arm/mve/intrinsics/vsetq_lane_s64.c scan-assembler vmov\\\\td0, r[1-9]*[0-9], r[1-9]*[0-9]
FAIL: g++.target/arm/../../gcc.target/arm/mve/intrinsics/vsetq_lane_u64.c scan-assembler vmov\\\\td0, r[1-9]*[0-9], r[1-9]*[0-9]
=== g++ Summary ===
# of expected passes 190729
# of unexpected failures 24
# of expected failures 732
# of unsupported tests 8587
/tmp/9134346_3.tmpdir/aci-gcc-fsf/builds/gcc-fsf-gccsrc/obj-arm-none-linux-gnueabi/gcc3/gcc/xg++ version 11.0.0 20200711 (experimental) [master revision r11-2032-g865362954f7523e8b09f54393d174fc6b0067dd8] (GCC)
Compiler version: 11.0.0 20200711 (experimental) [master revision r11-2032-g865362954f7523e8b09f54393d174fc6b0067dd8] (GCC)
Platform: arm-none-linux-gnueabi
configure flags: --target=arm-none-linux-gnueabi --prefix=/tmp/9134346_3.tmpdir/aci-gcc-fsf/builds/gcc-fsf-gccsrc/tools --with-sysroot=/tmp/9134346_3.tmpdir/aci-gcc-fsf/builds/gcc-fsf-gccsrc/sysroot-arm-none-linux-gnueabi --disable-nls --disable-libgomp --disable-libmudflap --disable-libcilkrts --enable-checking --enable-languages=c,c++,fortran --with-float=soft --enable-build-with-cxx --with-mode=arm --with-cpu=cortex-a9
More information about the Gcc-testresults
mailing list