Results for 10.1.1 20200708 [releases/gcc-10 revision ecd56bc4156:0badf62c3e0:ecdb4e8d30b2304b19ada5a8e35956266f3fba36] (GCC) testsuite on powerpc-ibm-aix7.2.0.0
David Edelsohn
edelsohn@p824aix.watson.ibm.com
Wed Jul 8 15:54:21 GMT 2020
LAST_UPDATED: Wed Jul 8 13:51:13 UTC 2020 (revision ecd56bc4156:0badf62c3e0:ecdb4e8d30b2304b19ada5a8e35956266f3fba36)
Native configuration is powerpc-ibm-aix7.2.0.0
=== g++ tests ===
Running target unix
FAIL: g++.dg/compat/eh/new1 cp_compat_x_tst.o-cp_compat_y_tst.o execute
XPASS: g++.dg/debug/pr56294.C -gdwarf-2 (test for excess errors)
XPASS: g++.dg/debug/pr56294.C -gdwarf-2 -g1 (test for excess errors)
XPASS: g++.dg/debug/pr56294.C -gdwarf-2 -g3 (test for excess errors)
XPASS: g++.dg/debug/pr56294.C -gxcoff (test for excess errors)
XPASS: g++.dg/debug/pr56294.C -gxcoff+ (test for excess errors)
XPASS: g++.dg/debug/pr56294.C -gxcoff+1 (test for excess errors)
XPASS: g++.dg/debug/pr56294.C -gxcoff+3 (test for excess errors)
XPASS: g++.dg/debug/pr56294.C -gxcoff1 (test for excess errors)
XPASS: g++.dg/debug/pr56294.C -gxcoff3 (test for excess errors)
XPASS: g++.dg/debug/pr56819.C -gdwarf-2 (test for excess errors)
XPASS: g++.dg/debug/pr56819.C -gdwarf-2 -g1 (test for excess errors)
XPASS: g++.dg/debug/pr56819.C -gdwarf-2 -g3 (test for excess errors)
XPASS: g++.dg/debug/pr56819.C -gxcoff (test for excess errors)
XPASS: g++.dg/debug/pr56819.C -gxcoff+ (test for excess errors)
XPASS: g++.dg/debug/pr56819.C -gxcoff+1 (test for excess errors)
XPASS: g++.dg/debug/pr56819.C -gxcoff+3 (test for excess errors)
XPASS: g++.dg/debug/pr56819.C -gxcoff1 (test for excess errors)
XPASS: g++.dg/debug/pr56819.C -gxcoff3 (test for excess errors)
XPASS: g++.dg/debug/dwarf2/defaulted-member-function-3.C scan-assembler-not DW_AT_defaulted
XPASS: g++.dg/debug/dwarf2/inline-var-2.C -std=gnu++17 scan-assembler-not DW_TAG_member
XPASS: g++.dg/debug/dwarf2/inline-var-2.C -std=gnu++2a scan-assembler-not DW_TAG_member
XPASS: c-c++-common/ident-0b.c -std=gnu++14 scan-assembler-not GCC:
XPASS: c-c++-common/ident-0b.c -std=gnu++17 scan-assembler-not GCC:
XPASS: c-c++-common/ident-0b.c -std=gnu++2a scan-assembler-not GCC:
XPASS: c-c++-common/ident-0b.c -std=gnu++98 scan-assembler-not GCC:
FAIL: g++.dg/cpp2a/lambda-uneval5.C -std=c++2a scan-assembler-not globl.*_Z1f
XPASS: g++.dg/eh/new1.C -std=c++98 execution test
FAIL: g++.dg/ipa/pr83667.C -std=gnu++14 scan-ipa-dump inline "summary for void c::[^\\\\n]*THUNK0"
FAIL: g++.dg/ipa/pr83667.C -std=gnu++17 scan-ipa-dump inline "summary for void c::[^\\\\n]*THUNK0"
FAIL: g++.dg/ipa/pr83667.C -std=gnu++2a scan-ipa-dump inline "summary for void c::[^\\\\n]*THUNK0"
FAIL: g++.dg/ipa/pr83667.C -std=gnu++98 scan-ipa-dump inline "summary for void c::[^\\\\n]*THUNK0"
XPASS: g++.dg/opt/flifetime-dse2.C -std=gnu++14 execution test
XPASS: g++.dg/opt/flifetime-dse2.C -std=gnu++17 execution test
XPASS: g++.dg/opt/flifetime-dse2.C -std=gnu++2a execution test
XPASS: g++.dg/opt/flifetime-dse2.C -std=gnu++98 execution test
XPASS: g++.dg/opt/flifetime-dse4.C -std=gnu++14 execution test
XPASS: g++.dg/opt/flifetime-dse4.C -std=gnu++17 execution test
XPASS: g++.dg/opt/flifetime-dse4.C -std=gnu++2a execution test
XPASS: g++.dg/opt/flifetime-dse4.C -std=gnu++98 execution test
XPASS: g++.dg/template/linkage1.C -std=c++98 scan-assembler-not (weak|glob)[^\\n]*_Z3fooIXadL_ZL11static_funcvEEEvv
FAIL: g++.dg/tree-prof/pr57451.C compilation, -fprofile-generate -D_PROFILE_GENERATE
UNRESOLVED: g++.dg/tree-prof/pr57451.C compilation, -fprofile-use -D_PROFILE_USE
UNRESOLVED: g++.dg/tree-prof/pr57451.C execution, -fprofile-generate -D_PROFILE_GENERATE
UNRESOLVED: g++.dg/tree-prof/pr57451.C execution, -fprofile-use -D_PROFILE_USE
XPASS: g++.old-deja/g++.eh/new2.C -std=gnu++98 execution test
XPASS: g++.old-deja/g++.mike/p755a.C -std=c++98 execution test
=== g++ Summary ===
# of expected passes 173020
# of unexpected failures 7
# of unexpected successes 37
# of expected failures 1105
# of unresolved testcases 3
# of unsupported tests 8343
/edelsohn/GCC/gcc/testsuite/g++/../../xg++ version 10.1.1 20200708 [releases/gcc-10 revision ecd56bc4156:0badf62c3e0:ecdb4e8d30b2304b19ada5a8e35956266f3fba36] (GCC)
=== gcc tests ===
Running target unix
XPASS: gcc.dg/autopar/pr46799.c (test for excess errors)
FAIL: gcc.dg/cpp/ucs.c (test for warnings, line 46)
FAIL: gcc.dg/cpp/ucs.c (test for excess errors)
XPASS: gcc.dg/debug/dwarf2/dwarf2-macro.c scan-assembler Start new file
XPASS: gcc.dg/debug/dwarf2/dwarf2-macro2.c scan-assembler At line number 0
FAIL: gcc.dg/debug/dwarf2/inline5.c scan-assembler-not \\\\(DIE \\\\(0x([0-9a-f]*)\\\\) DW_TAG_lexical_block\\\\)[^#/!@;\\\\|]*[#/!@;\\\\|]+ +[^(].*DW_TAG_lexical_block\\\\)[^#/!@;\\\\|x]*x\\\\1[^#/!@;\\\\|]*[#/!@;\\\\|] +DW_AT_abstract_origin
FAIL: c-c++-common/builtins.c -Wc++-compat (test for excess errors)
XPASS: c-c++-common/ident-0b.c -Wc++-compat scan-assembler-not GCC:
FAIL: gcc.dg/20060410.c scan-assembler foo
FAIL: gcc.dg/asm-names.c scan-assembler-not ____frob14
ERROR: gcc.dg/fixits-pr84852-1.c: bad option "-812156810": must be -exact, -glob, -regexp, or -- for " dg-warning 15 "incompatible implicit declaration of built-in function 'strlen'" "" { target *-*-* } -812156810 "
UNRESOLVED: gcc.dg/fixits-pr84852-1.c: bad option "-812156810": must be -exact, -glob, -regexp, or -- for " dg-warning 15 "incompatible implicit declaration of built-in function 'strlen'" "" { target *-*-* } -812156810 "
ERROR: gcc.dg/fixits-pr84852-2.c: bad option "-812156810": must be -exact, -glob, -regexp, or -- for " dg-warning 15 "incompatible implicit declaration of built-in function 'strlen'" "" { target *-*-* } -812156810 "
UNRESOLVED: gcc.dg/fixits-pr84852-2.c: bad option "-812156810": must be -exact, -glob, -regexp, or -- for " dg-warning 15 "incompatible implicit declaration of built-in function 'strlen'" "" { target *-*-* } -812156810 "
FAIL: gcc.dg/nextafter-2.c execution test
FAIL: gcc.dg/pr26570.c (test for excess errors)
ERROR: gcc.dg/pr89410-1.c: bad option "-1": must be -exact, -glob, -regexp, or -- for " dg-warning 8 "msg" "" { target *-*-* } -1 "
UNRESOLVED: gcc.dg/pr89410-1.c: bad option "-1": must be -exact, -glob, -regexp, or -- for " dg-warning 8 "msg" "" { target *-*-* } -1 "
ERROR: gcc.dg/pr89410-2.c: bad option "-1": must be -exact, -glob, -regexp, or -- for " dg-warning 12 "msg" "" { target *-*-* } -1 "
UNRESOLVED: gcc.dg/pr89410-2.c: bad option "-1": must be -exact, -glob, -regexp, or -- for " dg-warning 12 "msg" "" { target *-*-* } -1 "
FAIL: gcc.dg/sms-1.c scan-rtl-dump-times sms "SMS succeeded" 1
FAIL: gcc.dg/strlenopt-58.c scan-tree-dump-times optimized "call_in_true_branch_not_eliminated" 0
FAIL: gcc.dg/strlenopt-73.c scan-tree-dump-times optimized "_not_eliminated_" 0
FAIL: gcc.dg/strlenopt-73.c scan-tree-dump-times optimized "strlen" 0
FAIL: gcc.dg/strlenopt-80.c scan-tree-dump-times optimized "failure_on_line \\\\(" 0
FAIL: c-c++-common/goacc/firstprivate-mappings-1.c scan-tree-dump omplower "(?n)#pragma omp target oacc_parallel map\\\\(from:array_so \\\\[len: 4\\\\]\\\\) firstprivate\\\\(array_li.[0-9]+\\\\) map\\\\(tofrom:\\\\(\\\\*array.[0-9]+\\\\) \\\\[len: D\\\\.[0-9]+\\\\]\\\\) map\\\\(firstprivate:array \\\\[pointer assign, bias: 0\\\\]\\\\) \\\\["
XPASS: gcc.dg/graphite/pr42729.c (test for excess errors)
XPASS: gcc.dg/graphite/pr42917.c (test for excess errors)
XPASS: gcc.dg/graphite/pr69728.c scan-tree-dump graphite "loop nest optimized"
XPASS: gcc.dg/torture/pr59166.c -O0 (test for excess errors)
XPASS: gcc.dg/torture/pr59166.c -O1 (test for excess errors)
XPASS: gcc.dg/torture/pr59166.c -O2 (test for excess errors)
XPASS: gcc.dg/torture/pr59166.c -O3 -fomit-frame-pointer -funroll-loops -fpeel-loops -ftracer -finline-functions (test for excess errors)
XPASS: gcc.dg/torture/pr59166.c -Os (test for excess errors)
FAIL: gcc.dg/tree-ssa/builtin-sprintf-warn-20.c (test for excess errors)
XPASS: gcc.dg/tree-ssa/cunroll-15.c scan-tree-dump optimized "return 1;"
FAIL: gcc.dg/tree-ssa/popcount4ll.c scan-tree-dump-times optimized ".POPCOUNT" 1
XPASS: gcc.dg/vect/costmodel/ppc/costmodel-fast-math-vect-pr29925.c scan-tree-dump-times vect "vectorization not profitable" 1
XPASS: gcc.dg/vect/slp-24-big-array.c scan-tree-dump-times vect "vectorized 1 loops" 1
XPASS: gcc.dg/vect/slp-24-big-array.c scan-tree-dump-times vect "vectorizing stmts using SLP" 2
XPASS: gcc.dg/vect/slp-24.c scan-tree-dump-times vect "vectorized 1 loops" 1
XPASS: gcc.dg/vect/slp-24.c scan-tree-dump-times vect "vectorizing stmts using SLP" 2
=== gcc Summary ===
# of expected passes 101229
# of unexpected failures 16
# of unexpected successes 18
# of expected failures 674
# of unresolved testcases 4
# of unsupported tests 2873
/edelsohn/GCC/gcc/xgcc version 10.1.1 20200708 [releases/gcc-10 revision ecd56bc4156:0badf62c3e0:ecdb4e8d30b2304b19ada5a8e35956266f3fba36] (GCC)
=== libatomic tests ===
Running target unix
=== libatomic Summary ===
# of expected passes 44
# of unsupported tests 5
=== libgomp tests ===
Running target unix
FAIL: libgomp.graphite/force-parallel-7.c execution test
FAIL: libgomp.oacc-c/../libgomp.oacc-c-c++-common/atomic_update-1.c -DACC_DEVICE_TYPE_host=1 -DACC_MEM_SHARED=1 -foffload=disable -O2 execution test
FAIL: libgomp.oacc-c++/../libgomp.oacc-c-c++-common/atomic_update-1.c -DACC_DEVICE_TYPE_host=1 -DACC_MEM_SHARED=1 -foffload=disable -O2 execution test
=== libgomp Summary ===
# of expected passes 2634
# of unexpected failures 3
# of expected failures 4
# of unsupported tests 314
=== libstdc++ tests ===
Running target unix
FAIL: 29_atomics/atomic_float/value_init.cc (test for excess errors)
UNRESOLVED: 29_atomics/atomic_float/value_init.cc compilation failed to produce executable
FAIL: experimental/net/execution_context/make_service.cc (test for excess errors)
FAIL: experimental/net/executor/1.cc (test for excess errors)
UNRESOLVED: experimental/net/executor/1.cc compilation failed to produce executable
FAIL: experimental/net/headers.cc (test for excess errors)
FAIL: experimental/net/internet/address/v4/comparisons.cc (test for excess errors)
UNRESOLVED: experimental/net/internet/address/v4/comparisons.cc compilation failed to produce executable
FAIL: experimental/net/internet/address/v4/cons.cc (test for excess errors)
UNRESOLVED: experimental/net/internet/address/v4/cons.cc compilation failed to produce executable
FAIL: experimental/net/internet/address/v4/creation.cc (test for excess errors)
UNRESOLVED: experimental/net/internet/address/v4/creation.cc compilation failed to produce executable
FAIL: experimental/net/internet/address/v4/members.cc (test for excess errors)
UNRESOLVED: experimental/net/internet/address/v4/members.cc compilation failed to produce executable
FAIL: experimental/net/internet/resolver/base.cc (test for excess errors)
UNRESOLVED: experimental/net/internet/resolver/base.cc compilation failed to produce executable
FAIL: experimental/net/internet/resolver/ops/lookup.cc (test for excess errors)
UNRESOLVED: experimental/net/internet/resolver/ops/lookup.cc compilation failed to produce executable
FAIL: experimental/net/internet/resolver/ops/reverse.cc (test for excess errors)
UNRESOLVED: experimental/net/internet/resolver/ops/reverse.cc compilation failed to produce executable
FAIL: experimental/net/socket/basic_socket.cc (test for excess errors)
FAIL: experimental/net/timer/waitable/cons.cc (test for excess errors)
UNRESOLVED: experimental/net/timer/waitable/cons.cc compilation failed to produce executable
FAIL: experimental/net/timer/waitable/dest.cc (test for excess errors)
UNRESOLVED: experimental/net/timer/waitable/dest.cc compilation failed to produce executable
FAIL: experimental/net/timer/waitable/ops.cc (test for excess errors)
UNRESOLVED: experimental/net/timer/waitable/ops.cc compilation failed to produce executable
FAIL: ext/new_allocator/check_delete.cc execution test
=== libstdc++ Summary ===
# of expected passes 12249
# of unexpected failures 16
# of expected failures 98
# of unresolved testcases 12
# of unsupported tests 889
Compiler version: 10.1.1 20200708 [releases/gcc-10 revision ecd56bc4156:0badf62c3e0:ecdb4e8d30b2304b19ada5a8e35956266f3fba36] (GCC)
Platform: powerpc-ibm-aix7.2.0.0
configure flags: --disable-werror --enable-languages=c,c++ --enable-checking=release --with-gmp=/gsa/yktgsa/home/e/d/edelsohn/install --with-isl=/gsa/yktgsa/home/e/d/edelsohn/install --with-libiconv-prefix=/gsa/yktgsa/home/e/d/edelsohn/install --disable-libstdcxx-pch --with-included-gettext
More information about the Gcc-testresults
mailing list