Results for 11.0.0 20200703 (experimental) [master revision r11-1798-gb5f24739632389d50903bfde6d1bfc06d522c56b] (GCC) testsuite on arm-none-linux-gnueabihf
Christophe LYON
christophe.lyon@st.com
Fri Jul 3 04:05:45 GMT 2020
LAST_UPDATED: Fri Jul 3 01:49:46 UTC 2020 (revision r11-1798-gb5f24739632389d50903bfde6d1bfc06d522c56b) TARGET=arm-none-linux-gnueabihf CPU=cortex-a57 FPU=crypto-neon-fp-armv8 MODE=arm
Target is arm-none-linux-gnueabihf
Host is arm-none-linux-gnueabihf
=== libatomic tests ===
Running target qemu
=== libatomic Summary ===
# of expected passes 44
# of unsupported tests 5
Host is arm-none-linux-gnueabihf
=== libitm tests ===
Running target qemu
=== libitm Summary ===
# of expected passes 42
# of expected failures 3
# of unsupported tests 1
Host is arm-none-linux-gnueabihf
=== libstdc++ tests ===
Running target qemu
FAIL: experimental/net/internet/resolver/ops/lookup.cc execution test
=== libstdc++ Summary ===
# of expected passes 13333
# of unexpected failures 1
# of expected failures 94
# of untested testcases 1
# of unsupported tests 744
Host is x86_64-pc-linux-gnu
=== gcc tests ===
Running target qemu
FAIL: gcc.c-torture/compile/20090401-1.c -O3 -fomit-frame-pointer -funroll-loops -fpeel-loops -ftracer -finline-functions (internal compiler error)
FAIL: gcc.c-torture/compile/20090401-1.c -O3 -fomit-frame-pointer -funroll-loops -fpeel-loops -ftracer -finline-functions (test for excess errors)
FAIL: gcc.c-torture/compile/20090401-1.c -O3 -g (internal compiler error)
FAIL: gcc.c-torture/compile/20090401-1.c -O3 -g (test for excess errors)
FAIL: gcc.c-torture/compile/pr32349.c -O3 -fomit-frame-pointer -funroll-loops -fpeel-loops -ftracer -finline-functions (internal compiler error)
FAIL: gcc.c-torture/compile/pr32349.c -O3 -fomit-frame-pointer -funroll-loops -fpeel-loops -ftracer -finline-functions (test for excess errors)
FAIL: gcc.c-torture/compile/pr32349.c -O3 -g (internal compiler error)
FAIL: gcc.c-torture/compile/pr32349.c -O3 -g (test for excess errors)
FAIL: gcc.c-torture/compile/pr43415.c -O3 -fomit-frame-pointer -funroll-loops -fpeel-loops -ftracer -finline-functions (internal compiler error)
FAIL: gcc.c-torture/compile/pr43415.c -O3 -fomit-frame-pointer -funroll-loops -fpeel-loops -ftracer -finline-functions (test for excess errors)
FAIL: gcc.c-torture/compile/pr43415.c -O3 -g (internal compiler error)
FAIL: gcc.c-torture/compile/pr43415.c -O3 -g (test for excess errors)
FAIL: gcc.c-torture/compile/pr45182.c -O3 -fomit-frame-pointer -funroll-loops -fpeel-loops -ftracer -finline-functions (internal compiler error)
FAIL: gcc.c-torture/compile/pr45182.c -O3 -fomit-frame-pointer -funroll-loops -fpeel-loops -ftracer -finline-functions (test for excess errors)
FAIL: gcc.c-torture/compile/pr45182.c -O3 -g (internal compiler error)
FAIL: gcc.c-torture/compile/pr45182.c -O3 -g (test for excess errors)
FAIL: gcc.c-torture/compile/pr46883.c -O3 -fomit-frame-pointer -funroll-loops -fpeel-loops -ftracer -finline-functions (internal compiler error)
FAIL: gcc.c-torture/compile/pr46883.c -O3 -fomit-frame-pointer -funroll-loops -fpeel-loops -ftracer -finline-functions (test for excess errors)
FAIL: gcc.c-torture/compile/pr46883.c -O3 -g (internal compiler error)
FAIL: gcc.c-torture/compile/pr46883.c -O3 -g (test for excess errors)
FAIL: gcc.c-torture/compile/pr82052.c -O3 -fomit-frame-pointer -funroll-loops -fpeel-loops -ftracer -finline-functions (internal compiler error)
FAIL: gcc.c-torture/compile/pr82052.c -O3 -fomit-frame-pointer -funroll-loops -fpeel-loops -ftracer -finline-functions (test for excess errors)
FAIL: gcc.c-torture/compile/pr82052.c -O3 -g (internal compiler error)
FAIL: gcc.c-torture/compile/pr82052.c -O3 -g (test for excess errors)
FAIL: gcc.c-torture/compile/sound.c -O3 -fomit-frame-pointer -funroll-loops -fpeel-loops -ftracer -finline-functions (internal compiler error)
FAIL: gcc.c-torture/compile/sound.c -O3 -fomit-frame-pointer -funroll-loops -fpeel-loops -ftracer -finline-functions (test for excess errors)
FAIL: gcc.c-torture/compile/sound.c -O3 -g (internal compiler error)
FAIL: gcc.c-torture/compile/sound.c -O3 -g (test for excess errors)
FAIL: gcc.c-torture/execute/builtins/memcpy-chk.c compilation, -O3 -fomit-frame-pointer -funroll-loops -fpeel-loops -ftracer -finline-functions (internal compiler error)
FAIL: gcc.c-torture/execute/builtins/memcpy-chk.c compilation, -O3 -g (internal compiler error)
UNRESOLVED: gcc.c-torture/execute/builtins/memcpy-chk.c execution, -O3 -fomit-frame-pointer -funroll-loops -fpeel-loops -ftracer -finline-functions
UNRESOLVED: gcc.c-torture/execute/builtins/memcpy-chk.c execution, -O3 -g
FAIL: gcc.c-torture/execute/builtins/memmove-chk.c compilation, -O3 -fomit-frame-pointer -funroll-loops -fpeel-loops -ftracer -finline-functions (internal compiler error)
FAIL: gcc.c-torture/execute/builtins/memmove-chk.c compilation, -O3 -g (internal compiler error)
UNRESOLVED: gcc.c-torture/execute/builtins/memmove-chk.c execution, -O3 -fomit-frame-pointer -funroll-loops -fpeel-loops -ftracer -finline-functions
UNRESOLVED: gcc.c-torture/execute/builtins/memmove-chk.c execution, -O3 -g
FAIL: gcc.c-torture/execute/builtins/mempcpy-chk.c compilation, -O3 -fomit-frame-pointer -funroll-loops -fpeel-loops -ftracer -finline-functions (internal compiler error)
FAIL: gcc.c-torture/execute/builtins/mempcpy-chk.c compilation, -O3 -g (internal compiler error)
UNRESOLVED: gcc.c-torture/execute/builtins/mempcpy-chk.c execution, -O3 -fomit-frame-pointer -funroll-loops -fpeel-loops -ftracer -finline-functions
UNRESOLVED: gcc.c-torture/execute/builtins/mempcpy-chk.c execution, -O3 -g
FAIL: gcc.c-torture/execute/memcpy-bi.c -O3 -fomit-frame-pointer -funroll-loops -fpeel-loops -ftracer -finline-functions (internal compiler error)
FAIL: gcc.c-torture/execute/memcpy-bi.c -O3 -fomit-frame-pointer -funroll-loops -fpeel-loops -ftracer -finline-functions (test for excess errors)
UNRESOLVED: gcc.c-torture/execute/memcpy-bi.c -O3 -fomit-frame-pointer -funroll-loops -fpeel-loops -ftracer -finline-functions compilation failed to produce executable
FAIL: gcc.c-torture/execute/memcpy-bi.c -O3 -g (internal compiler error)
FAIL: gcc.c-torture/execute/memcpy-bi.c -O3 -g (test for excess errors)
UNRESOLVED: gcc.c-torture/execute/memcpy-bi.c -O3 -g compilation failed to produce executable
FAIL: gcc.c-torture/execute/mode-dependent-address.c -O3 -fomit-frame-pointer -funroll-loops -fpeel-loops -ftracer -finline-functions (internal compiler error)
FAIL: gcc.c-torture/execute/mode-dependent-address.c -O3 -fomit-frame-pointer -funroll-loops -fpeel-loops -ftracer -finline-functions (test for excess errors)
UNRESOLVED: gcc.c-torture/execute/mode-dependent-address.c -O3 -fomit-frame-pointer -funroll-loops -fpeel-loops -ftracer -finline-functions compilation failed to produce executable
FAIL: gcc.c-torture/execute/mode-dependent-address.c -O3 -g (internal compiler error)
FAIL: gcc.c-torture/execute/mode-dependent-address.c -O3 -g (test for excess errors)
UNRESOLVED: gcc.c-torture/execute/mode-dependent-address.c -O3 -g compilation failed to produce executable
FAIL: gcc.c-torture/execute/pr37573.c -O3 -fomit-frame-pointer -funroll-loops -fpeel-loops -ftracer -finline-functions (internal compiler error)
FAIL: gcc.c-torture/execute/pr37573.c -O3 -fomit-frame-pointer -funroll-loops -fpeel-loops -ftracer -finline-functions (test for excess errors)
UNRESOLVED: gcc.c-torture/execute/pr37573.c -O3 -fomit-frame-pointer -funroll-loops -fpeel-loops -ftracer -finline-functions compilation failed to produce executable
FAIL: gcc.c-torture/execute/pr37573.c -O3 -g (internal compiler error)
FAIL: gcc.c-torture/execute/pr37573.c -O3 -g (test for excess errors)
UNRESOLVED: gcc.c-torture/execute/pr37573.c -O3 -g compilation failed to produce executable
FAIL: gcc.c-torture/execute/pr51581-1.c -O3 -fomit-frame-pointer -funroll-loops -fpeel-loops -ftracer -finline-functions (internal compiler error)
FAIL: gcc.c-torture/execute/pr51581-1.c -O3 -fomit-frame-pointer -funroll-loops -fpeel-loops -ftracer -finline-functions (test for excess errors)
UNRESOLVED: gcc.c-torture/execute/pr51581-1.c -O3 -fomit-frame-pointer -funroll-loops -fpeel-loops -ftracer -finline-functions compilation failed to produce executable
FAIL: gcc.c-torture/execute/pr51581-1.c -O3 -g (internal compiler error)
FAIL: gcc.c-torture/execute/pr51581-1.c -O3 -g (test for excess errors)
UNRESOLVED: gcc.c-torture/execute/pr51581-1.c -O3 -g compilation failed to produce executable
FAIL: gcc.c-torture/execute/pr51581-2.c -O3 -fomit-frame-pointer -funroll-loops -fpeel-loops -ftracer -finline-functions (internal compiler error)
FAIL: gcc.c-torture/execute/pr51581-2.c -O3 -fomit-frame-pointer -funroll-loops -fpeel-loops -ftracer -finline-functions (test for excess errors)
UNRESOLVED: gcc.c-torture/execute/pr51581-2.c -O3 -fomit-frame-pointer -funroll-loops -fpeel-loops -ftracer -finline-functions compilation failed to produce executable
FAIL: gcc.c-torture/execute/pr51581-2.c -O3 -g (internal compiler error)
FAIL: gcc.c-torture/execute/pr51581-2.c -O3 -g (test for excess errors)
UNRESOLVED: gcc.c-torture/execute/pr51581-2.c -O3 -g compilation failed to produce executable
FAIL: gcc.c-torture/execute/pr56866.c -O3 -fomit-frame-pointer -funroll-loops -fpeel-loops -ftracer -finline-functions (internal compiler error)
FAIL: gcc.c-torture/execute/pr56866.c -O3 -fomit-frame-pointer -funroll-loops -fpeel-loops -ftracer -finline-functions (test for excess errors)
UNRESOLVED: gcc.c-torture/execute/pr56866.c -O3 -fomit-frame-pointer -funroll-loops -fpeel-loops -ftracer -finline-functions compilation failed to produce executable
FAIL: gcc.c-torture/execute/pr56866.c -O3 -g (internal compiler error)
FAIL: gcc.c-torture/execute/pr56866.c -O3 -g (test for excess errors)
UNRESOLVED: gcc.c-torture/execute/pr56866.c -O3 -g compilation failed to produce executable
FAIL: gcc.c-torture/execute/pr61682.c -O3 -fomit-frame-pointer -funroll-loops -fpeel-loops -ftracer -finline-functions (internal compiler error)
FAIL: gcc.c-torture/execute/pr61682.c -O3 -fomit-frame-pointer -funroll-loops -fpeel-loops -ftracer -finline-functions (test for excess errors)
UNRESOLVED: gcc.c-torture/execute/pr61682.c -O3 -fomit-frame-pointer -funroll-loops -fpeel-loops -ftracer -finline-functions compilation failed to produce executable
FAIL: gcc.c-torture/execute/pr61682.c -O3 -g (internal compiler error)
FAIL: gcc.c-torture/execute/pr61682.c -O3 -g (test for excess errors)
UNRESOLVED: gcc.c-torture/execute/pr61682.c -O3 -g compilation failed to produce executable
FAIL: gcc.c-torture/execute/pr65401.c -O3 -fomit-frame-pointer -funroll-loops -fpeel-loops -ftracer -finline-functions (internal compiler error)
FAIL: gcc.c-torture/execute/pr65401.c -O3 -fomit-frame-pointer -funroll-loops -fpeel-loops -ftracer -finline-functions (test for excess errors)
UNRESOLVED: gcc.c-torture/execute/pr65401.c -O3 -fomit-frame-pointer -funroll-loops -fpeel-loops -ftracer -finline-functions compilation failed to produce executable
FAIL: gcc.c-torture/execute/pr65401.c -O3 -g (internal compiler error)
FAIL: gcc.c-torture/execute/pr65401.c -O3 -g (test for excess errors)
UNRESOLVED: gcc.c-torture/execute/pr65401.c -O3 -g compilation failed to produce executable
FAIL: gcc.c-torture/execute/pr84524.c -O3 -fomit-frame-pointer -funroll-loops -fpeel-loops -ftracer -finline-functions (internal compiler error)
FAIL: gcc.c-torture/execute/pr84524.c -O3 -fomit-frame-pointer -funroll-loops -fpeel-loops -ftracer -finline-functions (test for excess errors)
UNRESOLVED: gcc.c-torture/execute/pr84524.c -O3 -fomit-frame-pointer -funroll-loops -fpeel-loops -ftracer -finline-functions compilation failed to produce executable
FAIL: gcc.c-torture/execute/pr84524.c -O3 -g (internal compiler error)
FAIL: gcc.c-torture/execute/pr84524.c -O3 -g (test for excess errors)
UNRESOLVED: gcc.c-torture/execute/pr84524.c -O3 -g compilation failed to produce executable
FAIL: gcc.c-torture/execute/ssad-run.c -O3 -fomit-frame-pointer -funroll-loops -fpeel-loops -ftracer -finline-functions (internal compiler error)
FAIL: gcc.c-torture/execute/ssad-run.c -O3 -fomit-frame-pointer -funroll-loops -fpeel-loops -ftracer -finline-functions (test for excess errors)
UNRESOLVED: gcc.c-torture/execute/ssad-run.c -O3 -fomit-frame-pointer -funroll-loops -fpeel-loops -ftracer -finline-functions compilation failed to produce executable
FAIL: gcc.c-torture/execute/ssad-run.c -O3 -g (internal compiler error)
FAIL: gcc.c-torture/execute/ssad-run.c -O3 -g (test for excess errors)
UNRESOLVED: gcc.c-torture/execute/ssad-run.c -O3 -g compilation failed to produce executable
FAIL: gcc.c-torture/execute/usad-run.c -O3 -fomit-frame-pointer -funroll-loops -fpeel-loops -ftracer -finline-functions (internal compiler error)
FAIL: gcc.c-torture/execute/usad-run.c -O3 -fomit-frame-pointer -funroll-loops -fpeel-loops -ftracer -finline-functions (test for excess errors)
UNRESOLVED: gcc.c-torture/execute/usad-run.c -O3 -fomit-frame-pointer -funroll-loops -fpeel-loops -ftracer -finline-functions compilation failed to produce executable
FAIL: gcc.c-torture/execute/usad-run.c -O3 -g (internal compiler error)
FAIL: gcc.c-torture/execute/usad-run.c -O3 -g (test for excess errors)
UNRESOLVED: gcc.c-torture/execute/usad-run.c -O3 -g compilation failed to produce executable
WARNING: skipping asan tests due to ulimit -v
WARNING: skipping asan tests due to ulimit -v
WARNING: skipping asan tests due to ulimit -v
WARNING: skipping asan tests due to ulimit -v
WARNING: skipping asan tests due to ulimit -v
WARNING: skipping asan tests due to ulimit -v
FAIL: c-c++-common/opaque-vector.c -Wc++-compat (internal compiler error)
FAIL: c-c++-common/opaque-vector.c -Wc++-compat (test for excess errors)
FAIL: gcc.dg/ira-shrinkwrap-prep-1.c scan-rtl-dump pro_and_epilogue "Performing shrink-wrapping"
FAIL: gcc.dg/pr49496.c (internal compiler error)
FAIL: gcc.dg/pr49496.c (test for excess errors)
FAIL: gcc.dg/pr86179.c (internal compiler error)
FAIL: gcc.dg/pr86179.c (test for excess errors)
FAIL: gcc.dg/pr87074.c (internal compiler error)
FAIL: gcc.dg/pr87074.c (test for excess errors)
UNRESOLVED: gcc.dg/pr87074.c compilation failed to produce executable
FAIL: gcc.dg/strlenopt-73.c scan-tree-dump-times optimized "_not_eliminated_" 0
FAIL: gcc.dg/strlenopt-73.c scan-tree-dump-times optimized "strlen" 0
FAIL: gcc.dg/uninit-22.c (internal compiler error)
FAIL: gcc.dg/uninit-22.c (test for excess errors)
FAIL: gcc.dg/unroll-and-jam.c (internal compiler error)
FAIL: gcc.dg/unroll-and-jam.c (test for excess errors)
UNRESOLVED: gcc.dg/unroll-and-jam.c compilation failed to produce executable
FAIL: gcc.dg/unroll-and-jam.c scan-tree-dump-times unrolljam "applying unroll and jam" 6
FAIL: gcc.dg/vshift-3.c (internal compiler error)
FAIL: gcc.dg/vshift-3.c (test for excess errors)
UNRESOLVED: gcc.dg/vshift-3.c compilation failed to produce executable
FAIL: gcc.dg/vshift-4.c (internal compiler error)
FAIL: gcc.dg/vshift-4.c (test for excess errors)
UNRESOLVED: gcc.dg/vshift-4.c compilation failed to produce executable
FAIL: gcc.dg/torture/pr66856-1.c -O3 -fomit-frame-pointer -funroll-loops -fpeel-loops -ftracer -finline-functions (internal compiler error)
FAIL: gcc.dg/torture/pr66856-1.c -O3 -fomit-frame-pointer -funroll-loops -fpeel-loops -ftracer -finline-functions (test for excess errors)
FAIL: gcc.dg/torture/pr66856-1.c -O3 -g (internal compiler error)
FAIL: gcc.dg/torture/pr66856-1.c -O3 -g (test for excess errors)
FAIL: gcc.dg/torture/pr66856-2.c -O3 -fomit-frame-pointer -funroll-loops -fpeel-loops -ftracer -finline-functions (internal compiler error)
FAIL: gcc.dg/torture/pr66856-2.c -O3 -fomit-frame-pointer -funroll-loops -fpeel-loops -ftracer -finline-functions (test for excess errors)
FAIL: gcc.dg/torture/pr66856-2.c -O3 -g (internal compiler error)
FAIL: gcc.dg/torture/pr66856-2.c -O3 -g (test for excess errors)
FAIL: gcc.dg/torture/pr69168.c -O3 -fomit-frame-pointer -funroll-loops -fpeel-loops -ftracer -finline-functions (internal compiler error)
FAIL: gcc.dg/torture/pr69168.c -O3 -fomit-frame-pointer -funroll-loops -fpeel-loops -ftracer -finline-functions (test for excess errors)
FAIL: gcc.dg/torture/pr69168.c -O3 -g (internal compiler error)
FAIL: gcc.dg/torture/pr69168.c -O3 -g (test for excess errors)
FAIL: gcc.dg/torture/pr69714.c -O3 -fomit-frame-pointer -funroll-loops -fpeel-loops -ftracer -finline-functions (internal compiler error)
FAIL: gcc.dg/torture/pr69714.c -O3 -fomit-frame-pointer -funroll-loops -fpeel-loops -ftracer -finline-functions (test for excess errors)
UNRESOLVED: gcc.dg/torture/pr69714.c -O3 -fomit-frame-pointer -funroll-loops -fpeel-loops -ftracer -finline-functions compilation failed to produce executable
FAIL: gcc.dg/torture/pr69714.c -O3 -g (internal compiler error)
FAIL: gcc.dg/torture/pr69714.c -O3 -g (test for excess errors)
UNRESOLVED: gcc.dg/torture/pr69714.c -O3 -g compilation failed to produce executable
FAIL: gcc.dg/torture/pr88243.c -O3 -fomit-frame-pointer -funroll-loops -fpeel-loops -ftracer -finline-functions (internal compiler error)
FAIL: gcc.dg/torture/pr88243.c -O3 -fomit-frame-pointer -funroll-loops -fpeel-loops -ftracer -finline-functions (test for excess errors)
FAIL: gcc.dg/torture/pr88243.c -O3 -g (internal compiler error)
FAIL: gcc.dg/torture/pr88243.c -O3 -g (test for excess errors)
UNRESOLVED: gcc.dg/tree-prof/crossmodule-indir-call-topn-1.c scan-pgo-wpa-ipa-dump profile_estimate "2 \\\\(200.00%\\\\) speculations produced."
UNRESOLVED: gcc.dg/tree-prof/crossmodule-indir-call-topn-2.c scan-pgo-wpa-ipa-dump profile_estimate "2 \\\\(200.00%\\\\) speculations produced."
FAIL: gcc.dg/tree-ssa/pr59597.c (internal compiler error)
FAIL: gcc.dg/tree-ssa/pr59597.c (test for excess errors)
FAIL: gcc.dg/vect/bb-slp-26.c (internal compiler error)
FAIL: gcc.dg/vect/bb-slp-26.c (test for excess errors)
FAIL: gcc.dg/vect/bb-slp-26.c -flto -ffat-lto-objects (internal compiler error)
FAIL: gcc.dg/vect/bb-slp-26.c -flto -ffat-lto-objects (test for excess errors)
UNRESOLVED: gcc.dg/vect/bb-slp-26.c -flto -ffat-lto-objects compilation failed to produce executable
UNRESOLVED: gcc.dg/vect/bb-slp-26.c compilation failed to produce executable
FAIL: gcc.dg/vect/bb-slp-pr95866.c -flto -ffat-lto-objects scan-tree-dump slp2 "BIT_FIELD_REF"
FAIL: gcc.dg/vect/bb-slp-pr95866.c scan-tree-dump slp2 "BIT_FIELD_REF"
FAIL: gcc.dg/vect/ggc-pr37574.c (internal compiler error)
FAIL: gcc.dg/vect/ggc-pr37574.c (test for excess errors)
FAIL: gcc.dg/vect/no-scevccp-outer-13.c (internal compiler error)
FAIL: gcc.dg/vect/no-scevccp-outer-13.c (test for excess errors)
UNRESOLVED: gcc.dg/vect/no-scevccp-outer-13.c compilation failed to produce executable
FAIL: gcc.dg/vect/no-scevccp-outer-13.c scan-tree-dump-times vect "OUTER LOOP VECTORIZED." 1
FAIL: gcc.dg/vect/no-scevccp-outer-7.c (internal compiler error)
FAIL: gcc.dg/vect/no-scevccp-outer-7.c (test for excess errors)
UNRESOLVED: gcc.dg/vect/no-scevccp-outer-7.c compilation failed to produce executable
FAIL: gcc.dg/vect/no-scevccp-outer-7.c scan-tree-dump-times vect "OUTER LOOP VECTORIZED." 1
FAIL: gcc.dg/vect/pr22480.c (internal compiler error)
FAIL: gcc.dg/vect/pr22480.c (test for excess errors)
FAIL: gcc.dg/vect/pr22480.c -flto -ffat-lto-objects (internal compiler error)
FAIL: gcc.dg/vect/pr22480.c -flto -ffat-lto-objects (test for excess errors)
FAIL: gcc.dg/vect/pr33373b.c (internal compiler error)
FAIL: gcc.dg/vect/pr33373b.c (test for excess errors)
FAIL: gcc.dg/vect/pr33373b.c -flto -ffat-lto-objects (internal compiler error)
FAIL: gcc.dg/vect/pr33373b.c -flto -ffat-lto-objects (test for excess errors)
FAIL: gcc.dg/vect/pr33597.c (internal compiler error)
FAIL: gcc.dg/vect/pr33597.c (test for excess errors)
FAIL: gcc.dg/vect/pr33597.c -flto -ffat-lto-objects (internal compiler error)
FAIL: gcc.dg/vect/pr33597.c -flto -ffat-lto-objects (test for excess errors)
FAIL: gcc.dg/vect/pr33846.c (internal compiler error)
FAIL: gcc.dg/vect/pr33846.c (test for excess errors)
FAIL: gcc.dg/vect/pr33846.c -flto -ffat-lto-objects (internal compiler error)
FAIL: gcc.dg/vect/pr33846.c -flto -ffat-lto-objects (test for excess errors)
FAIL: gcc.dg/vect/pr37539.c (internal compiler error)
FAIL: gcc.dg/vect/pr37539.c (test for excess errors)
FAIL: gcc.dg/vect/pr37539.c -flto -ffat-lto-objects scan-tree-dump-times vect "vectorized 1 loops" 2
FAIL: gcc.dg/vect/pr37539.c -flto -ffat-lto-objects (internal compiler error)
FAIL: gcc.dg/vect/pr37539.c -flto -ffat-lto-objects (test for excess errors)
UNRESOLVED: gcc.dg/vect/pr37539.c -flto -ffat-lto-objects compilation failed to produce executable
UNRESOLVED: gcc.dg/vect/pr37539.c compilation failed to produce executable
FAIL: gcc.dg/vect/pr37539.c scan-tree-dump-times vect "vectorized 1 loops" 2
FAIL: gcc.dg/vect/pr51581-1.c (internal compiler error)
FAIL: gcc.dg/vect/pr51581-1.c (test for excess errors)
FAIL: gcc.dg/vect/pr51581-1.c -flto -ffat-lto-objects (internal compiler error)
FAIL: gcc.dg/vect/pr51581-1.c -flto -ffat-lto-objects (test for excess errors)
UNRESOLVED: gcc.dg/vect/pr51581-1.c -flto -ffat-lto-objects compilation failed to produce executable
UNRESOLVED: gcc.dg/vect/pr51581-1.c compilation failed to produce executable
FAIL: gcc.dg/vect/pr51581-2.c (internal compiler error)
FAIL: gcc.dg/vect/pr51581-2.c (test for excess errors)
FAIL: gcc.dg/vect/pr51581-2.c -flto -ffat-lto-objects (internal compiler error)
FAIL: gcc.dg/vect/pr51581-2.c -flto -ffat-lto-objects (test for excess errors)
UNRESOLVED: gcc.dg/vect/pr51581-2.c -flto -ffat-lto-objects compilation failed to produce executable
UNRESOLVED: gcc.dg/vect/pr51581-2.c compilation failed to produce executable
FAIL: gcc.dg/vect/pr51799.c (internal compiler error)
FAIL: gcc.dg/vect/pr51799.c (test for excess errors)
FAIL: gcc.dg/vect/pr51799.c -flto -ffat-lto-objects (internal compiler error)
FAIL: gcc.dg/vect/pr51799.c -flto -ffat-lto-objects (test for excess errors)
FAIL: gcc.dg/vect/pr55857-1.c (internal compiler error)
FAIL: gcc.dg/vect/pr55857-1.c (test for excess errors)
FAIL: gcc.dg/vect/pr55857-1.c -flto -ffat-lto-objects (internal compiler error)
FAIL: gcc.dg/vect/pr55857-1.c -flto -ffat-lto-objects (test for excess errors)
FAIL: gcc.dg/vect/pr55857-2.c (internal compiler error)
FAIL: gcc.dg/vect/pr55857-2.c (test for excess errors)
FAIL: gcc.dg/vect/pr55857-2.c -flto -ffat-lto-objects (internal compiler error)
FAIL: gcc.dg/vect/pr55857-2.c -flto -ffat-lto-objects (test for excess errors)
FAIL: gcc.dg/vect/pr56920.c (internal compiler error)
FAIL: gcc.dg/vect/pr56920.c (test for excess errors)
FAIL: gcc.dg/vect/pr56920.c -flto -ffat-lto-objects (internal compiler error)
FAIL: gcc.dg/vect/pr56920.c -flto -ffat-lto-objects (test for excess errors)
UNRESOLVED: gcc.dg/vect/pr56920.c -flto -ffat-lto-objects compilation failed to produce executable
UNRESOLVED: gcc.dg/vect/pr56920.c compilation failed to produce executable
FAIL: gcc.dg/vect/pr58508.c (internal compiler error)
FAIL: gcc.dg/vect/pr58508.c (test for excess errors)
FAIL: gcc.dg/vect/pr58508.c -flto -ffat-lto-objects scan-tree-dump-times vect "hoist" 3
FAIL: gcc.dg/vect/pr58508.c -flto -ffat-lto-objects (internal compiler error)
FAIL: gcc.dg/vect/pr58508.c -flto -ffat-lto-objects (test for excess errors)
FAIL: gcc.dg/vect/pr58508.c scan-tree-dump-times vect "hoist" 3
FAIL: gcc.dg/vect/pr59591-1.c (internal compiler error)
FAIL: gcc.dg/vect/pr59591-1.c (test for excess errors)
FAIL: gcc.dg/vect/pr59591-1.c -flto -ffat-lto-objects (internal compiler error)
FAIL: gcc.dg/vect/pr59591-1.c -flto -ffat-lto-objects (test for excess errors)
UNRESOLVED: gcc.dg/vect/pr59591-1.c -flto -ffat-lto-objects compilation failed to produce executable
UNRESOLVED: gcc.dg/vect/pr59591-1.c compilation failed to produce executable
FAIL: gcc.dg/vect/pr59591-2.c (internal compiler error)
FAIL: gcc.dg/vect/pr59591-2.c (test for excess errors)
FAIL: gcc.dg/vect/pr59591-2.c -flto -ffat-lto-objects (internal compiler error)
FAIL: gcc.dg/vect/pr59591-2.c -flto -ffat-lto-objects (test for excess errors)
UNRESOLVED: gcc.dg/vect/pr59591-2.c -flto -ffat-lto-objects compilation failed to produce executable
UNRESOLVED: gcc.dg/vect/pr59591-2.c compilation failed to produce executable
FAIL: gcc.dg/vect/pr61634.c (internal compiler error)
FAIL: gcc.dg/vect/pr61634.c (test for excess errors)
FAIL: gcc.dg/vect/pr61634.c -flto -ffat-lto-objects (internal compiler error)
FAIL: gcc.dg/vect/pr61634.c -flto -ffat-lto-objects (test for excess errors)
FAIL: gcc.dg/vect/pr63605.c (internal compiler error)
FAIL: gcc.dg/vect/pr63605.c (test for excess errors)
FAIL: gcc.dg/vect/pr63605.c -flto -ffat-lto-objects (internal compiler error)
FAIL: gcc.dg/vect/pr63605.c -flto -ffat-lto-objects (test for excess errors)
UNRESOLVED: gcc.dg/vect/pr63605.c -flto -ffat-lto-objects compilation failed to produce executable
UNRESOLVED: gcc.dg/vect/pr63605.c compilation failed to produce executable
FAIL: gcc.dg/vect/pr64829.c (internal compiler error)
FAIL: gcc.dg/vect/pr64829.c (test for excess errors)
FAIL: gcc.dg/vect/pr64829.c -flto -ffat-lto-objects (internal compiler error)
FAIL: gcc.dg/vect/pr64829.c -flto -ffat-lto-objects (test for excess errors)
FAIL: gcc.dg/vect/pr70354-2.c (internal compiler error)
FAIL: gcc.dg/vect/pr70354-2.c (test for excess errors)
FAIL: gcc.dg/vect/pr70354-2.c -flto -ffat-lto-objects (internal compiler error)
FAIL: gcc.dg/vect/pr70354-2.c -flto -ffat-lto-objects (test for excess errors)
UNRESOLVED: gcc.dg/vect/pr70354-2.c -flto -ffat-lto-objects compilation failed to produce executable
UNRESOLVED: gcc.dg/vect/pr70354-2.c compilation failed to produce executable
FAIL: gcc.dg/vect/pr71854.c (internal compiler error)
FAIL: gcc.dg/vect/pr71854.c (test for excess errors)
FAIL: gcc.dg/vect/pr71854.c -flto -ffat-lto-objects (internal compiler error)
FAIL: gcc.dg/vect/pr71854.c -flto -ffat-lto-objects (test for excess errors)
FAIL: gcc.dg/vect/pr92429.c (internal compiler error)
FAIL: gcc.dg/vect/pr92429.c (test for excess errors)
FAIL: gcc.dg/vect/pr92429.c -flto -ffat-lto-objects (internal compiler error)
FAIL: gcc.dg/vect/pr92429.c -flto -ffat-lto-objects (test for excess errors)
FAIL: gcc.dg/vect/slp-perm-9.c -flto -ffat-lto-objects scan-tree-dump-times vect "permutation requires at least three vectors" 1
FAIL: gcc.dg/vect/slp-perm-9.c scan-tree-dump-times vect "permutation requires at least three vectors" 1
FAIL: gcc.dg/vect/vect-120.c (internal compiler error)
FAIL: gcc.dg/vect/vect-120.c (test for excess errors)
FAIL: gcc.dg/vect/vect-120.c -flto -ffat-lto-objects scan-tree-dump-times vect "vectorized 1 loops" 1
FAIL: gcc.dg/vect/vect-120.c -flto -ffat-lto-objects (internal compiler error)
FAIL: gcc.dg/vect/vect-120.c -flto -ffat-lto-objects (test for excess errors)
FAIL: gcc.dg/vect/vect-120.c scan-tree-dump-times vect "vectorized 1 loops" 1
FAIL: gcc.dg/vect/vect-125.c (internal compiler error)
FAIL: gcc.dg/vect/vect-125.c (test for excess errors)
FAIL: gcc.dg/vect/vect-125.c -flto -ffat-lto-objects scan-tree-dump vect "vectorized 1 loops"
FAIL: gcc.dg/vect/vect-125.c -flto -ffat-lto-objects (internal compiler error)
FAIL: gcc.dg/vect/vect-125.c -flto -ffat-lto-objects (test for excess errors)
FAIL: gcc.dg/vect/vect-125.c scan-tree-dump vect "vectorized 1 loops"
FAIL: gcc.dg/vect/vect-alias-check-10.c (internal compiler error)
FAIL: gcc.dg/vect/vect-alias-check-10.c (test for excess errors)
FAIL: gcc.dg/vect/vect-alias-check-10.c -flto -ffat-lto-objects (internal compiler error)
FAIL: gcc.dg/vect/vect-alias-check-10.c -flto -ffat-lto-objects (test for excess errors)
UNRESOLVED: gcc.dg/vect/vect-alias-check-10.c -flto -ffat-lto-objects compilation failed to produce executable
UNRESOLVED: gcc.dg/vect/vect-alias-check-10.c compilation failed to produce executable
FAIL: gcc.dg/vect/vect-alias-check-11.c (internal compiler error)
FAIL: gcc.dg/vect/vect-alias-check-11.c (test for excess errors)
FAIL: gcc.dg/vect/vect-alias-check-11.c -flto -ffat-lto-objects (internal compiler error)
FAIL: gcc.dg/vect/vect-alias-check-11.c -flto -ffat-lto-objects (test for excess errors)
UNRESOLVED: gcc.dg/vect/vect-alias-check-11.c -flto -ffat-lto-objects compilation failed to produce executable
UNRESOLVED: gcc.dg/vect/vect-alias-check-11.c compilation failed to produce executable
FAIL: gcc.dg/vect/vect-alias-check-12.c (internal compiler error)
FAIL: gcc.dg/vect/vect-alias-check-12.c (test for excess errors)
FAIL: gcc.dg/vect/vect-alias-check-12.c -flto -ffat-lto-objects (internal compiler error)
FAIL: gcc.dg/vect/vect-alias-check-12.c -flto -ffat-lto-objects (test for excess errors)
UNRESOLVED: gcc.dg/vect/vect-alias-check-12.c -flto -ffat-lto-objects compilation failed to produce executable
UNRESOLVED: gcc.dg/vect/vect-alias-check-12.c compilation failed to produce executable
FAIL: gcc.dg/vect/vect-alias-check-14.c (internal compiler error)
FAIL: gcc.dg/vect/vect-alias-check-14.c (test for excess errors)
FAIL: gcc.dg/vect/vect-alias-check-14.c -flto -ffat-lto-objects (internal compiler error)
FAIL: gcc.dg/vect/vect-alias-check-14.c -flto -ffat-lto-objects (test for excess errors)
UNRESOLVED: gcc.dg/vect/vect-alias-check-14.c -flto -ffat-lto-objects compilation failed to produce executable
UNRESOLVED: gcc.dg/vect/vect-alias-check-14.c compilation failed to produce executable
FAIL: gcc.dg/vect/vect-alias-check-16.c (internal compiler error)
FAIL: gcc.dg/vect/vect-alias-check-16.c (test for excess errors)
FAIL: gcc.dg/vect/vect-alias-check-16.c -flto -ffat-lto-objects (internal compiler error)
FAIL: gcc.dg/vect/vect-alias-check-16.c -flto -ffat-lto-objects (test for excess errors)
UNRESOLVED: gcc.dg/vect/vect-alias-check-16.c -flto -ffat-lto-objects compilation failed to produce executable
UNRESOLVED: gcc.dg/vect/vect-alias-check-16.c compilation failed to produce executable
FAIL: gcc.dg/vect/vect-alias-check-18.c (internal compiler error)
FAIL: gcc.dg/vect/vect-alias-check-18.c (test for excess errors)
FAIL: gcc.dg/vect/vect-alias-check-18.c -flto -ffat-lto-objects (internal compiler error)
FAIL: gcc.dg/vect/vect-alias-check-18.c -flto -ffat-lto-objects (test for excess errors)
UNRESOLVED: gcc.dg/vect/vect-alias-check-18.c -flto -ffat-lto-objects compilation failed to produce executable
UNRESOLVED: gcc.dg/vect/vect-alias-check-18.c compilation failed to produce executable
FAIL: gcc.dg/vect/vect-alias-check-20.c (internal compiler error)
FAIL: gcc.dg/vect/vect-alias-check-20.c (test for excess errors)
FAIL: gcc.dg/vect/vect-alias-check-20.c -flto -ffat-lto-objects (internal compiler error)
FAIL: gcc.dg/vect/vect-alias-check-20.c -flto -ffat-lto-objects (test for excess errors)
UNRESOLVED: gcc.dg/vect/vect-alias-check-20.c -flto -ffat-lto-objects compilation failed to produce executable
UNRESOLVED: gcc.dg/vect/vect-alias-check-20.c compilation failed to produce executable
FAIL: gcc.dg/vect/vect-alias-check-8.c (internal compiler error)
FAIL: gcc.dg/vect/vect-alias-check-8.c (test for excess errors)
FAIL: gcc.dg/vect/vect-alias-check-8.c -flto -ffat-lto-objects (internal compiler error)
FAIL: gcc.dg/vect/vect-alias-check-8.c -flto -ffat-lto-objects (test for excess errors)
UNRESOLVED: gcc.dg/vect/vect-alias-check-8.c -flto -ffat-lto-objects compilation failed to produce executable
UNRESOLVED: gcc.dg/vect/vect-alias-check-8.c compilation failed to produce executable
FAIL: gcc.dg/vect/vect-alias-check-9.c (internal compiler error)
FAIL: gcc.dg/vect/vect-alias-check-9.c (test for excess errors)
FAIL: gcc.dg/vect/vect-alias-check-9.c -flto -ffat-lto-objects (internal compiler error)
FAIL: gcc.dg/vect/vect-alias-check-9.c -flto -ffat-lto-objects (test for excess errors)
UNRESOLVED: gcc.dg/vect/vect-alias-check-9.c -flto -ffat-lto-objects compilation failed to produce executable
UNRESOLVED: gcc.dg/vect/vect-alias-check-9.c compilation failed to produce executable
FAIL: gcc.dg/vect/vect-avg-1.c (internal compiler error)
FAIL: gcc.dg/vect/vect-avg-1.c (test for excess errors)
FAIL: gcc.dg/vect/vect-avg-1.c -flto -ffat-lto-objects (internal compiler error)
FAIL: gcc.dg/vect/vect-avg-1.c -flto -ffat-lto-objects (test for excess errors)
UNRESOLVED: gcc.dg/vect/vect-avg-1.c -flto -ffat-lto-objects compilation failed to produce executable
UNRESOLVED: gcc.dg/vect/vect-avg-1.c compilation failed to produce executable
FAIL: gcc.dg/vect/vect-avg-10.c (internal compiler error)
FAIL: gcc.dg/vect/vect-avg-10.c (test for excess errors)
FAIL: gcc.dg/vect/vect-avg-10.c -flto -ffat-lto-objects (internal compiler error)
FAIL: gcc.dg/vect/vect-avg-10.c -flto -ffat-lto-objects (test for excess errors)
UNRESOLVED: gcc.dg/vect/vect-avg-10.c -flto -ffat-lto-objects compilation failed to produce executable
UNRESOLVED: gcc.dg/vect/vect-avg-10.c compilation failed to produce executable
FAIL: gcc.dg/vect/vect-avg-11.c (internal compiler error)
FAIL: gcc.dg/vect/vect-avg-11.c (test for excess errors)
FAIL: gcc.dg/vect/vect-avg-11.c -flto -ffat-lto-objects (internal compiler error)
FAIL: gcc.dg/vect/vect-avg-11.c -flto -ffat-lto-objects (test for excess errors)
UNRESOLVED: gcc.dg/vect/vect-avg-11.c -flto -ffat-lto-objects compilation failed to produce executable
UNRESOLVED: gcc.dg/vect/vect-avg-11.c compilation failed to produce executable
FAIL: gcc.dg/vect/vect-avg-12.c (internal compiler error)
FAIL: gcc.dg/vect/vect-avg-12.c (test for excess errors)
FAIL: gcc.dg/vect/vect-avg-12.c -flto -ffat-lto-objects (internal compiler error)
FAIL: gcc.dg/vect/vect-avg-12.c -flto -ffat-lto-objects (test for excess errors)
UNRESOLVED: gcc.dg/vect/vect-avg-12.c -flto -ffat-lto-objects compilation failed to produce executable
UNRESOLVED: gcc.dg/vect/vect-avg-12.c compilation failed to produce executable
FAIL: gcc.dg/vect/vect-avg-13.c (internal compiler error)
FAIL: gcc.dg/vect/vect-avg-13.c (test for excess errors)
FAIL: gcc.dg/vect/vect-avg-13.c -flto -ffat-lto-objects (internal compiler error)
FAIL: gcc.dg/vect/vect-avg-13.c -flto -ffat-lto-objects (test for excess errors)
UNRESOLVED: gcc.dg/vect/vect-avg-13.c -flto -ffat-lto-objects compilation failed to produce executable
UNRESOLVED: gcc.dg/vect/vect-avg-13.c compilation failed to produce executable
FAIL: gcc.dg/vect/vect-avg-14.c (internal compiler error)
FAIL: gcc.dg/vect/vect-avg-14.c (test for excess errors)
FAIL: gcc.dg/vect/vect-avg-14.c -flto -ffat-lto-objects (internal compiler error)
FAIL: gcc.dg/vect/vect-avg-14.c -flto -ffat-lto-objects (test for excess errors)
UNRESOLVED: gcc.dg/vect/vect-avg-14.c -flto -ffat-lto-objects compilation failed to produce executable
UNRESOLVED: gcc.dg/vect/vect-avg-14.c compilation failed to produce executable
FAIL: gcc.dg/vect/vect-avg-2.c (internal compiler error)
FAIL: gcc.dg/vect/vect-avg-2.c (test for excess errors)
FAIL: gcc.dg/vect/vect-avg-2.c -flto -ffat-lto-objects (internal compiler error)
FAIL: gcc.dg/vect/vect-avg-2.c -flto -ffat-lto-objects (test for excess errors)
UNRESOLVED: gcc.dg/vect/vect-avg-2.c -flto -ffat-lto-objects compilation failed to produce executable
UNRESOLVED: gcc.dg/vect/vect-avg-2.c compilation failed to produce executable
FAIL: gcc.dg/vect/vect-avg-3.c (internal compiler error)
FAIL: gcc.dg/vect/vect-avg-3.c (test for excess errors)
FAIL: gcc.dg/vect/vect-avg-3.c -flto -ffat-lto-objects (internal compiler error)
FAIL: gcc.dg/vect/vect-avg-3.c -flto -ffat-lto-objects (test for excess errors)
UNRESOLVED: gcc.dg/vect/vect-avg-3.c -flto -ffat-lto-objects compilation failed to produce executable
UNRESOLVED: gcc.dg/vect/vect-avg-3.c compilation failed to produce executable
FAIL: gcc.dg/vect/vect-avg-4.c (internal compiler error)
FAIL: gcc.dg/vect/vect-avg-4.c (test for excess errors)
FAIL: gcc.dg/vect/vect-avg-4.c -flto -ffat-lto-objects (internal compiler error)
FAIL: gcc.dg/vect/vect-avg-4.c -flto -ffat-lto-objects (test for excess errors)
UNRESOLVED: gcc.dg/vect/vect-avg-4.c -flto -ffat-lto-objects compilation failed to produce executable
UNRESOLVED: gcc.dg/vect/vect-avg-4.c compilation failed to produce executable
FAIL: gcc.dg/vect/vect-avg-5.c (internal compiler error)
FAIL: gcc.dg/vect/vect-avg-5.c (test for excess errors)
FAIL: gcc.dg/vect/vect-avg-5.c -flto -ffat-lto-objects (internal compiler error)
FAIL: gcc.dg/vect/vect-avg-5.c -flto -ffat-lto-objects (test for excess errors)
UNRESOLVED: gcc.dg/vect/vect-avg-5.c -flto -ffat-lto-objects compilation failed to produce executable
UNRESOLVED: gcc.dg/vect/vect-avg-5.c compilation failed to produce executable
FAIL: gcc.dg/vect/vect-avg-6.c (internal compiler error)
FAIL: gcc.dg/vect/vect-avg-6.c (test for excess errors)
FAIL: gcc.dg/vect/vect-avg-6.c -flto -ffat-lto-objects (internal compiler error)
FAIL: gcc.dg/vect/vect-avg-6.c -flto -ffat-lto-objects (test for excess errors)
UNRESOLVED: gcc.dg/vect/vect-avg-6.c -flto -ffat-lto-objects compilation failed to produce executable
UNRESOLVED: gcc.dg/vect/vect-avg-6.c compilation failed to produce executable
FAIL: gcc.dg/vect/vect-avg-7.c (internal compiler error)
FAIL: gcc.dg/vect/vect-avg-7.c (test for excess errors)
FAIL: gcc.dg/vect/vect-avg-7.c -flto -ffat-lto-objects (internal compiler error)
FAIL: gcc.dg/vect/vect-avg-7.c -flto -ffat-lto-objects (test for excess errors)
UNRESOLVED: gcc.dg/vect/vect-avg-7.c -flto -ffat-lto-objects compilation failed to produce executable
UNRESOLVED: gcc.dg/vect/vect-avg-7.c compilation failed to produce executable
FAIL: gcc.dg/vect/vect-avg-8.c (internal compiler error)
FAIL: gcc.dg/vect/vect-avg-8.c (test for excess errors)
FAIL: gcc.dg/vect/vect-avg-8.c -flto -ffat-lto-objects (internal compiler error)
FAIL: gcc.dg/vect/vect-avg-8.c -flto -ffat-lto-objects (test for excess errors)
UNRESOLVED: gcc.dg/vect/vect-avg-8.c -flto -ffat-lto-objects compilation failed to produce executable
UNRESOLVED: gcc.dg/vect/vect-avg-8.c compilation failed to produce executable
FAIL: gcc.dg/vect/vect-avg-9.c (internal compiler error)
FAIL: gcc.dg/vect/vect-avg-9.c (test for excess errors)
FAIL: gcc.dg/vect/vect-avg-9.c -flto -ffat-lto-objects (internal compiler error)
FAIL: gcc.dg/vect/vect-avg-9.c -flto -ffat-lto-objects (test for excess errors)
UNRESOLVED: gcc.dg/vect/vect-avg-9.c -flto -ffat-lto-objects compilation failed to produce executable
UNRESOLVED: gcc.dg/vect/vect-avg-9.c compilation failed to produce executable
FAIL: gcc.dg/vect/vect-epilogues.c (internal compiler error)
FAIL: gcc.dg/vect/vect-epilogues.c (test for excess errors)
FAIL: gcc.dg/vect/vect-epilogues.c -flto -ffat-lto-objects scan-tree-dump vect "LOOP EPILOGUE VECTORIZED"
FAIL: gcc.dg/vect/vect-epilogues.c -flto -ffat-lto-objects (internal compiler error)
FAIL: gcc.dg/vect/vect-epilogues.c -flto -ffat-lto-objects (test for excess errors)
FAIL: gcc.dg/vect/vect-epilogues.c scan-tree-dump vect "LOOP EPILOGUE VECTORIZED"
FAIL: gcc.dg/vect/vect-mixed-size-cond-1.c (internal compiler error)
FAIL: gcc.dg/vect/vect-mixed-size-cond-1.c (test for excess errors)
FAIL: gcc.dg/vect/vect-mixed-size-cond-1.c -flto -ffat-lto-objects (internal compiler error)
FAIL: gcc.dg/vect/vect-mixed-size-cond-1.c -flto -ffat-lto-objects (test for excess errors)
FAIL: gcc.dg/vect/vect-mulhrs-1.c (internal compiler error)
FAIL: gcc.dg/vect/vect-mulhrs-1.c (test for excess errors)
FAIL: gcc.dg/vect/vect-mulhrs-1.c -flto -ffat-lto-objects (internal compiler error)
FAIL: gcc.dg/vect/vect-mulhrs-1.c -flto -ffat-lto-objects (test for excess errors)
UNRESOLVED: gcc.dg/vect/vect-mulhrs-1.c -flto -ffat-lto-objects compilation failed to produce executable
UNRESOLVED: gcc.dg/vect/vect-mulhrs-1.c compilation failed to produce executable
FAIL: gcc.dg/vect/vect-mulhrs-2.c (internal compiler error)
FAIL: gcc.dg/vect/vect-mulhrs-2.c (test for excess errors)
FAIL: gcc.dg/vect/vect-mulhrs-2.c -flto -ffat-lto-objects (internal compiler error)
FAIL: gcc.dg/vect/vect-mulhrs-2.c -flto -ffat-lto-objects (test for excess errors)
UNRESOLVED: gcc.dg/vect/vect-mulhrs-2.c -flto -ffat-lto-objects compilation failed to produce executable
UNRESOLVED: gcc.dg/vect/vect-mulhrs-2.c compilation failed to produce executable
FAIL: gcc.dg/vect/vect-mulhrs-3.c (internal compiler error)
FAIL: gcc.dg/vect/vect-mulhrs-3.c (test for excess errors)
FAIL: gcc.dg/vect/vect-mulhrs-3.c -flto -ffat-lto-objects (internal compiler error)
FAIL: gcc.dg/vect/vect-mulhrs-3.c -flto -ffat-lto-objects (test for excess errors)
UNRESOLVED: gcc.dg/vect/vect-mulhrs-3.c -flto -ffat-lto-objects compilation failed to produce executable
UNRESOLVED: gcc.dg/vect/vect-mulhrs-3.c compilation failed to produce executable
FAIL: gcc.dg/vect/vect-mulhrs-4.c (internal compiler error)
FAIL: gcc.dg/vect/vect-mulhrs-4.c (test for excess errors)
FAIL: gcc.dg/vect/vect-mulhrs-4.c -flto -ffat-lto-objects (internal compiler error)
FAIL: gcc.dg/vect/vect-mulhrs-4.c -flto -ffat-lto-objects (test for excess errors)
UNRESOLVED: gcc.dg/vect/vect-mulhrs-4.c -flto -ffat-lto-objects compilation failed to produce executable
UNRESOLVED: gcc.dg/vect/vect-mulhrs-4.c compilation failed to produce executable
FAIL: gcc.dg/vect/vect-outer-4m-big-array.c (internal compiler error)
FAIL: gcc.dg/vect/vect-outer-4m-big-array.c (test for excess errors)
FAIL: gcc.dg/vect/vect-outer-4m-big-array.c -flto -ffat-lto-objects (internal compiler error)
FAIL: gcc.dg/vect/vect-outer-4m-big-array.c -flto -ffat-lto-objects (test for excess errors)
UNRESOLVED: gcc.dg/vect/vect-outer-4m-big-array.c -flto -ffat-lto-objects compilation failed to produce executable
UNRESOLVED: gcc.dg/vect/vect-outer-4m-big-array.c compilation failed to produce executable
FAIL: gcc.dg/vect/vect-outer-4m.c (internal compiler error)
FAIL: gcc.dg/vect/vect-outer-4m.c (test for excess errors)
FAIL: gcc.dg/vect/vect-outer-4m.c -flto -ffat-lto-objects (internal compiler error)
FAIL: gcc.dg/vect/vect-outer-4m.c -flto -ffat-lto-objects (test for excess errors)
UNRESOLVED: gcc.dg/vect/vect-outer-4m.c -flto -ffat-lto-objects compilation failed to produce executable
UNRESOLVED: gcc.dg/vect/vect-outer-4m.c compilation failed to produce executable
FAIL: gcc.dg/vect/vect-over-widen-1-big-array.c (internal compiler error)
FAIL: gcc.dg/vect/vect-over-widen-1-big-array.c (test for excess errors)
FAIL: gcc.dg/vect/vect-over-widen-1-big-array.c -flto -ffat-lto-objects scan-tree-dump-times vect "vectorized 1 loops" 1
FAIL: gcc.dg/vect/vect-over-widen-1-big-array.c -flto -ffat-lto-objects (internal compiler error)
FAIL: gcc.dg/vect/vect-over-widen-1-big-array.c -flto -ffat-lto-objects (test for excess errors)
UNRESOLVED: gcc.dg/vect/vect-over-widen-1-big-array.c -flto -ffat-lto-objects compilation failed to produce executable
UNRESOLVED: gcc.dg/vect/vect-over-widen-1-big-array.c compilation failed to produce executable
FAIL: gcc.dg/vect/vect-over-widen-1-big-array.c scan-tree-dump-times vect "vectorized 1 loops" 1
FAIL: gcc.dg/vect/vect-over-widen-1.c (internal compiler error)
FAIL: gcc.dg/vect/vect-over-widen-1.c (test for excess errors)
FAIL: gcc.dg/vect/vect-over-widen-1.c -flto -ffat-lto-objects scan-tree-dump-times vect "vectorized 1 loops" 1
FAIL: gcc.dg/vect/vect-over-widen-1.c -flto -ffat-lto-objects (internal compiler error)
FAIL: gcc.dg/vect/vect-over-widen-1.c -flto -ffat-lto-objects (test for excess errors)
UNRESOLVED: gcc.dg/vect/vect-over-widen-1.c -flto -ffat-lto-objects compilation failed to produce executable
UNRESOLVED: gcc.dg/vect/vect-over-widen-1.c compilation failed to produce executable
FAIL: gcc.dg/vect/vect-over-widen-1.c scan-tree-dump-times vect "vectorized 1 loops" 1
FAIL: gcc.dg/vect/vect-over-widen-10.c (internal compiler error)
FAIL: gcc.dg/vect/vect-over-widen-10.c (test for excess errors)
FAIL: gcc.dg/vect/vect-over-widen-10.c -flto -ffat-lto-objects scan-tree-dump-times vect "vectorized 1 loop" 1
FAIL: gcc.dg/vect/vect-over-widen-10.c -flto -ffat-lto-objects (internal compiler error)
FAIL: gcc.dg/vect/vect-over-widen-10.c -flto -ffat-lto-objects (test for excess errors)
UNRESOLVED: gcc.dg/vect/vect-over-widen-10.c -flto -ffat-lto-objects compilation failed to produce executable
UNRESOLVED: gcc.dg/vect/vect-over-widen-10.c compilation failed to produce executable
FAIL: gcc.dg/vect/vect-over-widen-10.c scan-tree-dump-times vect "vectorized 1 loop" 1
FAIL: gcc.dg/vect/vect-over-widen-11.c (internal compiler error)
FAIL: gcc.dg/vect/vect-over-widen-11.c (test for excess errors)
FAIL: gcc.dg/vect/vect-over-widen-11.c -flto -ffat-lto-objects scan-tree-dump-times vect "vectorized 1 loop" 1
FAIL: gcc.dg/vect/vect-over-widen-11.c -flto -ffat-lto-objects (internal compiler error)
FAIL: gcc.dg/vect/vect-over-widen-11.c -flto -ffat-lto-objects (test for excess errors)
UNRESOLVED: gcc.dg/vect/vect-over-widen-11.c -flto -ffat-lto-objects compilation failed to produce executable
UNRESOLVED: gcc.dg/vect/vect-over-widen-11.c compilation failed to produce executable
FAIL: gcc.dg/vect/vect-over-widen-11.c scan-tree-dump-times vect "vectorized 1 loop" 1
FAIL: gcc.dg/vect/vect-over-widen-12.c (internal compiler error)
FAIL: gcc.dg/vect/vect-over-widen-12.c (test for excess errors)
FAIL: gcc.dg/vect/vect-over-widen-12.c -flto -ffat-lto-objects scan-tree-dump-times vect "vectorized 1 loop" 1
FAIL: gcc.dg/vect/vect-over-widen-12.c -flto -ffat-lto-objects (internal compiler error)
FAIL: gcc.dg/vect/vect-over-widen-12.c -flto -ffat-lto-objects (test for excess errors)
UNRESOLVED: gcc.dg/vect/vect-over-widen-12.c -flto -ffat-lto-objects compilation failed to produce executable
UNRESOLVED: gcc.dg/vect/vect-over-widen-12.c compilation failed to produce executable
FAIL: gcc.dg/vect/vect-over-widen-12.c scan-tree-dump-times vect "vectorized 1 loop" 1
FAIL: gcc.dg/vect/vect-over-widen-13.c (internal compiler error)
FAIL: gcc.dg/vect/vect-over-widen-13.c (test for excess errors)
FAIL: gcc.dg/vect/vect-over-widen-13.c -flto -ffat-lto-objects scan-tree-dump-times vect "vectorized 1 loop" 1
FAIL: gcc.dg/vect/vect-over-widen-13.c -flto -ffat-lto-objects (internal compiler error)
FAIL: gcc.dg/vect/vect-over-widen-13.c -flto -ffat-lto-objects (test for excess errors)
UNRESOLVED: gcc.dg/vect/vect-over-widen-13.c -flto -ffat-lto-objects compilation failed to produce executable
UNRESOLVED: gcc.dg/vect/vect-over-widen-13.c compilation failed to produce executable
FAIL: gcc.dg/vect/vect-over-widen-13.c scan-tree-dump-times vect "vectorized 1 loop" 1
FAIL: gcc.dg/vect/vect-over-widen-14.c (internal compiler error)
FAIL: gcc.dg/vect/vect-over-widen-14.c (test for excess errors)
FAIL: gcc.dg/vect/vect-over-widen-14.c -flto -ffat-lto-objects scan-tree-dump-times vect "vectorized 1 loop" 1
FAIL: gcc.dg/vect/vect-over-widen-14.c -flto -ffat-lto-objects (internal compiler error)
FAIL: gcc.dg/vect/vect-over-widen-14.c -flto -ffat-lto-objects (test for excess errors)
UNRESOLVED: gcc.dg/vect/vect-over-widen-14.c -flto -ffat-lto-objects compilation failed to produce executable
UNRESOLVED: gcc.dg/vect/vect-over-widen-14.c compilation failed to produce executable
FAIL: gcc.dg/vect/vect-over-widen-14.c scan-tree-dump-times vect "vectorized 1 loop" 1
FAIL: gcc.dg/vect/vect-over-widen-15.c (internal compiler error)
FAIL: gcc.dg/vect/vect-over-widen-15.c (test for excess errors)
FAIL: gcc.dg/vect/vect-over-widen-15.c -flto -ffat-lto-objects scan-tree-dump-times vect "vectorized 1 loop" 1
FAIL: gcc.dg/vect/vect-over-widen-15.c -flto -ffat-lto-objects (internal compiler error)
FAIL: gcc.dg/vect/vect-over-widen-15.c -flto -ffat-lto-objects (test for excess errors)
UNRESOLVED: gcc.dg/vect/vect-over-widen-15.c -flto -ffat-lto-objects compilation failed to produce executable
UNRESOLVED: gcc.dg/vect/vect-over-widen-15.c compilation failed to produce executable
FAIL: gcc.dg/vect/vect-over-widen-15.c scan-tree-dump-times vect "vectorized 1 loop" 1
FAIL: gcc.dg/vect/vect-over-widen-16.c (internal compiler error)
FAIL: gcc.dg/vect/vect-over-widen-16.c (test for excess errors)
FAIL: gcc.dg/vect/vect-over-widen-16.c -flto -ffat-lto-objects scan-tree-dump-times vect "vectorized 1 loop" 1
FAIL: gcc.dg/vect/vect-over-widen-16.c -flto -ffat-lto-objects (internal compiler error)
FAIL: gcc.dg/vect/vect-over-widen-16.c -flto -ffat-lto-objects (test for excess errors)
UNRESOLVED: gcc.dg/vect/vect-over-widen-16.c -flto -ffat-lto-objects compilation failed to produce executable
UNRESOLVED: gcc.dg/vect/vect-over-widen-16.c compilation failed to produce executable
FAIL: gcc.dg/vect/vect-over-widen-16.c scan-tree-dump-times vect "vectorized 1 loop" 1
FAIL: gcc.dg/vect/vect-over-widen-17.c (internal compiler error)
FAIL: gcc.dg/vect/vect-over-widen-17.c (test for excess errors)
FAIL: gcc.dg/vect/vect-over-widen-17.c -flto -ffat-lto-objects scan-tree-dump-times vect "vectorized 1 loop" 1
FAIL: gcc.dg/vect/vect-over-widen-17.c -flto -ffat-lto-objects (internal compiler error)
FAIL: gcc.dg/vect/vect-over-widen-17.c -flto -ffat-lto-objects (test for excess errors)
UNRESOLVED: gcc.dg/vect/vect-over-widen-17.c -flto -ffat-lto-objects compilation failed to produce executable
UNRESOLVED: gcc.dg/vect/vect-over-widen-17.c compilation failed to produce executable
FAIL: gcc.dg/vect/vect-over-widen-17.c scan-tree-dump-times vect "vectorized 1 loop" 1
FAIL: gcc.dg/vect/vect-over-widen-18.c (internal compiler error)
FAIL: gcc.dg/vect/vect-over-widen-18.c (test for excess errors)
FAIL: gcc.dg/vect/vect-over-widen-18.c -flto -ffat-lto-objects scan-tree-dump-times vect "vectorized 1 loop" 1
FAIL: gcc.dg/vect/vect-over-widen-18.c -flto -ffat-lto-objects (internal compiler error)
FAIL: gcc.dg/vect/vect-over-widen-18.c -flto -ffat-lto-objects (test for excess errors)
UNRESOLVED: gcc.dg/vect/vect-over-widen-18.c -flto -ffat-lto-objects compilation failed to produce executable
UNRESOLVED: gcc.dg/vect/vect-over-widen-18.c compilation failed to produce executable
FAIL: gcc.dg/vect/vect-over-widen-18.c scan-tree-dump-times vect "vectorized 1 loop" 1
FAIL: gcc.dg/vect/vect-over-widen-2-big-array.c (internal compiler error)
FAIL: gcc.dg/vect/vect-over-widen-2-big-array.c (test for excess errors)
FAIL: gcc.dg/vect/vect-over-widen-2-big-array.c -flto -ffat-lto-objects scan-tree-dump-times vect "vectorized 1 loops" 1
FAIL: gcc.dg/vect/vect-over-widen-2-big-array.c -flto -ffat-lto-objects (internal compiler error)
FAIL: gcc.dg/vect/vect-over-widen-2-big-array.c -flto -ffat-lto-objects (test for excess errors)
UNRESOLVED: gcc.dg/vect/vect-over-widen-2-big-array.c -flto -ffat-lto-objects compilation failed to produce executable
UNRESOLVED: gcc.dg/vect/vect-over-widen-2-big-array.c compilation failed to produce executable
FAIL: gcc.dg/vect/vect-over-widen-2-big-array.c scan-tree-dump-times vect "vectorized 1 loops" 1
FAIL: gcc.dg/vect/vect-over-widen-2.c (internal compiler error)
FAIL: gcc.dg/vect/vect-over-widen-2.c (test for excess errors)
FAIL: gcc.dg/vect/vect-over-widen-2.c -flto -ffat-lto-objects scan-tree-dump-times vect "vectorized 1 loops" 1
FAIL: gcc.dg/vect/vect-over-widen-2.c -flto -ffat-lto-objects (internal compiler error)
FAIL: gcc.dg/vect/vect-over-widen-2.c -flto -ffat-lto-objects (test for excess errors)
UNRESOLVED: gcc.dg/vect/vect-over-widen-2.c -flto -ffat-lto-objects compilation failed to produce executable
UNRESOLVED: gcc.dg/vect/vect-over-widen-2.c compilation failed to produce executable
FAIL: gcc.dg/vect/vect-over-widen-2.c scan-tree-dump-times vect "vectorized 1 loops" 1
FAIL: gcc.dg/vect/vect-over-widen-3-big-array.c (internal compiler error)
FAIL: gcc.dg/vect/vect-over-widen-3-big-array.c (test for excess errors)
FAIL: gcc.dg/vect/vect-over-widen-3-big-array.c -flto -ffat-lto-objects scan-tree-dump-times vect "vectorized 1 loops" 1
FAIL: gcc.dg/vect/vect-over-widen-3-big-array.c -flto -ffat-lto-objects (internal compiler error)
FAIL: gcc.dg/vect/vect-over-widen-3-big-array.c -flto -ffat-lto-objects (test for excess errors)
UNRESOLVED: gcc.dg/vect/vect-over-widen-3-big-array.c -flto -ffat-lto-objects compilation failed to produce executable
UNRESOLVED: gcc.dg/vect/vect-over-widen-3-big-array.c compilation failed to produce executable
FAIL: gcc.dg/vect/vect-over-widen-3-big-array.c scan-tree-dump-times vect "vectorized 1 loops" 1
FAIL: gcc.dg/vect/vect-over-widen-3.c (internal compiler error)
FAIL: gcc.dg/vect/vect-over-widen-3.c (test for excess errors)
FAIL: gcc.dg/vect/vect-over-widen-3.c -flto -ffat-lto-objects scan-tree-dump-times vect "vectorized 1 loops" 1
FAIL: gcc.dg/vect/vect-over-widen-3.c -flto -ffat-lto-objects (internal compiler error)
FAIL: gcc.dg/vect/vect-over-widen-3.c -flto -ffat-lto-objects (test for excess errors)
UNRESOLVED: gcc.dg/vect/vect-over-widen-3.c -flto -ffat-lto-objects compilation failed to produce executable
UNRESOLVED: gcc.dg/vect/vect-over-widen-3.c compilation failed to produce executable
FAIL: gcc.dg/vect/vect-over-widen-3.c scan-tree-dump-times vect "vectorized 1 loops" 1
FAIL: gcc.dg/vect/vect-over-widen-4-big-array.c (internal compiler error)
FAIL: gcc.dg/vect/vect-over-widen-4-big-array.c (test for excess errors)
FAIL: gcc.dg/vect/vect-over-widen-4-big-array.c -flto -ffat-lto-objects scan-tree-dump-times vect "vectorized 1 loops" 1
FAIL: gcc.dg/vect/vect-over-widen-4-big-array.c -flto -ffat-lto-objects (internal compiler error)
FAIL: gcc.dg/vect/vect-over-widen-4-big-array.c -flto -ffat-lto-objects (test for excess errors)
UNRESOLVED: gcc.dg/vect/vect-over-widen-4-big-array.c -flto -ffat-lto-objects compilation failed to produce executable
UNRESOLVED: gcc.dg/vect/vect-over-widen-4-big-array.c compilation failed to produce executable
FAIL: gcc.dg/vect/vect-over-widen-4-big-array.c scan-tree-dump-times vect "vectorized 1 loops" 1
FAIL: gcc.dg/vect/vect-over-widen-4.c (internal compiler error)
FAIL: gcc.dg/vect/vect-over-widen-4.c (test for excess errors)
FAIL: gcc.dg/vect/vect-over-widen-4.c -flto -ffat-lto-objects scan-tree-dump-times vect "vectorized 1 loops" 1
FAIL: gcc.dg/vect/vect-over-widen-4.c -flto -ffat-lto-objects (internal compiler error)
FAIL: gcc.dg/vect/vect-over-widen-4.c -flto -ffat-lto-objects (test for excess errors)
UNRESOLVED: gcc.dg/vect/vect-over-widen-4.c -flto -ffat-lto-objects compilation failed to produce executable
UNRESOLVED: gcc.dg/vect/vect-over-widen-4.c compilation failed to produce executable
FAIL: gcc.dg/vect/vect-over-widen-4.c scan-tree-dump-times vect "vectorized 1 loops" 1
FAIL: gcc.dg/vect/vect-over-widen-5.c (internal compiler error)
FAIL: gcc.dg/vect/vect-over-widen-5.c (test for excess errors)
FAIL: gcc.dg/vect/vect-over-widen-5.c -flto -ffat-lto-objects scan-tree-dump-times vect "vectorized 1 loop" 1
FAIL: gcc.dg/vect/vect-over-widen-5.c -flto -ffat-lto-objects (internal compiler error)
FAIL: gcc.dg/vect/vect-over-widen-5.c -flto -ffat-lto-objects (test for excess errors)
UNRESOLVED: gcc.dg/vect/vect-over-widen-5.c -flto -ffat-lto-objects compilation failed to produce executable
UNRESOLVED: gcc.dg/vect/vect-over-widen-5.c compilation failed to produce executable
FAIL: gcc.dg/vect/vect-over-widen-5.c scan-tree-dump-times vect "vectorized 1 loop" 1
FAIL: gcc.dg/vect/vect-over-widen-6.c (internal compiler error)
FAIL: gcc.dg/vect/vect-over-widen-6.c (test for excess errors)
FAIL: gcc.dg/vect/vect-over-widen-6.c -flto -ffat-lto-objects scan-tree-dump-times vect "vectorized 1 loop" 1
FAIL: gcc.dg/vect/vect-over-widen-6.c -flto -ffat-lto-objects (internal compiler error)
FAIL: gcc.dg/vect/vect-over-widen-6.c -flto -ffat-lto-objects (test for excess errors)
UNRESOLVED: gcc.dg/vect/vect-over-widen-6.c -flto -ffat-lto-objects compilation failed to produce executable
UNRESOLVED: gcc.dg/vect/vect-over-widen-6.c compilation failed to produce executable
FAIL: gcc.dg/vect/vect-over-widen-6.c scan-tree-dump-times vect "vectorized 1 loop" 1
FAIL: gcc.dg/vect/vect-over-widen-7.c (internal compiler error)
FAIL: gcc.dg/vect/vect-over-widen-7.c (test for excess errors)
FAIL: gcc.dg/vect/vect-over-widen-7.c -flto -ffat-lto-objects scan-tree-dump-times vect "vectorized 1 loop" 1
FAIL: gcc.dg/vect/vect-over-widen-7.c -flto -ffat-lto-objects (internal compiler error)
FAIL: gcc.dg/vect/vect-over-widen-7.c -flto -ffat-lto-objects (test for excess errors)
UNRESOLVED: gcc.dg/vect/vect-over-widen-7.c -flto -ffat-lto-objects compilation failed to produce executable
UNRESOLVED: gcc.dg/vect/vect-over-widen-7.c compilation failed to produce executable
FAIL: gcc.dg/vect/vect-over-widen-7.c scan-tree-dump-times vect "vectorized 1 loop" 1
FAIL: gcc.dg/vect/vect-over-widen-8.c (internal compiler error)
FAIL: gcc.dg/vect/vect-over-widen-8.c (test for excess errors)
FAIL: gcc.dg/vect/vect-over-widen-8.c -flto -ffat-lto-objects scan-tree-dump-times vect "vectorized 1 loop" 1
FAIL: gcc.dg/vect/vect-over-widen-8.c -flto -ffat-lto-objects (internal compiler error)
FAIL: gcc.dg/vect/vect-over-widen-8.c -flto -ffat-lto-objects (test for excess errors)
UNRESOLVED: gcc.dg/vect/vect-over-widen-8.c -flto -ffat-lto-objects compilation failed to produce executable
UNRESOLVED: gcc.dg/vect/vect-over-widen-8.c compilation failed to produce executable
FAIL: gcc.dg/vect/vect-over-widen-8.c scan-tree-dump-times vect "vectorized 1 loop" 1
FAIL: gcc.dg/vect/vect-over-widen-9.c (internal compiler error)
FAIL: gcc.dg/vect/vect-over-widen-9.c (test for excess errors)
FAIL: gcc.dg/vect/vect-over-widen-9.c -flto -ffat-lto-objects scan-tree-dump-times vect "vectorized 1 loop" 1
FAIL: gcc.dg/vect/vect-over-widen-9.c -flto -ffat-lto-objects (internal compiler error)
FAIL: gcc.dg/vect/vect-over-widen-9.c -flto -ffat-lto-objects (test for excess errors)
UNRESOLVED: gcc.dg/vect/vect-over-widen-9.c -flto -ffat-lto-objects compilation failed to produce executable
UNRESOLVED: gcc.dg/vect/vect-over-widen-9.c compilation failed to produce executable
FAIL: gcc.dg/vect/vect-over-widen-9.c scan-tree-dump-times vect "vectorized 1 loop" 1
FAIL: gcc.dg/vect/vect-sdiv-pow2-1.c (internal compiler error)
FAIL: gcc.dg/vect/vect-sdiv-pow2-1.c (test for excess errors)
FAIL: gcc.dg/vect/vect-sdiv-pow2-1.c -flto -ffat-lto-objects (internal compiler error)
FAIL: gcc.dg/vect/vect-sdiv-pow2-1.c -flto -ffat-lto-objects (test for excess errors)
UNRESOLVED: gcc.dg/vect/vect-sdiv-pow2-1.c -flto -ffat-lto-objects compilation failed to produce executable
UNRESOLVED: gcc.dg/vect/vect-sdiv-pow2-1.c compilation failed to produce executable
FAIL: gcc.dg/vect/vect-sdivmod-1.c (internal compiler error)
FAIL: gcc.dg/vect/vect-sdivmod-1.c (test for excess errors)
FAIL: gcc.dg/vect/vect-sdivmod-1.c -flto -ffat-lto-objects scan-tree-dump-times vect "vectorized 1 loops" 4
FAIL: gcc.dg/vect/vect-sdivmod-1.c -flto -ffat-lto-objects (internal compiler error)
FAIL: gcc.dg/vect/vect-sdivmod-1.c -flto -ffat-lto-objects (test for excess errors)
UNRESOLVED: gcc.dg/vect/vect-sdivmod-1.c -flto -ffat-lto-objects compilation failed to produce executable
UNRESOLVED: gcc.dg/vect/vect-sdivmod-1.c compilation failed to produce executable
FAIL: gcc.dg/vect/vect-sdivmod-1.c scan-tree-dump-times vect "vectorized 1 loops" 4
FAIL: gcc.dg/vect/vect-shift-1.c (internal compiler error)
FAIL: gcc.dg/vect/vect-shift-1.c (test for excess errors)
FAIL: gcc.dg/vect/vect-shift-1.c -flto -ffat-lto-objects scan-tree-dump-times vect "vectorized 1 loops" 1
FAIL: gcc.dg/vect/vect-shift-1.c -flto -ffat-lto-objects (internal compiler error)
FAIL: gcc.dg/vect/vect-shift-1.c -flto -ffat-lto-objects (test for excess errors)
UNRESOLVED: gcc.dg/vect/vect-shift-1.c -flto -ffat-lto-objects compilation failed to produce executable
UNRESOLVED: gcc.dg/vect/vect-shift-1.c compilation failed to produce executable
FAIL: gcc.dg/vect/vect-shift-1.c scan-tree-dump-times vect "vectorized 1 loops" 1
FAIL: gcc.dg/vect/vect-shift-2-big-array.c (internal compiler error)
FAIL: gcc.dg/vect/vect-shift-2-big-array.c (test for excess errors)
FAIL: gcc.dg/vect/vect-shift-2-big-array.c -flto -ffat-lto-objects (internal compiler error)
FAIL: gcc.dg/vect/vect-shift-2-big-array.c -flto -ffat-lto-objects (test for excess errors)
UNRESOLVED: gcc.dg/vect/vect-shift-2-big-array.c -flto -ffat-lto-objects compilation failed to produce executable
UNRESOLVED: gcc.dg/vect/vect-shift-2-big-array.c compilation failed to produce executable
FAIL: gcc.dg/vect/vect-shift-2.c (internal compiler error)
FAIL: gcc.dg/vect/vect-shift-2.c (test for excess errors)
FAIL: gcc.dg/vect/vect-shift-2.c -flto -ffat-lto-objects (internal compiler error)
FAIL: gcc.dg/vect/vect-shift-2.c -flto -ffat-lto-objects (test for excess errors)
UNRESOLVED: gcc.dg/vect/vect-shift-2.c -flto -ffat-lto-objects compilation failed to produce executable
UNRESOLVED: gcc.dg/vect/vect-shift-2.c compilation failed to produce executable
FAIL: gcc.dg/vect/vect-shift-3.c (internal compiler error)
FAIL: gcc.dg/vect/vect-shift-3.c (test for excess errors)
FAIL: gcc.dg/vect/vect-shift-3.c -flto -ffat-lto-objects scan-tree-dump-times vect "vectorized 1 loops" 1
FAIL: gcc.dg/vect/vect-shift-3.c -flto -ffat-lto-objects (internal compiler error)
FAIL: gcc.dg/vect/vect-shift-3.c -flto -ffat-lto-objects (test for excess errors)
UNRESOLVED: gcc.dg/vect/vect-shift-3.c -flto -ffat-lto-objects compilation failed to produce executable
UNRESOLVED: gcc.dg/vect/vect-shift-3.c compilation failed to produce executable
FAIL: gcc.dg/vect/vect-shift-3.c scan-tree-dump-times vect "vectorized 1 loops" 1
FAIL: gcc.dg/vect/vect-shift-4.c (internal compiler error)
FAIL: gcc.dg/vect/vect-shift-4.c (test for excess errors)
FAIL: gcc.dg/vect/vect-shift-4.c -flto -ffat-lto-objects scan-tree-dump-times vect "vectorized 1 loops" 1
FAIL: gcc.dg/vect/vect-shift-4.c -flto -ffat-lto-objects (internal compiler error)
FAIL: gcc.dg/vect/vect-shift-4.c -flto -ffat-lto-objects (test for excess errors)
UNRESOLVED: gcc.dg/vect/vect-shift-4.c -flto -ffat-lto-objects compilation failed to produce executable
UNRESOLVED: gcc.dg/vect/vect-shift-4.c compilation failed to produce executable
FAIL: gcc.dg/vect/vect-shift-4.c scan-tree-dump-times vect "vectorized 1 loops" 1
FAIL: gcc.dg/vect/vect-shift-5.c (internal compiler error)
FAIL: gcc.dg/vect/vect-shift-5.c (test for excess errors)
FAIL: gcc.dg/vect/vect-shift-5.c -flto -ffat-lto-objects (internal compiler error)
FAIL: gcc.dg/vect/vect-shift-5.c -flto -ffat-lto-objects (test for excess errors)
FAIL: gcc.dg/vect/vect-widen-mult-sum.c (internal compiler error)
FAIL: gcc.dg/vect/vect-widen-mult-sum.c (test for excess errors)
FAIL: gcc.dg/vect/vect-widen-mult-sum.c -flto -ffat-lto-objects scan-tree-dump-times vect "vectorized 1 loops" 1
FAIL: gcc.dg/vect/vect-widen-mult-sum.c -flto -ffat-lto-objects (internal compiler error)
FAIL: gcc.dg/vect/vect-widen-mult-sum.c -flto -ffat-lto-objects (test for excess errors)
UNRESOLVED: gcc.dg/vect/vect-widen-mult-sum.c -flto -ffat-lto-objects compilation failed to produce executable
UNRESOLVED: gcc.dg/vect/vect-widen-mult-sum.c compilation failed to produce executable
FAIL: gcc.dg/vect/vect-widen-mult-sum.c scan-tree-dump-times vect "vectorized 1 loops" 1
UNRESOLVED: gcc.target/aarch64/advsimd-intrinsics/vld1x2.c -O0 compilation failed to produce executable
UNRESOLVED: gcc.target/aarch64/advsimd-intrinsics/vld1x2.c -O1 compilation failed to produce executable
UNRESOLVED: gcc.target/aarch64/advsimd-intrinsics/vld1x2.c -O2 compilation failed to produce executable
UNRESOLVED: gcc.target/aarch64/advsimd-intrinsics/vld1x2.c -O2 -flto -fno-use-linker-plugin -flto-partition=none compilation failed to produce executable
UNRESOLVED: gcc.target/aarch64/advsimd-intrinsics/vld1x2.c -O2 -flto -fuse-linker-plugin -fno-fat-lto-objects compilation failed to produce executable
UNRESOLVED: gcc.target/aarch64/advsimd-intrinsics/vld1x2.c -O3 -fomit-frame-pointer -funroll-loops -fpeel-loops -ftracer -finline-functions compilation failed to produce executable
UNRESOLVED: gcc.target/aarch64/advsimd-intrinsics/vld1x2.c -O3 -g compilation failed to produce executable
UNRESOLVED: gcc.target/aarch64/advsimd-intrinsics/vld1x2.c -Og -g compilation failed to produce executable
UNRESOLVED: gcc.target/aarch64/advsimd-intrinsics/vld1x2.c -Os compilation failed to produce executable
UNRESOLVED: gcc.target/aarch64/advsimd-intrinsics/vld1x3.c -O0 compilation failed to produce executable
UNRESOLVED: gcc.target/aarch64/advsimd-intrinsics/vld1x3.c -O1 compilation failed to produce executable
UNRESOLVED: gcc.target/aarch64/advsimd-intrinsics/vld1x3.c -O2 compilation failed to produce executable
UNRESOLVED: gcc.target/aarch64/advsimd-intrinsics/vld1x3.c -O2 -flto -fno-use-linker-plugin -flto-partition=none compilation failed to produce executable
UNRESOLVED: gcc.target/aarch64/advsimd-intrinsics/vld1x3.c -O2 -flto -fuse-linker-plugin -fno-fat-lto-objects compilation failed to produce executable
UNRESOLVED: gcc.target/aarch64/advsimd-intrinsics/vld1x3.c -O3 -fomit-frame-pointer -funroll-loops -fpeel-loops -ftracer -finline-functions compilation failed to produce executable
UNRESOLVED: gcc.target/aarch64/advsimd-intrinsics/vld1x3.c -O3 -g compilation failed to produce executable
UNRESOLVED: gcc.target/aarch64/advsimd-intrinsics/vld1x3.c -Og -g compilation failed to produce executable
UNRESOLVED: gcc.target/aarch64/advsimd-intrinsics/vld1x3.c -Os compilation failed to produce executable
UNRESOLVED: gcc.target/aarch64/advsimd-intrinsics/vld1x4.c -O0 compilation failed to produce executable
UNRESOLVED: gcc.target/aarch64/advsimd-intrinsics/vld1x4.c -O1 compilation failed to produce executable
UNRESOLVED: gcc.target/aarch64/advsimd-intrinsics/vld1x4.c -O2 compilation failed to produce executable
UNRESOLVED: gcc.target/aarch64/advsimd-intrinsics/vld1x4.c -O2 -flto -fno-use-linker-plugin -flto-partition=none compilation failed to produce executable
UNRESOLVED: gcc.target/aarch64/advsimd-intrinsics/vld1x4.c -O2 -flto -fuse-linker-plugin -fno-fat-lto-objects compilation failed to produce executable
UNRESOLVED: gcc.target/aarch64/advsimd-intrinsics/vld1x4.c -O3 -fomit-frame-pointer -funroll-loops -fpeel-loops -ftracer -finline-functions compilation failed to produce executable
UNRESOLVED: gcc.target/aarch64/advsimd-intrinsics/vld1x4.c -O3 -g compilation failed to produce executable
UNRESOLVED: gcc.target/aarch64/advsimd-intrinsics/vld1x4.c -Og -g compilation failed to produce executable
UNRESOLVED: gcc.target/aarch64/advsimd-intrinsics/vld1x4.c -Os compilation failed to produce executable
UNRESOLVED: gcc.target/aarch64/advsimd-intrinsics/vst1x2.c -O0 compilation failed to produce executable
UNRESOLVED: gcc.target/aarch64/advsimd-intrinsics/vst1x2.c -O1 compilation failed to produce executable
UNRESOLVED: gcc.target/aarch64/advsimd-intrinsics/vst1x2.c -O2 compilation failed to produce executable
UNRESOLVED: gcc.target/aarch64/advsimd-intrinsics/vst1x2.c -O2 -flto -fno-use-linker-plugin -flto-partition=none compilation failed to produce executable
UNRESOLVED: gcc.target/aarch64/advsimd-intrinsics/vst1x2.c -O2 -flto -fuse-linker-plugin -fno-fat-lto-objects compilation failed to produce executable
UNRESOLVED: gcc.target/aarch64/advsimd-intrinsics/vst1x2.c -O3 -fomit-frame-pointer -funroll-loops -fpeel-loops -ftracer -finline-functions compilation failed to produce executable
UNRESOLVED: gcc.target/aarch64/advsimd-intrinsics/vst1x2.c -O3 -g compilation failed to produce executable
UNRESOLVED: gcc.target/aarch64/advsimd-intrinsics/vst1x2.c -Og -g compilation failed to produce executable
UNRESOLVED: gcc.target/aarch64/advsimd-intrinsics/vst1x2.c -Os compilation failed to produce executable
UNRESOLVED: gcc.target/aarch64/advsimd-intrinsics/vst1x3.c -O0 compilation failed to produce executable
UNRESOLVED: gcc.target/aarch64/advsimd-intrinsics/vst1x3.c -O1 compilation failed to produce executable
UNRESOLVED: gcc.target/aarch64/advsimd-intrinsics/vst1x3.c -O2 compilation failed to produce executable
UNRESOLVED: gcc.target/aarch64/advsimd-intrinsics/vst1x3.c -O2 -flto -fno-use-linker-plugin -flto-partition=none compilation failed to produce executable
UNRESOLVED: gcc.target/aarch64/advsimd-intrinsics/vst1x3.c -O2 -flto -fuse-linker-plugin -fno-fat-lto-objects compilation failed to produce executable
UNRESOLVED: gcc.target/aarch64/advsimd-intrinsics/vst1x3.c -O3 -fomit-frame-pointer -funroll-loops -fpeel-loops -ftracer -finline-functions compilation failed to produce executable
UNRESOLVED: gcc.target/aarch64/advsimd-intrinsics/vst1x3.c -O3 -g compilation failed to produce executable
UNRESOLVED: gcc.target/aarch64/advsimd-intrinsics/vst1x3.c -Og -g compilation failed to produce executable
UNRESOLVED: gcc.target/aarch64/advsimd-intrinsics/vst1x3.c -Os compilation failed to produce executable
UNRESOLVED: gcc.target/aarch64/advsimd-intrinsics/vst1x4.c -O0 compilation failed to produce executable
UNRESOLVED: gcc.target/aarch64/advsimd-intrinsics/vst1x4.c -O1 compilation failed to produce executable
UNRESOLVED: gcc.target/aarch64/advsimd-intrinsics/vst1x4.c -O2 compilation failed to produce executable
UNRESOLVED: gcc.target/aarch64/advsimd-intrinsics/vst1x4.c -O2 -flto -fno-use-linker-plugin -flto-partition=none compilation failed to produce executable
UNRESOLVED: gcc.target/aarch64/advsimd-intrinsics/vst1x4.c -O2 -flto -fuse-linker-plugin -fno-fat-lto-objects compilation failed to produce executable
UNRESOLVED: gcc.target/aarch64/advsimd-intrinsics/vst1x4.c -O3 -fomit-frame-pointer -funroll-loops -fpeel-loops -ftracer -finline-functions compilation failed to produce executable
UNRESOLVED: gcc.target/aarch64/advsimd-intrinsics/vst1x4.c -O3 -g compilation failed to produce executable
UNRESOLVED: gcc.target/aarch64/advsimd-intrinsics/vst1x4.c -Og -g compilation failed to produce executable
UNRESOLVED: gcc.target/aarch64/advsimd-intrinsics/vst1x4.c -Os compilation failed to produce executable
FAIL: gcc.target/arm/addr-modes-float.c scan-assembler vst3.8\\t{d[02468], d[02468], d[02468]}, \\\\[r[0-9]+\\\\]!
FAIL: gcc.target/arm/attr-neon.c (internal compiler error)
FAIL: gcc.target/arm/attr-neon.c (test for excess errors)
UNRESOLVED: gcc.target/arm/attr-neon.c scan-assembler-times .fpu neon 1
UNRESOLVED: gcc.target/arm/attr-neon.c scan-assembler-times .fpu vfp 1
UNRESOLVED: gcc.target/arm/attr-neon.c scan-assembler-times vshl 1
FAIL: gcc.target/arm/bf16_dup.c (test for excess errors)
UNRESOLVED: gcc.target/arm/bf16_dup.c scan-assembler vdot.bf16\\\\td[0-9]+, d[0-9]+, d[0-9]+
UNRESOLVED: gcc.target/arm/bf16_dup.c scan-assembler vdup\\\\.16\\\\td[0-9]+, r[0-9]+
UNRESOLVED: gcc.target/arm/bf16_dup.c scan-assembler vdup\\\\.16\\\\tq[0-9]+, r[0-9]+
UNRESOLVED: gcc.target/arm/bf16_dup.c scan-assembler-times vdup\\\\.16\\\\td[0-9]+, d[0-9]+\\\\[1\\\\] 1
UNRESOLVED: gcc.target/arm/bf16_dup.c scan-assembler-times vdup\\\\.16\\\\tq[0-9]+, d[0-9]+\\\\[1\\\\] 1
FAIL: gcc.target/arm/bfloat16_simd_1_2.c (test for excess errors)
UNRESOLVED: gcc.target/arm/bfloat16_simd_1_2.c check-function-bodies stacktest1
UNRESOLVED: gcc.target/arm/bfloat16_simd_1_2.c check-function-bodies stacktest2
UNRESOLVED: gcc.target/arm/bfloat16_simd_1_2.c check-function-bodies stacktest3
FAIL: gcc.target/arm/bfloat16_simd_2_2.c (test for excess errors)
UNRESOLVED: gcc.target/arm/bfloat16_simd_2_2.c check-function-bodies stacktest1
UNRESOLVED: gcc.target/arm/bfloat16_simd_2_2.c check-function-bodies stacktest2
UNRESOLVED: gcc.target/arm/bfloat16_simd_2_2.c check-function-bodies stacktest3
FAIL: gcc.target/arm/bfloat16_simd_3_2.c (test for excess errors)
UNRESOLVED: gcc.target/arm/bfloat16_simd_3_2.c check-function-bodies stacktest1
UNRESOLVED: gcc.target/arm/bfloat16_simd_3_2.c check-function-bodies stacktest2
UNRESOLVED: gcc.target/arm/bfloat16_simd_3_2.c check-function-bodies stacktest3
FAIL: gcc.target/arm/memset-inline-8.c scan-assembler-not vstr
FAIL: gcc.target/arm/neon-reload-class.c (internal compiler error)
FAIL: gcc.target/arm/neon-reload-class.c (test for excess errors)
UNRESOLVED: gcc.target/arm/neon-reload-class.c scan-assembler-not (\\\\.d?word)
FAIL: gcc.target/arm/neon-vlshr-imm-1.c (internal compiler error)
FAIL: gcc.target/arm/neon-vlshr-imm-1.c (test for excess errors)
UNRESOLVED: gcc.target/arm/neon-vlshr-imm-1.c scan-assembler vshr.u32.*#3
FAIL: gcc.target/arm/neon-vshl-imm-1.c (internal compiler error)
FAIL: gcc.target/arm/neon-vshl-imm-1.c (test for excess errors)
UNRESOLVED: gcc.target/arm/neon-vshl-imm-1.c scan-assembler vshl.i32.*#3
FAIL: gcc.target/arm/neon-vshr-imm-1.c (internal compiler error)
FAIL: gcc.target/arm/neon-vshr-imm-1.c (test for excess errors)
UNRESOLVED: gcc.target/arm/neon-vshr-imm-1.c scan-assembler vshr.s32.*#3
FAIL: gcc.target/arm/pr43920-2.c scan-assembler-times pop 2
FAIL: gcc.target/arm/pr51968.c (test for excess errors)
FAIL: gcc.target/arm/pr91684.c scan-assembler-times strd 1
FAIL: gcc.target/arm/pr95646.c (test for excess errors)
UNRESOLVED: gcc.target/arm/pr95646.c check-function-bodies __acle_se_bar
UNRESOLVED: gcc.target/arm/pr95646.c scan-assembler-not mov\\tr9, r0
FAIL: gcc.target/arm/unaligned-memcpy-2.c scan-assembler-times ldrd 0
FAIL: gcc.target/arm/unaligned-memcpy-2.c scan-assembler-times strd 1
FAIL: gcc.target/arm/unaligned-memcpy-3.c scan-assembler-times ldrd 1
FAIL: gcc.target/arm/unaligned-memcpy-3.c scan-assembler-times strd 0
FAIL: gcc.target/arm/simd/bf16_vldn_1.c check-function-bodies test_vld3q_bf16
=== gcc Summary ===
# of expected passes 149259
# of unexpected failures 561
# of expected failures 727
# of unresolved testcases 251
# of unsupported tests 4700
/tmp/7140749_23.tmpdir/aci-gcc-fsf/builds/gcc-fsf-gccsrc/obj-arm-none-linux-gnueabihf/gcc3/gcc/xgcc version 11.0.0 20200703 (experimental) [master revision r11-1798-gb5f24739632389d50903bfde6d1bfc06d522c56b] (GCC)
Host is x86_64-pc-linux-gnu
=== gfortran tests ===
Running target qemu
WARNING: skipping asan tests due to ulimit -v
WARNING: skipping asan tests due to ulimit -v
WARNING: skipping asan tests due to ulimit -v
WARNING: skipping asan tests due to ulimit -v
FAIL: gfortran.dg/power_3.f90 -O3 -fomit-frame-pointer -funroll-loops -fpeel-loops -ftracer -finline-functions (internal compiler error)
FAIL: gfortran.dg/power_3.f90 -O3 -fomit-frame-pointer -funroll-loops -fpeel-loops -ftracer -finline-functions (test for excess errors)
UNRESOLVED: gfortran.dg/power_3.f90 -O3 -fomit-frame-pointer -funroll-loops -fpeel-loops -ftracer -finline-functions compilation failed to produce executable
FAIL: gfortran.dg/power_3.f90 -O3 -g (internal compiler error)
FAIL: gfortran.dg/power_3.f90 -O3 -g (test for excess errors)
UNRESOLVED: gfortran.dg/power_3.f90 -O3 -g compilation failed to produce executable
FAIL: gfortran.dg/power_7.f90 -O3 -fomit-frame-pointer -funroll-loops -fpeel-loops -ftracer -finline-functions (internal compiler error)
FAIL: gfortran.dg/power_7.f90 -O3 -fomit-frame-pointer -funroll-loops -fpeel-loops -ftracer -finline-functions (test for excess errors)
UNRESOLVED: gfortran.dg/power_7.f90 -O3 -fomit-frame-pointer -funroll-loops -fpeel-loops -ftracer -finline-functions compilation failed to produce executable
FAIL: gfortran.dg/power_7.f90 -O3 -g (internal compiler error)
FAIL: gfortran.dg/power_7.f90 -O3 -g (test for excess errors)
UNRESOLVED: gfortran.dg/power_7.f90 -O3 -g compilation failed to produce executable
FAIL: gfortran.dg/pr93423.f90 -O (internal compiler error)
FAIL: gfortran.dg/pr93423.f90 -O (test for excess errors)
FAIL: gfortran.dg/gomp/target1.f90 -O (internal compiler error)
FAIL: gfortran.dg/gomp/target1.f90 -O (test for excess errors)
FAIL: gfortran.dg/ieee/ieee_6.f90 -O0 execution test
FAIL: gfortran.dg/ieee/ieee_6.f90 -O1 execution test
FAIL: gfortran.dg/ieee/ieee_6.f90 -O2 execution test
FAIL: gfortran.dg/ieee/ieee_6.f90 -O3 -fomit-frame-pointer -funroll-loops -fpeel-loops -ftracer -finline-functions execution test
FAIL: gfortran.dg/ieee/ieee_6.f90 -O3 -g execution test
FAIL: gfortran.dg/ieee/ieee_6.f90 -Os execution test
XPASS: gfortran.dg/ieee/ieee_8.f90 -O0 execution test
XPASS: gfortran.dg/ieee/ieee_8.f90 -O1 execution test
XPASS: gfortran.dg/ieee/ieee_8.f90 -O2 execution test
XPASS: gfortran.dg/ieee/ieee_8.f90 -O3 -fomit-frame-pointer -funroll-loops -fpeel-loops -ftracer -finline-functions execution test
XPASS: gfortran.dg/ieee/ieee_8.f90 -O3 -g execution test
XPASS: gfortran.dg/ieee/ieee_8.f90 -Os execution test
FAIL: gfortran.dg/ieee/ieee_9.f90 -O0 (test for excess errors)
UNRESOLVED: gfortran.dg/ieee/ieee_9.f90 -O0 compilation failed to produce executable
FAIL: gfortran.dg/ieee/ieee_9.f90 -O1 (test for excess errors)
UNRESOLVED: gfortran.dg/ieee/ieee_9.f90 -O1 compilation failed to produce executable
FAIL: gfortran.dg/ieee/ieee_9.f90 -O2 (test for excess errors)
UNRESOLVED: gfortran.dg/ieee/ieee_9.f90 -O2 compilation failed to produce executable
FAIL: gfortran.dg/ieee/ieee_9.f90 -O3 -fomit-frame-pointer -funroll-loops -fpeel-loops -ftracer -finline-functions (test for excess errors)
UNRESOLVED: gfortran.dg/ieee/ieee_9.f90 -O3 -fomit-frame-pointer -funroll-loops -fpeel-loops -ftracer -finline-functions compilation failed to produce executable
FAIL: gfortran.dg/ieee/ieee_9.f90 -O3 -g (test for excess errors)
UNRESOLVED: gfortran.dg/ieee/ieee_9.f90 -O3 -g compilation failed to produce executable
FAIL: gfortran.dg/ieee/ieee_9.f90 -Os (test for excess errors)
UNRESOLVED: gfortran.dg/ieee/ieee_9.f90 -Os compilation failed to produce executable
FAIL: gfortran.dg/vect/vect-alias-check-1.F90 -O0 (internal compiler error)
FAIL: gfortran.dg/vect/vect-alias-check-1.F90 -O0 (test for excess errors)
UNRESOLVED: gfortran.dg/vect/vect-alias-check-1.F90 -O0 compilation failed to produce executable
FAIL: gfortran.dg/vect/vect-alias-check-1.F90 -O1 (internal compiler error)
FAIL: gfortran.dg/vect/vect-alias-check-1.F90 -O1 (test for excess errors)
UNRESOLVED: gfortran.dg/vect/vect-alias-check-1.F90 -O1 compilation failed to produce executable
FAIL: gfortran.dg/vect/vect-alias-check-1.F90 -O2 (internal compiler error)
FAIL: gfortran.dg/vect/vect-alias-check-1.F90 -O2 (test for excess errors)
UNRESOLVED: gfortran.dg/vect/vect-alias-check-1.F90 -O2 compilation failed to produce executable
FAIL: gfortran.dg/vect/vect-alias-check-1.F90 -O3 -fomit-frame-pointer -funroll-loops -fpeel-loops -ftracer -finline-functions (internal compiler error)
FAIL: gfortran.dg/vect/vect-alias-check-1.F90 -O3 -fomit-frame-pointer -funroll-loops -fpeel-loops -ftracer -finline-functions (test for excess errors)
UNRESOLVED: gfortran.dg/vect/vect-alias-check-1.F90 -O3 -fomit-frame-pointer -funroll-loops -fpeel-loops -ftracer -finline-functions compilation failed to produce executable
FAIL: gfortran.dg/vect/vect-alias-check-1.F90 -O3 -g (internal compiler error)
FAIL: gfortran.dg/vect/vect-alias-check-1.F90 -O3 -g (test for excess errors)
UNRESOLVED: gfortran.dg/vect/vect-alias-check-1.F90 -O3 -g compilation failed to produce executable
FAIL: gfortran.dg/vect/vect-alias-check-1.F90 -Os (internal compiler error)
FAIL: gfortran.dg/vect/vect-alias-check-1.F90 -Os (test for excess errors)
UNRESOLVED: gfortran.dg/vect/vect-alias-check-1.F90 -Os compilation failed to produce executable
=== gfortran Summary ===
# of expected passes 52848
# of unexpected failures 36
# of unexpected successes 6
# of expected failures 185
# of unresolved testcases 16
# of unsupported tests 392
/tmp/7140749_23.tmpdir/aci-gcc-fsf/builds/gcc-fsf-gccsrc/obj-arm-none-linux-gnueabihf/gcc3/gcc/gfortran version 11.0.0 20200703 (experimental) [master revision r11-1798-gb5f24739632389d50903bfde6d1bfc06d522c56b] (GCC)
Host is x86_64-pc-linux-gnu
=== g++ tests ===
Running target qemu
WARNING: skipping asan tests due to ulimit -v
WARNING: skipping asan tests due to ulimit -v
WARNING: skipping asan tests due to ulimit -v
WARNING: skipping asan tests due to ulimit -v
WARNING: skipping asan tests due to ulimit -v
FAIL: c-c++-common/opaque-vector.c -std=c++14 (internal compiler error)
FAIL: c-c++-common/opaque-vector.c -std=c++14 (test for excess errors)
FAIL: c-c++-common/opaque-vector.c -std=c++17 (internal compiler error)
FAIL: c-c++-common/opaque-vector.c -std=c++17 (test for excess errors)
FAIL: c-c++-common/opaque-vector.c -std=c++2a (internal compiler error)
FAIL: c-c++-common/opaque-vector.c -std=c++2a (test for excess errors)
FAIL: c-c++-common/opaque-vector.c -std=c++98 (internal compiler error)
FAIL: c-c++-common/opaque-vector.c -std=c++98 (test for excess errors)
FAIL: g++.dg/cpp1y/lambda-generic-69078-1.C -std=gnu++14 (test for excess errors)
UNRESOLVED: g++.dg/cpp1y/lambda-generic-69078-1.C -std=gnu++14 compilation failed to produce executable
FAIL: g++.dg/cpp1y/lambda-generic-69078-1.C -std=gnu++17 (test for excess errors)
UNRESOLVED: g++.dg/cpp1y/lambda-generic-69078-1.C -std=gnu++17 compilation failed to produce executable
FAIL: g++.dg/cpp1y/lambda-generic-69078-1.C -std=gnu++2a (test for excess errors)
UNRESOLVED: g++.dg/cpp1y/lambda-generic-69078-1.C -std=gnu++2a compilation failed to produce executable
FAIL: g++.dg/pr55106.C -std=gnu++14 (internal compiler error)
FAIL: g++.dg/pr55106.C -std=gnu++14 (test for excess errors)
FAIL: g++.dg/pr55106.C -std=gnu++17 (internal compiler error)
FAIL: g++.dg/pr55106.C -std=gnu++17 (test for excess errors)
FAIL: g++.dg/pr55106.C -std=gnu++2a (internal compiler error)
FAIL: g++.dg/pr55106.C -std=gnu++2a (test for excess errors)
FAIL: g++.dg/pr55106.C -std=gnu++98 (internal compiler error)
FAIL: g++.dg/pr55106.C -std=gnu++98 (test for excess errors)
FAIL: g++.dg/pr58950.C -std=gnu++14 (internal compiler error)
FAIL: g++.dg/pr58950.C -std=gnu++14 (test for excess errors)
FAIL: g++.dg/pr58950.C -std=gnu++17 (internal compiler error)
FAIL: g++.dg/pr58950.C -std=gnu++17 (test for excess errors)
FAIL: g++.dg/pr58950.C -std=gnu++2a (internal compiler error)
FAIL: g++.dg/pr58950.C -std=gnu++2a (test for excess errors)
FAIL: g++.dg/pr58950.C -std=gnu++98 (internal compiler error)
FAIL: g++.dg/pr58950.C -std=gnu++98 (test for excess errors)
FAIL: g++.dg/lto/pr65276 cp_lto_pr65276_0.o-cp_lto_pr65276_1.o link, -flto -O0 -std=c++11
FAIL: g++.dg/torture/pr53693.C -O3 -fomit-frame-pointer -funroll-loops -fpeel-loops -ftracer -finline-functions (internal compiler error)
FAIL: g++.dg/torture/pr53693.C -O3 -fomit-frame-pointer -funroll-loops -fpeel-loops -ftracer -finline-functions (test for excess errors)
FAIL: g++.dg/torture/pr53693.C -O3 -g (internal compiler error)
FAIL: g++.dg/torture/pr53693.C -O3 -g (test for excess errors)
FAIL: g++.dg/vect/pr60000.cc -std=c++14 (internal compiler error)
FAIL: g++.dg/vect/pr60000.cc -std=c++14 (test for excess errors)
FAIL: g++.dg/vect/pr60000.cc -std=c++17 (internal compiler error)
FAIL: g++.dg/vect/pr60000.cc -std=c++17 (test for excess errors)
FAIL: g++.dg/vect/pr60000.cc -std=c++2a (internal compiler error)
FAIL: g++.dg/vect/pr60000.cc -std=c++2a (test for excess errors)
FAIL: g++.dg/vect/pr60000.cc -std=c++98 (internal compiler error)
FAIL: g++.dg/vect/pr60000.cc -std=c++98 (test for excess errors)
FAIL: g++.dg/vect/pr71483.c -std=c++14 (internal compiler error)
FAIL: g++.dg/vect/pr71483.c -std=c++14 (test for excess errors)
FAIL: g++.dg/vect/pr71483.c -std=c++17 (internal compiler error)
FAIL: g++.dg/vect/pr71483.c -std=c++17 (test for excess errors)
FAIL: g++.dg/vect/pr71483.c -std=c++2a (internal compiler error)
FAIL: g++.dg/vect/pr71483.c -std=c++2a (test for excess errors)
FAIL: g++.dg/vect/pr71483.c -std=c++98 (internal compiler error)
FAIL: g++.dg/vect/pr71483.c -std=c++98 (test for excess errors)
FAIL: g++.dg/vect/pr87621.cc -std=c++14 (internal compiler error)
FAIL: g++.dg/vect/pr87621.cc -std=c++14 (test for excess errors)
FAIL: g++.dg/vect/pr87621.cc -std=c++17 (internal compiler error)
FAIL: g++.dg/vect/pr87621.cc -std=c++17 (test for excess errors)
FAIL: g++.dg/vect/pr87621.cc -std=c++2a (internal compiler error)
FAIL: g++.dg/vect/pr87621.cc -std=c++2a (test for excess errors)
FAIL: g++.dg/vect/pr87621.cc -std=c++98 (internal compiler error)
FAIL: g++.dg/vect/pr87621.cc -std=c++98 (test for excess errors)
FAIL: g++.dg/vect/pr87914.cc -std=c++14 (internal compiler error)
FAIL: g++.dg/vect/pr87914.cc -std=c++14 (test for excess errors)
UNRESOLVED: g++.dg/vect/pr87914.cc -std=c++14 compilation failed to produce executable
FAIL: g++.dg/vect/pr87914.cc -std=c++17 (internal compiler error)
FAIL: g++.dg/vect/pr87914.cc -std=c++17 (test for excess errors)
UNRESOLVED: g++.dg/vect/pr87914.cc -std=c++17 compilation failed to produce executable
FAIL: g++.dg/vect/pr87914.cc -std=c++2a (internal compiler error)
FAIL: g++.dg/vect/pr87914.cc -std=c++2a (test for excess errors)
UNRESOLVED: g++.dg/vect/pr87914.cc -std=c++2a compilation failed to produce executable
FAIL: g++.dg/vect/pr87914.cc -std=c++98 (internal compiler error)
FAIL: g++.dg/vect/pr87914.cc -std=c++98 (test for excess errors)
UNRESOLVED: g++.dg/vect/pr87914.cc -std=c++98 compilation failed to produce executable
=== g++ Summary ===
# of expected passes 190681
# of unexpected failures 64
# of expected failures 734
# of unresolved testcases 7
# of unsupported tests 8512
/tmp/7140749_23.tmpdir/aci-gcc-fsf/builds/gcc-fsf-gccsrc/obj-arm-none-linux-gnueabihf/gcc3/gcc/xg++ version 11.0.0 20200703 (experimental) [master revision r11-1798-gb5f24739632389d50903bfde6d1bfc06d522c56b] (GCC)
Compiler version: 11.0.0 20200703 (experimental) [master revision r11-1798-gb5f24739632389d50903bfde6d1bfc06d522c56b] (GCC)
Platform: arm-none-linux-gnueabihf
configure flags: --target=arm-none-linux-gnueabihf --prefix=/tmp/7140749_23.tmpdir/aci-gcc-fsf/builds/gcc-fsf-gccsrc/tools --with-sysroot=/tmp/7140749_23.tmpdir/aci-gcc-fsf/builds/gcc-fsf-gccsrc/sysroot-arm-none-linux-gnueabihf --disable-nls --disable-libgomp --disable-libmudflap --disable-libcilkrts --enable-checking --enable-languages=c,c++,fortran --with-float=hard --enable-build-with-cxx --with-mode=arm --with-cpu=cortex-a57 --with-fpu=crypto-neon-fp-armv8
More information about the Gcc-testresults
mailing list