Results for 11.0.0 20200702 (experimental) [master revision r11-1781-g5c9669a0e6cbf477a03024522943197bdb2682d4] (GCC) testsuite on arm-none-linux-gnueabihf
Christophe LYON
christophe.lyon@st.com
Thu Jul 2 14:38:27 GMT 2020
LAST_UPDATED: Thu Jul 2 12:02:36 UTC 2020 (revision r11-1781-g5c9669a0e6cbf477a03024522943197bdb2682d4) TARGET=arm-none-linux-gnueabihf CPU=cortex-a9 FPU=vfp MODE=arm
Target is arm-none-linux-gnueabihf
Host is arm-none-linux-gnueabihf
=== libatomic tests ===
Running target qemu/-march=armv5t
=== libatomic Summary ===
# of expected passes 44
# of unsupported tests 5
Host is arm-none-linux-gnueabihf
=== libitm tests ===
Running target qemu/-march=armv5t
=== libitm Summary ===
# of expected passes 42
# of expected failures 3
# of unsupported tests 1
Host is arm-none-linux-gnueabihf
=== libstdc++ tests ===
Running target qemu/-march=armv5t
FAIL: 29_atomics/atomic_float/value_init.cc (test for excess errors)
UNRESOLVED: 29_atomics/atomic_float/value_init.cc compilation failed to produce executable
WARNING: 30_threads/condition_variable/54185.cc execution test (Killed, timed out) program timed out.
FAIL: experimental/net/internet/resolver/ops/lookup.cc execution test
=== libstdc++ Summary ===
# of expected passes 13276
# of unexpected failures 2
# of expected failures 94
# of untested testcases 1
# of unresolved testcases 1
# of unsupported tests 758
Host is x86_64-pc-linux-gnu
=== gcc tests ===
Running target qemu/-march=armv5t
WARNING: skipping asan tests due to ulimit -v
WARNING: skipping asan tests due to ulimit -v
WARNING: skipping asan tests due to ulimit -v
WARNING: skipping asan tests due to ulimit -v
WARNING: skipping asan tests due to ulimit -v
WARNING: skipping asan tests due to ulimit -v
WARNING: skipping asan tests due to ulimit -v
WARNING: skipping asan tests due to ulimit -v
FAIL: gcc.dg/ira-shrinkwrap-prep-1.c scan-rtl-dump pro_and_epilogue "Performing shrink-wrapping"
UNRESOLVED: gcc.dg/tree-prof/crossmodule-indir-call-topn-1.c scan-pgo-wpa-ipa-dump profile_estimate "2 \\\\(200.00%\\\\) speculations produced."
UNRESOLVED: gcc.dg/tree-prof/crossmodule-indir-call-topn-2.c scan-pgo-wpa-ipa-dump profile_estimate "2 \\\\(200.00%\\\\) speculations produced."
XPASS: gcc.dg/vect/vect-cond-1.c -flto -ffat-lto-objects scan-tree-dump-times vect "OUTER LOOP VECTORIZED" 1
XPASS: gcc.dg/vect/vect-cond-1.c scan-tree-dump-times vect "OUTER LOOP VECTORIZED" 1
XPASS: gcc.dg/vect/vect-cond-3.c -flto -ffat-lto-objects scan-tree-dump-times vect "OUTER LOOP VECTORIZED" 1
XPASS: gcc.dg/vect/vect-cond-3.c scan-tree-dump-times vect "OUTER LOOP VECTORIZED" 1
XPASS: gcc.dg/vect/vect-cond-4.c -flto -ffat-lto-objects scan-tree-dump-times vect "OUTER LOOP VECTORIZED" 1
XPASS: gcc.dg/vect/vect-cond-4.c scan-tree-dump-times vect "OUTER LOOP VECTORIZED" 1
UNRESOLVED: gcc.target/aarch64/advsimd-intrinsics/vld1x2.c -O0 compilation failed to produce executable
UNRESOLVED: gcc.target/aarch64/advsimd-intrinsics/vld1x2.c -O1 compilation failed to produce executable
UNRESOLVED: gcc.target/aarch64/advsimd-intrinsics/vld1x2.c -O2 compilation failed to produce executable
UNRESOLVED: gcc.target/aarch64/advsimd-intrinsics/vld1x2.c -O2 -flto -fno-use-linker-plugin -flto-partition=none compilation failed to produce executable
UNRESOLVED: gcc.target/aarch64/advsimd-intrinsics/vld1x2.c -O2 -flto -fuse-linker-plugin -fno-fat-lto-objects compilation failed to produce executable
UNRESOLVED: gcc.target/aarch64/advsimd-intrinsics/vld1x2.c -O3 -fomit-frame-pointer -funroll-loops -fpeel-loops -ftracer -finline-functions compilation failed to produce executable
UNRESOLVED: gcc.target/aarch64/advsimd-intrinsics/vld1x2.c -O3 -g compilation failed to produce executable
UNRESOLVED: gcc.target/aarch64/advsimd-intrinsics/vld1x2.c -Og -g compilation failed to produce executable
UNRESOLVED: gcc.target/aarch64/advsimd-intrinsics/vld1x2.c -Os compilation failed to produce executable
UNRESOLVED: gcc.target/aarch64/advsimd-intrinsics/vld1x3.c -O0 compilation failed to produce executable
UNRESOLVED: gcc.target/aarch64/advsimd-intrinsics/vld1x3.c -O1 compilation failed to produce executable
UNRESOLVED: gcc.target/aarch64/advsimd-intrinsics/vld1x3.c -O2 compilation failed to produce executable
UNRESOLVED: gcc.target/aarch64/advsimd-intrinsics/vld1x3.c -O2 -flto -fno-use-linker-plugin -flto-partition=none compilation failed to produce executable
UNRESOLVED: gcc.target/aarch64/advsimd-intrinsics/vld1x3.c -O2 -flto -fuse-linker-plugin -fno-fat-lto-objects compilation failed to produce executable
UNRESOLVED: gcc.target/aarch64/advsimd-intrinsics/vld1x3.c -O3 -fomit-frame-pointer -funroll-loops -fpeel-loops -ftracer -finline-functions compilation failed to produce executable
UNRESOLVED: gcc.target/aarch64/advsimd-intrinsics/vld1x3.c -O3 -g compilation failed to produce executable
UNRESOLVED: gcc.target/aarch64/advsimd-intrinsics/vld1x3.c -Og -g compilation failed to produce executable
UNRESOLVED: gcc.target/aarch64/advsimd-intrinsics/vld1x3.c -Os compilation failed to produce executable
UNRESOLVED: gcc.target/aarch64/advsimd-intrinsics/vld1x4.c -O0 compilation failed to produce executable
UNRESOLVED: gcc.target/aarch64/advsimd-intrinsics/vld1x4.c -O1 compilation failed to produce executable
UNRESOLVED: gcc.target/aarch64/advsimd-intrinsics/vld1x4.c -O2 compilation failed to produce executable
UNRESOLVED: gcc.target/aarch64/advsimd-intrinsics/vld1x4.c -O2 -flto -fno-use-linker-plugin -flto-partition=none compilation failed to produce executable
UNRESOLVED: gcc.target/aarch64/advsimd-intrinsics/vld1x4.c -O2 -flto -fuse-linker-plugin -fno-fat-lto-objects compilation failed to produce executable
UNRESOLVED: gcc.target/aarch64/advsimd-intrinsics/vld1x4.c -O3 -fomit-frame-pointer -funroll-loops -fpeel-loops -ftracer -finline-functions compilation failed to produce executable
UNRESOLVED: gcc.target/aarch64/advsimd-intrinsics/vld1x4.c -O3 -g compilation failed to produce executable
UNRESOLVED: gcc.target/aarch64/advsimd-intrinsics/vld1x4.c -Og -g compilation failed to produce executable
UNRESOLVED: gcc.target/aarch64/advsimd-intrinsics/vld1x4.c -Os compilation failed to produce executable
UNRESOLVED: gcc.target/aarch64/advsimd-intrinsics/vst1x2.c -O0 compilation failed to produce executable
UNRESOLVED: gcc.target/aarch64/advsimd-intrinsics/vst1x2.c -O1 compilation failed to produce executable
UNRESOLVED: gcc.target/aarch64/advsimd-intrinsics/vst1x2.c -O2 compilation failed to produce executable
UNRESOLVED: gcc.target/aarch64/advsimd-intrinsics/vst1x2.c -O2 -flto -fno-use-linker-plugin -flto-partition=none compilation failed to produce executable
UNRESOLVED: gcc.target/aarch64/advsimd-intrinsics/vst1x2.c -O2 -flto -fuse-linker-plugin -fno-fat-lto-objects compilation failed to produce executable
UNRESOLVED: gcc.target/aarch64/advsimd-intrinsics/vst1x2.c -O3 -fomit-frame-pointer -funroll-loops -fpeel-loops -ftracer -finline-functions compilation failed to produce executable
UNRESOLVED: gcc.target/aarch64/advsimd-intrinsics/vst1x2.c -O3 -g compilation failed to produce executable
UNRESOLVED: gcc.target/aarch64/advsimd-intrinsics/vst1x2.c -Og -g compilation failed to produce executable
UNRESOLVED: gcc.target/aarch64/advsimd-intrinsics/vst1x2.c -Os compilation failed to produce executable
UNRESOLVED: gcc.target/aarch64/advsimd-intrinsics/vst1x3.c -O0 compilation failed to produce executable
UNRESOLVED: gcc.target/aarch64/advsimd-intrinsics/vst1x3.c -O1 compilation failed to produce executable
UNRESOLVED: gcc.target/aarch64/advsimd-intrinsics/vst1x3.c -O2 compilation failed to produce executable
UNRESOLVED: gcc.target/aarch64/advsimd-intrinsics/vst1x3.c -O2 -flto -fno-use-linker-plugin -flto-partition=none compilation failed to produce executable
UNRESOLVED: gcc.target/aarch64/advsimd-intrinsics/vst1x3.c -O2 -flto -fuse-linker-plugin -fno-fat-lto-objects compilation failed to produce executable
UNRESOLVED: gcc.target/aarch64/advsimd-intrinsics/vst1x3.c -O3 -fomit-frame-pointer -funroll-loops -fpeel-loops -ftracer -finline-functions compilation failed to produce executable
UNRESOLVED: gcc.target/aarch64/advsimd-intrinsics/vst1x3.c -O3 -g compilation failed to produce executable
UNRESOLVED: gcc.target/aarch64/advsimd-intrinsics/vst1x3.c -Og -g compilation failed to produce executable
UNRESOLVED: gcc.target/aarch64/advsimd-intrinsics/vst1x3.c -Os compilation failed to produce executable
UNRESOLVED: gcc.target/aarch64/advsimd-intrinsics/vst1x4.c -O0 compilation failed to produce executable
UNRESOLVED: gcc.target/aarch64/advsimd-intrinsics/vst1x4.c -O1 compilation failed to produce executable
UNRESOLVED: gcc.target/aarch64/advsimd-intrinsics/vst1x4.c -O2 compilation failed to produce executable
UNRESOLVED: gcc.target/aarch64/advsimd-intrinsics/vst1x4.c -O2 -flto -fno-use-linker-plugin -flto-partition=none compilation failed to produce executable
UNRESOLVED: gcc.target/aarch64/advsimd-intrinsics/vst1x4.c -O2 -flto -fuse-linker-plugin -fno-fat-lto-objects compilation failed to produce executable
UNRESOLVED: gcc.target/aarch64/advsimd-intrinsics/vst1x4.c -O3 -fomit-frame-pointer -funroll-loops -fpeel-loops -ftracer -finline-functions compilation failed to produce executable
UNRESOLVED: gcc.target/aarch64/advsimd-intrinsics/vst1x4.c -O3 -g compilation failed to produce executable
UNRESOLVED: gcc.target/aarch64/advsimd-intrinsics/vst1x4.c -Og -g compilation failed to produce executable
UNRESOLVED: gcc.target/aarch64/advsimd-intrinsics/vst1x4.c -Os compilation failed to produce executable
FAIL: gcc.target/arm/acle/saturation.c -O0 scan-assembler-times ssat\\t...?, #8, ...? 1
FAIL: gcc.target/arm/acle/saturation.c -O0 scan-assembler-times usat\\t...?, #24, ...? 1
FAIL: gcc.target/arm/acle/saturation.c -O0 scan-assembler-times usat\\t...?, #3, ...? 1
FAIL: gcc.target/arm/acle/saturation.c -O0 (test for excess errors)
FAIL: gcc.target/arm/acle/saturation.c -O1 scan-assembler-times ssat\\t...?, #8, ...? 1
FAIL: gcc.target/arm/acle/saturation.c -O1 scan-assembler-times usat\\t...?, #24, ...? 1
FAIL: gcc.target/arm/acle/saturation.c -O1 scan-assembler-times usat\\t...?, #3, ...? 1
FAIL: gcc.target/arm/acle/saturation.c -O1 (test for excess errors)
FAIL: gcc.target/arm/acle/saturation.c -O2 scan-assembler-times ssat\\t...?, #8, ...? 1
FAIL: gcc.target/arm/acle/saturation.c -O2 scan-assembler-times usat\\t...?, #24, ...? 1
FAIL: gcc.target/arm/acle/saturation.c -O2 scan-assembler-times usat\\t...?, #3, ...? 1
FAIL: gcc.target/arm/acle/saturation.c -O2 (test for excess errors)
FAIL: gcc.target/arm/acle/saturation.c -O3 -g scan-assembler-times ssat\\t...?, #8, ...? 1
FAIL: gcc.target/arm/acle/saturation.c -O3 -g scan-assembler-times usat\\t...?, #24, ...? 1
FAIL: gcc.target/arm/acle/saturation.c -O3 -g scan-assembler-times usat\\t...?, #3, ...? 1
FAIL: gcc.target/arm/acle/saturation.c -O3 -g (test for excess errors)
FAIL: gcc.target/arm/acle/saturation.c -Os scan-assembler-times ssat\\t...?, #8, ...? 1
FAIL: gcc.target/arm/acle/saturation.c -Os scan-assembler-times usat\\t...?, #24, ...? 1
FAIL: gcc.target/arm/acle/saturation.c -Os scan-assembler-times usat\\t...?, #3, ...? 1
FAIL: gcc.target/arm/acle/saturation.c -Os (test for excess errors)
FAIL: gcc.target/arm/acle/saturation.c -O2 -flto -fno-use-linker-plugin -flto-partition=none -ffat-lto-objects scan-assembler-times ssat\\t...?, #8, ...? 1
FAIL: gcc.target/arm/acle/saturation.c -O2 -flto -fno-use-linker-plugin -flto-partition=none -ffat-lto-objects scan-assembler-times usat\\t...?, #24, ...? 1
FAIL: gcc.target/arm/acle/saturation.c -O2 -flto -fno-use-linker-plugin -flto-partition=none -ffat-lto-objects scan-assembler-times usat\\t...?, #3, ...? 1
FAIL: gcc.target/arm/acle/saturation.c -O2 -flto -fno-use-linker-plugin -flto-partition=none -ffat-lto-objects (test for excess errors)
FAIL: gcc.target/arm/acle/saturation.c -O2 -flto -fuse-linker-plugin -fno-fat-lto-objects -ffat-lto-objects scan-assembler-times ssat\\t...?, #8, ...? 1
FAIL: gcc.target/arm/acle/saturation.c -O2 -flto -fuse-linker-plugin -fno-fat-lto-objects -ffat-lto-objects scan-assembler-times usat\\t...?, #24, ...? 1
FAIL: gcc.target/arm/acle/saturation.c -O2 -flto -fuse-linker-plugin -fno-fat-lto-objects -ffat-lto-objects scan-assembler-times usat\\t...?, #3, ...? 1
FAIL: gcc.target/arm/acle/saturation.c -O2 -flto -fuse-linker-plugin -fno-fat-lto-objects -ffat-lto-objects (test for excess errors)
FAIL: gcc.target/arm/addr-modes-float.c scan-assembler vst3.8\\t{d[02468], d[02468], d[02468]}, \\\\[r[0-9]+\\\\]!
FAIL: gcc.target/arm/memcpy-aligned-1.c scan-assembler-not ldr\\t
FAIL: gcc.target/arm/memcpy-aligned-1.c scan-assembler-times str\\t 1
FAIL: gcc.target/arm/neon-vcond-gt.c scan-assembler vbsl|vbit|vbif[\\\\t ]*q[0-9]+,[\\\\t ]*q[0-9]+,[\\\\t ]*q[0-9]+
FAIL: gcc.target/arm/neon-vcond-gt.c scan-assembler vcgt\\\\.f32[\\\\t ]*q[0-9]+,[\\\\t ]*q[0-9]+,[\\\\t ]*q[0-9]+
FAIL: gcc.target/arm/neon-vcond-ltgt.c scan-assembler vbsl|vbit|vbif[\\\\t ]*q[0-9]+,[\\\\t ]*q[0-9]+,[\\\\t ]*q[0-9]+
FAIL: gcc.target/arm/neon-vcond-ltgt.c scan-assembler vorr[\\\\t ]*q[0-9]+,[\\\\t ]*q[0-9]+,[\\\\t ]*q[0-9]+
FAIL: gcc.target/arm/neon-vcond-ltgt.c scan-assembler-times vcgt\\\\.f32[\\\\t ]*q[0-9]+,[\\\\t ]*q[0-9]+,[\\\\t ]*q[0-9]+ 2
FAIL: gcc.target/arm/neon-vcond-unordered.c scan-assembler vbsl|vbit|vbif[\\\\t ]*q[0-9]+,[\\\\t ]*q[0-9]+,[\\\\t ]*q[0-9]+
FAIL: gcc.target/arm/neon-vcond-unordered.c scan-assembler vcge\\\\.f32[\\\\t ]*q[0-9]+,[\\\\t ]*q[0-9]+,[\\\\t ]*q[0-9]+
FAIL: gcc.target/arm/neon-vcond-unordered.c scan-assembler vcgt\\\\.f32[\\\\t ]*q[0-9]+,[\\\\t ]*q[0-9]+,[\\\\t ]*q[0-9]+
FAIL: gcc.target/arm/neon-vcond-unordered.c scan-assembler vorr[\\\\t ]*q[0-9]+,[\\\\t ]*q[0-9]+,[\\\\t ]*q[0-9]+
FAIL: gcc.target/arm/pr42575.c scan-assembler-not mov
FAIL: gcc.target/arm/pr51968.c (test for excess errors)
FAIL: gcc.target/arm/reg_equal_test.c scan-rtl-dump expand "expr_list:REG_EQUAL \\\\(const_int -942519458"
FAIL: gcc.target/arm/simd/vmmla_1.c (test for excess errors)
FAIL: gcc.target/arm/simd/vmmla_1.c scan-assembler-times \\\\tvsmmla.s8\\\\tq[0-9]+, q[0-9]+, q[0-9]+ 1
FAIL: gcc.target/arm/simd/vmmla_1.c scan-assembler-times \\\\tvummla.u8\\\\tq[0-9]+, q[0-9]+, q[0-9]+ 1
FAIL: gcc.target/arm/simd/vmmla_1.c scan-assembler-times \\\\tvusmmla.s8\\\\tq[0-9]+, q[0-9]+, q[0-9]+ 1
=== gcc Summary ===
# of expected passes 143312
# of unexpected failures 48
# of unexpected successes 6
# of expected failures 644
# of unresolved testcases 56
# of unsupported tests 6462
/tmp/6997202_13.tmpdir/aci-gcc-fsf/builds/gcc-fsf-gccsrc/obj-arm-none-linux-gnueabihf/gcc3/gcc/xgcc version 11.0.0 20200702 (experimental) [master revision r11-1781-g5c9669a0e6cbf477a03024522943197bdb2682d4] (GCC)
Host is x86_64-pc-linux-gnu
=== gfortran tests ===
Running target qemu/-march=armv5t
WARNING: skipping asan tests due to ulimit -v
WARNING: skipping asan tests due to ulimit -v
WARNING: skipping asan tests due to ulimit -v
WARNING: skipping asan tests due to ulimit -v
WARNING: skipping asan tests due to ulimit -v
FAIL: gfortran.dg/gomp/target1.f90 -O (internal compiler error)
FAIL: gfortran.dg/gomp/target1.f90 -O (test for excess errors)
FAIL: gfortran.dg/ieee/ieee_6.f90 -O0 execution test
FAIL: gfortran.dg/ieee/ieee_6.f90 -O1 execution test
FAIL: gfortran.dg/ieee/ieee_6.f90 -O2 execution test
FAIL: gfortran.dg/ieee/ieee_6.f90 -O3 -fomit-frame-pointer -funroll-loops -fpeel-loops -ftracer -finline-functions execution test
FAIL: gfortran.dg/ieee/ieee_6.f90 -O3 -g execution test
FAIL: gfortran.dg/ieee/ieee_6.f90 -Os execution test
XPASS: gfortran.dg/ieee/ieee_8.f90 -O0 execution test
XPASS: gfortran.dg/ieee/ieee_8.f90 -O1 execution test
XPASS: gfortran.dg/ieee/ieee_8.f90 -O2 execution test
XPASS: gfortran.dg/ieee/ieee_8.f90 -O3 -fomit-frame-pointer -funroll-loops -fpeel-loops -ftracer -finline-functions execution test
XPASS: gfortran.dg/ieee/ieee_8.f90 -O3 -g execution test
XPASS: gfortran.dg/ieee/ieee_8.f90 -Os execution test
FAIL: gfortran.dg/ieee/ieee_9.f90 -O0 (test for excess errors)
UNRESOLVED: gfortran.dg/ieee/ieee_9.f90 -O0 compilation failed to produce executable
FAIL: gfortran.dg/ieee/ieee_9.f90 -O1 (test for excess errors)
UNRESOLVED: gfortran.dg/ieee/ieee_9.f90 -O1 compilation failed to produce executable
FAIL: gfortran.dg/ieee/ieee_9.f90 -O2 (test for excess errors)
UNRESOLVED: gfortran.dg/ieee/ieee_9.f90 -O2 compilation failed to produce executable
FAIL: gfortran.dg/ieee/ieee_9.f90 -O3 -fomit-frame-pointer -funroll-loops -fpeel-loops -ftracer -finline-functions (test for excess errors)
UNRESOLVED: gfortran.dg/ieee/ieee_9.f90 -O3 -fomit-frame-pointer -funroll-loops -fpeel-loops -ftracer -finline-functions compilation failed to produce executable
FAIL: gfortran.dg/ieee/ieee_9.f90 -O3 -g (test for excess errors)
UNRESOLVED: gfortran.dg/ieee/ieee_9.f90 -O3 -g compilation failed to produce executable
FAIL: gfortran.dg/ieee/ieee_9.f90 -Os (test for excess errors)
UNRESOLVED: gfortran.dg/ieee/ieee_9.f90 -Os compilation failed to produce executable
=== gfortran Summary ===
# of expected passes 52833
# of unexpected failures 14
# of unexpected successes 6
# of expected failures 185
# of unresolved testcases 6
# of unsupported tests 406
/tmp/6997202_13.tmpdir/aci-gcc-fsf/builds/gcc-fsf-gccsrc/obj-arm-none-linux-gnueabihf/gcc3/gcc/gfortran version 11.0.0 20200702 (experimental) [master revision r11-1781-g5c9669a0e6cbf477a03024522943197bdb2682d4] (GCC)
Host is x86_64-pc-linux-gnu
=== g++ tests ===
Running target qemu/-march=armv5t
WARNING: skipping asan tests due to ulimit -v
WARNING: skipping asan tests due to ulimit -v
WARNING: skipping asan tests due to ulimit -v
WARNING: skipping asan tests due to ulimit -v
WARNING: skipping asan tests due to ulimit -v
FAIL: g++.dg/cpp1y/lambda-generic-69078-1.C -std=gnu++14 (test for excess errors)
UNRESOLVED: g++.dg/cpp1y/lambda-generic-69078-1.C -std=gnu++14 compilation failed to produce executable
FAIL: g++.dg/cpp1y/lambda-generic-69078-1.C -std=gnu++17 (test for excess errors)
UNRESOLVED: g++.dg/cpp1y/lambda-generic-69078-1.C -std=gnu++17 compilation failed to produce executable
FAIL: g++.dg/cpp1y/lambda-generic-69078-1.C -std=gnu++2a (test for excess errors)
UNRESOLVED: g++.dg/cpp1y/lambda-generic-69078-1.C -std=gnu++2a compilation failed to produce executable
FAIL: g++.dg/inherit/thunk10.C -std=gnu++14 (test for excess errors)
UNRESOLVED: g++.dg/inherit/thunk10.C -std=gnu++14 compilation failed to produce executable
FAIL: g++.dg/inherit/thunk10.C -std=gnu++17 (test for excess errors)
UNRESOLVED: g++.dg/inherit/thunk10.C -std=gnu++17 compilation failed to produce executable
FAIL: g++.dg/inherit/thunk10.C -std=gnu++2a (test for excess errors)
UNRESOLVED: g++.dg/inherit/thunk10.C -std=gnu++2a compilation failed to produce executable
FAIL: g++.dg/inherit/thunk10.C -std=gnu++98 (test for excess errors)
UNRESOLVED: g++.dg/inherit/thunk10.C -std=gnu++98 compilation failed to produce executable
FAIL: g++.dg/lto/pr65276 cp_lto_pr65276_0.o-cp_lto_pr65276_1.o link, -flto -O0 -std=c++11
=== g++ Summary ===
# of expected passes 190530
# of unexpected failures 8
# of expected failures 716
# of unresolved testcases 7
# of unsupported tests 8577
/tmp/6997202_13.tmpdir/aci-gcc-fsf/builds/gcc-fsf-gccsrc/obj-arm-none-linux-gnueabihf/gcc3/gcc/xg++ version 11.0.0 20200702 (experimental) [master revision r11-1781-g5c9669a0e6cbf477a03024522943197bdb2682d4] (GCC)
Compiler version: 11.0.0 20200702 (experimental) [master revision r11-1781-g5c9669a0e6cbf477a03024522943197bdb2682d4] (GCC)
Platform: arm-none-linux-gnueabihf
configure flags: --target=arm-none-linux-gnueabihf --prefix=/tmp/6997202_13.tmpdir/aci-gcc-fsf/builds/gcc-fsf-gccsrc/tools --with-sysroot=/tmp/6997202_13.tmpdir/aci-gcc-fsf/builds/gcc-fsf-gccsrc/sysroot-arm-none-linux-gnueabihf --disable-nls --disable-libgomp --disable-libmudflap --disable-libcilkrts --enable-checking --enable-languages=c,c++,fortran --with-float=hard --enable-build-with-cxx --with-mode=arm --with-cpu=cortex-a9 --with-fpu=vfp
More information about the Gcc-testresults
mailing list