Results for 11.0.0 20200629 (experimental) (GCC) testsuite on x86_64-pc-linux-gnu
Shrisha Rao
shrao@alumni.cmu.edu
Thu Jul 2 00:06:35 GMT 2020
These results are as compiled on an EC2 instance from the Git source.
Native configuration is x86_64-pc-linux-gnu
=== gcc tests ===
Running target unix
FAIL: c-c++-common/builtin-arith-overflow-1.c -Wc++-compat (test for warnings, line 85)
FAIL: c-c++-common/builtin-arith-overflow-1.c -Wc++-compat (test for warnings, line 86)
FAIL: c-c++-common/builtin-arith-overflow-1.c -Wc++-compat (test for warnings, line 87)
FAIL: c-c++-common/builtin-arith-overflow-1.c -Wc++-compat (test for warnings, line 88)
FAIL: c-c++-common/builtin-arith-overflow-1.c -Wc++-compat (test for warnings, line 89)
FAIL: c-c++-common/builtin-arith-overflow-1.c -Wc++-compat (test for warnings, line 90)
FAIL: c-c++-common/builtin-arith-overflow-1.c -Wc++-compat (test for warnings, line 91)
FAIL: c-c++-common/builtin-arith-overflow-1.c -Wc++-compat (test for warnings, line 92)
FAIL: c-c++-common/builtin-arith-overflow-1.c -Wc++-compat (test for warnings, line 93)
FAIL: c-c++-common/builtin-arith-overflow-1.c -Wc++-compat (test for warnings, line 94)
FAIL: c-c++-common/builtin-arith-overflow-1.c -Wc++-compat (test for warnings, line 95)
FAIL: c-c++-common/builtin-arith-overflow-1.c -Wc++-compat (test for warnings, line 96)
FAIL: c-c++-common/builtin-arith-overflow-1.c -Wc++-compat (test for warnings, line 97)
FAIL: c-c++-common/builtin-arith-overflow-1.c -Wc++-compat (test for warnings, line 98)
FAIL: c-c++-common/builtin-arith-overflow-1.c -Wc++-compat (test for warnings, line 170)
FAIL: c-c++-common/builtin-arith-overflow-1.c -Wc++-compat (test for warnings, line 171)
FAIL: c-c++-common/builtin-arith-overflow-1.c -Wc++-compat (test for warnings, line 173)
FAIL: c-c++-common/builtin-arith-overflow-1.c -Wc++-compat (test for warnings, line 174)
FAIL: c-c++-common/builtin-arith-overflow-1.c -Wc++-compat (test for warnings, line 176)
FAIL: c-c++-common/builtin-arith-overflow-1.c -Wc++-compat (test for warnings, line 177)
FAIL: c-c++-common/builtin-arith-overflow-1.c -Wc++-compat (test for warnings, line 180)
FAIL: c-c++-common/builtin-arith-overflow-1.c -Wc++-compat (test for warnings, line 181)
FAIL: c-c++-common/builtin-arith-overflow-1.c -Wc++-compat (test for warnings, line 183)
FAIL: c-c++-common/builtin-arith-overflow-1.c -Wc++-compat (test for warnings, line 184)
FAIL: c-c++-common/builtin-arith-overflow-1.c -Wc++-compat (test for warnings, line 186)
FAIL: c-c++-common/builtin-arith-overflow-1.c -Wc++-compat (test for warnings, line 187)
FAIL: c-c++-common/builtin-arith-overflow-1.c -Wc++-compat (test for warnings, line 190)
FAIL: c-c++-common/builtin-arith-overflow-1.c -Wc++-compat (test for warnings, line 191)
FAIL: c-c++-common/builtin-arith-overflow-1.c -Wc++-compat (test for warnings, line 193)
FAIL: c-c++-common/builtin-arith-overflow-1.c -Wc++-compat (test for warnings, line 194)
FAIL: c-c++-common/builtin-arith-overflow-1.c -Wc++-compat (test for warnings, line 196)
FAIL: c-c++-common/builtin-arith-overflow-1.c -Wc++-compat (test for warnings, line 197)
FAIL: c-c++-common/builtin-arith-overflow-1.c -Wc++-compat (test for excess errors)
UNRESOLVED: gcc.dg/tree-prof/crossmodule-indir-call-topn-1.c scan-pgo-wpa-ipa-dump profile_estimate "2 \\\\(200.00%\\\\) speculations produced."
UNRESOLVED: gcc.dg/tree-prof/crossmodule-indir-call-topn-2.c scan-pgo-wpa-ipa-dump profile_estimate "2 \\\\(200.00%\\\\) speculations produced."
=== gcc Summary ===
# of expected passes 152672
# of unexpected failures 33
# of expected failures 685
# of unresolved testcases 2
# of unsupported tests 2265
/home/ec2-user/tmp/gcctemp/gcc/xgcc version 11.0.0 20200629 (experimental) (GCC)
=== gfortran tests ===
Running target unix
FAIL: gfortran.dg/analyzer/pr93993.f90 -O (test for excess errors)
FAIL: gfortran.dg/gomp/target1.f90 -O (internal compiler error)
FAIL: gfortran.dg/gomp/target1.f90 -O (test for excess errors)
=== gfortran Summary ===
# of expected passes 54091
# of unexpected failures 3
# of expected failures 183
# of unsupported tests 97
/home/ec2-user/tmp/gcctemp/gcc/testsuite/gfortran/../../gfortran version 11.0.0 20200629 (experimental) (GCC)
=== g++ tests ===
Running target unix
FAIL: g++.dg/analyzer/pr94028.C -std=c++98 (test for excess errors)
FAIL: g++.dg/analyzer/pr94028.C -std=c++14 (test for excess errors)
FAIL: g++.dg/analyzer/pr94028.C -std=c++17 (test for excess errors)
FAIL: g++.dg/analyzer/pr94028.C -std=c++2a (test for excess errors)
FAIL: g++.dg/cpp0x/constexpr-is_literal.C -std=c++17 (test for excess errors)
FAIL: g++.dg/cpp0x/constexpr-is_literal.C -std=c++2a (test for excess errors)
FAIL: g++.dg/cpp1y/lambda-generic-69078-1.C -std=gnu++14 (test for excess errors)
UNRESOLVED: g++.dg/cpp1y/lambda-generic-69078-1.C -std=gnu++14 compilation failed to produce executable
FAIL: g++.dg/cpp1y/lambda-generic-69078-1.C -std=gnu++17 (test for excess errors)
UNRESOLVED: g++.dg/cpp1y/lambda-generic-69078-1.C -std=gnu++17 compilation failed to produce executable
FAIL: g++.dg/cpp1y/lambda-generic-69078-1.C -std=gnu++2a (test for excess errors)
UNRESOLVED: g++.dg/cpp1y/lambda-generic-69078-1.C -std=gnu++2a compilation failed to produce executable
FAIL: c-c++-common/builtin-arith-overflow-1.c -std=c++98 (test for warnings, line 85)
FAIL: c-c++-common/builtin-arith-overflow-1.c -std=c++98 (test for warnings, line 86)
FAIL: c-c++-common/builtin-arith-overflow-1.c -std=c++98 (test for warnings, line 87)
FAIL: c-c++-common/builtin-arith-overflow-1.c -std=c++98 (test for warnings, line 88)
FAIL: c-c++-common/builtin-arith-overflow-1.c -std=c++98 (test for warnings, line 89)
FAIL: c-c++-common/builtin-arith-overflow-1.c -std=c++98 (test for warnings, line 90)
FAIL: c-c++-common/builtin-arith-overflow-1.c -std=c++98 (test for warnings, line 91)
FAIL: c-c++-common/builtin-arith-overflow-1.c -std=c++98 (test for warnings, line 92)
FAIL: c-c++-common/builtin-arith-overflow-1.c -std=c++98 (test for warnings, line 93)
FAIL: c-c++-common/builtin-arith-overflow-1.c -std=c++98 (test for warnings, line 94)
FAIL: c-c++-common/builtin-arith-overflow-1.c -std=c++98 (test for warnings, line 95)
FAIL: c-c++-common/builtin-arith-overflow-1.c -std=c++98 (test for warnings, line 96)
FAIL: c-c++-common/builtin-arith-overflow-1.c -std=c++98 (test for warnings, line 97)
FAIL: c-c++-common/builtin-arith-overflow-1.c -std=c++98 (test for warnings, line 98)
FAIL: c-c++-common/builtin-arith-overflow-1.c -std=c++98 (test for warnings, line 170)
FAIL: c-c++-common/builtin-arith-overflow-1.c -std=c++98 (test for warnings, line 171)
FAIL: c-c++-common/builtin-arith-overflow-1.c -std=c++98 (test for warnings, line 173)
FAIL: c-c++-common/builtin-arith-overflow-1.c -std=c++98 (test for warnings, line 174)
FAIL: c-c++-common/builtin-arith-overflow-1.c -std=c++98 (test for warnings, line 176)
FAIL: c-c++-common/builtin-arith-overflow-1.c -std=c++98 (test for warnings, line 177)
FAIL: c-c++-common/builtin-arith-overflow-1.c -std=c++98 (test for warnings, line 180)
FAIL: c-c++-common/builtin-arith-overflow-1.c -std=c++98 (test for warnings, line 181)
FAIL: c-c++-common/builtin-arith-overflow-1.c -std=c++98 (test for warnings, line 183)
FAIL: c-c++-common/builtin-arith-overflow-1.c -std=c++98 (test for warnings, line 184)
FAIL: c-c++-common/builtin-arith-overflow-1.c -std=c++98 (test for warnings, line 186)
FAIL: c-c++-common/builtin-arith-overflow-1.c -std=c++98 (test for warnings, line 187)
FAIL: c-c++-common/builtin-arith-overflow-1.c -std=c++98 (test for warnings, line 190)
FAIL: c-c++-common/builtin-arith-overflow-1.c -std=c++98 (test for warnings, line 191)
FAIL: c-c++-common/builtin-arith-overflow-1.c -std=c++98 (test for warnings, line 193)
FAIL: c-c++-common/builtin-arith-overflow-1.c -std=c++98 (test for warnings, line 194)
FAIL: c-c++-common/builtin-arith-overflow-1.c -std=c++98 (test for warnings, line 196)
FAIL: c-c++-common/builtin-arith-overflow-1.c -std=c++98 (test for warnings, line 197)
FAIL: c-c++-common/builtin-arith-overflow-1.c -std=c++98 (test for excess errors)
FAIL: c-c++-common/builtin-arith-overflow-1.c -std=c++14 (test for warnings, line 85)
FAIL: c-c++-common/builtin-arith-overflow-1.c -std=c++14 (test for warnings, line 86)
FAIL: c-c++-common/builtin-arith-overflow-1.c -std=c++14 (test for warnings, line 87)
FAIL: c-c++-common/builtin-arith-overflow-1.c -std=c++14 (test for warnings, line 88)
FAIL: c-c++-common/builtin-arith-overflow-1.c -std=c++14 (test for warnings, line 89)
FAIL: c-c++-common/builtin-arith-overflow-1.c -std=c++14 (test for warnings, line 90)
FAIL: c-c++-common/builtin-arith-overflow-1.c -std=c++14 (test for warnings, line 91)
FAIL: c-c++-common/builtin-arith-overflow-1.c -std=c++14 (test for warnings, line 92)
FAIL: c-c++-common/builtin-arith-overflow-1.c -std=c++14 (test for warnings, line 93)
FAIL: c-c++-common/builtin-arith-overflow-1.c -std=c++14 (test for warnings, line 94)
FAIL: c-c++-common/builtin-arith-overflow-1.c -std=c++14 (test for warnings, line 95)
FAIL: c-c++-common/builtin-arith-overflow-1.c -std=c++14 (test for warnings, line 96)
FAIL: c-c++-common/builtin-arith-overflow-1.c -std=c++14 (test for warnings, line 97)
FAIL: c-c++-common/builtin-arith-overflow-1.c -std=c++14 (test for warnings, line 98)
FAIL: c-c++-common/builtin-arith-overflow-1.c -std=c++14 (test for warnings, line 170)
FAIL: c-c++-common/builtin-arith-overflow-1.c -std=c++14 (test for warnings, line 171)
FAIL: c-c++-common/builtin-arith-overflow-1.c -std=c++14 (test for warnings, line 173)
FAIL: c-c++-common/builtin-arith-overflow-1.c -std=c++14 (test for warnings, line 174)
FAIL: c-c++-common/builtin-arith-overflow-1.c -std=c++14 (test for warnings, line 176)
FAIL: c-c++-common/builtin-arith-overflow-1.c -std=c++14 (test for warnings, line 177)
FAIL: c-c++-common/builtin-arith-overflow-1.c -std=c++14 (test for warnings, line 180)
FAIL: c-c++-common/builtin-arith-overflow-1.c -std=c++14 (test for warnings, line 181)
FAIL: c-c++-common/builtin-arith-overflow-1.c -std=c++14 (test for warnings, line 183)
FAIL: c-c++-common/builtin-arith-overflow-1.c -std=c++14 (test for warnings, line 184)
FAIL: c-c++-common/builtin-arith-overflow-1.c -std=c++14 (test for warnings, line 186)
FAIL: c-c++-common/builtin-arith-overflow-1.c -std=c++14 (test for warnings, line 187)
FAIL: c-c++-common/builtin-arith-overflow-1.c -std=c++14 (test for warnings, line 190)
FAIL: c-c++-common/builtin-arith-overflow-1.c -std=c++14 (test for warnings, line 191)
FAIL: c-c++-common/builtin-arith-overflow-1.c -std=c++14 (test for warnings, line 193)
FAIL: c-c++-common/builtin-arith-overflow-1.c -std=c++14 (test for warnings, line 194)
FAIL: c-c++-common/builtin-arith-overflow-1.c -std=c++14 (test for warnings, line 196)
FAIL: c-c++-common/builtin-arith-overflow-1.c -std=c++14 (test for warnings, line 197)
FAIL: c-c++-common/builtin-arith-overflow-1.c -std=c++14 (test for excess errors)
FAIL: c-c++-common/builtin-arith-overflow-1.c -std=c++17 (test for warnings, line 85)
FAIL: c-c++-common/builtin-arith-overflow-1.c -std=c++17 (test for warnings, line 86)
FAIL: c-c++-common/builtin-arith-overflow-1.c -std=c++17 (test for warnings, line 87)
FAIL: c-c++-common/builtin-arith-overflow-1.c -std=c++17 (test for warnings, line 88)
FAIL: c-c++-common/builtin-arith-overflow-1.c -std=c++17 (test for warnings, line 89)
FAIL: c-c++-common/builtin-arith-overflow-1.c -std=c++17 (test for warnings, line 90)
FAIL: c-c++-common/builtin-arith-overflow-1.c -std=c++17 (test for warnings, line 91)
FAIL: c-c++-common/builtin-arith-overflow-1.c -std=c++17 (test for warnings, line 92)
FAIL: c-c++-common/builtin-arith-overflow-1.c -std=c++17 (test for warnings, line 93)
FAIL: c-c++-common/builtin-arith-overflow-1.c -std=c++17 (test for warnings, line 94)
FAIL: c-c++-common/builtin-arith-overflow-1.c -std=c++17 (test for warnings, line 95)
FAIL: c-c++-common/builtin-arith-overflow-1.c -std=c++17 (test for warnings, line 96)
FAIL: c-c++-common/builtin-arith-overflow-1.c -std=c++17 (test for warnings, line 97)
FAIL: c-c++-common/builtin-arith-overflow-1.c -std=c++17 (test for warnings, line 98)
FAIL: c-c++-common/builtin-arith-overflow-1.c -std=c++17 (test for warnings, line 170)
FAIL: c-c++-common/builtin-arith-overflow-1.c -std=c++17 (test for warnings, line 171)
FAIL: c-c++-common/builtin-arith-overflow-1.c -std=c++17 (test for warnings, line 173)
FAIL: c-c++-common/builtin-arith-overflow-1.c -std=c++17 (test for warnings, line 174)
FAIL: c-c++-common/builtin-arith-overflow-1.c -std=c++17 (test for warnings, line 176)
FAIL: c-c++-common/builtin-arith-overflow-1.c -std=c++17 (test for warnings, line 177)
FAIL: c-c++-common/builtin-arith-overflow-1.c -std=c++17 (test for warnings, line 180)
FAIL: c-c++-common/builtin-arith-overflow-1.c -std=c++17 (test for warnings, line 181)
FAIL: c-c++-common/builtin-arith-overflow-1.c -std=c++17 (test for warnings, line 183)
FAIL: c-c++-common/builtin-arith-overflow-1.c -std=c++17 (test for warnings, line 184)
FAIL: c-c++-common/builtin-arith-overflow-1.c -std=c++17 (test for warnings, line 186)
FAIL: c-c++-common/builtin-arith-overflow-1.c -std=c++17 (test for warnings, line 187)
FAIL: c-c++-common/builtin-arith-overflow-1.c -std=c++17 (test for warnings, line 190)
FAIL: c-c++-common/builtin-arith-overflow-1.c -std=c++17 (test for warnings, line 191)
FAIL: c-c++-common/builtin-arith-overflow-1.c -std=c++17 (test for warnings, line 193)
FAIL: c-c++-common/builtin-arith-overflow-1.c -std=c++17 (test for warnings, line 194)
FAIL: c-c++-common/builtin-arith-overflow-1.c -std=c++17 (test for warnings, line 196)
FAIL: c-c++-common/builtin-arith-overflow-1.c -std=c++17 (test for warnings, line 197)
FAIL: c-c++-common/builtin-arith-overflow-1.c -std=c++17 (test for excess errors)
FAIL: c-c++-common/builtin-arith-overflow-1.c -std=c++2a (test for warnings, line 85)
FAIL: c-c++-common/builtin-arith-overflow-1.c -std=c++2a (test for warnings, line 86)
FAIL: c-c++-common/builtin-arith-overflow-1.c -std=c++2a (test for warnings, line 87)
FAIL: c-c++-common/builtin-arith-overflow-1.c -std=c++2a (test for warnings, line 88)
FAIL: c-c++-common/builtin-arith-overflow-1.c -std=c++2a (test for warnings, line 89)
FAIL: c-c++-common/builtin-arith-overflow-1.c -std=c++2a (test for warnings, line 90)
FAIL: c-c++-common/builtin-arith-overflow-1.c -std=c++2a (test for warnings, line 91)
FAIL: c-c++-common/builtin-arith-overflow-1.c -std=c++2a (test for warnings, line 92)
FAIL: c-c++-common/builtin-arith-overflow-1.c -std=c++2a (test for warnings, line 93)
FAIL: c-c++-common/builtin-arith-overflow-1.c -std=c++2a (test for warnings, line 94)
FAIL: c-c++-common/builtin-arith-overflow-1.c -std=c++2a (test for warnings, line 95)
FAIL: c-c++-common/builtin-arith-overflow-1.c -std=c++2a (test for warnings, line 96)
FAIL: c-c++-common/builtin-arith-overflow-1.c -std=c++2a (test for warnings, line 97)
FAIL: c-c++-common/builtin-arith-overflow-1.c -std=c++2a (test for warnings, line 98)
FAIL: c-c++-common/builtin-arith-overflow-1.c -std=c++2a (test for warnings, line 170)
FAIL: c-c++-common/builtin-arith-overflow-1.c -std=c++2a (test for warnings, line 171)
FAIL: c-c++-common/builtin-arith-overflow-1.c -std=c++2a (test for warnings, line 173)
FAIL: c-c++-common/builtin-arith-overflow-1.c -std=c++2a (test for warnings, line 174)
FAIL: c-c++-common/builtin-arith-overflow-1.c -std=c++2a (test for warnings, line 176)
FAIL: c-c++-common/builtin-arith-overflow-1.c -std=c++2a (test for warnings, line 177)
FAIL: c-c++-common/builtin-arith-overflow-1.c -std=c++2a (test for warnings, line 180)
FAIL: c-c++-common/builtin-arith-overflow-1.c -std=c++2a (test for warnings, line 181)
FAIL: c-c++-common/builtin-arith-overflow-1.c -std=c++2a (test for warnings, line 183)
FAIL: c-c++-common/builtin-arith-overflow-1.c -std=c++2a (test for warnings, line 184)
FAIL: c-c++-common/builtin-arith-overflow-1.c -std=c++2a (test for warnings, line 186)
FAIL: c-c++-common/builtin-arith-overflow-1.c -std=c++2a (test for warnings, line 187)
FAIL: c-c++-common/builtin-arith-overflow-1.c -std=c++2a (test for warnings, line 190)
FAIL: c-c++-common/builtin-arith-overflow-1.c -std=c++2a (test for warnings, line 191)
FAIL: c-c++-common/builtin-arith-overflow-1.c -std=c++2a (test for warnings, line 193)
FAIL: c-c++-common/builtin-arith-overflow-1.c -std=c++2a (test for warnings, line 194)
FAIL: c-c++-common/builtin-arith-overflow-1.c -std=c++2a (test for warnings, line 196)
FAIL: c-c++-common/builtin-arith-overflow-1.c -std=c++2a (test for warnings, line 197)
FAIL: c-c++-common/builtin-arith-overflow-1.c -std=c++2a (test for excess errors)
=== g++ Summary ===
# of expected passes 191137
# of unexpected failures 141
# of expected failures 737
# of unresolved testcases 3
# of unsupported tests 8030
/home/ec2-user/tmp/gcctemp/gcc/testsuite/g++/../../xg++ version 11.0.0 20200629 (experimental) (GCC)
=== objc tests ===
Running target unix
=== objc Summary ===
# of expected passes 2778
# of expected failures 6
# of unsupported tests 68
/home/ec2-user/tmp/gcctemp/gcc/xgcc version 11.0.0 20200629 (experimental) (GCC)
=== libatomic tests ===
Running target unix
=== libatomic Summary ===
# of expected passes 54
=== libgomp tests ===
Running target unix
=== libgomp Summary ===
# of expected passes 7895
# of expected failures 2
# of unsupported tests 499
=== libitm tests ===
Running target unix
=== libitm Summary ===
# of expected passes 42
# of expected failures 3
# of unsupported tests 1
=== libstdc++ tests ===
Running target unix
FAIL: 21_strings/basic_string/cons/char/nonnull.cc (test for warnings, line 26)
FAIL: 21_strings/basic_string/cons/char/nonnull.cc (test for warnings, line 27)
FAIL: 21_strings/basic_string/cons/char/nonnull.cc (test for warnings, line 28)
FAIL: 21_strings/basic_string/cons/wchar_t/nonnull.cc (test for warnings, line 26)
FAIL: 21_strings/basic_string/cons/wchar_t/nonnull.cc (test for warnings, line 27)
FAIL: 21_strings/basic_string/cons/wchar_t/nonnull.cc (test for warnings, line 28)
FAIL: 21_strings/basic_string_view/cons/char/nonnull.cc (test for warnings, line 26)
FAIL: 21_strings/basic_string_view/cons/char/nonnull.cc (test for warnings, line 27)
FAIL: 21_strings/basic_string_view/cons/char/nonnull.cc (test for warnings, line 28)
FAIL: 21_strings/basic_string_view/cons/char/nonnull.cc (test for excess errors)
FAIL: 21_strings/basic_string_view/cons/wchar_t/nonnull.cc (test for warnings, line 26)
FAIL: 21_strings/basic_string_view/cons/wchar_t/nonnull.cc (test for warnings, line 27)
FAIL: 21_strings/basic_string_view/cons/wchar_t/nonnull.cc (test for warnings, line 28)
FAIL: 21_strings/basic_string_view/cons/wchar_t/nonnull.cc (test for excess errors)
FAIL: 21_strings/basic_string_view/operations/compare/char/nonnull.cc (test for warnings, line 27)
FAIL: 21_strings/basic_string_view/operations/compare/char/nonnull.cc (test for warnings, line 28)
FAIL: 21_strings/basic_string_view/operations/compare/char/nonnull.cc (test for excess errors)
FAIL: 21_strings/basic_string_view/operations/find/char/nonnull.cc (test for warnings, line 27)
FAIL: 21_strings/basic_string_view/operations/find/char/nonnull.cc (test for warnings, line 28)
FAIL: 21_strings/basic_string_view/operations/find/char/nonnull.cc (test for warnings, line 29)
FAIL: 21_strings/basic_string_view/operations/find/char/nonnull.cc (test for warnings, line 30)
FAIL: 21_strings/basic_string_view/operations/find/char/nonnull.cc (test for warnings, line 31)
FAIL: 21_strings/basic_string_view/operations/find/char/nonnull.cc (test for warnings, line 32)
FAIL: 21_strings/basic_string_view/operations/find/char/nonnull.cc (test for excess errors)
FAIL: 21_strings/basic_string_view/operations/rfind/char/nonnull.cc (test for warnings, line 27)
FAIL: 21_strings/basic_string_view/operations/rfind/char/nonnull.cc (test for warnings, line 28)
FAIL: 21_strings/basic_string_view/operations/rfind/char/nonnull.cc (test for excess errors)
=== libstdc++ Summary ===
# of expected passes 14235
# of unexpected failures 27
# of expected failures 94
# of unsupported tests 362
Compiler version: 11.0.0 20200629 (experimental) (GCC)
Platform: x86_64-pc-linux-gnu
configure flags: --disable-multilib --prefix=/shrao/testgcc
More information about the Gcc-testresults
mailing list