Results for 10.0.1 20200129 (experimental) (branch: master; revision: r10-6310; build config: asan; languages: fortran) testsuite on x86_64-pc-linux-gnu
Toon Moene
toon@moene.org
Wed Jan 29 09:27:00 GMT 2020
LAST_UPDATED: Wed Jan 29 07:00:10 UTC 2020 (revision 4dd27b527c5:32070409278:1e8900ea4c8a59b34b36c645b274eb2a251529b3)
Native configuration is x86_64-pc-linux-gnu
=== gcc tests ===
Running target unix
XPASS: gcc.dg/guality/example.c -O0 execution test
XPASS: gcc.dg/guality/example.c -O1 -DPREVENT_OPTIMIZATION execution test
XPASS: gcc.dg/guality/example.c -Og -DPREVENT_OPTIMIZATION execution test
XPASS: gcc.dg/guality/guality.c -O0 execution test
XPASS: gcc.dg/guality/guality.c -O1 -DPREVENT_OPTIMIZATION execution test
XPASS: gcc.dg/guality/guality.c -O2 -DPREVENT_OPTIMIZATION execution test
XPASS: gcc.dg/guality/guality.c -O2 -flto -fno-use-linker-plugin -flto-partition=none -DPREVENT_OPTIMIZATION execution test
XPASS: gcc.dg/guality/guality.c -O2 -flto -fuse-linker-plugin -fno-fat-lto-objects -DPREVENT_OPTIMIZATION execution test
XPASS: gcc.dg/guality/guality.c -O3 -g -DPREVENT_OPTIMIZATION execution test
XPASS: gcc.dg/guality/guality.c -Os -DPREVENT_OPTIMIZATION execution test
XPASS: gcc.dg/guality/guality.c -Og -DPREVENT_OPTIMIZATION execution test
XPASS: gcc.dg/guality/inline-params.c -O2 -DPREVENT_OPTIMIZATION execution test
XPASS: gcc.dg/guality/inline-params.c -O2 -flto -fno-use-linker-plugin -flto-partition=none -DPREVENT_OPTIMIZATION execution test
XPASS: gcc.dg/guality/inline-params.c -O2 -flto -fuse-linker-plugin -fno-fat-lto-objects -DPREVENT_OPTIMIZATION execution test
XPASS: gcc.dg/guality/inline-params.c -O3 -g -DPREVENT_OPTIMIZATION execution test
XPASS: gcc.dg/guality/inline-params.c -Os -DPREVENT_OPTIMIZATION execution test
FAIL: gcc.dg/guality/loop-1.c -O3 -fomit-frame-pointer -funroll-loops -fpeel-loops -ftracer -finline-functions -DPREVENT_OPTIMIZATION line 20 i == 1
FAIL: gcc.dg/guality/pr36728-2.c -O2 -flto -fuse-linker-plugin -fno-fat-lto-objects -DPREVENT_OPTIMIZATION line 16 arg1 == 1
FAIL: gcc.dg/guality/pr36728-2.c -O2 -flto -fuse-linker-plugin -fno-fat-lto-objects -DPREVENT_OPTIMIZATION line 16 arg2 == 2
FAIL: gcc.dg/guality/pr36728-2.c -O2 -flto -fuse-linker-plugin -fno-fat-lto-objects -DPREVENT_OPTIMIZATION line 16 arg3 == 3
FAIL: gcc.dg/guality/pr36728-2.c -O2 -flto -fuse-linker-plugin -fno-fat-lto-objects -DPREVENT_OPTIMIZATION line 16 arg4 == 4
FAIL: gcc.dg/guality/pr36728-2.c -O2 -flto -fuse-linker-plugin -fno-fat-lto-objects -DPREVENT_OPTIMIZATION line 16 arg5 == 5
FAIL: gcc.dg/guality/pr36728-2.c -O2 -flto -fuse-linker-plugin -fno-fat-lto-objects -DPREVENT_OPTIMIZATION line 16 arg6 == 6
FAIL: gcc.dg/guality/pr36728-2.c -O2 -flto -fuse-linker-plugin -fno-fat-lto-objects -DPREVENT_OPTIMIZATION line 16 arg7 == 30
FAIL: gcc.dg/guality/pr36728-2.c -O2 -flto -fuse-linker-plugin -fno-fat-lto-objects -DPREVENT_OPTIMIZATION line 18 arg1 == 1
FAIL: gcc.dg/guality/pr36728-2.c -O2 -flto -fuse-linker-plugin -fno-fat-lto-objects -DPREVENT_OPTIMIZATION line 18 arg2 == 2
FAIL: gcc.dg/guality/pr36728-2.c -O2 -flto -fuse-linker-plugin -fno-fat-lto-objects -DPREVENT_OPTIMIZATION line 18 arg3 == 3
FAIL: gcc.dg/guality/pr36728-2.c -O2 -flto -fuse-linker-plugin -fno-fat-lto-objects -DPREVENT_OPTIMIZATION line 18 arg4 == 4
FAIL: gcc.dg/guality/pr36728-2.c -O2 -flto -fuse-linker-plugin -fno-fat-lto-objects -DPREVENT_OPTIMIZATION line 18 arg5 == 5
FAIL: gcc.dg/guality/pr36728-2.c -O2 -flto -fuse-linker-plugin -fno-fat-lto-objects -DPREVENT_OPTIMIZATION line 18 arg6 == 6
FAIL: gcc.dg/guality/pr36728-2.c -O2 -flto -fuse-linker-plugin -fno-fat-lto-objects -DPREVENT_OPTIMIZATION line 18 arg7 == 30
FAIL: gcc.dg/guality/pr36728-2.c -O3 -g -DPREVENT_OPTIMIZATION line 16 arg1 == 1
FAIL: gcc.dg/guality/pr36728-2.c -O3 -g -DPREVENT_OPTIMIZATION line 16 arg2 == 2
FAIL: gcc.dg/guality/pr36728-2.c -O3 -g -DPREVENT_OPTIMIZATION line 16 arg3 == 3
FAIL: gcc.dg/guality/pr36728-2.c -O3 -g -DPREVENT_OPTIMIZATION line 16 arg4 == 4
FAIL: gcc.dg/guality/pr36728-2.c -O3 -g -DPREVENT_OPTIMIZATION line 16 arg5 == 5
FAIL: gcc.dg/guality/pr36728-2.c -O3 -g -DPREVENT_OPTIMIZATION line 16 arg6 == 6
FAIL: gcc.dg/guality/pr36728-2.c -O3 -g -DPREVENT_OPTIMIZATION line 16 arg7 == 30
FAIL: gcc.dg/guality/pr36728-2.c -O3 -g -DPREVENT_OPTIMIZATION line 18 arg1 == 1
FAIL: gcc.dg/guality/pr36728-2.c -O3 -g -DPREVENT_OPTIMIZATION line 18 arg2 == 2
FAIL: gcc.dg/guality/pr36728-2.c -O3 -g -DPREVENT_OPTIMIZATION line 18 arg3 == 3
FAIL: gcc.dg/guality/pr36728-2.c -O3 -g -DPREVENT_OPTIMIZATION line 18 arg4 == 4
FAIL: gcc.dg/guality/pr36728-2.c -O3 -g -DPREVENT_OPTIMIZATION line 18 arg5 == 5
FAIL: gcc.dg/guality/pr36728-2.c -O3 -g -DPREVENT_OPTIMIZATION line 18 arg6 == 6
FAIL: gcc.dg/guality/pr36728-2.c -O3 -g -DPREVENT_OPTIMIZATION line 18 arg7 == 30
FAIL: gcc.dg/guality/pr36728-4.c -O2 -flto -fuse-linker-plugin -fno-fat-lto-objects -DPREVENT_OPTIMIZATION line 14 y == 2
FAIL: gcc.dg/guality/pr36728-4.c -O2 -flto -fuse-linker-plugin -fno-fat-lto-objects -DPREVENT_OPTIMIZATION line 16 y == 2
FAIL: gcc.dg/guality/pr36728-4.c -O3 -g -DPREVENT_OPTIMIZATION line 14 y == 2
FAIL: gcc.dg/guality/pr36728-4.c -O3 -g -DPREVENT_OPTIMIZATION line 16 y == 2
XPASS: gcc.dg/guality/pr41353-1.c -O0 line 28 j == 28 + 37
XPASS: gcc.dg/guality/pr41353-1.c -Og -DPREVENT_OPTIMIZATION line 28 j == 28 + 37
FAIL: gcc.dg/guality/pr41616-1.c -O2 -DPREVENT_OPTIMIZATION execution test
FAIL: gcc.dg/guality/pr41616-1.c -O2 -flto -fno-use-linker-plugin -flto-partition=none -DPREVENT_OPTIMIZATION execution test
FAIL: gcc.dg/guality/pr41616-1.c -O3 -g -DPREVENT_OPTIMIZATION execution test
FAIL: gcc.dg/guality/pr54519-1.c -O2 -flto -fno-use-linker-plugin -flto-partition=none -DPREVENT_OPTIMIZATION line 20 y == 25
FAIL: gcc.dg/guality/pr54519-1.c -O2 -flto -fno-use-linker-plugin -flto-partition=none -DPREVENT_OPTIMIZATION line 20 z == 6
FAIL: gcc.dg/guality/pr54519-1.c -O2 -flto -fno-use-linker-plugin -flto-partition=none -DPREVENT_OPTIMIZATION line 23 y == 117
FAIL: gcc.dg/guality/pr54519-1.c -O2 -flto -fno-use-linker-plugin -flto-partition=none -DPREVENT_OPTIMIZATION line 23 z == 8
FAIL: gcc.dg/guality/pr54519-1.c -O2 -flto -fuse-linker-plugin -fno-fat-lto-objects -DPREVENT_OPTIMIZATION line 20 y == 25
FAIL: gcc.dg/guality/pr54519-1.c -O2 -flto -fuse-linker-plugin -fno-fat-lto-objects -DPREVENT_OPTIMIZATION line 20 z == 6
FAIL: gcc.dg/guality/pr54519-1.c -O2 -flto -fuse-linker-plugin -fno-fat-lto-objects -DPREVENT_OPTIMIZATION line 23 y == 117
FAIL: gcc.dg/guality/pr54519-1.c -O2 -flto -fuse-linker-plugin -fno-fat-lto-objects -DPREVENT_OPTIMIZATION line 23 z == 8
FAIL: gcc.dg/guality/pr54519-2.c -O2 -flto -fno-use-linker-plugin -flto-partition=none -DPREVENT_OPTIMIZATION line 17 y == 25
FAIL: gcc.dg/guality/pr54519-2.c -O2 -flto -fuse-linker-plugin -fno-fat-lto-objects -DPREVENT_OPTIMIZATION line 17 y == 25
FAIL: gcc.dg/guality/pr54519-3.c -O2 -flto -fno-use-linker-plugin -flto-partition=none -DPREVENT_OPTIMIZATION line 20 y == 25
FAIL: gcc.dg/guality/pr54519-3.c -O2 -flto -fno-use-linker-plugin -flto-partition=none -DPREVENT_OPTIMIZATION line 20 z == 6
FAIL: gcc.dg/guality/pr54519-3.c -O2 -flto -fno-use-linker-plugin -flto-partition=none -DPREVENT_OPTIMIZATION line 23 y == 117
FAIL: gcc.dg/guality/pr54519-3.c -O2 -flto -fno-use-linker-plugin -flto-partition=none -DPREVENT_OPTIMIZATION line 23 z == 8
FAIL: gcc.dg/guality/pr54519-3.c -O2 -flto -fuse-linker-plugin -fno-fat-lto-objects -DPREVENT_OPTIMIZATION line 20 y == 25
FAIL: gcc.dg/guality/pr54519-3.c -O2 -flto -fuse-linker-plugin -fno-fat-lto-objects -DPREVENT_OPTIMIZATION line 20 z == 6
FAIL: gcc.dg/guality/pr54519-3.c -O2 -flto -fuse-linker-plugin -fno-fat-lto-objects -DPREVENT_OPTIMIZATION line 23 y == 117
FAIL: gcc.dg/guality/pr54519-3.c -O2 -flto -fuse-linker-plugin -fno-fat-lto-objects -DPREVENT_OPTIMIZATION line 23 z == 8
FAIL: gcc.dg/guality/pr54519-4.c -O2 -flto -fno-use-linker-plugin -flto-partition=none -DPREVENT_OPTIMIZATION line 17 y == 25
FAIL: gcc.dg/guality/pr54519-4.c -O2 -flto -fuse-linker-plugin -fno-fat-lto-objects -DPREVENT_OPTIMIZATION line 17 y == 25
FAIL: gcc.dg/guality/pr54519-5.c -O2 -flto -fno-use-linker-plugin -flto-partition=none -DPREVENT_OPTIMIZATION line 17 y == 25
FAIL: gcc.dg/guality/pr54519-5.c -O2 -flto -fuse-linker-plugin -fno-fat-lto-objects -DPREVENT_OPTIMIZATION line 17 y == 25
FAIL: gcc.dg/guality/pr54519-6.c -Os -DPREVENT_OPTIMIZATION line 11 x == 2
XPASS: gcc.dg/guality/pr54970.c -O0 line 15 a[0] == 1
XPASS: gcc.dg/guality/pr54970.c -O0 line 20 a[0] == 1
XPASS: gcc.dg/guality/pr54970.c -O0 line 25 a[0] == 1
XPASS: gcc.dg/guality/pr54970.c -O0 line 31 a[0] == 4
XPASS: gcc.dg/guality/pr54970.c -O0 line 36 a[0] == 4
XPASS: gcc.dg/guality/pr54970.c -O0 line 45 a[0] == 4
XPASS: gcc.dg/guality/pr54970.c -O0 line 45 p[-2] == 4
XPASS: gcc.dg/guality/pr54970.c -O0 line 45 q[-1] == 4
XPASS: gcc.dg/guality/pr54970.c -Og -DPREVENT_OPTIMIZATION line 15 a[0] == 1
XPASS: gcc.dg/guality/pr54970.c -Og -DPREVENT_OPTIMIZATION line 20 a[0] == 1
XPASS: gcc.dg/guality/pr54970.c -Og -DPREVENT_OPTIMIZATION line 25 a[0] == 1
XPASS: gcc.dg/guality/pr54970.c -Og -DPREVENT_OPTIMIZATION line 31 a[0] == 4
XPASS: gcc.dg/guality/pr54970.c -Og -DPREVENT_OPTIMIZATION line 36 a[0] == 4
XPASS: gcc.dg/guality/pr54970.c -Og -DPREVENT_OPTIMIZATION line 45 a[0] == 4
XPASS: gcc.dg/guality/pr54970.c -Og -DPREVENT_OPTIMIZATION line 45 p[-2] == 4
XPASS: gcc.dg/guality/pr54970.c -Og -DPREVENT_OPTIMIZATION line 45 q[-1] == 4
FAIL: gcc.dg/guality/pr56154-1.c -Og -DPREVENT_OPTIMIZATION line pr56154-1.c:20 x.a == 6
FAIL: gcc.dg/guality/pr59776.c -Og -DPREVENT_OPTIMIZATION line pr59776.c:17 s1.f == 5.0
FAIL: gcc.dg/guality/pr59776.c -Og -DPREVENT_OPTIMIZATION line pr59776.c:17 s1.g == 6.0
FAIL: gcc.dg/guality/pr59776.c -Og -DPREVENT_OPTIMIZATION line pr59776.c:17 s2.f == 0.0
FAIL: gcc.dg/guality/pr59776.c -Og -DPREVENT_OPTIMIZATION line pr59776.c:17 s2.g == 6.0
FAIL: gcc.dg/guality/pr59776.c -Og -DPREVENT_OPTIMIZATION line pr59776.c:20 s1.f == 5.0
FAIL: gcc.dg/guality/pr59776.c -Og -DPREVENT_OPTIMIZATION line pr59776.c:20 s1.g == 6.0
FAIL: gcc.dg/guality/pr59776.c -Og -DPREVENT_OPTIMIZATION line pr59776.c:20 s2.f == 5.0
FAIL: gcc.dg/guality/pr59776.c -Og -DPREVENT_OPTIMIZATION line pr59776.c:20 s2.g == 6.0
FAIL: gcc.dg/guality/pr90074.c -O2 -flto -fuse-linker-plugin -fno-fat-lto-objects -DPREVENT_OPTIMIZATION line 28 c + 1 == 2
FAIL: gcc.dg/guality/pr90074.c -O2 -flto -fuse-linker-plugin -fno-fat-lto-objects -DPREVENT_OPTIMIZATION line 28 i + 1 == 8
FAIL: gcc.dg/guality/pr90716.c -O2 -flto -fuse-linker-plugin -fno-fat-lto-objects -DPREVENT_OPTIMIZATION line 23 j + 1 == 9
FAIL: gcc.dg/guality/sra-1.c -O2 -flto -fuse-linker-plugin -fno-fat-lto-objects -DPREVENT_OPTIMIZATION line 21 a.i == 4
FAIL: gcc.dg/guality/sra-1.c -O2 -flto -fuse-linker-plugin -fno-fat-lto-objects -DPREVENT_OPTIMIZATION line 21 a.j == 14
FAIL: gcc.dg/guality/sra-1.c -O2 -flto -fuse-linker-plugin -fno-fat-lto-objects -DPREVENT_OPTIMIZATION line 32 a[0] == 4
FAIL: gcc.dg/guality/sra-1.c -O2 -flto -fuse-linker-plugin -fno-fat-lto-objects -DPREVENT_OPTIMIZATION line 32 a[1] == 14
FAIL: gcc.dg/guality/sra-1.c -O2 -flto -fuse-linker-plugin -fno-fat-lto-objects -DPREVENT_OPTIMIZATION line 43 a.i == 4
FAIL: gcc.dg/guality/sra-1.c -O2 -flto -fuse-linker-plugin -fno-fat-lto-objects -DPREVENT_OPTIMIZATION line 43 a.j == 14
FAIL: gcc.dg/guality/sra-1.c -Og -DPREVENT_OPTIMIZATION line 21 a.i == 4
FAIL: gcc.dg/guality/sra-1.c -Og -DPREVENT_OPTIMIZATION line 21 a.j == 14
FAIL: gcc.dg/guality/sra-1.c -Og -DPREVENT_OPTIMIZATION line 32 a[0] == 4
FAIL: gcc.dg/guality/sra-1.c -Og -DPREVENT_OPTIMIZATION line 32 a[1] == 14
FAIL: gcc.dg/guality/sra-1.c -Og -DPREVENT_OPTIMIZATION line 43 a.i == 4
FAIL: gcc.dg/guality/sra-1.c -Og -DPREVENT_OPTIMIZATION line 43 a.j == 14
FAIL: gcc.dg/guality/vla-1.c -O2 -flto -fuse-linker-plugin -fno-fat-lto-objects -DPREVENT_OPTIMIZATION line 24 i == 5
FAIL: gcc.dg/guality/vla-1.c -O2 -flto -fuse-linker-plugin -fno-fat-lto-objects -DPREVENT_OPTIMIZATION line 24 sizeof (a) == 17 * sizeof (short)
FAIL: gcc.dg/plugin/diagnostic_group_plugin.c compilation
FAIL: gcc.dg/plugin/diagnostic_plugin_show_trees.c compilation
FAIL: gcc.dg/plugin/diagnostic_plugin_test_inlining.c compilation
FAIL: gcc.dg/plugin/diagnostic_plugin_test_metadata.c compilation
FAIL: gcc.dg/plugin/diagnostic_plugin_test_paths.c compilation
FAIL: gcc.dg/plugin/diagnostic_plugin_test_show_locus.c compilation
FAIL: gcc.dg/plugin/diagnostic_plugin_test_string_literals.c compilation
FAIL: gcc.dg/plugin/diagnostic_plugin_test_tree_expression_range.c compilation
FAIL: gcc.dg/plugin/dump_plugin.c compilation
FAIL: gcc.dg/plugin/expensive_selftests_plugin.c compilation
FAIL: gcc.dg/plugin/finish_unit_plugin.c compilation
FAIL: gcc.dg/plugin/ggcplug.c compilation
FAIL: gcc.dg/plugin/location_overflow_plugin.c compilation
FAIL: gcc.dg/plugin/must_tail_call_plugin.c compilation
FAIL: gcc.dg/plugin/one_time_plugin.c compilation
FAIL: gcc.dg/plugin/poly-int-01_plugin.c compilation
FAIL: gcc.dg/plugin/poly-int-02_plugin.c compilation
FAIL: gcc.dg/plugin/poly-int-03_plugin.c compilation
FAIL: gcc.dg/plugin/poly-int-04_plugin.c compilation
FAIL: gcc.dg/plugin/poly-int-05_plugin.c compilation
FAIL: gcc.dg/plugin/poly-int-06_plugin.c compilation
FAIL: gcc.dg/plugin/poly-int-07_plugin.c compilation
FAIL: gcc.dg/plugin/selfassign.c compilation
FAIL: gcc.dg/plugin/start_unit_plugin.c compilation
FAIL: gcc.dg/plugin/wide-int_plugin.c compilation
FAIL: gcc.target/i386/pr57193.c scan-assembler-times movdqa 2
FAIL: gcc.target/i386/pr80969-1.c (internal compiler error)
FAIL: gcc.target/i386/pr80969-1.c (test for excess errors)
UNRESOLVED: gcc.target/i386/pr80969-1.c compilation failed to produce executable
FAIL: gcc.target/i386/pr80969-4.c (internal compiler error)
FAIL: gcc.target/i386/pr80969-4.c (test for excess errors)
UNRESOLVED: gcc.target/i386/pr80969-4.c compilation failed to produce executable
=== gcc Summary ===
# of expected passes 152338
# of unexpected failures 115
# of unexpected successes 34
# of expected failures 719
# of unresolved testcases 2
# of unsupported tests 2304
/dev/shm/bld1969795/gcc/xgcc version 10.0.1 20200129 (experimental) [master revision 4dd27b527c5:32070409278:1e8900ea4c8a59b34b36c645b274eb2a251529b3] (GCC)
=== gfortran tests ===
Running target unix
FAIL: gfortran.dg/class_61.f90 -O 3 blank line(s) in output
FAIL: gfortran.dg/class_61.f90 -O (test for excess errors)
FAIL: gfortran.dg/dec_type_print_2.f03 -O0 3 blank line(s) in output
FAIL: gfortran.dg/dec_type_print_2.f03 -O0 (test for excess errors)
UNRESOLVED: gfortran.dg/dec_type_print_2.f03 -O0 compilation failed to produce executable
FAIL: gfortran.dg/dec_type_print_2.f03 -O1 3 blank line(s) in output
FAIL: gfortran.dg/dec_type_print_2.f03 -O1 (test for excess errors)
UNRESOLVED: gfortran.dg/dec_type_print_2.f03 -O1 compilation failed to produce executable
FAIL: gfortran.dg/dec_type_print_2.f03 -O2 3 blank line(s) in output
FAIL: gfortran.dg/dec_type_print_2.f03 -O2 (test for excess errors)
UNRESOLVED: gfortran.dg/dec_type_print_2.f03 -O2 compilation failed to produce executable
FAIL: gfortran.dg/dec_type_print_2.f03 -O3 -fomit-frame-pointer -funroll-loops -fpeel-loops -ftracer -finline-functions 3 blank line(s) in output
FAIL: gfortran.dg/dec_type_print_2.f03 -O3 -fomit-frame-pointer -funroll-loops -fpeel-loops -ftracer -finline-functions (test for excess errors)
UNRESOLVED: gfortran.dg/dec_type_print_2.f03 -O3 -fomit-frame-pointer -funroll-loops -fpeel-loops -ftracer -finline-functions compilation failed to produce executable
FAIL: gfortran.dg/dec_type_print_2.f03 -O3 -g 3 blank line(s) in output
FAIL: gfortran.dg/dec_type_print_2.f03 -O3 -g (test for excess errors)
UNRESOLVED: gfortran.dg/dec_type_print_2.f03 -O3 -g compilation failed to produce executable
FAIL: gfortran.dg/dec_type_print_2.f03 -Os 3 blank line(s) in output
FAIL: gfortran.dg/dec_type_print_2.f03 -Os (test for excess errors)
UNRESOLVED: gfortran.dg/dec_type_print_2.f03 -Os compilation failed to produce executable
FAIL: gfortran.dg/pr93473.f90 -O (internal compiler error)
FAIL: gfortran.dg/pr93473.f90 -O (test for excess errors)
=== gfortran Summary ===
# of expected passes 53208
# of unexpected failures 16
# of expected failures 189
# of unresolved testcases 6
# of unsupported tests 81
/dev/shm/bld1969795/gcc/gfortran version 10.0.1 20200129 (experimental) [master revision 4dd27b527c5:32070409278:1e8900ea4c8a59b34b36c645b274eb2a251529b3] (GCC)
=== g++ tests ===
Running target unix
FAIL: g++.dg/asan/default-options-1.C -O0 output pattern test
FAIL: g++.dg/asan/default-options-1.C -O1 output pattern test
FAIL: g++.dg/asan/default-options-1.C -O2 output pattern test
FAIL: g++.dg/asan/default-options-1.C -O2 -flto -fno-use-linker-plugin -flto-partition=none output pattern test
FAIL: g++.dg/asan/default-options-1.C -O2 -flto -fuse-linker-plugin -fno-fat-lto-objects output pattern test
FAIL: g++.dg/asan/default-options-1.C -O3 -g output pattern test
FAIL: g++.dg/asan/default-options-1.C -Os output pattern test
FAIL: g++.dg/pr80481.C -std=gnu++14 scan-assembler-not vmovaps
FAIL: g++.dg/pr80481.C -std=gnu++17 scan-assembler-not vmovaps
FAIL: g++.dg/pr80481.C -std=gnu++2a scan-assembler-not vmovaps
FAIL: g++.dg/pr80481.C -std=gnu++98 scan-assembler-not vmovaps
FAIL: g++.dg/guality/pr55665.C -O2 -flto -fno-use-linker-plugin -flto-partition=none line 23 p == 40
FAIL: g++.dg/lto/pr64076 cp_lto_pr64076_0.o-cp_lto_pr64076_1.o link, -O0 -flto -flto-partition=none -fuse-linker-plugin
FAIL: g++.dg/lto/pr64076 cp_lto_pr64076_0.o-cp_lto_pr64076_1.o link, -O0 -flto -fuse-linker-plugin -fno-fat-lto-objects
FAIL: g++.dg/plugin/../../gcc.dg/plugin/diagnostic_plugin_test_inlining.c compilation
FAIL: g++.dg/plugin/../../gcc.dg/plugin/diagnostic_plugin_test_string_literals.c compilation
FAIL: g++.dg/plugin/../../gcc.dg/plugin/diagnostic_plugin_test_tree_expression_range.c compilation
FAIL: g++.dg/plugin/attribute_plugin.c compilation
FAIL: g++.dg/plugin/comment_plugin.c compilation
FAIL: g++.dg/plugin/decl_plugin.c compilation
FAIL: g++.dg/plugin/def_plugin.c compilation
FAIL: g++.dg/plugin/dumb_plugin.c compilation
FAIL: g++.dg/plugin/header_plugin.c compilation
FAIL: g++.dg/plugin/pragma_plugin.c compilation
FAIL: g++.dg/plugin/selfassign.c compilation
FAIL: g++.dg/plugin/show_template_tree_color_plugin.c compilation
=== g++ Summary ===
# of expected passes 188696
# of unexpected failures 26
# of expected failures 691
# of unsupported tests 7554
/dev/shm/bld1969795/gcc/xg++ version 10.0.1 20200129 (experimental) [master revision 4dd27b527c5:32070409278:1e8900ea4c8a59b34b36c645b274eb2a251529b3] (GCC)
=== libatomic tests ===
Running target unix
=== libatomic Summary ===
# of expected passes 54
=== libgomp tests ===
Running target unix
=== libgomp Summary ===
# of expected passes 7694
# of expected failures 4
# of unsupported tests 425
=== libitm tests ===
Running target unix
=== libitm Summary ===
# of expected passes 42
# of expected failures 3
# of unsupported tests 1
=== libstdc++ tests ===
Running target unix
=== libstdc++ Summary ===
# of expected passes 12932
# of expected failures 92
# of unsupported tests 656
Compiler version: 10.0.1 20200129 (experimental) [master revision 4dd27b527c5:32070409278:1e8900ea4c8a59b34b36c645b274eb2a251529b3] (GCC)
Platform: x86_64-pc-linux-gnu
configure flags: --prefix=/home/toon/compilers/install --with-gnu-as --with-gnu-ld --enable-languages=fortran --disable-multilib --disable-nls --with-build-config=bootstrap-asan
More information about the Gcc-testresults
mailing list