Results for 10.0.1 20200124 (experimental) (Debian 20200124-1) testsuite on aarch64-unknown-linux-gnu
Matthias Klose
doko@debian.org
Sat Jan 25 18:00:00 GMT 2020
Native configuration is aarch64-unknown-linux-gnu
=== libatomic tests ===
Running target unix
=== libatomic Summary ===
# of expected passes 54
=== libffi tests ===
Running target unix
=== libffi Summary ===
# of expected passes 2214
=== libgo tests ===
Running target unix
FAIL: os
FAIL: runtime/pprof
=== libgo Summary ===
# of expected passes 171
# of unexpected failures 2
/build/gcc-snapshot-xT5kMo/gcc-snapshot-20200124/build/./gcc/gccgo version 10.0.1 20200124 (experimental) (Debian 20200124-1)
=== libgomp tests ===
Running target unix
=== libgomp Summary ===
# of expected passes 7531
# of expected failures 4
# of unsupported tests 501
=== libitm tests ===
Running target unix
=== libitm Summary ===
# of expected passes 42
# of expected failures 3
# of unsupported tests 1
=== libphobos tests ===
Running target unix
FAIL: libphobos.phobos/std/datetime/systime.d execution test
FAIL: libphobos.phobos/std/internal/math/errorfunction.d execution test
FAIL: libphobos.phobos/std/internal/math/gammafunction.d execution test
FAIL: libphobos.phobos/std/math.d execution test
FAIL: libphobos.phobos/std/numeric.d execution test
FAIL: libphobos.phobos/std/zip.d execution test
FAIL: libphobos.phobos_shared/std/datetime/systime.d execution test
FAIL: libphobos.phobos_shared/std/internal/math/errorfunction.d execution test
FAIL: libphobos.phobos_shared/std/internal/math/gammafunction.d execution test
FAIL: libphobos.phobos_shared/std/math.d execution test
FAIL: libphobos.phobos_shared/std/numeric.d execution test
FAIL: libphobos.phobos_shared/std/zip.d execution test
=== libphobos Summary ===
# of expected passes 740
# of unexpected failures 12
# of unsupported tests 2
=== libstdc++ tests ===
Running target unix
FAIL: libstdc++-abi/abi_check
FAIL: 22_locale/time_get/get_time/char/2.cc execution test
FAIL: 22_locale/time_get/get_time/char/wrapped_env.cc execution test
FAIL: 22_locale/time_get/get_time/char/wrapped_locale.cc execution test
FAIL: 22_locale/time_get/get_time/wchar_t/2.cc execution test
FAIL: 22_locale/time_get/get_time/wchar_t/wrapped_env.cc execution test
FAIL: 22_locale/time_get/get_time/wchar_t/wrapped_locale.cc execution test
=== libstdc++ Summary ===
# of expected passes 14062
# of unexpected failures 7
# of expected failures 92
# of unsupported tests 368
=== g++ tests ===
Running target unix
FAIL: g++.dg/cpp0x/initlist118.C -std=gnu++14 (internal compiler error)
FAIL: g++.dg/cpp0x/initlist118.C -std=gnu++14 (test for excess errors)
FAIL: g++.dg/cpp0x/initlist118.C -std=gnu++17 (internal compiler error)
FAIL: g++.dg/cpp0x/initlist118.C -std=gnu++17 (test for excess errors)
FAIL: g++.dg/cpp0x/initlist118.C -std=gnu++2a (internal compiler error)
FAIL: g++.dg/cpp0x/initlist118.C -std=gnu++2a (test for excess errors)
FAIL: g++.dg/tree-ssa/pr90883.C scan-tree-dump dse1 "Deleted redundant store: .*.a = {}"
FAIL: g++.dg/lto/pr64076 cp_lto_pr64076_0.o-cp_lto_pr64076_1.o link, -O0 -flto -flto-partition=none -fuse-linker-plugin
FAIL: g++.dg/lto/pr64076 cp_lto_pr64076_0.o-cp_lto_pr64076_1.o link, -O0 -flto -fuse-linker-plugin -fno-fat-lto-objects
=== g++ Summary ===
# of expected passes 293441
# of unexpected failures 9
# of expected failures 1879
# of unsupported tests 8108
/build/gcc-snapshot-xT5kMo/gcc-snapshot-20200124/build/gcc/xg++ version 10.0.1 20200124 (experimental) (Debian 20200124-1)
=== gcc tests ===
Running target unix
FAIL: gcc.c-torture/execute/alias-2.c -O1 execution test
FAIL: gcc.c-torture/execute/alias-2.c -O2 execution test
FAIL: gcc.c-torture/execute/alias-2.c -O3 -g execution test
FAIL: gcc.c-torture/execute/alias-2.c -Os execution test
FAIL: gcc.c-torture/execute/alias-2.c -O2 -flto -fno-use-linker-plugin -flto-partition=none execution test
FAIL: gcc.dg/analyzer/gzio-3.c (internal compiler error)
FAIL: gcc.dg/analyzer/gzio-3.c (test for excess errors)
FAIL: gcc.dg/analyzer/gzio-3a.c (internal compiler error)
FAIL: gcc.dg/analyzer/gzio-3a.c (test for excess errors)
FAIL: gcc.dg/analyzer/malloc-ipa-8-double-free.c (internal compiler error)
FAIL: gcc.dg/analyzer/malloc-ipa-8-double-free.c (test for warnings, line 15)
FAIL: gcc.dg/analyzer/malloc-ipa-8-double-free.c expected multiline pattern lines 50-169 not found: "\\s*NN \\| free \\(ptr\\);.*\\n \\| \\^~~~~~~~~~\\n 'test': events 1-2.*\\n \\|.*\\n \\| NN \\| void test \\(int i\\).*\\n \\| \\| \\^~~~\\n \\| \\| \\|.*\\n \\| \\| \\(1\\) entry to 'test'.*\\n \\| NN \\| \\{.*\\n \\| NN \\| boxed_int \\*obj = make_boxed_int \\(i\\);.*\\n \\| \\| ~~~~~~~~~~~~~~~~~~\\n \\| \\| \\|.*\\n \\| \\| \\(2\\) calling 'make_boxed_int' from 'test'.*\\n \\|.*\\n \\+--> 'make_boxed_int': events 3-6.*\\n \\|.*\\n \\| NN \\| make_boxed_int \\(int i\\).*\\n \\| \\| \\^~~~~~~~~~~~~~\\n \\| \\| \\|.*\\n \\| \\| \\(3\\) entry to 'make_boxed_int'.*\\n \\|\\.\\.\\.\\.\\.\\..*\\n \\| NN \\| if \\(!result\\).*\\n \\| \\| ~\\n \\| \\| \\|.*\\n \\| \\| \\(4\\) following 'false' branch \\(when 'result' is non-NULL\\)\\.\\.\\..*\\n \\| NN \\| abort \\(\\);.*\\n \\| NN \\| result->i = i;.*\\n \\| \\| ~~~~~~~~~~~~~\\n \\| \\| \\|.*\\n \\| \\| \\(5\\) \\.\\.\\.to here.*\\n \\| NN \\| return result;.*\\n \\| \\| ~~~~~~\\n \\| \\| \\|.*\\n \\| \\| \\(6\\) state of '<return-value>': 'start' -> 'nonnull' \\(origin: NULL\\).*\\n \\|.*\\n <------\\+.*\\n \\|.*\\n 'test': events 7-8.*\\n \\|.*\\n \\| NN \\| boxed_int \\*obj = make_boxed_int \\(i\\);.*\\n \\| \\| \\^~~~~~~~~~~~~~~~~~\\n \\| \\| \\|.*\\n \\| \\| \\(7\\) returning to 'test' from 'make_boxed_int'.*\\n \\| NN \\| .*\\n \\| NN \\| free_boxed_int \\(obj\\);.*\\n \\| \\| ~~~~~~~~~~~~~~~~~~~~\\n \\| \\| \\|.*\\n \\| \\| \\(8\\) calling 'free_boxed_int' from 'test'.*\\n \\|.*\\n \\+--> 'free_boxed_int': events 9-10.*\\n \\|.*\\n \\| NN \\| free_boxed_int \\(boxed_int \\*bi\\).*\\n \\| \\| \\^~~~~~~~~~~~~~\\n \\| \\| \\|.*\\n \\| \\| \\(9\\) entry to 'free_boxed_int'.*\\n \\| NN \\| \\{.*\\n \\| NN \\| wrapped_free \\(bi\\);.*\\n \\| \\| ~~~~~~~~~~~~~~~~~\\n \\| \\| \\|.*\\n \\| \\| \\(10\\) calling 'wrapped_free' from 'free_boxed_int'.*\\n \\|.*\\n \\+--> 'wrapped_free': events 11-12.*\\n \\|.*\\n \\| NN \\| void wrapped_free \\(void \\*ptr\\).*\\n \\| \\| \\^~~~~~~~~~~~\\n \\| \\| \\|.*\\n \\| \\| \\(11\\) entry to 'wrapped_free'.*\\n \\| NN \\| \\{.*\\n \\| NN \\| free \\(ptr\\);.*\\n \\| \\| ~~~~~~~~~~\\n \\| \\| \\|.*\\n \\| \\| \\(12\\) first 'free' here \\(state of 'ptr': 'nonnull' -> 'freed', origin: NULL\\).*\\n \\|.*\\n <------\\+.*\\n \\|.*\\n 'free_boxed_int': event 13.*\\n \\|.*\\n \\| NN \\| wrapped_free \\(bi\\);.*\\n \\| \\| \\^~~~~~~~~~~~~~~~~\\n \\| \\| \\|.*\\n \\| \\| \\(13\\) returning to 'free_boxed_int' from 'wrapped_free'.*\\n \\|.*\\n <------\\+.*\\n \\|.*\\n 'test': events 14-15.*\\n \\|.*\\n \\| NN \\| free_boxed_int \\(obj\\);.*\\n \\| \\| \\^~~~~~~~~~~~~~~~~~~~\\n \\| \\| \\|.*\\n \\| \\| \\(14\\) returning to 'test' from 'free_boxed_int'.*\\n \\| NN \\| .*\\n \\| NN \\| free_boxed_int \\(obj\\);.*\\n \\| \\| ~~~~~~~~~~~~~~~~~~~~\\n \\| \\| \\|.*\\n \\| \\| \\(15\\) passing freed pointer 'obj' in call to 'free_boxed_int' from 'test'.*\\n \\|.*\\n \\+--> 'free_boxed_int': events 16-17.*\\n \\|.*\\n \\| NN \\| free_boxed_int \\(boxed_int \\*bi\\).*\\n \\| \\| \\^~~~~~~~~~~~~~\\n \\| \\| \\|.*\\n \\| \\| \\(16\\) entry to 'free_boxed_int'.*\\n \\| NN \\| \\{.*\\n \\| NN \\| wrapped_free \\(bi\\);.*\\n \\| \\| ~~~~~~~~~~~~~~~~~\\n \\| \\| \\|.*\\n \\| \\| \\(17\\) passing freed pointer 'bi' in call to 'wrapped_free' from 'free_boxed_int'.*\\n \\|.*\\n \\+--> 'wrapped_free': events 18-19.*\\n \\|.*\\n \\| NN \\| void wrapped_free \\(void \\*ptr\\).*\\n \\| \\| \\^~~~~~~~~~~~\\n \\| \\| \\|.*\\n \\| \\| \\(18\\) entry to 'wrapped_free'.*\\n \\| NN \\| \\{.*\\n \\| NN \\| free \\(ptr\\);.*\\n \\| \\| ~~~~~~~~~~\\n \\| \\| \\|.*\\n \\| \\| \\(19\\) second 'free' here; first 'free' was at \\(12\\) \\('ptr' is in state 'freed'\\).*\\n \\|.*\\n"
FAIL: gcc.dg/analyzer/malloc-ipa-8-double-free.c (test for excess errors)
FAIL: gcc.dg/analyzer/malloc-ipa-8-lto-c.c (internal compiler error)
FAIL: gcc.dg/analyzer/malloc-ipa-8-lto-c.c (test for warnings, line 14)
FAIL: gcc.dg/analyzer/malloc-ipa-8-lto-c.c (test for excess errors)
FAIL: gcc.dg/analyzer/malloc-vs-local-2.c (internal compiler error)
FAIL: gcc.dg/analyzer/malloc-vs-local-2.c (test for warnings, line 27)
FAIL: gcc.dg/analyzer/malloc-vs-local-2.c (test for warnings, line 28)
FAIL: gcc.dg/analyzer/malloc-vs-local-2.c (test for warnings, line 41)
FAIL: gcc.dg/analyzer/malloc-vs-local-2.c (test for warnings, line 42)
FAIL: gcc.dg/analyzer/malloc-vs-local-2.c (test for warnings, line 63)
FAIL: gcc.dg/analyzer/malloc-vs-local-2.c (test for warnings, line 64)
FAIL: gcc.dg/analyzer/malloc-vs-local-2.c (test for warnings, line 75)
FAIL: gcc.dg/analyzer/malloc-vs-local-2.c (test for warnings, line 76)
FAIL: gcc.dg/analyzer/malloc-vs-local-2.c (test for warnings, line 97)
FAIL: gcc.dg/analyzer/malloc-vs-local-2.c (test for warnings, line 101)
FAIL: gcc.dg/analyzer/malloc-vs-local-2.c (test for warnings, line 126)
FAIL: gcc.dg/analyzer/malloc-vs-local-2.c (test for warnings, line 139)
FAIL: gcc.dg/analyzer/malloc-vs-local-2.c (test for warnings, line 160)
FAIL: gcc.dg/analyzer/malloc-vs-local-2.c (test for warnings, line 173)
FAIL: gcc.dg/analyzer/malloc-vs-local-2.c (test for excess errors)
FAIL: gcc.dg/analyzer/malloc-vs-local-3.c (internal compiler error)
FAIL: gcc.dg/analyzer/malloc-vs-local-3.c (test for warnings, line 26)
FAIL: gcc.dg/analyzer/malloc-vs-local-3.c (test for warnings, line 27)
FAIL: gcc.dg/analyzer/malloc-vs-local-3.c (test for warnings, line 40)
FAIL: gcc.dg/analyzer/malloc-vs-local-3.c (test for warnings, line 42)
FAIL: gcc.dg/analyzer/malloc-vs-local-3.c (test for warnings, line 59)
FAIL: gcc.dg/analyzer/malloc-vs-local-3.c (test for warnings, line 63)
FAIL: gcc.dg/analyzer/malloc-vs-local-3.c (test for warnings, line 65)
FAIL: gcc.dg/analyzer/malloc-vs-local-3.c (test for excess errors)
FAIL: gcc.dg/analyzer/paths-7.c (internal compiler error)
FAIL: gcc.dg/analyzer/paths-7.c (test for warnings, line 12)
FAIL: gcc.dg/analyzer/paths-7.c (test for warnings, line 17)
FAIL: gcc.dg/analyzer/paths-7.c (test for warnings, line 25)
FAIL: gcc.dg/analyzer/paths-7.c (test for warnings, line 28)
FAIL: gcc.dg/analyzer/paths-7.c (test for warnings, line 40)
FAIL: gcc.dg/analyzer/paths-7.c (test for warnings, line 45)
FAIL: gcc.dg/analyzer/paths-7.c (test for warnings, line 53)
FAIL: gcc.dg/analyzer/paths-7.c (test for warnings, line 54)
FAIL: gcc.dg/analyzer/paths-7.c (test for warnings, line 57)
FAIL: gcc.dg/analyzer/paths-7.c (test for excess errors)
FAIL: gcc.dg/analyzer/zlib-5.c (internal compiler error)
FAIL: gcc.dg/analyzer/zlib-5.c (test for warnings, line 45)
FAIL: gcc.dg/analyzer/zlib-5.c (test for excess errors)
FAIL: gcc.dg/gomp/pr89104.c (test for excess errors)
FAIL: gcc.dg/graphite/interchange-1.c scan-tree-dump graphite "tiled"
FAIL: gcc.dg/graphite/interchange-10.c scan-tree-dump graphite "tiled"
FAIL: gcc.dg/graphite/interchange-11.c scan-tree-dump graphite "tiled"
FAIL: gcc.dg/graphite/interchange-3.c scan-tree-dump graphite "tiled"
FAIL: gcc.dg/graphite/interchange-4.c scan-tree-dump graphite "tiled"
FAIL: gcc.dg/graphite/interchange-7.c scan-tree-dump graphite "tiled"
FAIL: gcc.dg/graphite/interchange-9.c scan-tree-dump graphite "tiled"
XPASS: gcc.dg/graphite/scop-21.c scan-tree-dump-times graphite "number of SCoPs: 1" 1
FAIL: gcc.dg/graphite/uns-interchange-9.c scan-tree-dump graphite "tiled"
XPASS: gcc.dg/guality/example.c -O0 execution test
XPASS: gcc.dg/guality/example.c -O1 -DPREVENT_OPTIMIZATION execution test
XPASS: gcc.dg/guality/example.c -Og -DPREVENT_OPTIMIZATION execution test
XPASS: gcc.dg/guality/guality.c -O0 execution test
XPASS: gcc.dg/guality/guality.c -O1 -DPREVENT_OPTIMIZATION execution test
XPASS: gcc.dg/guality/guality.c -O2 -DPREVENT_OPTIMIZATION execution test
XPASS: gcc.dg/guality/guality.c -O3 -g -DPREVENT_OPTIMIZATION execution test
XPASS: gcc.dg/guality/guality.c -Os -DPREVENT_OPTIMIZATION execution test
XPASS: gcc.dg/guality/guality.c -Og -DPREVENT_OPTIMIZATION execution test
XPASS: gcc.dg/guality/guality.c -O2 -flto -fno-use-linker-plugin -flto-partition=none -DPREVENT_OPTIMIZATION execution test
XPASS: gcc.dg/guality/guality.c -O2 -flto -fuse-linker-plugin -fno-fat-lto-objects -DPREVENT_OPTIMIZATION execution test
XPASS: gcc.dg/guality/inline-params.c -O2 -DPREVENT_OPTIMIZATION execution test
XPASS: gcc.dg/guality/inline-params.c -O3 -g -DPREVENT_OPTIMIZATION execution test
XPASS: gcc.dg/guality/inline-params.c -Os -DPREVENT_OPTIMIZATION execution test
XPASS: gcc.dg/guality/inline-params.c -O2 -flto -fno-use-linker-plugin -flto-partition=none -DPREVENT_OPTIMIZATION execution test
XPASS: gcc.dg/guality/inline-params.c -O2 -flto -fuse-linker-plugin -fno-fat-lto-objects -DPREVENT_OPTIMIZATION execution test
FAIL: gcc.dg/guality/loop-1.c -O3 -fomit-frame-pointer -funroll-loops -fpeel-loops -ftracer -finline-functions -DPREVENT_OPTIMIZATION line 20 i == 1
FAIL: gcc.dg/guality/pr36728-1.c -O2 -flto -fuse-linker-plugin -fno-fat-lto-objects -DPREVENT_OPTIMIZATION line 16 y == 2
FAIL: gcc.dg/guality/pr36728-2.c -O3 -g -DPREVENT_OPTIMIZATION line 16 arg1 == 1
FAIL: gcc.dg/guality/pr36728-2.c -O3 -g -DPREVENT_OPTIMIZATION line 16 arg2 == 2
FAIL: gcc.dg/guality/pr36728-2.c -O3 -g -DPREVENT_OPTIMIZATION line 16 arg3 == 3
FAIL: gcc.dg/guality/pr36728-2.c -O3 -g -DPREVENT_OPTIMIZATION line 16 arg4 == 4
FAIL: gcc.dg/guality/pr36728-2.c -O3 -g -DPREVENT_OPTIMIZATION line 16 arg5 == 5
FAIL: gcc.dg/guality/pr36728-2.c -O3 -g -DPREVENT_OPTIMIZATION line 16 arg6 == 6
FAIL: gcc.dg/guality/pr36728-2.c -O3 -g -DPREVENT_OPTIMIZATION line 16 arg7 == 30
FAIL: gcc.dg/guality/pr36728-2.c -O3 -g -DPREVENT_OPTIMIZATION line 18 arg1 == 1
FAIL: gcc.dg/guality/pr36728-2.c -O3 -g -DPREVENT_OPTIMIZATION line 18 arg2 == 2
FAIL: gcc.dg/guality/pr36728-2.c -O3 -g -DPREVENT_OPTIMIZATION line 18 arg3 == 3
FAIL: gcc.dg/guality/pr36728-2.c -O3 -g -DPREVENT_OPTIMIZATION line 18 arg4 == 4
FAIL: gcc.dg/guality/pr36728-2.c -O3 -g -DPREVENT_OPTIMIZATION line 18 arg5 == 5
FAIL: gcc.dg/guality/pr36728-2.c -O3 -g -DPREVENT_OPTIMIZATION line 18 arg6 == 6
FAIL: gcc.dg/guality/pr36728-2.c -O3 -g -DPREVENT_OPTIMIZATION line 18 arg7 == 30
FAIL: gcc.dg/guality/pr36728-2.c -O2 -flto -fuse-linker-plugin -fno-fat-lto-objects -DPREVENT_OPTIMIZATION line 16 arg1 == 1
FAIL: gcc.dg/guality/pr36728-2.c -O2 -flto -fuse-linker-plugin -fno-fat-lto-objects -DPREVENT_OPTIMIZATION line 16 arg2 == 2
FAIL: gcc.dg/guality/pr36728-2.c -O2 -flto -fuse-linker-plugin -fno-fat-lto-objects -DPREVENT_OPTIMIZATION line 16 arg3 == 3
FAIL: gcc.dg/guality/pr36728-2.c -O2 -flto -fuse-linker-plugin -fno-fat-lto-objects -DPREVENT_OPTIMIZATION line 16 arg4 == 4
FAIL: gcc.dg/guality/pr36728-2.c -O2 -flto -fuse-linker-plugin -fno-fat-lto-objects -DPREVENT_OPTIMIZATION line 16 arg5 == 5
FAIL: gcc.dg/guality/pr36728-2.c -O2 -flto -fuse-linker-plugin -fno-fat-lto-objects -DPREVENT_OPTIMIZATION line 16 arg6 == 6
FAIL: gcc.dg/guality/pr36728-2.c -O2 -flto -fuse-linker-plugin -fno-fat-lto-objects -DPREVENT_OPTIMIZATION line 16 arg7 == 30
FAIL: gcc.dg/guality/pr36728-2.c -O2 -flto -fuse-linker-plugin -fno-fat-lto-objects -DPREVENT_OPTIMIZATION line 16 y == 2
FAIL: gcc.dg/guality/pr36728-2.c -O2 -flto -fuse-linker-plugin -fno-fat-lto-objects -DPREVENT_OPTIMIZATION line 18 arg1 == 1
FAIL: gcc.dg/guality/pr36728-2.c -O2 -flto -fuse-linker-plugin -fno-fat-lto-objects -DPREVENT_OPTIMIZATION line 18 arg2 == 2
FAIL: gcc.dg/guality/pr36728-2.c -O2 -flto -fuse-linker-plugin -fno-fat-lto-objects -DPREVENT_OPTIMIZATION line 18 arg3 == 3
FAIL: gcc.dg/guality/pr36728-2.c -O2 -flto -fuse-linker-plugin -fno-fat-lto-objects -DPREVENT_OPTIMIZATION line 18 arg4 == 4
FAIL: gcc.dg/guality/pr36728-2.c -O2 -flto -fuse-linker-plugin -fno-fat-lto-objects -DPREVENT_OPTIMIZATION line 18 arg5 == 5
FAIL: gcc.dg/guality/pr36728-2.c -O2 -flto -fuse-linker-plugin -fno-fat-lto-objects -DPREVENT_OPTIMIZATION line 18 arg6 == 6
FAIL: gcc.dg/guality/pr36728-2.c -O2 -flto -fuse-linker-plugin -fno-fat-lto-objects -DPREVENT_OPTIMIZATION line 18 arg7 == 30
FAIL: gcc.dg/guality/pr36728-3.c -O3 -g -DPREVENT_OPTIMIZATION line 14 y == 2
XPASS: gcc.dg/guality/pr41353-1.c -O0 line 28 j == 28 + 37
FAIL: gcc.dg/guality/pr41447-1.c -O2 -DPREVENT_OPTIMIZATION execution test
FAIL: gcc.dg/guality/pr41447-1.c -O3 -g -DPREVENT_OPTIMIZATION execution test
FAIL: gcc.dg/guality/pr41447-1.c -Os -DPREVENT_OPTIMIZATION execution test
FAIL: gcc.dg/guality/pr41447-1.c -O2 -flto -fno-use-linker-plugin -flto-partition=none -DPREVENT_OPTIMIZATION execution test
FAIL: gcc.dg/guality/pr54200.c -O1 -DPREVENT_OPTIMIZATION line 20 z == 3
FAIL: gcc.dg/guality/pr54200.c -O2 -DPREVENT_OPTIMIZATION line 20 z == 3
FAIL: gcc.dg/guality/pr54200.c -O3 -g -DPREVENT_OPTIMIZATION line 20 z == 3
FAIL: gcc.dg/guality/pr54200.c -Os -DPREVENT_OPTIMIZATION line 20 z == 3
FAIL: gcc.dg/guality/pr54200.c -O2 -flto -fno-use-linker-plugin -flto-partition=none -DPREVENT_OPTIMIZATION line 20 z == 3
FAIL: gcc.dg/guality/pr54519-1.c -O2 -flto -fno-use-linker-plugin -flto-partition=none -DPREVENT_OPTIMIZATION line 20 y == 25
FAIL: gcc.dg/guality/pr54519-1.c -O2 -flto -fno-use-linker-plugin -flto-partition=none -DPREVENT_OPTIMIZATION line 20 z == 6
FAIL: gcc.dg/guality/pr54519-1.c -O2 -flto -fno-use-linker-plugin -flto-partition=none -DPREVENT_OPTIMIZATION line 23 y == 117
FAIL: gcc.dg/guality/pr54519-1.c -O2 -flto -fno-use-linker-plugin -flto-partition=none -DPREVENT_OPTIMIZATION line 23 z == 8
FAIL: gcc.dg/guality/pr54519-1.c -O2 -flto -fuse-linker-plugin -fno-fat-lto-objects -DPREVENT_OPTIMIZATION line 20 y == 25
FAIL: gcc.dg/guality/pr54519-1.c -O2 -flto -fuse-linker-plugin -fno-fat-lto-objects -DPREVENT_OPTIMIZATION line 20 z == 6
FAIL: gcc.dg/guality/pr54519-1.c -O2 -flto -fuse-linker-plugin -fno-fat-lto-objects -DPREVENT_OPTIMIZATION line 23 y == 117
FAIL: gcc.dg/guality/pr54519-1.c -O2 -flto -fuse-linker-plugin -fno-fat-lto-objects -DPREVENT_OPTIMIZATION line 23 z == 8
FAIL: gcc.dg/guality/pr54519-2.c -O2 -flto -fno-use-linker-plugin -flto-partition=none -DPREVENT_OPTIMIZATION line 17 y == 25
FAIL: gcc.dg/guality/pr54519-2.c -O2 -flto -fuse-linker-plugin -fno-fat-lto-objects -DPREVENT_OPTIMIZATION line 17 y == 25
FAIL: gcc.dg/guality/pr54519-3.c -O2 -flto -fno-use-linker-plugin -flto-partition=none -DPREVENT_OPTIMIZATION line 20 y == 25
FAIL: gcc.dg/guality/pr54519-3.c -O2 -flto -fno-use-linker-plugin -flto-partition=none -DPREVENT_OPTIMIZATION line 20 z == 6
FAIL: gcc.dg/guality/pr54519-3.c -O2 -flto -fno-use-linker-plugin -flto-partition=none -DPREVENT_OPTIMIZATION line 23 y == 117
FAIL: gcc.dg/guality/pr54519-3.c -O2 -flto -fno-use-linker-plugin -flto-partition=none -DPREVENT_OPTIMIZATION line 23 z == 8
FAIL: gcc.dg/guality/pr54519-3.c -O2 -flto -fuse-linker-plugin -fno-fat-lto-objects -DPREVENT_OPTIMIZATION line 20 y == 25
FAIL: gcc.dg/guality/pr54519-3.c -O2 -flto -fuse-linker-plugin -fno-fat-lto-objects -DPREVENT_OPTIMIZATION line 20 z == 6
FAIL: gcc.dg/guality/pr54519-3.c -O2 -flto -fuse-linker-plugin -fno-fat-lto-objects -DPREVENT_OPTIMIZATION line 23 y == 117
FAIL: gcc.dg/guality/pr54519-3.c -O2 -flto -fuse-linker-plugin -fno-fat-lto-objects -DPREVENT_OPTIMIZATION line 23 z == 8
FAIL: gcc.dg/guality/pr54519-4.c -O2 -flto -fno-use-linker-plugin -flto-partition=none -DPREVENT_OPTIMIZATION line 17 y == 25
FAIL: gcc.dg/guality/pr54519-4.c -O2 -flto -fuse-linker-plugin -fno-fat-lto-objects -DPREVENT_OPTIMIZATION line 17 y == 25
FAIL: gcc.dg/guality/pr54519-5.c -O2 -flto -fno-use-linker-plugin -flto-partition=none -DPREVENT_OPTIMIZATION line 17 y == 25
FAIL: gcc.dg/guality/pr54519-5.c -O2 -flto -fuse-linker-plugin -fno-fat-lto-objects -DPREVENT_OPTIMIZATION line 17 y == 25
FAIL: gcc.dg/guality/pr54519-6.c -Os -DPREVENT_OPTIMIZATION line 11 x == 2
FAIL: gcc.dg/guality/pr54693-2.c -Os -DPREVENT_OPTIMIZATION line 21 z == 30 - 3 * i
FAIL: gcc.dg/guality/pr54693-2.c -O2 -flto -fuse-linker-plugin -fno-fat-lto-objects -DPREVENT_OPTIMIZATION line 21 z == 30 - 3 * i
XPASS: gcc.dg/guality/pr54970.c -O0 line 15 a[0] == 1
XPASS: gcc.dg/guality/pr54970.c -O0 line 20 a[0] == 1
XPASS: gcc.dg/guality/pr54970.c -O0 line 25 a[0] == 1
XPASS: gcc.dg/guality/pr54970.c -O0 line 31 a[0] == 4
XPASS: gcc.dg/guality/pr54970.c -O0 line 36 a[0] == 4
XPASS: gcc.dg/guality/pr54970.c -O0 line 45 a[0] == 4
XPASS: gcc.dg/guality/pr54970.c -O0 line 45 p[-2] == 4
XPASS: gcc.dg/guality/pr54970.c -O0 line 45 q[-1] == 4
XPASS: gcc.dg/guality/pr54970.c -Og -DPREVENT_OPTIMIZATION line 15 a[0] == 1
XPASS: gcc.dg/guality/pr54970.c -Og -DPREVENT_OPTIMIZATION line 20 a[0] == 1
XPASS: gcc.dg/guality/pr54970.c -Og -DPREVENT_OPTIMIZATION line 25 a[0] == 1
XPASS: gcc.dg/guality/pr54970.c -Og -DPREVENT_OPTIMIZATION line 31 a[0] == 4
XPASS: gcc.dg/guality/pr54970.c -Og -DPREVENT_OPTIMIZATION line 36 a[0] == 4
XPASS: gcc.dg/guality/pr54970.c -Og -DPREVENT_OPTIMIZATION line 45 a[0] == 4
XPASS: gcc.dg/guality/pr54970.c -Og -DPREVENT_OPTIMIZATION line 45 p[-2] == 4
XPASS: gcc.dg/guality/pr54970.c -Og -DPREVENT_OPTIMIZATION line 45 q[-1] == 4
FAIL: gcc.dg/guality/pr56154-1.c -Og -DPREVENT_OPTIMIZATION line pr56154-1.c:20 x.a == 6
FAIL: gcc.dg/guality/pr59776.c -Og -DPREVENT_OPTIMIZATION line pr59776.c:17 s1.f == 5.0
FAIL: gcc.dg/guality/pr59776.c -Og -DPREVENT_OPTIMIZATION line pr59776.c:17 s1.g == 6.0
FAIL: gcc.dg/guality/pr59776.c -Og -DPREVENT_OPTIMIZATION line pr59776.c:17 s2.f == 0.0
FAIL: gcc.dg/guality/pr59776.c -Og -DPREVENT_OPTIMIZATION line pr59776.c:17 s2.g == 6.0
FAIL: gcc.dg/guality/pr59776.c -Og -DPREVENT_OPTIMIZATION line pr59776.c:20 s1.f == 5.0
FAIL: gcc.dg/guality/pr59776.c -Og -DPREVENT_OPTIMIZATION line pr59776.c:20 s1.g == 6.0
FAIL: gcc.dg/guality/pr59776.c -Og -DPREVENT_OPTIMIZATION line pr59776.c:20 s2.f == 5.0
FAIL: gcc.dg/guality/pr59776.c -Og -DPREVENT_OPTIMIZATION line pr59776.c:20 s2.g == 6.0
FAIL: gcc.dg/guality/pr68860-1.c -O2 -DPREVENT_OPTIMIZATION line 14 y == 2
FAIL: gcc.dg/guality/pr68860-1.c -O3 -g -DPREVENT_OPTIMIZATION line 14 y == 2
FAIL: gcc.dg/guality/pr68860-2.c -O3 -g -DPREVENT_OPTIMIZATION line 14 y == 2
FAIL: gcc.dg/guality/pr90074.c -O2 -flto -fuse-linker-plugin -fno-fat-lto-objects -DPREVENT_OPTIMIZATION line 28 i + 1 == 8
FAIL: gcc.dg/guality/pr90074.c -O2 -flto -fuse-linker-plugin -fno-fat-lto-objects -DPREVENT_OPTIMIZATION line 28 c + 1 == 2
FAIL: gcc.dg/guality/pr90716.c -O2 -flto -fuse-linker-plugin -fno-fat-lto-objects -DPREVENT_OPTIMIZATION line 23 j + 1 == 9
FAIL: gcc.dg/guality/sra-1.c -Og -DPREVENT_OPTIMIZATION line 43 a.i == 4
FAIL: gcc.dg/guality/sra-1.c -Og -DPREVENT_OPTIMIZATION line 43 a.j == 14
FAIL: gcc.dg/guality/sra-1.c -O2 -flto -fuse-linker-plugin -fno-fat-lto-objects -DPREVENT_OPTIMIZATION line 21 a.j == 14
FAIL: gcc.dg/guality/sra-1.c -O2 -flto -fuse-linker-plugin -fno-fat-lto-objects -DPREVENT_OPTIMIZATION line 32 a[1] == 14
FAIL: gcc.dg/guality/sra-1.c -O2 -flto -fuse-linker-plugin -fno-fat-lto-objects -DPREVENT_OPTIMIZATION line 43 a.j == 14
FAIL: gcc.dg/torture/pr91323.c -O1 execution test
FAIL: gcc.dg/torture/pr91323.c -O2 execution test
FAIL: gcc.dg/torture/pr91323.c -O3 -g execution test
FAIL: gcc.dg/torture/pr91323.c -Os execution test
FAIL: gcc.dg/torture/pr91323.c -O2 -flto -fno-use-linker-plugin -flto-partition=none execution test
FAIL: gcc.dg/torture/pr91323.c -O2 -flto -fuse-linker-plugin -fno-fat-lto-objects execution test
FAIL: gcc.target/aarch64/cmpimm_branch_1.c scan-assembler-not cmp\\tw[0-9]*.*
FAIL: gcc.target/aarch64/cmpimm_branch_1.c scan-assembler-not cmp\\tx[0-9]*.*
FAIL: gcc.target/aarch64/cmpimm_branch_1.c scan-assembler-times sub\\tw[0-9]+.* 1
FAIL: gcc.target/aarch64/cmpimm_branch_1.c scan-assembler-times sub\\tx[0-9]+.* 1
FAIL: gcc.target/aarch64/cmpimm_branch_1.c scan-assembler-times subs\\tw[0-9]+.* 1
FAIL: gcc.target/aarch64/cmpimm_branch_1.c scan-assembler-times subs\\tx[0-9]+.* 1
FAIL: gcc.target/aarch64/fmla_intrinsic_1.c scan-assembler-times fmla\\\\tv[0-9]+.2s, v[0-9]+.2s, v[0-9]+.2s\\\\[[0-9]+\\\\] 2
FAIL: gcc.target/aarch64/fmls_intrinsic_1.c scan-assembler-times fmls\\\\tv[0-9]+.2s, v[0-9]+.2s, v[0-9]+.2s\\\\[[0-9]+\\\\] 2
FAIL: gcc.target/aarch64/fmul_intrinsic_1.c scan-assembler-times fmul\\\\tv[0-9]+.2s, v[0-9]+.2s, v[0-9]+.s\\\\[[0-9]+\\\\] 2
FAIL: gcc.target/aarch64/fmul_intrinsic_1.c scan-assembler-times fmul\\\\td[0-9]+, d[0-9]+, d[0-9]+ 1
FAIL: gcc.target/aarch64/fmul_intrinsic_1.c scan-assembler-times fmul\\\\tv[0-9]+.2d, v[0-9]+.2d, v[0-9]+.d\\\\[[0-9]+\\\\] 3
FAIL: gcc.target/aarch64/insv_1.c scan-assembler bfi\\tx[0-9]+, x[0-9]+, 0, 8
FAIL: gcc.target/aarch64/insv_1.c scan-assembler bfi\\tx[0-9]+, x[0-9]+, 16, 5
FAIL: gcc.target/aarch64/insv_1.c scan-assembler movk\\tx[0-9]+, 0x1d6b, lsl 32
FAIL: gcc.target/aarch64/lsl_asr_sbfiz.c scan-assembler sbfiz\\tw
FAIL: gcc.target/aarch64/pr71727.c scan-assembler-times mov\\tx 5
FAIL: gcc.target/aarch64/advsimd-intrinsics/bfdot-2.c -O0 (test for excess errors)
FAIL: gcc.target/aarch64/advsimd-intrinsics/bfdot-2.c -O1 (test for excess errors)
UNRESOLVED: gcc.target/aarch64/advsimd-intrinsics/bfdot-2.c -O1 check-function-bodies ufoo
UNRESOLVED: gcc.target/aarch64/advsimd-intrinsics/bfdot-2.c -O1 check-function-bodies ufooq
UNRESOLVED: gcc.target/aarch64/advsimd-intrinsics/bfdot-2.c -O1 check-function-bodies ufoo_lane
UNRESOLVED: gcc.target/aarch64/advsimd-intrinsics/bfdot-2.c -O1 check-function-bodies ufooq_laneq
UNRESOLVED: gcc.target/aarch64/advsimd-intrinsics/bfdot-2.c -O1 check-function-bodies ufoo_laneq
UNRESOLVED: gcc.target/aarch64/advsimd-intrinsics/bfdot-2.c -O1 check-function-bodies ufooq_lane
UNRESOLVED: gcc.target/aarch64/advsimd-intrinsics/bfdot-2.c -O1 check-function-bodies ufoo_untied
UNRESOLVED: gcc.target/aarch64/advsimd-intrinsics/bfdot-2.c -O1 check-function-bodies ufooq_lane_untied
FAIL: gcc.target/aarch64/advsimd-intrinsics/bfdot-2.c -O2 (test for excess errors)
UNRESOLVED: gcc.target/aarch64/advsimd-intrinsics/bfdot-2.c -O2 check-function-bodies ufoo
UNRESOLVED: gcc.target/aarch64/advsimd-intrinsics/bfdot-2.c -O2 check-function-bodies ufooq
UNRESOLVED: gcc.target/aarch64/advsimd-intrinsics/bfdot-2.c -O2 check-function-bodies ufoo_lane
UNRESOLVED: gcc.target/aarch64/advsimd-intrinsics/bfdot-2.c -O2 check-function-bodies ufooq_laneq
UNRESOLVED: gcc.target/aarch64/advsimd-intrinsics/bfdot-2.c -O2 check-function-bodies ufoo_laneq
UNRESOLVED: gcc.target/aarch64/advsimd-intrinsics/bfdot-2.c -O2 check-function-bodies ufooq_lane
UNRESOLVED: gcc.target/aarch64/advsimd-intrinsics/bfdot-2.c -O2 check-function-bodies ufoo_untied
UNRESOLVED: gcc.target/aarch64/advsimd-intrinsics/bfdot-2.c -O2 check-function-bodies ufooq_lane_untied
FAIL: gcc.target/aarch64/advsimd-intrinsics/bfdot-2.c -O3 -g (test for excess errors)
UNRESOLVED: gcc.target/aarch64/advsimd-intrinsics/bfdot-2.c -O3 -g check-function-bodies ufoo
UNRESOLVED: gcc.target/aarch64/advsimd-intrinsics/bfdot-2.c -O3 -g check-function-bodies ufooq
UNRESOLVED: gcc.target/aarch64/advsimd-intrinsics/bfdot-2.c -O3 -g check-function-bodies ufoo_lane
UNRESOLVED: gcc.target/aarch64/advsimd-intrinsics/bfdot-2.c -O3 -g check-function-bodies ufooq_laneq
UNRESOLVED: gcc.target/aarch64/advsimd-intrinsics/bfdot-2.c -O3 -g check-function-bodies ufoo_laneq
UNRESOLVED: gcc.target/aarch64/advsimd-intrinsics/bfdot-2.c -O3 -g check-function-bodies ufooq_lane
UNRESOLVED: gcc.target/aarch64/advsimd-intrinsics/bfdot-2.c -O3 -g check-function-bodies ufoo_untied
UNRESOLVED: gcc.target/aarch64/advsimd-intrinsics/bfdot-2.c -O3 -g check-function-bodies ufooq_lane_untied
FAIL: gcc.target/aarch64/advsimd-intrinsics/bfdot-2.c -Os (test for excess errors)
UNRESOLVED: gcc.target/aarch64/advsimd-intrinsics/bfdot-2.c -Os check-function-bodies ufoo
UNRESOLVED: gcc.target/aarch64/advsimd-intrinsics/bfdot-2.c -Os check-function-bodies ufooq
UNRESOLVED: gcc.target/aarch64/advsimd-intrinsics/bfdot-2.c -Os check-function-bodies ufoo_lane
UNRESOLVED: gcc.target/aarch64/advsimd-intrinsics/bfdot-2.c -Os check-function-bodies ufooq_laneq
UNRESOLVED: gcc.target/aarch64/advsimd-intrinsics/bfdot-2.c -Os check-function-bodies ufoo_laneq
UNRESOLVED: gcc.target/aarch64/advsimd-intrinsics/bfdot-2.c -Os check-function-bodies ufooq_lane
UNRESOLVED: gcc.target/aarch64/advsimd-intrinsics/bfdot-2.c -Os check-function-bodies ufoo_untied
UNRESOLVED: gcc.target/aarch64/advsimd-intrinsics/bfdot-2.c -Os check-function-bodies ufooq_lane_untied
FAIL: gcc.target/aarch64/advsimd-intrinsics/bfdot-2.c -Og -g (test for excess errors)
UNRESOLVED: gcc.target/aarch64/advsimd-intrinsics/bfdot-2.c -Og -g check-function-bodies ufoo
UNRESOLVED: gcc.target/aarch64/advsimd-intrinsics/bfdot-2.c -Og -g check-function-bodies ufooq
UNRESOLVED: gcc.target/aarch64/advsimd-intrinsics/bfdot-2.c -Og -g check-function-bodies ufoo_lane
UNRESOLVED: gcc.target/aarch64/advsimd-intrinsics/bfdot-2.c -Og -g check-function-bodies ufooq_laneq
UNRESOLVED: gcc.target/aarch64/advsimd-intrinsics/bfdot-2.c -Og -g check-function-bodies ufoo_laneq
UNRESOLVED: gcc.target/aarch64/advsimd-intrinsics/bfdot-2.c -Og -g check-function-bodies ufooq_lane
UNRESOLVED: gcc.target/aarch64/advsimd-intrinsics/bfdot-2.c -Og -g check-function-bodies ufoo_untied
UNRESOLVED: gcc.target/aarch64/advsimd-intrinsics/bfdot-2.c -Og -g check-function-bodies ufooq_lane_untied
FAIL: gcc.target/aarch64/advsimd-intrinsics/bfdot-2.c -O2 -flto -fno-use-linker-plugin -flto-partition=none (test for excess errors)
UNRESOLVED: gcc.target/aarch64/advsimd-intrinsics/bfdot-2.c -O2 -flto -fno-use-linker-plugin -flto-partition=none check-function-bodies ufoo
UNRESOLVED: gcc.target/aarch64/advsimd-intrinsics/bfdot-2.c -O2 -flto -fno-use-linker-plugin -flto-partition=none check-function-bodies ufooq
UNRESOLVED: gcc.target/aarch64/advsimd-intrinsics/bfdot-2.c -O2 -flto -fno-use-linker-plugin -flto-partition=none check-function-bodies ufoo_lane
UNRESOLVED: gcc.target/aarch64/advsimd-intrinsics/bfdot-2.c -O2 -flto -fno-use-linker-plugin -flto-partition=none check-function-bodies ufooq_laneq
UNRESOLVED: gcc.target/aarch64/advsimd-intrinsics/bfdot-2.c -O2 -flto -fno-use-linker-plugin -flto-partition=none check-function-bodies ufoo_laneq
UNRESOLVED: gcc.target/aarch64/advsimd-intrinsics/bfdot-2.c -O2 -flto -fno-use-linker-plugin -flto-partition=none check-function-bodies ufooq_lane
UNRESOLVED: gcc.target/aarch64/advsimd-intrinsics/bfdot-2.c -O2 -flto -fno-use-linker-plugin -flto-partition=none check-function-bodies ufoo_untied
UNRESOLVED: gcc.target/aarch64/advsimd-intrinsics/bfdot-2.c -O2 -flto -fno-use-linker-plugin -flto-partition=none check-function-bodies ufooq_lane_untied
FAIL: gcc.target/aarch64/advsimd-intrinsics/vdot-3-2.c -O0 (test for excess errors)
FAIL: gcc.target/aarch64/advsimd-intrinsics/vdot-3-2.c -O1 (test for excess errors)
UNRESOLVED: gcc.target/aarch64/advsimd-intrinsics/vdot-3-2.c -O1 check-function-bodies ufoo
UNRESOLVED: gcc.target/aarch64/advsimd-intrinsics/vdot-3-2.c -O1 check-function-bodies ufooq
UNRESOLVED: gcc.target/aarch64/advsimd-intrinsics/vdot-3-2.c -O1 check-function-bodies ufoo_lane
UNRESOLVED: gcc.target/aarch64/advsimd-intrinsics/vdot-3-2.c -O1 check-function-bodies ufoo_laneq
UNRESOLVED: gcc.target/aarch64/advsimd-intrinsics/vdot-3-2.c -O1 check-function-bodies ufooq_lane
UNRESOLVED: gcc.target/aarch64/advsimd-intrinsics/vdot-3-2.c -O1 check-function-bodies ufooq_laneq
UNRESOLVED: gcc.target/aarch64/advsimd-intrinsics/vdot-3-2.c -O1 check-function-bodies sfoo_lane
UNRESOLVED: gcc.target/aarch64/advsimd-intrinsics/vdot-3-2.c -O1 check-function-bodies sfoo_laneq
UNRESOLVED: gcc.target/aarch64/advsimd-intrinsics/vdot-3-2.c -O1 check-function-bodies sfooq_lane
UNRESOLVED: gcc.target/aarch64/advsimd-intrinsics/vdot-3-2.c -O1 check-function-bodies sfooq_laneq
UNRESOLVED: gcc.target/aarch64/advsimd-intrinsics/vdot-3-2.c -O1 check-function-bodies ufoo_untied
UNRESOLVED: gcc.target/aarch64/advsimd-intrinsics/vdot-3-2.c -O1 check-function-bodies ufooq_laneq_untied
FAIL: gcc.target/aarch64/advsimd-intrinsics/vdot-3-2.c -O2 (test for excess errors)
UNRESOLVED: gcc.target/aarch64/advsimd-intrinsics/vdot-3-2.c -O2 check-function-bodies ufoo
UNRESOLVED: gcc.target/aarch64/advsimd-intrinsics/vdot-3-2.c -O2 check-function-bodies ufooq
UNRESOLVED: gcc.target/aarch64/advsimd-intrinsics/vdot-3-2.c -O2 check-function-bodies ufoo_lane
UNRESOLVED: gcc.target/aarch64/advsimd-intrinsics/vdot-3-2.c -O2 check-function-bodies ufoo_laneq
UNRESOLVED: gcc.target/aarch64/advsimd-intrinsics/vdot-3-2.c -O2 check-function-bodies ufooq_lane
UNRESOLVED: gcc.target/aarch64/advsimd-intrinsics/vdot-3-2.c -O2 check-function-bodies ufooq_laneq
UNRESOLVED: gcc.target/aarch64/advsimd-intrinsics/vdot-3-2.c -O2 check-function-bodies sfoo_lane
UNRESOLVED: gcc.target/aarch64/advsimd-intrinsics/vdot-3-2.c -O2 check-function-bodies sfoo_laneq
UNRESOLVED: gcc.target/aarch64/advsimd-intrinsics/vdot-3-2.c -O2 check-function-bodies sfooq_lane
UNRESOLVED: gcc.target/aarch64/advsimd-intrinsics/vdot-3-2.c -O2 check-function-bodies sfooq_laneq
UNRESOLVED: gcc.target/aarch64/advsimd-intrinsics/vdot-3-2.c -O2 check-function-bodies ufoo_untied
UNRESOLVED: gcc.target/aarch64/advsimd-intrinsics/vdot-3-2.c -O2 check-function-bodies ufooq_laneq_untied
FAIL: gcc.target/aarch64/advsimd-intrinsics/vdot-3-2.c -O3 -g (test for excess errors)
UNRESOLVED: gcc.target/aarch64/advsimd-intrinsics/vdot-3-2.c -O3 -g check-function-bodies ufoo
UNRESOLVED: gcc.target/aarch64/advsimd-intrinsics/vdot-3-2.c -O3 -g check-function-bodies ufooq
UNRESOLVED: gcc.target/aarch64/advsimd-intrinsics/vdot-3-2.c -O3 -g check-function-bodies ufoo_lane
UNRESOLVED: gcc.target/aarch64/advsimd-intrinsics/vdot-3-2.c -O3 -g check-function-bodies ufoo_laneq
UNRESOLVED: gcc.target/aarch64/advsimd-intrinsics/vdot-3-2.c -O3 -g check-function-bodies ufooq_lane
UNRESOLVED: gcc.target/aarch64/advsimd-intrinsics/vdot-3-2.c -O3 -g check-function-bodies ufooq_laneq
UNRESOLVED: gcc.target/aarch64/advsimd-intrinsics/vdot-3-2.c -O3 -g check-function-bodies sfoo_lane
UNRESOLVED: gcc.target/aarch64/advsimd-intrinsics/vdot-3-2.c -O3 -g check-function-bodies sfoo_laneq
UNRESOLVED: gcc.target/aarch64/advsimd-intrinsics/vdot-3-2.c -O3 -g check-function-bodies sfooq_lane
UNRESOLVED: gcc.target/aarch64/advsimd-intrinsics/vdot-3-2.c -O3 -g check-function-bodies sfooq_laneq
UNRESOLVED: gcc.target/aarch64/advsimd-intrinsics/vdot-3-2.c -O3 -g check-function-bodies ufoo_untied
UNRESOLVED: gcc.target/aarch64/advsimd-intrinsics/vdot-3-2.c -O3 -g check-function-bodies ufooq_laneq_untied
FAIL: gcc.target/aarch64/advsimd-intrinsics/vdot-3-2.c -Os (test for excess errors)
UNRESOLVED: gcc.target/aarch64/advsimd-intrinsics/vdot-3-2.c -Os check-function-bodies ufoo
UNRESOLVED: gcc.target/aarch64/advsimd-intrinsics/vdot-3-2.c -Os check-function-bodies ufooq
UNRESOLVED: gcc.target/aarch64/advsimd-intrinsics/vdot-3-2.c -Os check-function-bodies ufoo_lane
UNRESOLVED: gcc.target/aarch64/advsimd-intrinsics/vdot-3-2.c -Os check-function-bodies ufoo_laneq
UNRESOLVED: gcc.target/aarch64/advsimd-intrinsics/vdot-3-2.c -Os check-function-bodies ufooq_lane
UNRESOLVED: gcc.target/aarch64/advsimd-intrinsics/vdot-3-2.c -Os check-function-bodies ufooq_laneq
UNRESOLVED: gcc.target/aarch64/advsimd-intrinsics/vdot-3-2.c -Os check-function-bodies sfoo_lane
UNRESOLVED: gcc.target/aarch64/advsimd-intrinsics/vdot-3-2.c -Os check-function-bodies sfoo_laneq
UNRESOLVED: gcc.target/aarch64/advsimd-intrinsics/vdot-3-2.c -Os check-function-bodies sfooq_lane
UNRESOLVED: gcc.target/aarch64/advsimd-intrinsics/vdot-3-2.c -Os check-function-bodies sfooq_laneq
UNRESOLVED: gcc.target/aarch64/advsimd-intrinsics/vdot-3-2.c -Os check-function-bodies ufoo_untied
UNRESOLVED: gcc.target/aarch64/advsimd-intrinsics/vdot-3-2.c -Os check-function-bodies ufooq_laneq_untied
FAIL: gcc.target/aarch64/advsimd-intrinsics/vdot-3-2.c -Og -g (test for excess errors)
UNRESOLVED: gcc.target/aarch64/advsimd-intrinsics/vdot-3-2.c -Og -g check-function-bodies ufoo
UNRESOLVED: gcc.target/aarch64/advsimd-intrinsics/vdot-3-2.c -Og -g check-function-bodies ufooq
UNRESOLVED: gcc.target/aarch64/advsimd-intrinsics/vdot-3-2.c -Og -g check-function-bodies ufoo_lane
UNRESOLVED: gcc.target/aarch64/advsimd-intrinsics/vdot-3-2.c -Og -g check-function-bodies ufoo_laneq
UNRESOLVED: gcc.target/aarch64/advsimd-intrinsics/vdot-3-2.c -Og -g check-function-bodies ufooq_lane
UNRESOLVED: gcc.target/aarch64/advsimd-intrinsics/vdot-3-2.c -Og -g check-function-bodies ufooq_laneq
UNRESOLVED: gcc.target/aarch64/advsimd-intrinsics/vdot-3-2.c -Og -g check-function-bodies sfoo_lane
UNRESOLVED: gcc.target/aarch64/advsimd-intrinsics/vdot-3-2.c -Og -g check-function-bodies sfoo_laneq
UNRESOLVED: gcc.target/aarch64/advsimd-intrinsics/vdot-3-2.c -Og -g check-function-bodies sfooq_lane
UNRESOLVED: gcc.target/aarch64/advsimd-intrinsics/vdot-3-2.c -Og -g check-function-bodies sfooq_laneq
UNRESOLVED: gcc.target/aarch64/advsimd-intrinsics/vdot-3-2.c -Og -g check-function-bodies ufoo_untied
UNRESOLVED: gcc.target/aarch64/advsimd-intrinsics/vdot-3-2.c -Og -g check-function-bodies ufooq_laneq_untied
FAIL: gcc.target/aarch64/advsimd-intrinsics/vdot-3-2.c -O2 -flto -fno-use-linker-plugin -flto-partition=none (test for excess errors)
UNRESOLVED: gcc.target/aarch64/advsimd-intrinsics/vdot-3-2.c -O2 -flto -fno-use-linker-plugin -flto-partition=none check-function-bodies ufoo
UNRESOLVED: gcc.target/aarch64/advsimd-intrinsics/vdot-3-2.c -O2 -flto -fno-use-linker-plugin -flto-partition=none check-function-bodies ufooq
UNRESOLVED: gcc.target/aarch64/advsimd-intrinsics/vdot-3-2.c -O2 -flto -fno-use-linker-plugin -flto-partition=none check-function-bodies ufoo_lane
UNRESOLVED: gcc.target/aarch64/advsimd-intrinsics/vdot-3-2.c -O2 -flto -fno-use-linker-plugin -flto-partition=none check-function-bodies ufoo_laneq
UNRESOLVED: gcc.target/aarch64/advsimd-intrinsics/vdot-3-2.c -O2 -flto -fno-use-linker-plugin -flto-partition=none check-function-bodies ufooq_lane
UNRESOLVED: gcc.target/aarch64/advsimd-intrinsics/vdot-3-2.c -O2 -flto -fno-use-linker-plugin -flto-partition=none check-function-bodies ufooq_laneq
UNRESOLVED: gcc.target/aarch64/advsimd-intrinsics/vdot-3-2.c -O2 -flto -fno-use-linker-plugin -flto-partition=none check-function-bodies sfoo_lane
UNRESOLVED: gcc.target/aarch64/advsimd-intrinsics/vdot-3-2.c -O2 -flto -fno-use-linker-plugin -flto-partition=none check-function-bodies sfoo_laneq
UNRESOLVED: gcc.target/aarch64/advsimd-intrinsics/vdot-3-2.c -O2 -flto -fno-use-linker-plugin -flto-partition=none check-function-bodies sfooq_lane
UNRESOLVED: gcc.target/aarch64/advsimd-intrinsics/vdot-3-2.c -O2 -flto -fno-use-linker-plugin -flto-partition=none check-function-bodies sfooq_laneq
UNRESOLVED: gcc.target/aarch64/advsimd-intrinsics/vdot-3-2.c -O2 -flto -fno-use-linker-plugin -flto-partition=none check-function-bodies ufoo_untied
UNRESOLVED: gcc.target/aarch64/advsimd-intrinsics/vdot-3-2.c -O2 -flto -fno-use-linker-plugin -flto-partition=none check-function-bodies ufooq_laneq_untied
FAIL: gcc.target/aarch64/simd/vmulx_laneq_f32_1.c scan-assembler-times fmulx[ \\t]+[vV][0-9]+.2[sS], ?[vV][0-9]+.2[sS], ?[vV][0-9]+.[sS]\\\\[0\\\\]\\n 1
FAIL: gcc.target/aarch64/simd/vmulx_laneq_f32_1.c scan-assembler-times fmulx[ \\t]+[vV][0-9]+.2[sS], ?[vV][0-9]+.2[sS], ?[vV][0-9]+.[sS]\\\\[1\\\\]\\n 1
FAIL: gcc.target/aarch64/simd/vmulx_laneq_f32_1.c scan-assembler-times fmulx[ \\t]+[vV][0-9]+.2[sS], ?[vV][0-9]+.2[sS], ?[vV][0-9]+.[sS]\\\\[2\\\\]\\n 1
FAIL: gcc.target/aarch64/simd/vmulx_laneq_f32_1.c scan-assembler-times fmulx[ \\t]+[vV][0-9]+.2[sS], ?[vV][0-9]+.2[sS], ?[vV][0-9]+.[sS]\\\\[3\\\\]\\n 1
FAIL: gcc.target/aarch64/simd/vmulx_laneq_f64_1.c scan-assembler-times fmulx[ \\t]+[dD][0-9]+, ?[dD][0-9]+, ?[vV][0-9]+.[dD]\\\\[0\\\\]\\n 1
FAIL: gcc.target/aarch64/simd/vmulx_laneq_f64_1.c scan-assembler-times fmulx[ \\t]+[dD][0-9]+, ?[dD][0-9]+, ?[vV][0-9]+.[dD]\\\\[1\\\\]\\n 1
=== gcc Summary ===
# of expected passes 245498
# of unexpected failures 196
# of unexpected successes 34
# of expected failures 1910
# of unresolved testcases 120
# of unsupported tests 3885
/build/gcc-snapshot-xT5kMo/gcc-snapshot-20200124/build/gcc/xgcc version 10.0.1 20200124 (experimental) (Debian 20200124-1)
=== gdc tests ===
Running target unix
FAIL: gdc.dg/lto/ltotests d_lto_ltotests_0.o-d_lto_ltotests_1.o link, -O0 -flto -flto-partition=none -fuse-linker-plugin (internal compiler error)
FAIL: gdc.dg/lto/ltotests d_lto_ltotests_0.o-d_lto_ltotests_1.o link, -O2 -flto -flto-partition=none -fuse-linker-plugin -fno-fat-lto-objects (internal compiler error)
FAIL: gdc.dg/lto/ltotests d_lto_ltotests_0.o-d_lto_ltotests_1.o link, -O0 -flto -flto-partition=1to1 -fno-use-linker-plugin (internal compiler error)
FAIL: gdc.dg/lto/ltotests d_lto_ltotests_0.o-d_lto_ltotests_1.o link, -O2 -flto -flto-partition=1to1 -fno-use-linker-plugin (internal compiler error)
FAIL: gdc.dg/lto/ltotests d_lto_ltotests_0.o-d_lto_ltotests_1.o link, -O0 -flto -fuse-linker-plugin -fno-fat-lto-objects (internal compiler error)
FAIL: gdc.dg/lto/ltotests d_lto_ltotests_0.o-d_lto_ltotests_1.o link, -O2 -flto -fuse-linker-plugin (internal compiler error)
=== gdc Summary ===
# of expected passes 29841
# of unexpected failures 6
/build/gcc-snapshot-xT5kMo/gcc-snapshot-20200124/build/gcc/gdc version 10.0.1 20200124 (experimental) (Debian 20200124-1)
=== gfortran tests ===
Running target unix
FAIL: gfortran.dg/ISO_Fortran_binding_15.f90 -O0 execution test
FAIL: gfortran.dg/ISO_Fortran_binding_15.f90 -O1 execution test
FAIL: gfortran.dg/ISO_Fortran_binding_15.f90 -O2 execution test
FAIL: gfortran.dg/ISO_Fortran_binding_15.f90 -O3 -fomit-frame-pointer -funroll-loops -fpeel-loops -ftracer -finline-functions execution test
FAIL: gfortran.dg/ISO_Fortran_binding_15.f90 -O3 -g execution test
FAIL: gfortran.dg/ISO_Fortran_binding_15.f90 -Os execution test
FAIL: gfortran.dg/graphite/interchange-3.f90 -O scan-tree-dump graphite "tiled"
FAIL: gfortran.dg/ieee/ieee_6.f90 -O0 execution test
FAIL: gfortran.dg/ieee/ieee_6.f90 -O1 execution test
FAIL: gfortran.dg/ieee/ieee_6.f90 -O2 execution test
FAIL: gfortran.dg/ieee/ieee_6.f90 -O3 -fomit-frame-pointer -funroll-loops -fpeel-loops -ftracer -finline-functions execution test
FAIL: gfortran.dg/ieee/ieee_6.f90 -O3 -g execution test
FAIL: gfortran.dg/ieee/ieee_6.f90 -Os execution test
XPASS: gfortran.dg/ieee/ieee_8.f90 -O0 execution test
XPASS: gfortran.dg/ieee/ieee_8.f90 -O1 execution test
XPASS: gfortran.dg/ieee/ieee_8.f90 -O2 execution test
XPASS: gfortran.dg/ieee/ieee_8.f90 -O3 -fomit-frame-pointer -funroll-loops -fpeel-loops -ftracer -finline-functions execution test
XPASS: gfortran.dg/ieee/ieee_8.f90 -O3 -g execution test
XPASS: gfortran.dg/ieee/ieee_8.f90 -Os execution test
=== gfortran Summary ===
# of expected passes 52464
# of unexpected failures 13
# of unexpected successes 6
# of expected failures 189
# of unsupported tests 90
/build/gcc-snapshot-xT5kMo/gcc-snapshot-20200124/build/gcc/gfortran version 10.0.1 20200124 (experimental) (Debian 20200124-1)
=== go tests ===
Running target unix
FAIL: ./index0-out.go execution, -O0 -g -fno-var-tracking-assignments
FAIL: go.test/test/ken/cplx2.go execution, -O2 -g
=== go Summary ===
# of expected passes 7348
# of unexpected failures 2
# of expected failures 1
# of untested testcases 10
# of unsupported tests 3
/build/gcc-snapshot-xT5kMo/gcc-snapshot-20200124/build/gcc/gccgo version 10.0.1 20200124 (experimental) (Debian 20200124-1)
=== obj-c++ tests ===
Running target unix
=== obj-c++ Summary ===
# of expected passes 1442
# of expected failures 10
# of unsupported tests 77
/build/gcc-snapshot-xT5kMo/gcc-snapshot-20200124/build/gcc/xg++ version 10.0.1 20200124 (experimental) (Debian 20200124-1)
=== objc tests ===
Running target unix
=== objc Summary ===
# of expected passes 2781
# of unsupported tests 69
/build/gcc-snapshot-xT5kMo/gcc-snapshot-20200124/build/gcc/xgcc version 10.0.1 20200124 (experimental) (Debian 20200124-1)
=== gotools tests ===
=== gotools Summary ===
# of expected passes 457
# of untested testcases 197
/build/gcc-snapshot-xT5kMo/gcc-snapshot-20200124/build/./gcc/gccgo version 10.0.1 20200124 (experimental) (Debian 20200124-1)
Compiler version: 10.0.1 20200124 (experimental) (Debian 20200124-1)
Platform: aarch64-unknown-linux-gnu
configure flags: -v --with-pkgversion='Debian 20200124-1' --with-bugurl=file:///usr/share/doc/gcc-snapshot/README.Bugs --enable-languages=c,c++,go,d,fortran,objc,obj-c++ --prefix=/usr/lib/gcc-snapshot --with-gcc-major-version-only --program-prefix= --enable-shared --enable-linker-build-id --disable-nls --enable-clocale=gnu --enable-libstdcxx-debug --enable-libstdcxx-time=yes --with-default-libstdcxx-abi=new --enable-gnu-unique-object --disable-libquadmath --disable-libquadmath-support --enable-plugin --with-system-zlib --with-target-system-zlib=auto --enable-multiarch --enable-fix-cortex-a53-843419 --disable-werror --enable-checking=yes --build=aarch64-linux-gnu --host=aarch64-linux-gnu --target=aarch64-linux-gnu
BOOT_CFLAGS=
Build Dependencies:
Desired=Unknown/Install/Remove/Purge/Hold
| Status=Not/Inst/Conf-files/Unpacked/halF-conf/Half-inst/trig-aWait/Trig-pend
|/ Err?=(none)/Reinst-required (Status,Err: uppercase=bad)
||/ Name Version Architecture Description
+++-==========================-==================-============-===============================================================================
ii binutils 2.33.90.20200122-2 arm64 GNU assembler, linker and binary utilities
ii binutils-aarch64-linux-gnu 2.33.90.20200122-2 arm64 GNU binary utilities, for aarch64-linux-gnu target
ii binutils-common:arm64 2.33.90.20200122-2 arm64 Common files for the GNU assembler, linker and binary utilities
ii g++-9 9.2.1-25 arm64 GNU C++ compiler
ii libc6:arm64 2.29-9 arm64 GNU C Library: Shared libraries
ii libgmp-dev:arm64 2:6.1.2+dfsg-4 arm64 Multiprecision arithmetic library developers tools
ii libisl-dev:arm64 0.22-2 arm64 manipulating sets and relations of integer points bounded by linear constraints
ii libmpc-dev:arm64 1.1.0-1 arm64 multiple precision complex floating-point library development package
ii libmpfr-dev:arm64 4.0.2-1 arm64 multiple precision floating-point computation developers tools
sys-auxv-header:
Check for the sys/auxv.h header file.
gdc-dynamic-link-phobos:
Dynamically link the phobos library.
ia64-disable-selective-scheduling:
arm-multilib-defaults:
Set MULTILIB_DEFAULTS for ARM multilib builds
gcc-ice-dump:
For ICEs, dump the preprocessed source file to stderr
when in a distro build environment.
gcc-ice-apport:
Report an ICE to apport (if apport is available
and the environment variable GCC_NOAPPORT is not set)
skip-bootstrap-multilib:
Skip non-default multilib and libstdc++-v3 debug builds in bootstrap builds
libffi-ro-eh_frame_sect:
PR libffi/47248, force a read only eh frame section.
libffi-mips:
Backport Mips go closure support, taken from libffi issue #197.
ada-kfreebsd:
libgomp-x32-hack:
gcc-multiarch:
- Remaining multiarch patches, not yet submitted upstream.
- Add MULTIARCH_DIRNAME definitions for multilib configurations,
which are used for the non-multilib builds.
config-ml:
- Disable some biarch libraries for biarch builds.
- Fix multilib builds on kernels which don't support all multilibs.
gcc-multilib-multiarch:
Don't auto-detect multilib osdirnames.
libgomp-kfreebsd-testsuite:
Disable lock-2.c test on kfreebsd-*
go-testsuite:
Skip Go testcase on AArch64 which hangs on the buildds.
Counting all warnings,
there are 0 warnings in stage3 of this bootstrap.
Number of warnings per file:
Number of warning types:
More information about the Gcc-testresults
mailing list