Results for 10.0.1 20200123 (experimental) [master revision r10-6165-g92bea423c295] (GCC) testsuite on i686-apple-darwin9
Iain Sandoe
iains.gcc@gmail.com
Fri Jan 24 08:12:00 GMT 2020
LAST_UPDATED: Thu Jan 23 07:44:09 UTC 2020 (revision r10-6165-g92bea423c295)
=== acats tests ===
=== acats Summary ===
# of expected passes 2320
# of unexpected failures 0
Native configuration is i686-apple-darwin9
=== g++ tests ===
Running target unix/-m32
WARNING: g++.dg/debug/pr47106.C -gstabs -O2 (test for excess errors) program timed out.
FAIL: g++.dg/debug/pr47106.C -gstabs -O2 (test for excess errors)
WARNING: g++.dg/cpp0x/gen-attrs-5.C -std=c++14 (test for excess errors) program timed out.
FAIL: g++.dg/cpp0x/gen-attrs-5.C -std=c++14 (test for excess errors)
WARNING: g++.dg/cpp0x/pr32114.C -std=c++14 (test for errors, line 4) program timed out.
WARNING: g++.dg/cpp1y/var-templ59.C -std=c++17 (test for errors, line 12) program timed out.
FAIL: g++.dg/ext/pr84828.C -std=gnu++14 (internal compiler error)
FAIL: g++.dg/ext/pr84828.C -std=gnu++14 (test for excess errors)
FAIL: g++.dg/ext/pr84828.C -std=gnu++17 (internal compiler error)
FAIL: g++.dg/ext/pr84828.C -std=gnu++17 (test for excess errors)
FAIL: g++.dg/ext/pr84828.C -std=gnu++2a (internal compiler error)
FAIL: g++.dg/ext/pr84828.C -std=gnu++2a (test for excess errors)
FAIL: g++.dg/ext/pr84828.C -std=gnu++98 (internal compiler error)
FAIL: g++.dg/ext/pr84828.C -std=gnu++98 (test for excess errors)
XPASS: g++.dg/ext/sync-4.C -std=gnu++14 execution test
XPASS: g++.dg/ext/sync-4.C -std=gnu++17 execution test
XPASS: g++.dg/ext/sync-4.C -std=gnu++2a execution test
XPASS: g++.dg/ext/sync-4.C -std=gnu++98 execution test
WARNING: g++.dg/ext/tmplattr5.C -std=c++2a (test for excess errors) program timed out.
FAIL: g++.dg/ext/tmplattr5.C -std=c++2a (test for excess errors)
WARNING: g++.dg/ext/typeof8.C -std=gnu++17 (test for excess errors) program timed out.
FAIL: g++.dg/ext/typeof8.C -std=gnu++17 (test for excess errors)
FAIL: g++.dg/ipa/pr67056.C scan-ipa-dump cp "Speculative outer type:struct CompositeClass"
WARNING: g++.dg/parse/ctor10.C -std=gnu++14 (test for warnings, line 10) program timed out.
FAIL: g++.dg/pr80481.C -std=gnu++14 scan-assembler-not vmovaps
FAIL: g++.dg/pr80481.C -std=gnu++17 scan-assembler-not vmovaps
FAIL: g++.dg/pr80481.C -std=gnu++2a scan-assembler-not vmovaps
FAIL: g++.dg/pr80481.C -std=gnu++98 scan-assembler-not vmovaps
WARNING: g++.dg/template/lookup6.C -std=c++17 (test for excess errors) program timed out.
FAIL: g++.dg/template/lookup6.C -std=c++17 (test for excess errors)
FAIL: g++.dg/gomp/pr88182.C -std=gnu++14 (test for excess errors)
UNRESOLVED: g++.dg/gomp/pr88182.C -std=gnu++14 compilation failed to produce executable
FAIL: g++.dg/gomp/pr88182.C -std=gnu++17 (test for excess errors)
UNRESOLVED: g++.dg/gomp/pr88182.C -std=gnu++17 compilation failed to produce executable
FAIL: g++.dg/gomp/pr88182.C -std=gnu++2a (test for excess errors)
UNRESOLVED: g++.dg/gomp/pr88182.C -std=gnu++2a compilation failed to produce executable
FAIL: g++.dg/gomp/pr88182.C -std=gnu++98 (test for excess errors)
UNRESOLVED: g++.dg/gomp/pr88182.C -std=gnu++98 compilation failed to produce executable
FAIL: g++.dg/lto/pr65276 cp_lto_pr65276_0.o-cp_lto_pr65276_1.o link, -flto -O0 -std=c++11
FAIL: g++.dg/lto/pr89335 cp_lto_pr89335_0.o assemble, -O2 -flto -Wsuggest-final-methods
FAIL: g++.dg/tls/thread_local-order2.C -std=c++14 execution test
FAIL: g++.dg/tls/thread_local-order2.C -std=c++17 execution test
FAIL: g++.dg/tls/thread_local-order2.C -std=c++2a execution test
WARNING: g++.old-deja/g++.ext/array2.C -std=gnu++98 (test for excess errors) program timed out.
FAIL: g++.old-deja/g++.ext/array2.C -std=gnu++98 (test for excess errors)
WARNING: g++.old-deja/g++.pt/auto_ptr.C -std=c++98 (test for warnings, line 12) program timed out.
=== g++ Summary for unix/-m32 ===
# of expected passes 175778
# of unexpected failures 28
# of unexpected successes 4
# of expected failures 703
# of unresolved testcases 4
# of unsupported tests 7503
Running target unix/-m64
WARNING: g++.dg/cpp0x/decltype15.C -std=c++17 (test for excess errors) program timed out.
FAIL: g++.dg/cpp0x/decltype15.C -std=c++17 (test for excess errors)
WARNING: g++.dg/cpp1y/auto-fn53.C -std=c++17 (test for errors, line 4) program timed out.
WARNING: g++.dg/cpp2a/constexpr-dynamic15.C -std=c++2a (test for excess errors) program timed out.
FAIL: g++.dg/cpp2a/constexpr-dynamic15.C -std=c++2a (test for excess errors)
FAIL: g++.dg/eh/weak1.C -std=gnu++14 execution test
FAIL: g++.dg/eh/weak1.C -std=gnu++17 execution test
FAIL: g++.dg/eh/weak1.C -std=gnu++2a execution test
FAIL: g++.dg/eh/weak1.C -std=gnu++98 execution test
WARNING: g++.dg/ext/attr-nonnull.C -std=gnu++14 (test for warnings, line 15) program timed out.
XPASS: g++.dg/ext/sync-4.C -std=gnu++14 execution test
XPASS: g++.dg/ext/sync-4.C -std=gnu++17 execution test
XPASS: g++.dg/ext/sync-4.C -std=gnu++2a execution test
XPASS: g++.dg/ext/sync-4.C -std=gnu++98 execution test
WARNING: g++.dg/init/pr69658.C -std=c++98 (test for bogus messages, line 6) program timed out.
FAIL: g++.dg/init/pr69658.C -std=c++98 (test for excess errors)
FAIL: g++.dg/ipa/pr67056.C scan-ipa-dump cp "Speculative outer type:struct CompositeClass"
WARNING: g++.dg/parse/crash5.C -std=gnu++98 (test for warnings, line 3) program timed out.
WARNING: g++.dg/parse/error15.C -std=gnu++2a (test for errors, line 13) program timed out.
FAIL: g++.dg/pr80481.C -std=gnu++14 scan-assembler-not vmovaps
FAIL: g++.dg/pr80481.C -std=gnu++17 scan-assembler-not vmovaps
FAIL: g++.dg/pr80481.C -std=gnu++2a scan-assembler-not vmovaps
FAIL: g++.dg/pr80481.C -std=gnu++98 scan-assembler-not vmovaps
WARNING: g++.dg/template/new4.C -std=c++98 (test for errors, line 7) program timed out.
FAIL: g++.dg/tree-ssa/pr90883.C scan-tree-dump dse2 "Deleted redundant store: .*.a = {}"
WARNING: g++.dg/warn/Wsign-conversion-2.C -std=gnu++14 (test for excess errors) program timed out.
FAIL: g++.dg/warn/Wsign-conversion-2.C -std=gnu++14 (test for excess errors)
FAIL: g++.dg/gomp/pr88182.C -std=gnu++14 (test for excess errors)
UNRESOLVED: g++.dg/gomp/pr88182.C -std=gnu++14 compilation failed to produce executable
FAIL: g++.dg/gomp/pr88182.C -std=gnu++17 (test for excess errors)
UNRESOLVED: g++.dg/gomp/pr88182.C -std=gnu++17 compilation failed to produce executable
FAIL: g++.dg/gomp/pr88182.C -std=gnu++2a (test for excess errors)
UNRESOLVED: g++.dg/gomp/pr88182.C -std=gnu++2a compilation failed to produce executable
FAIL: g++.dg/gomp/pr88182.C -std=gnu++98 (test for excess errors)
UNRESOLVED: g++.dg/gomp/pr88182.C -std=gnu++98 compilation failed to produce executable
FAIL: g++.dg/lto/pr65276 cp_lto_pr65276_0.o-cp_lto_pr65276_1.o link, -flto -O0 -std=c++11
FAIL: g++.dg/lto/pr89335 cp_lto_pr89335_0.o assemble, -O2 -flto -Wsuggest-final-methods
FAIL: g++.dg/tls/thread_local-order2.C -std=c++14 execution test
FAIL: g++.dg/tls/thread_local-order2.C -std=c++17 execution test
FAIL: g++.dg/tls/thread_local-order2.C -std=c++2a execution test
WARNING: g++.dg/torture/pr58252.C -O0 (test for warnings, line 18) program timed out.
WARNING: g++.old-deja/g++.oliva/nameret1.C -std=gnu++14 (test for errors, line 10) program timed out.
=== g++ Summary for unix/-m64 ===
# of expected passes 177956
# of unexpected failures 23
# of unexpected successes 4
# of expected failures 707
# of unresolved testcases 4
# of unsupported tests 7699
=== g++ Summary ===
# of expected passes 353734
# of unexpected failures 51
# of unexpected successes 8
# of expected failures 1410
# of unresolved testcases 8
# of unsupported tests 15202
/scratch/10-5-leo/gcc-trunk-wip/gcc/testsuite/g++/../../xg++ version 10.0.1 20200123 (experimental) [master revision r10-6165-g92bea423c295] (GCC)
=== gcc tests ===
Running target unix/-m32
WARNING: gcc.c-torture/compile/20040220-1.c -O3 -fomit-frame-pointer -funroll-loops -fpeel-loops -ftracer -finline-functions (test for excess errors) program timed out.
FAIL: gcc.c-torture/compile/20040220-1.c -O3 -fomit-frame-pointer -funroll-loops -fpeel-loops -ftracer -finline-functions (test for excess errors)
WARNING: gcc.c-torture/compile/930513-2.c -O0 (test for excess errors) program timed out.
FAIL: gcc.c-torture/compile/930513-2.c -O0 (test for excess errors)
WARNING: gcc.c-torture/compile/pr45412.c -O1 (test for excess errors) program timed out.
FAIL: gcc.c-torture/compile/pr45412.c -O1 (test for excess errors)
WARNING: gcc.c-torture/execute/pr22493-1.c -O2 (test for excess errors) program timed out.
FAIL: gcc.c-torture/execute/pr22493-1.c -O2 (test for excess errors)
FAIL: gcc.dg/analyzer/abort.c (test for warnings, line 71)
FAIL: gcc.dg/analyzer/abort.c (test for excess errors)
FAIL: gcc.dg/analyzer/dot-output.c dg-check-dot dot-output.c.state-purge.dot
WARNING: gcc.dg/compat/vector-1b_main.c program timed out.
WARNING: gcc.dg/debug/pr47498.c -gdwarf-2 -g1 (test for excess errors) program timed out.
FAIL: gcc.dg/debug/pr47498.c -gdwarf-2 -g1 (test for excess errors)
FAIL: gcc.dg/debug/dwarf2/inline4.c scan-assembler DW_TAG_inlined_subroutine[^\\\\(]*\\\\([^\\\\)]*\\\\)[^\\\\(]*\\\\(DIE \\\\(0x[0-9a-f]*\\\\) DW_TAG_formal_parameter[^\\\\(]*\\\\(DIE \\\\(0x[0-9a-f]*\\\\) DW_TAG_variable
FAIL: gcc.dg/debug/dwarf2/inline5.c scan-assembler-not \\\\(DIE \\\\(0x([0-9a-f]*)\\\\) DW_TAG_lexical_block\\\\)[^#/!@;\\\\|]*[#/!@;\\\\|]+ +[^(].*DW_TAG_lexical_block\\\\)[^#/!@;\\\\|x]*x\\\\1[^#/!@;\\\\|]*[#/!@;\\\\|] +DW_AT_abstract_origin
FAIL: gcc.dg/pr68766.c (internal compiler error)
FAIL: gcc.dg/pr68766.c (test for excess errors)
FAIL: gcc.dg/stack-layout-dynamic-1.c (test for excess errors)
UNRESOLVED: gcc.dg/stack-layout-dynamic-1.c scan-assembler-not cfi_def_cfa_register
FAIL: c-c++-common/goacc/firstprivate-mappings-1.c scan-tree-dump omplower "(?n)#pragma omp target oacc_parallel map\\\\(from:array_so \\\\[len: 4\\\\]\\\\) firstprivate\\\\(array_li.[0-9]+\\\\) map\\\\(tofrom:\\\\(\\\\*array.[0-9]+\\\\) \\\\[len: D\\\\.[0-9]+\\\\]\\\\) map\\\\(firstprivate:array \\\\[pointer assign, bias: 0\\\\]\\\\) \\\\["
FAIL: gcc.dg/graphite/scop-19.c scan-tree-dump-times graphite "number of SCoPs: 0" 1
XPASS: gcc.dg/graphite/scop-21.c scan-tree-dump-times graphite "number of SCoPs: 1" 1
FAIL: gcc.dg/ipa/ipa-icf-38.c scan-ltrans-tree-dump-not optimized "Function bar"
FAIL: gcc.dg/torture/builtin-self.c -O0 scan-assembler-not \\tcall
WARNING: gcc.dg/torture/float64-tg-3.c -O0 program timed out.
WARNING: gcc.dg/torture/pr45732.c -O2 -flto (test for excess errors) program timed out.
FAIL: gcc.dg/torture/pr45732.c -O2 -flto (test for excess errors)
WARNING: gcc.dg/torture/pr58246.c -O1 (test for excess errors) program timed out.
FAIL: gcc.dg/torture/pr58246.c -O1 (test for excess errors)
FAIL: gcc.dg/vect/vect-epilogues.c -flto -ffat-lto-objects scan-tree-dump vect "LOOP EPILOGUE VECTORIZED"
FAIL: gcc.dg/vect/vect-epilogues.c scan-tree-dump vect "LOOP EPILOGUE VECTORIZED"
XPASS: gcc.dg/vect/vect-reduc-in-order-1.c -flto -ffat-lto-objects execution test
XPASS: gcc.dg/vect/vect-reduc-in-order-1.c execution test
XPASS: gcc.dg/vect/vect-reduc-in-order-2.c -flto -ffat-lto-objects execution test
XPASS: gcc.dg/vect/vect-reduc-in-order-2.c execution test
XPASS: gcc.dg/vect/vect-reduc-in-order-3.c -flto -ffat-lto-objects execution test
XPASS: gcc.dg/vect/vect-reduc-in-order-3.c execution test
XPASS: gcc.dg/vect/vect-reduc-in-order-4.c -flto -ffat-lto-objects execution test
XPASS: gcc.dg/vect/vect-reduc-in-order-4.c execution test
FAIL: gcc.target/i386/indirect-thunk-1.c scan-assembler movl[ \\\\t]*[Ll]_dispatch\\\\\$non_lazy_ptr-L[0-9]+\\\\\$pb
FAIL: gcc.target/i386/indirect-thunk-2.c scan-assembler movl[ \\\\t]*[Ll]_dispatch\\\\\$non_lazy_ptr-L[0-9]+\\\\\$pb
FAIL: gcc.target/i386/indirect-thunk-3.c scan-assembler movl[ \\\\t]*[Ll]_dispatch\\\\\$non_lazy_ptr-L[0-9]+\\\\\$pb
FAIL: gcc.target/i386/indirect-thunk-4.c scan-assembler movl[ \\\\t]*[Ll]_dispatch\\\\\$non_lazy_ptr-L[0-9]+\\\\\$pb
FAIL: gcc.target/i386/indirect-thunk-attr-1.c scan-assembler movl[ \\\\t]*[Ll]_dispatch\\\\\$non_lazy_ptr-L[0-9]+\\\\\$pb
FAIL: gcc.target/i386/indirect-thunk-attr-2.c scan-assembler movl[ \\\\t]*[Ll]_dispatch\\\\\$non_lazy_ptr-L[0-9]+\\\\\$pb
FAIL: gcc.target/i386/indirect-thunk-attr-3.c scan-assembler movl[ \\\\t]*[Ll]_dispatch\\\\\$non_lazy_ptr-L[0-9]+\\\\\$pb
FAIL: gcc.target/i386/indirect-thunk-attr-4.c scan-assembler movl[ \\\\t]*[Ll]_dispatch\\\\\$non_lazy_ptr-L[0-9]+\\\\\$pb
FAIL: gcc.target/i386/indirect-thunk-attr-5.c scan-assembler movl[ \\\\t]*[Ll]_dispatch\\\\\$non_lazy_ptr-L[0-9]+\\\\\$pb
FAIL: gcc.target/i386/indirect-thunk-attr-6.c scan-assembler movl[ \\\\t]*[Ll]_dispatch\\\\\$non_lazy_ptr-L[0-9]+\\\\\$pb
FAIL: gcc.target/i386/indirect-thunk-extern-1.c scan-assembler movl[ \\\\t]*[Ll]_dispatch\\\\\$non_lazy_ptr-L[0-9]+\\\\\$pb
FAIL: gcc.target/i386/indirect-thunk-extern-2.c scan-assembler movl[ \\\\t]*[Ll]_dispatch\\\\\$non_lazy_ptr-L[0-9]+\\\\\$pb
FAIL: gcc.target/i386/indirect-thunk-extern-3.c scan-assembler movl[ \\\\t]*[Ll]_dispatch\\\\\$non_lazy_ptr-L[0-9]+\\\\\$pb
FAIL: gcc.target/i386/indirect-thunk-extern-4.c scan-assembler movl[ \\\\t]*[Ll]_dispatch\\\\\$non_lazy_ptr-L[0-9]+\\\\\$pb
FAIL: gcc.target/i386/indirect-thunk-inline-1.c scan-assembler movl[ \\\\t]*[Ll]_dispatch\\\\\$non_lazy_ptr-L[0-9]+\\\\\$pb
FAIL: gcc.target/i386/indirect-thunk-inline-2.c scan-assembler movl[ \\\\t]*[Ll]_dispatch\\\\\$non_lazy_ptr-L[0-9]+\\\\\$pb
FAIL: gcc.target/i386/indirect-thunk-inline-3.c scan-assembler movl[ \\\\t]*[Ll]_dispatch\\\\\$non_lazy_ptr-L[0-9]+\\\\\$pb
FAIL: gcc.target/i386/indirect-thunk-inline-4.c scan-assembler movl[ \\\\t]*[Ll]_dispatch\\\\\$non_lazy_ptr-L[0-9]+\\\\\$pb
FAIL: gcc.target/i386/memcpy-strategy-1.c scan-assembler-times movdqa 4
FAIL: gcc.target/i386/memcpy-strategy-2.c scan-assembler-times movdqa 4
FAIL: gcc.target/i386/memcpy-vector_loop-1.c scan-assembler-times movdqa 4
FAIL: gcc.target/i386/pad-3.c scan-assembler-not nop
FAIL: gcc.target/i386/pr15184-1.c scan-assembler-times movb[ \\\\t]+%al 4
FAIL: gcc.target/i386/pr15184-2.c scan-assembler-times movb[ \\\\t]+%al 2
FAIL: gcc.target/i386/pr36502.c scan-assembler-not esp
FAIL: gcc.target/i386/pr54855-3.c scan-assembler-not movsd
FAIL: gcc.target/i386/pr54855-7.c scan-assembler-not movss
FAIL: gcc.target/i386/pr57193.c scan-assembler-times movdqa 2
FAIL: gcc.target/i386/pr66334.c scan-assembler movl[ \\\\t].+, %ebx
FAIL: gcc.target/i386/pr71245-1.c scan-assembler-not (fistp|fild)
FAIL: gcc.target/i386/pr71245-2.c scan-assembler-not movlps
FAIL: gcc.target/i386/pr78035.c scan-assembler-times cmp 2
FAIL: gcc.target/i386/pr81736-5.c scan-assembler-not %[re]bp
XPASS: gcc.target/i386/pr84101.c scan-tree-dump-not slp2 "basic block vectorized"
FAIL: gcc.target/i386/pr84278.c scan-assembler-not \\\\(%.sp\\\\)
FAIL: gcc.target/i386/pr85667-6.c scan-assembler-times flds[^\\n\\r]* 1
FAIL: gcc.target/i386/pr88414.c (internal compiler error)
FAIL: gcc.target/i386/pr88414.c (test for excess errors)
FAIL: gcc.target/i386/pr92651.c scan-assembler-times sub 2
WARNING: gcc.target/i386/sse2-psllq-2.c (test for excess errors) program timed out.
FAIL: gcc.target/i386/sse2-psllq-2.c (test for excess errors)
=== gcc Summary for unix/-m32 ===
# of expected passes 132481
# of unexpected failures 60
# of unexpected successes 10
# of expected failures 661
# of unresolved testcases 1
# of unsupported tests 4856
Running target unix/-m64
WARNING: gcc.c-torture/compile/pr27087.c -O2 -flto (test for excess errors) program timed out.
FAIL: gcc.c-torture/compile/pr27087.c -O2 -flto (test for excess errors)
WARNING: gcc.c-torture/execute/20030715-1.c -O1 (test for excess errors) program timed out.
FAIL: gcc.c-torture/execute/20030715-1.c -O1 (test for excess errors)
WARNING: gcc.c-torture/execute/930702-1.c -O2 (test for excess errors) program timed out.
FAIL: gcc.c-torture/execute/930702-1.c -O2 (test for excess errors)
WARNING: gcc.c-torture/execute/pr22098-3.c -O3 -g (test for excess errors) program timed out.
FAIL: gcc.c-torture/execute/pr22098-3.c -O3 -g (test for excess errors)
WARNING: gcc.c-torture/execute/pr68506.c -O2 -flto (test for excess errors) program timed out.
FAIL: gcc.c-torture/execute/pr68506.c -O2 -flto (test for excess errors)
FAIL: gcc.dg/analyzer/abort.c (test for warnings, line 71)
FAIL: gcc.dg/analyzer/abort.c (test for excess errors)
FAIL: gcc.dg/analyzer/dot-output.c dg-check-dot dot-output.c.state-purge.dot
FAIL: gcc.dg/atomic/c11-atomic-exec-5.c -O0 execution test
FAIL: gcc.dg/atomic/c11-atomic-exec-5.c -O1 execution test
FAIL: gcc.dg/atomic/c11-atomic-exec-5.c -O2 execution test
FAIL: gcc.dg/atomic/c11-atomic-exec-5.c -O2 -flto execution test
FAIL: gcc.dg/atomic/c11-atomic-exec-5.c -O2 -flto -flto-partition=none execution test
WARNING: gcc.dg/atomic/c11-atomic-exec-5.c -O3 -fomit-frame-pointer -funroll-loops -fpeel-loops -ftracer -finline-functions execution test program timed out.
FAIL: gcc.dg/atomic/c11-atomic-exec-5.c -O3 -fomit-frame-pointer -funroll-loops -fpeel-loops -ftracer -finline-functions execution test
FAIL: gcc.dg/atomic/c11-atomic-exec-5.c -O3 -g execution test
FAIL: gcc.dg/atomic/c11-atomic-exec-5.c -Os execution test
WARNING: gcc.dg/cpp/warn-multichar-2.c (test for warnings, line ) program timed out.
FAIL: gcc.dg/debug/dwarf2/inline4.c scan-assembler DW_TAG_inlined_subroutine[^\\\\(]*\\\\([^\\\\)]*\\\\)[^\\\\(]*\\\\(DIE \\\\(0x[0-9a-f]*\\\\) DW_TAG_formal_parameter[^\\\\(]*\\\\(DIE \\\\(0x[0-9a-f]*\\\\) DW_TAG_variable
FAIL: gcc.dg/debug/dwarf2/inline5.c scan-assembler-not \\\\(DIE \\\\(0x([0-9a-f]*)\\\\) DW_TAG_lexical_block\\\\)[^#/!@;\\\\|]*[#/!@;\\\\|]+ +[^(].*DW_TAG_lexical_block\\\\)[^#/!@;\\\\|x]*x\\\\1[^#/!@;\\\\|]*[#/!@;\\\\|] +DW_AT_abstract_origin
FAIL: gcc.dg/attr-weakref-1.c execution test
FAIL: gcc.dg/pr68766.c (internal compiler error)
FAIL: gcc.dg/pr68766.c (test for excess errors)
FAIL: gcc.dg/stack-layout-dynamic-1.c (test for excess errors)
UNRESOLVED: gcc.dg/stack-layout-dynamic-1.c scan-assembler-not cfi_def_cfa_register
FAIL: gcc.dg/strcmpopt_8.c (test for excess errors)
FAIL: gcc.dg/strcmpopt_8.c scan-tree-dump-not forwprop1 "strncmp"
FAIL: gcc.dg/strlenopt-82.c scan-tree-dump-times optimized "call_in_true_branch_not_eliminated_" 0
FAIL: gcc.dg/graphite/scop-19.c scan-tree-dump-times graphite "number of SCoPs: 0" 1
XPASS: gcc.dg/graphite/scop-21.c scan-tree-dump-times graphite "number of SCoPs: 1" 1
FAIL: gcc.dg/ipa/ipa-icf-38.c scan-ltrans-tree-dump-not optimized "Function bar"
WARNING: gcc.dg/params/blocksort-part.c -O3 --param selsched-max-sched-times=1 (test for excess errors) program timed out.
FAIL: gcc.dg/params/blocksort-part.c -O3 --param selsched-max-sched-times=1 (test for excess errors)
FAIL: gcc.dg/rtl/x86_64/final.c (internal compiler error)
FAIL: gcc.dg/rtl/x86_64/final.c (test for excess errors)
UNRESOLVED: gcc.dg/rtl/x86_64/final.c scan-assembler .cfi_endproc
UNRESOLVED: gcc.dg/rtl/x86_64/final.c scan-assembler .cfi_startproc
UNRESOLVED: gcc.dg/rtl/x86_64/final.c scan-assembler ret
UNRESOLVED: gcc.dg/rtl/x86_64/final.c scan-assembler test_1:
WARNING: gcc.dg/torture/pr69542.c -Os (test for excess errors) program timed out.
FAIL: gcc.dg/torture/pr69542.c -Os (test for excess errors)
XPASS: gcc.dg/tree-ssa/builtin-snprintf-6.c scan-tree-dump-times optimized "Function test_assign_aggregate" 1
XPASS: gcc.dg/tree-ssa/pr91091-2.c scan-tree-dump-times fre1 " = [^;]*x;" 1
XPASS: gcc.dg/tree-ssa/pr91091-2.c scan-tree-dump-times fre1 "x = " 1
XPASS: gcc.dg/tree-ssa/ssa-fre-77.c scan-tree-dump fre1 "return 1;"
FAIL: gcc.target/i386/indirect-thunk-2.c scan-assembler movq[ \\\\t]*_dispatch
FAIL: gcc.target/i386/indirect-thunk-4.c scan-assembler movq[ \\\\t]*_dispatch
FAIL: gcc.target/i386/indirect-thunk-attr-2.c scan-assembler movq[ \\\\t]*_dispatch
FAIL: gcc.target/i386/indirect-thunk-attr-4.c scan-assembler movq[ \\\\t]*_dispatch
FAIL: gcc.target/i386/indirect-thunk-attr-6.c scan-assembler movq[ \\\\t]*_dispatch
FAIL: gcc.target/i386/indirect-thunk-extern-2.c scan-assembler movq[ \\\\t]*_dispatch
FAIL: gcc.target/i386/indirect-thunk-extern-4.c scan-assembler movq[ \\\\t]*_dispatch
FAIL: gcc.target/i386/indirect-thunk-inline-2.c scan-assembler movq[ \\\\t]*_dispatch
FAIL: gcc.target/i386/indirect-thunk-inline-4.c scan-assembler movq[ \\\\t]*_dispatch
FAIL: gcc.target/i386/pr34256.c scan-assembler-times mov 5
FAIL: gcc.target/i386/pr57193.c scan-assembler-times movdqa 2
FAIL: gcc.target/i386/pr78035.c scan-assembler-times cmp 2
FAIL: gcc.target/i386/pr92651.c scan-assembler-times sub 2
FAIL: gcc.target/i386/stackalign/pr88483-1.c -mno-stackrealign scan-assembler-not and[lq]?[^\\\\n]*-[0-9]+,[^\\\\n]*sp
FAIL: gcc.target/i386/stackalign/pr88483-1.c -mstackrealign scan-assembler-not and[lq]?[^\\\\n]*-[0-9]+,[^\\\\n]*sp
FAIL: gcc.target/i386/stackalign/pr88483-2.c -mno-stackrealign scan-assembler-not (sub|add)(l|q)[\\\\t ]*\\\\\$[0-9]*,[\\\\t ]*%[re]?sp
FAIL: gcc.target/i386/stackalign/pr88483-2.c -mno-stackrealign scan-assembler-not and[lq]?[^\\\\n]*-[0-9]+,[^\\\\n]*sp
FAIL: gcc.target/i386/stackalign/pr88483-2.c -mstackrealign scan-assembler-not (sub|add)(l|q)[\\\\t ]*\\\\\$[0-9]*,[\\\\t ]*%[re]?sp
FAIL: gcc.target/i386/stackalign/pr88483-2.c -mstackrealign scan-assembler-not and[lq]?[^\\\\n]*-[0-9]+,[^\\\\n]*sp
=== gcc Summary for unix/-m64 ===
# of expected passes 134388
# of unexpected failures 50
# of unexpected successes 5
# of expected failures 662
# of unresolved testcases 5
# of unsupported tests 4664
=== gcc Summary ===
# of expected passes 266869
# of unexpected failures 110
# of unexpected successes 15
# of expected failures 1323
# of unresolved testcases 6
# of unsupported tests 9520
/scratch/10-5-leo/gcc-trunk-wip/gcc/xgcc version 10.0.1 20200123 (experimental) [master revision r10-6165-g92bea423c295] (GCC)
=== gfortran tests ===
Running target unix/-m32
WARNING: gfortran.dg/iso_c_binding_rename_2.f03 -O3 -fomit-frame-pointer -funroll-loops -fpeel-loops -ftracer -finline-functions (test for excess errors) program timed out.
FAIL: gfortran.dg/iso_c_binding_rename_2.f03 -O3 -fomit-frame-pointer -funroll-loops -fpeel-loops -ftracer -finline-functions (test for excess errors)
=== gfortran Summary for unix/-m32 ===
# of expected passes 52800
# of unexpected failures 1
# of expected failures 197
# of unsupported tests 208
Running target unix/-m64
WARNING: gfortran.dg/generic_25.f90 -O1 (test for excess errors) program timed out.
FAIL: gfortran.dg/generic_25.f90 -O1 (test for excess errors)
WARNING: gfortran.dg/pdt_27.f03 -O3 -fomit-frame-pointer -funroll-loops -fpeel-loops -ftracer -finline-functions (test for excess errors) program timed out.
FAIL: gfortran.dg/pdt_27.f03 -O3 -fomit-frame-pointer -funroll-loops -fpeel-loops -ftracer -finline-functions (test for excess errors)
WARNING: gfortran.dg/recursive_check_11.f90 -O1 (test for excess errors) program timed out.
FAIL: gfortran.dg/recursive_check_11.f90 -O1 (test for excess errors)
=== gfortran Summary for unix/-m64 ===
# of expected passes 53029
# of unexpected failures 3
# of expected failures 195
# of unsupported tests 99
=== gfortran Summary ===
# of expected passes 105829
# of unexpected failures 4
# of expected failures 392
# of unsupported tests 307
/scratch/10-5-leo/gcc-trunk-wip/gcc/testsuite/gfortran/../../gfortran version 10.0.1 20200123 (experimental) [master revision r10-6165-g92bea423c295] (GCC)
=== gnat tests ===
Running target unix/-m32
FAIL: gnat.dg/bias1.adb scan-assembler DW_AT_GNU_bias
WARNING: gnat.dg/elab4.adb (test for excess errors) program timed out.
=== gnat Summary for unix/-m32 ===
# of expected passes 3269
# of unexpected failures 1
# of expected failures 23
# of unsupported tests 13
Running target unix/-m64
FAIL: gnat.dg/bias1.adb scan-assembler DW_AT_GNU_bias
=== gnat Summary for unix/-m64 ===
# of expected passes 3269
# of unexpected failures 1
# of expected failures 23
# of unsupported tests 13
=== gnat Summary ===
# of expected passes 6538
# of unexpected failures 2
# of expected failures 46
# of unsupported tests 26
/scratch/10-5-leo/gcc-trunk-wip/gcc/gnatmake version 10.0.1 20200123 (experimental) [master revision r10-6165-g92bea423c295]
=== obj-c++ tests ===
Running target unix/-m32
WARNING: program timed out.
FAIL: obj-c++.dg/method-20.mm -fgnu-runtime (test for excess errors)
=== obj-c++ Summary for unix/-m32 ===
# of expected passes 3102
# of unexpected failures 1
# of expected failures 2
# of unsupported tests 62
Running target unix/-m64
FAIL: obj-c++.dg/bitfield-2.mm -fnext-runtime execution test
FAIL: obj-c++.dg/property/synthesize-10.mm -fnext-runtime execution test
=== obj-c++ Summary for unix/-m64 ===
# of expected passes 3047
# of unexpected failures 2
# of expected failures 19
# of unsupported tests 67
=== obj-c++ Summary ===
# of expected passes 6149
# of unexpected failures 3
# of expected failures 21
# of unsupported tests 129
/scratch/10-5-leo/gcc-trunk-wip/gcc/testsuite/obj-c++/../../xg++ version 10.0.1 20200123 (experimental) [master revision r10-6165-g92bea423c295] (GCC)
=== objc tests ===
Running target unix/-m32
FAIL: objc.dg/ivar-scope-4.m -fnext-runtime execution test
=== objc Summary for unix/-m32 ===
# of expected passes 5635
# of unexpected failures 1
# of expected failures 6
# of unsupported tests 78
Running target unix/-m64
FAIL: objc.dg/ivar-scope-4.m -fnext-runtime execution test
=== objc Summary for unix/-m64 ===
# of expected passes 5583
# of unexpected failures 1
# of expected failures 12
# of unsupported tests 85
=== objc Summary ===
# of expected passes 11218
# of unexpected failures 2
# of expected failures 18
# of unsupported tests 163
/scratch/10-5-leo/gcc-trunk-wip/gcc/xgcc version 10.0.1 20200123 (experimental) [master revision r10-6165-g92bea423c295] (GCC)
=== libatomic tests ===
Running target unix/-m32
WARNING: program timed out.
FAIL: libatomic.c/atomic-op-2.c (test for excess errors)
=== libatomic Summary for unix/-m32 ===
# of expected passes 43
# of unexpected failures 1
# of unsupported tests 5
Running target unix/-m64
=== libatomic Summary for unix/-m64 ===
# of expected passes 54
=== libatomic Summary ===
# of expected passes 97
# of unexpected failures 1
# of unsupported tests 5
=== libgomp tests ===
Running target unix/-m32
WARNING: program timed out.
FAIL: libgomp.c++/task-reduction-10.C execution test
WARNING: program timed out.
FAIL: libgomp.c++/task-reduction-8.C execution test
=== libgomp Summary for unix/-m32 ===
# of expected passes 7546
# of unexpected failures 2
# of expected failures 4
# of unsupported tests 501
Running target unix/-m64
WARNING: program timed out.
FAIL: libgomp.c++/task-reduction-10.C execution test
WARNING: program timed out.
FAIL: libgomp.c++/task-reduction-8.C execution test
=== libgomp Summary for unix/-m64 ===
# of expected passes 7546
# of unexpected failures 2
# of expected failures 4
# of unsupported tests 501
=== libgomp Summary ===
# of expected passes 15092
# of unexpected failures 4
# of expected failures 8
# of unsupported tests 1002
=== libitm tests ===
Running target unix/-m32
=== libitm Summary for unix/-m32 ===
# of expected passes 40
# of expected failures 3
# of unsupported tests 2
Running target unix/-m64
=== libitm Summary for unix/-m64 ===
# of expected passes 40
# of expected failures 3
# of unsupported tests 2
=== libitm Summary ===
# of expected passes 80
# of expected failures 6
# of unsupported tests 4
=== libstdc++ tests ===
Running target unix/-m32
WARNING: 20_util/shared_ptr/cons/58839.cc (test for excess errors) program timed out.
FAIL: 20_util/shared_ptr/cons/58839.cc (test for excess errors)
WARNING: 22_locale/num_get/get/char/37958.cc (test for excess errors) program timed out.
FAIL: 22_locale/num_get/get/char/37958.cc (test for excess errors)
FAIL: 27_io/basic_filebuf/open/char/2.cc execution test
WARNING: 27_io/basic_stringstream/str/wchar_t/3.cc (test for excess errors) program timed out.
FAIL: 27_io/basic_stringstream/str/wchar_t/3.cc (test for excess errors)
WARNING: 30_threads/condition_variable/54185.cc execution test program timed out.
FAIL: 30_threads/condition_variable/54185.cc execution test
FAIL: experimental/net/internet/resolver/ops/reverse.cc execution test
FAIL: ext/mt_allocator/deallocate_global_thread-1.cc execution test
FAIL: ext/mt_allocator/deallocate_global_thread-3.cc execution test
WARNING: ext/random/hoyt_distribution/cons/default.cc (test for excess errors) program timed out.
FAIL: ext/random/hoyt_distribution/cons/default.cc (test for excess errors)
FAIL: ext/stdio_filebuf/char/10063-2.cc execution test
FAIL: ext/stdio_filebuf/char/81751.cc execution test
=== libstdc++ Summary for unix/-m32 ===
# of expected passes 12517
# of unexpected failures 11
# of expected failures 92
# of unsupported tests 762
Running target unix/-m64
FAIL: 27_io/basic_filebuf/open/char/2.cc execution test
FAIL: 27_io/filesystem/operations/last_write_time.cc execution test
WARNING: 30_threads/condition_variable/54185.cc execution test program timed out.
FAIL: 30_threads/condition_variable/54185.cc execution test
FAIL: experimental/filesystem/operations/last_write_time.cc execution test
FAIL: experimental/net/internet/resolver/ops/reverse.cc execution test
FAIL: ext/mt_allocator/deallocate_global_thread-1.cc execution test
FAIL: ext/mt_allocator/deallocate_global_thread-3.cc execution test
FAIL: ext/stdio_filebuf/char/10063-2.cc execution test
FAIL: ext/stdio_filebuf/char/81751.cc execution test
=== libstdc++ Summary for unix/-m64 ===
# of expected passes 12517
# of unexpected failures 9
# of expected failures 92
# of unsupported tests 763
=== libstdc++ Summary ===
# of expected passes 25034
# of unexpected failures 20
# of expected failures 184
# of unsupported tests 1525
Compiler version: 10.0.1 20200123 (experimental) [master revision r10-6165-g92bea423c295] (GCC)
Platform: i686-apple-darwin9
configure flags: --prefix=/opt/iains/i686-apple-darwin9/gcc-10-0-0 --target=i686-apple-darwin9 --host=i686-apple-darwin9 --build=i686-apple-darwin9 --disable-nls --enable-version-specific-runtime-libs --enable-languages=all --with-ld=/usr/bin/ld --with-as=/usr/bin/as --enable-checking=yes CC=gcc CXX=g++
More information about the Gcc-testresults
mailing list