Results for 10.0.1 20200123 (experimental) [master revision 41fe06f89f9] (GCC) testsuite on aarch64-suse-linux-gnu
Andreas Schwab
schwab@suse.de
Thu Jan 23 14:25:00 GMT 2020
LAST_UPDATED: Thu Jan 23 01:31:16 UTC 2020 (revision 41fe06f89f9)
Native configuration is aarch64-suse-linux-gnu
=== libatomic tests ===
Running target unix
=== libatomic Summary ===
# of expected passes 54
=== libffi tests ===
Running target unix
=== libffi Summary ===
# of expected passes 2214
=== libgo tests ===
Running target unix
FAIL: go/build
FAIL: hash/maphash
=== libgo Summary ===
# of expected passes 171
# of unexpected failures 2
/opt/gcc/gcc-20200123/Build/./gcc/gccgo version 10.0.1 20200123 (experimental) [master revision 41fe06f89f9] (GCC)
=== libgomp tests ===
Running target unix
=== libgomp Summary ===
# of expected passes 7531
# of expected failures 4
# of unsupported tests 501
=== libitm tests ===
Running target unix
=== libitm Summary ===
# of expected passes 42
# of expected failures 3
# of unsupported tests 1
=== libphobos tests ===
Running target unix
FAIL: libphobos.phobos/std/datetime/systime.d execution test
FAIL: libphobos.phobos/std/internal/math/errorfunction.d execution test
FAIL: libphobos.phobos/std/internal/math/gammafunction.d execution test
FAIL: libphobos.phobos/std/math.d execution test
FAIL: libphobos.phobos/std/numeric.d execution test
FAIL: libphobos.phobos_shared/std/datetime/systime.d execution test
FAIL: libphobos.phobos_shared/std/internal/math/errorfunction.d execution test
FAIL: libphobos.phobos_shared/std/internal/math/gammafunction.d execution test
FAIL: libphobos.phobos_shared/std/math.d execution test
FAIL: libphobos.phobos_shared/std/numeric.d execution test
=== libphobos Summary ===
# of expected passes 742
# of unexpected failures 10
# of unsupported tests 2
=== libstdc++ tests ===
Running target unix
FAIL: libstdc++-abi/abi_check
FAIL: 22_locale/numpunct/members/char/3.cc execution test
FAIL: 22_locale/time_get/get_time/char/2.cc execution test
FAIL: 22_locale/time_get/get_time/char/wrapped_env.cc execution test
FAIL: 22_locale/time_get/get_time/char/wrapped_locale.cc execution test
FAIL: 22_locale/time_get/get_time/wchar_t/2.cc execution test
FAIL: 22_locale/time_get/get_time/wchar_t/wrapped_env.cc execution test
FAIL: 22_locale/time_get/get_time/wchar_t/wrapped_locale.cc execution test
=== libstdc++ Summary ===
# of expected passes 14061
# of unexpected failures 8
# of expected failures 92
# of unsupported tests 368
=== acats tests ===
=== acats Summary ===
# of expected passes 2320
# of unexpected failures 0
=== g++ tests ===
Running target unix
FAIL: g++.dg/asan/asan_test.C -O2 (test for excess errors)
UNRESOLVED: g++.dg/asan/asan_test.C -O2 compilation failed to produce executable
FAIL: c-c++-common/Wconversion-pr40752.c -std=gnu++14 (test for warnings, line 36)
FAIL: c-c++-common/Wconversion-pr40752.c -std=gnu++17 (test for warnings, line 36)
FAIL: c-c++-common/Wconversion-pr40752.c -std=gnu++2a (test for warnings, line 36)
FAIL: c-c++-common/Wconversion-pr40752.c -std=gnu++98 (test for warnings, line 36)
FAIL: c-c++-common/Wconversion-pr40752a.c -std=gnu++14 (test for warnings, line 17)
FAIL: c-c++-common/Wconversion-pr40752a.c -std=gnu++14 (test for warnings, line 19)
FAIL: c-c++-common/Wconversion-pr40752a.c -std=gnu++17 (test for warnings, line 17)
FAIL: c-c++-common/Wconversion-pr40752a.c -std=gnu++17 (test for warnings, line 19)
FAIL: c-c++-common/Wconversion-pr40752a.c -std=gnu++2a (test for warnings, line 17)
FAIL: c-c++-common/Wconversion-pr40752a.c -std=gnu++2a (test for warnings, line 19)
FAIL: c-c++-common/Wconversion-pr40752a.c -std=gnu++98 (test for warnings, line 17)
FAIL: c-c++-common/Wconversion-pr40752a.c -std=gnu++98 (test for warnings, line 19)
FAIL: g++.dg/cpp0x/initlist118.C -std=gnu++14 (internal compiler error)
FAIL: g++.dg/cpp0x/initlist118.C -std=gnu++14 (test for excess errors)
FAIL: g++.dg/cpp0x/initlist118.C -std=gnu++17 (internal compiler error)
FAIL: g++.dg/cpp0x/initlist118.C -std=gnu++17 (test for excess errors)
FAIL: g++.dg/cpp0x/initlist118.C -std=gnu++2a (internal compiler error)
FAIL: g++.dg/cpp0x/initlist118.C -std=gnu++2a (test for excess errors)
FAIL: g++.dg/tree-ssa/pr90883.C scan-tree-dump dse1 "Deleted redundant store: .*.a = {}"
FAIL: g++.dg/lto/pr64076 cp_lto_pr64076_0.o-cp_lto_pr64076_1.o link, -O0 -flto -flto-partition=none -fuse-linker-plugin
FAIL: g++.dg/lto/pr64076 cp_lto_pr64076_0.o-cp_lto_pr64076_1.o link, -O0 -flto -fuse-linker-plugin -fno-fat-lto-objects
=== g++ Summary ===
# of expected passes 291733
# of unexpected failures 22
# of expected failures 1877
# of unresolved testcases 1
# of unsupported tests 8324
/opt/gcc/gcc-20200123/Build/gcc/xg++ version 10.0.1 20200123 (experimental) [master revision 41fe06f89f9] (GCC)
=== gcc tests ===
Running target unix
FAIL: gcc.c-torture/execute/alias-2.c -O1 execution test
FAIL: gcc.c-torture/execute/alias-2.c -O2 execution test
FAIL: gcc.c-torture/execute/alias-2.c -O2 -flto -fno-use-linker-plugin -flto-partition=none execution test
FAIL: gcc.c-torture/execute/alias-2.c -O3 -g execution test
FAIL: gcc.c-torture/execute/alias-2.c -Os execution test
FAIL: gcc.dg/analyzer/gzio-3.c (internal compiler error)
FAIL: gcc.dg/analyzer/gzio-3.c (test for excess errors)
FAIL: gcc.dg/analyzer/gzio-3a.c (internal compiler error)
FAIL: gcc.dg/analyzer/gzio-3a.c (test for excess errors)
FAIL: gcc.dg/analyzer/malloc-ipa-8-double-free.c (test for warnings, line 15)
FAIL: gcc.dg/analyzer/malloc-ipa-8-double-free.c (internal compiler error)
FAIL: gcc.dg/analyzer/malloc-ipa-8-double-free.c (test for excess errors)
FAIL: gcc.dg/analyzer/malloc-ipa-8-double-free.c expected multiline pattern lines 50-169 not found: "\\s*NN \\| free \\(ptr\\);.*\\n \\| \\^~~~~~~~~~\\n 'test': events 1-2.*\\n \\|.*\\n \\| NN \\| void test \\(int i\\).*\\n \\| \\| \\^~~~\\n \\| \\| \\|.*\\n \\| \\| \\(1\\) entry to 'test'.*\\n \\| NN \\| \\{.*\\n \\| NN \\| boxed_int \\*obj = make_boxed_int \\(i\\);.*\\n \\| \\| ~~~~~~~~~~~~~~~~~~\\n \\| \\| \\|.*\\n \\| \\| \\(2\\) calling 'make_boxed_int' from 'test'.*\\n \\|.*\\n \\+--> 'make_boxed_int': events 3-6.*\\n \\|.*\\n \\| NN \\| make_boxed_int \\(int i\\).*\\n \\| \\| \\^~~~~~~~~~~~~~\\n \\| \\| \\|.*\\n \\| \\| \\(3\\) entry to 'make_boxed_int'.*\\n \\|\\.\\.\\.\\.\\.\\..*\\n \\| NN \\| if \\(!result\\).*\\n \\| \\| ~\\n \\| \\| \\|.*\\n \\| \\| \\(4\\) following 'false' branch \\(when 'result' is non-NULL\\)\\.\\.\\..*\\n \\| NN \\| abort \\(\\);.*\\n \\| NN \\| result->i = i;.*\\n \\| \\| ~~~~~~~~~~~~~\\n \\| \\| \\|.*\\n \\| \\| \\(5\\) \\.\\.\\.to here.*\\n \\| NN \\| return result;.*\\n \\| \\| ~~~~~~\\n \\| \\| \\|.*\\n \\| \\| \\(6\\) state of '<return-value>': 'start' -> 'nonnull' \\(origin: NULL\\).*\\n \\|.*\\n <------\\+.*\\n \\|.*\\n 'test': events 7-8.*\\n \\|.*\\n \\| NN \\| boxed_int \\*obj = make_boxed_int \\(i\\);.*\\n \\| \\| \\^~~~~~~~~~~~~~~~~~\\n \\| \\| \\|.*\\n \\| \\| \\(7\\) returning to 'test' from 'make_boxed_int'.*\\n \\| NN \\| .*\\n \\| NN \\| free_boxed_int \\(obj\\);.*\\n \\| \\| ~~~~~~~~~~~~~~~~~~~~\\n \\| \\| \\|.*\\n \\| \\| \\(8\\) calling 'free_boxed_int' from 'test'.*\\n \\|.*\\n \\+--> 'free_boxed_int': events 9-10.*\\n \\|.*\\n \\| NN \\| free_boxed_int \\(boxed_int \\*bi\\).*\\n \\| \\| \\^~~~~~~~~~~~~~\\n \\| \\| \\|.*\\n \\| \\| \\(9\\) entry to 'free_boxed_int'.*\\n \\| NN \\| \\{.*\\n \\| NN \\| wrapped_free \\(bi\\);.*\\n \\| \\| ~~~~~~~~~~~~~~~~~\\n \\| \\| \\|.*\\n \\| \\| \\(10\\) calling 'wrapped_free' from 'free_boxed_int'.*\\n \\|.*\\n \\+--> 'wrapped_free': events 11-12.*\\n \\|.*\\n \\| NN \\| void wrapped_free \\(void \\*ptr\\).*\\n \\| \\| \\^~~~~~~~~~~~\\n \\| \\| \\|.*\\n \\| \\| \\(11\\) entry to 'wrapped_free'.*\\n \\| NN \\| \\{.*\\n \\| NN \\| free \\(ptr\\);.*\\n \\| \\| ~~~~~~~~~~\\n \\| \\| \\|.*\\n \\| \\| \\(12\\) first 'free' here \\(state of 'ptr': 'nonnull' -> 'freed', origin: NULL\\).*\\n \\|.*\\n <------\\+.*\\n \\|.*\\n 'free_boxed_int': event 13.*\\n \\|.*\\n \\| NN \\| wrapped_free \\(bi\\);.*\\n \\| \\| \\^~~~~~~~~~~~~~~~~\\n \\| \\| \\|.*\\n \\| \\| \\(13\\) returning to 'free_boxed_int' from 'wrapped_free'.*\\n \\|.*\\n <------\\+.*\\n \\|.*\\n 'test': events 14-15.*\\n \\|.*\\n \\| NN \\| free_boxed_int \\(obj\\);.*\\n \\| \\| \\^~~~~~~~~~~~~~~~~~~~\\n \\| \\| \\|.*\\n \\| \\| \\(14\\) returning to 'test' from 'free_boxed_int'.*\\n \\| NN \\| .*\\n \\| NN \\| free_boxed_int \\(obj\\);.*\\n \\| \\| ~~~~~~~~~~~~~~~~~~~~\\n \\| \\| \\|.*\\n \\| \\| \\(15\\) passing freed pointer 'obj' in call to 'free_boxed_int' from 'test'.*\\n \\|.*\\n \\+--> 'free_boxed_int': events 16-17.*\\n \\|.*\\n \\| NN \\| free_boxed_int \\(boxed_int \\*bi\\).*\\n \\| \\| \\^~~~~~~~~~~~~~\\n \\| \\| \\|.*\\n \\| \\| \\(16\\) entry to 'free_boxed_int'.*\\n \\| NN \\| \\{.*\\n \\| NN \\| wrapped_free \\(bi\\);.*\\n \\| \\| ~~~~~~~~~~~~~~~~~\\n \\| \\| \\|.*\\n \\| \\| \\(17\\) passing freed pointer 'bi' in call to 'wrapped_free' from 'free_boxed_int'.*\\n \\|.*\\n \\+--> 'wrapped_free': events 18-19.*\\n \\|.*\\n \\| NN \\| void wrapped_free \\(void \\*ptr\\).*\\n \\| \\| \\^~~~~~~~~~~~\\n \\| \\| \\|.*\\n \\| \\| \\(18\\) entry to 'wrapped_free'.*\\n \\| NN \\| \\{.*\\n \\| NN \\| free \\(ptr\\);.*\\n \\| \\| ~~~~~~~~~~\\n \\| \\| \\|.*\\n \\| \\| \\(19\\) second 'free' here; first 'free' was at \\(12\\) \\('ptr' is in state 'freed'\\).*\\n \\|.*\\n"
FAIL: gcc.dg/analyzer/malloc-ipa-8-lto-c.c (test for warnings, line 14)
FAIL: gcc.dg/analyzer/malloc-ipa-8-lto-c.c (internal compiler error)
FAIL: gcc.dg/analyzer/malloc-ipa-8-lto-c.c (test for excess errors)
FAIL: gcc.dg/analyzer/malloc-vs-local-2.c (test for warnings, line 101)
FAIL: gcc.dg/analyzer/malloc-vs-local-2.c (test for warnings, line 126)
FAIL: gcc.dg/analyzer/malloc-vs-local-2.c (test for warnings, line 139)
FAIL: gcc.dg/analyzer/malloc-vs-local-2.c (test for warnings, line 160)
FAIL: gcc.dg/analyzer/malloc-vs-local-2.c (test for warnings, line 173)
FAIL: gcc.dg/analyzer/malloc-vs-local-2.c (test for warnings, line 27)
FAIL: gcc.dg/analyzer/malloc-vs-local-2.c (test for warnings, line 28)
FAIL: gcc.dg/analyzer/malloc-vs-local-2.c (test for warnings, line 41)
FAIL: gcc.dg/analyzer/malloc-vs-local-2.c (test for warnings, line 42)
FAIL: gcc.dg/analyzer/malloc-vs-local-2.c (test for warnings, line 63)
FAIL: gcc.dg/analyzer/malloc-vs-local-2.c (test for warnings, line 64)
FAIL: gcc.dg/analyzer/malloc-vs-local-2.c (test for warnings, line 75)
FAIL: gcc.dg/analyzer/malloc-vs-local-2.c (test for warnings, line 76)
FAIL: gcc.dg/analyzer/malloc-vs-local-2.c (test for warnings, line 97)
FAIL: gcc.dg/analyzer/malloc-vs-local-2.c (internal compiler error)
FAIL: gcc.dg/analyzer/malloc-vs-local-2.c (test for excess errors)
FAIL: gcc.dg/analyzer/malloc-vs-local-3.c (test for warnings, line 26)
FAIL: gcc.dg/analyzer/malloc-vs-local-3.c (test for warnings, line 27)
FAIL: gcc.dg/analyzer/malloc-vs-local-3.c (test for warnings, line 40)
FAIL: gcc.dg/analyzer/malloc-vs-local-3.c (test for warnings, line 42)
FAIL: gcc.dg/analyzer/malloc-vs-local-3.c (test for warnings, line 59)
FAIL: gcc.dg/analyzer/malloc-vs-local-3.c (test for warnings, line 63)
FAIL: gcc.dg/analyzer/malloc-vs-local-3.c (test for warnings, line 65)
FAIL: gcc.dg/analyzer/malloc-vs-local-3.c (internal compiler error)
FAIL: gcc.dg/analyzer/malloc-vs-local-3.c (test for excess errors)
FAIL: gcc.dg/analyzer/paths-7.c (test for warnings, line 12)
FAIL: gcc.dg/analyzer/paths-7.c (test for warnings, line 17)
FAIL: gcc.dg/analyzer/paths-7.c (test for warnings, line 25)
FAIL: gcc.dg/analyzer/paths-7.c (test for warnings, line 28)
FAIL: gcc.dg/analyzer/paths-7.c (test for warnings, line 40)
FAIL: gcc.dg/analyzer/paths-7.c (test for warnings, line 45)
FAIL: gcc.dg/analyzer/paths-7.c (test for warnings, line 53)
FAIL: gcc.dg/analyzer/paths-7.c (test for warnings, line 54)
FAIL: gcc.dg/analyzer/paths-7.c (test for warnings, line 57)
FAIL: gcc.dg/analyzer/paths-7.c (internal compiler error)
FAIL: gcc.dg/analyzer/paths-7.c (test for excess errors)
FAIL: gcc.dg/analyzer/zlib-5.c (test for warnings, line 45)
FAIL: gcc.dg/analyzer/zlib-5.c (internal compiler error)
FAIL: gcc.dg/analyzer/zlib-5.c (test for excess errors)
FAIL: c-c++-common/Wconversion-pr40752.c -Wc++-compat (test for warnings, line 36)
FAIL: c-c++-common/Wconversion-pr40752a.c -Wc++-compat (test for warnings, line 17)
FAIL: c-c++-common/Wconversion-pr40752a.c -Wc++-compat (test for warnings, line 19)
FAIL: gcc.dg/gomp/pr89104.c (test for excess errors)
XPASS: gcc.dg/graphite/scop-21.c scan-tree-dump-times graphite "number of SCoPs: 1" 1
XPASS: gcc.dg/guality/example.c -O0 execution test
XPASS: gcc.dg/guality/example.c -O1 -DPREVENT_OPTIMIZATION execution test
XPASS: gcc.dg/guality/example.c -Og -DPREVENT_OPTIMIZATION execution test
XPASS: gcc.dg/guality/guality.c -O0 execution test
XPASS: gcc.dg/guality/guality.c -O1 -DPREVENT_OPTIMIZATION execution test
XPASS: gcc.dg/guality/guality.c -O2 -DPREVENT_OPTIMIZATION execution test
XPASS: gcc.dg/guality/guality.c -O2 -flto -fno-use-linker-plugin -flto-partition=none -DPREVENT_OPTIMIZATION execution test
XPASS: gcc.dg/guality/guality.c -O2 -flto -fuse-linker-plugin -fno-fat-lto-objects -DPREVENT_OPTIMIZATION execution test
XPASS: gcc.dg/guality/guality.c -O3 -g -DPREVENT_OPTIMIZATION execution test
XPASS: gcc.dg/guality/guality.c -Os -DPREVENT_OPTIMIZATION execution test
XPASS: gcc.dg/guality/guality.c -Og -DPREVENT_OPTIMIZATION execution test
XPASS: gcc.dg/guality/inline-params.c -O2 -DPREVENT_OPTIMIZATION execution test
XPASS: gcc.dg/guality/inline-params.c -O2 -flto -fno-use-linker-plugin -flto-partition=none -DPREVENT_OPTIMIZATION execution test
XPASS: gcc.dg/guality/inline-params.c -O2 -flto -fuse-linker-plugin -fno-fat-lto-objects -DPREVENT_OPTIMIZATION execution test
XPASS: gcc.dg/guality/inline-params.c -O3 -g -DPREVENT_OPTIMIZATION execution test
XPASS: gcc.dg/guality/inline-params.c -Os -DPREVENT_OPTIMIZATION execution test
FAIL: gcc.dg/guality/loop-1.c -O3 -fomit-frame-pointer -funroll-loops -fpeel-loops -ftracer -finline-functions -DPREVENT_OPTIMIZATION line 20 i == 1
FAIL: gcc.dg/guality/pr36728-1.c -O2 -flto -fuse-linker-plugin -fno-fat-lto-objects -DPREVENT_OPTIMIZATION line 16 y == 2
FAIL: gcc.dg/guality/pr36728-2.c -O2 -flto -fuse-linker-plugin -fno-fat-lto-objects -DPREVENT_OPTIMIZATION line 16 arg1 == 1
FAIL: gcc.dg/guality/pr36728-2.c -O2 -flto -fuse-linker-plugin -fno-fat-lto-objects -DPREVENT_OPTIMIZATION line 16 arg2 == 2
FAIL: gcc.dg/guality/pr36728-2.c -O2 -flto -fuse-linker-plugin -fno-fat-lto-objects -DPREVENT_OPTIMIZATION line 16 arg3 == 3
FAIL: gcc.dg/guality/pr36728-2.c -O2 -flto -fuse-linker-plugin -fno-fat-lto-objects -DPREVENT_OPTIMIZATION line 16 arg4 == 4
FAIL: gcc.dg/guality/pr36728-2.c -O2 -flto -fuse-linker-plugin -fno-fat-lto-objects -DPREVENT_OPTIMIZATION line 16 arg5 == 5
FAIL: gcc.dg/guality/pr36728-2.c -O2 -flto -fuse-linker-plugin -fno-fat-lto-objects -DPREVENT_OPTIMIZATION line 16 arg6 == 6
FAIL: gcc.dg/guality/pr36728-2.c -O2 -flto -fuse-linker-plugin -fno-fat-lto-objects -DPREVENT_OPTIMIZATION line 16 arg7 == 30
FAIL: gcc.dg/guality/pr36728-2.c -O2 -flto -fuse-linker-plugin -fno-fat-lto-objects -DPREVENT_OPTIMIZATION line 16 y == 2
FAIL: gcc.dg/guality/pr36728-2.c -O2 -flto -fuse-linker-plugin -fno-fat-lto-objects -DPREVENT_OPTIMIZATION line 18 arg1 == 1
FAIL: gcc.dg/guality/pr36728-2.c -O2 -flto -fuse-linker-plugin -fno-fat-lto-objects -DPREVENT_OPTIMIZATION line 18 arg2 == 2
FAIL: gcc.dg/guality/pr36728-2.c -O2 -flto -fuse-linker-plugin -fno-fat-lto-objects -DPREVENT_OPTIMIZATION line 18 arg3 == 3
FAIL: gcc.dg/guality/pr36728-2.c -O2 -flto -fuse-linker-plugin -fno-fat-lto-objects -DPREVENT_OPTIMIZATION line 18 arg4 == 4
FAIL: gcc.dg/guality/pr36728-2.c -O2 -flto -fuse-linker-plugin -fno-fat-lto-objects -DPREVENT_OPTIMIZATION line 18 arg5 == 5
FAIL: gcc.dg/guality/pr36728-2.c -O2 -flto -fuse-linker-plugin -fno-fat-lto-objects -DPREVENT_OPTIMIZATION line 18 arg6 == 6
FAIL: gcc.dg/guality/pr36728-2.c -O2 -flto -fuse-linker-plugin -fno-fat-lto-objects -DPREVENT_OPTIMIZATION line 18 arg7 == 30
FAIL: gcc.dg/guality/pr36728-2.c -O3 -g -DPREVENT_OPTIMIZATION line 16 arg1 == 1
FAIL: gcc.dg/guality/pr36728-2.c -O3 -g -DPREVENT_OPTIMIZATION line 16 arg2 == 2
FAIL: gcc.dg/guality/pr36728-2.c -O3 -g -DPREVENT_OPTIMIZATION line 16 arg3 == 3
FAIL: gcc.dg/guality/pr36728-2.c -O3 -g -DPREVENT_OPTIMIZATION line 16 arg4 == 4
FAIL: gcc.dg/guality/pr36728-2.c -O3 -g -DPREVENT_OPTIMIZATION line 16 arg5 == 5
FAIL: gcc.dg/guality/pr36728-2.c -O3 -g -DPREVENT_OPTIMIZATION line 16 arg6 == 6
FAIL: gcc.dg/guality/pr36728-2.c -O3 -g -DPREVENT_OPTIMIZATION line 16 arg7 == 30
FAIL: gcc.dg/guality/pr36728-2.c -O3 -g -DPREVENT_OPTIMIZATION line 18 arg1 == 1
FAIL: gcc.dg/guality/pr36728-2.c -O3 -g -DPREVENT_OPTIMIZATION line 18 arg2 == 2
FAIL: gcc.dg/guality/pr36728-2.c -O3 -g -DPREVENT_OPTIMIZATION line 18 arg3 == 3
FAIL: gcc.dg/guality/pr36728-2.c -O3 -g -DPREVENT_OPTIMIZATION line 18 arg4 == 4
FAIL: gcc.dg/guality/pr36728-2.c -O3 -g -DPREVENT_OPTIMIZATION line 18 arg5 == 5
FAIL: gcc.dg/guality/pr36728-2.c -O3 -g -DPREVENT_OPTIMIZATION line 18 arg6 == 6
FAIL: gcc.dg/guality/pr36728-2.c -O3 -g -DPREVENT_OPTIMIZATION line 18 arg7 == 30
FAIL: gcc.dg/guality/pr36728-3.c -O3 -g -DPREVENT_OPTIMIZATION line 14 y == 2
XPASS: gcc.dg/guality/pr41353-1.c -O0 line 28 j == 28 + 37
FAIL: gcc.dg/guality/pr41447-1.c -O2 -DPREVENT_OPTIMIZATION execution test
FAIL: gcc.dg/guality/pr41447-1.c -O2 -flto -fno-use-linker-plugin -flto-partition=none -DPREVENT_OPTIMIZATION execution test
FAIL: gcc.dg/guality/pr41447-1.c -O3 -g -DPREVENT_OPTIMIZATION execution test
FAIL: gcc.dg/guality/pr41447-1.c -Os -DPREVENT_OPTIMIZATION execution test
FAIL: gcc.dg/guality/pr54200.c -O1 -DPREVENT_OPTIMIZATION line 20 z == 3
FAIL: gcc.dg/guality/pr54200.c -O2 -DPREVENT_OPTIMIZATION line 20 z == 3
FAIL: gcc.dg/guality/pr54200.c -O2 -flto -fno-use-linker-plugin -flto-partition=none -DPREVENT_OPTIMIZATION line 20 z == 3
FAIL: gcc.dg/guality/pr54200.c -O3 -g -DPREVENT_OPTIMIZATION line 20 z == 3
FAIL: gcc.dg/guality/pr54200.c -Os -DPREVENT_OPTIMIZATION line 20 z == 3
FAIL: gcc.dg/guality/pr54519-1.c -O2 -flto -fno-use-linker-plugin -flto-partition=none -DPREVENT_OPTIMIZATION line 20 y == 25
FAIL: gcc.dg/guality/pr54519-1.c -O2 -flto -fno-use-linker-plugin -flto-partition=none -DPREVENT_OPTIMIZATION line 20 z == 6
FAIL: gcc.dg/guality/pr54519-1.c -O2 -flto -fno-use-linker-plugin -flto-partition=none -DPREVENT_OPTIMIZATION line 23 y == 117
FAIL: gcc.dg/guality/pr54519-1.c -O2 -flto -fno-use-linker-plugin -flto-partition=none -DPREVENT_OPTIMIZATION line 23 z == 8
FAIL: gcc.dg/guality/pr54519-1.c -O2 -flto -fuse-linker-plugin -fno-fat-lto-objects -DPREVENT_OPTIMIZATION line 20 y == 25
FAIL: gcc.dg/guality/pr54519-1.c -O2 -flto -fuse-linker-plugin -fno-fat-lto-objects -DPREVENT_OPTIMIZATION line 20 z == 6
FAIL: gcc.dg/guality/pr54519-1.c -O2 -flto -fuse-linker-plugin -fno-fat-lto-objects -DPREVENT_OPTIMIZATION line 23 y == 117
FAIL: gcc.dg/guality/pr54519-1.c -O2 -flto -fuse-linker-plugin -fno-fat-lto-objects -DPREVENT_OPTIMIZATION line 23 z == 8
FAIL: gcc.dg/guality/pr54519-2.c -O2 -flto -fno-use-linker-plugin -flto-partition=none -DPREVENT_OPTIMIZATION line 17 y == 25
FAIL: gcc.dg/guality/pr54519-2.c -O2 -flto -fuse-linker-plugin -fno-fat-lto-objects -DPREVENT_OPTIMIZATION line 17 y == 25
FAIL: gcc.dg/guality/pr54519-3.c -O2 -flto -fno-use-linker-plugin -flto-partition=none -DPREVENT_OPTIMIZATION line 20 y == 25
FAIL: gcc.dg/guality/pr54519-3.c -O2 -flto -fno-use-linker-plugin -flto-partition=none -DPREVENT_OPTIMIZATION line 20 z == 6
FAIL: gcc.dg/guality/pr54519-3.c -O2 -flto -fno-use-linker-plugin -flto-partition=none -DPREVENT_OPTIMIZATION line 23 y == 117
FAIL: gcc.dg/guality/pr54519-3.c -O2 -flto -fno-use-linker-plugin -flto-partition=none -DPREVENT_OPTIMIZATION line 23 z == 8
FAIL: gcc.dg/guality/pr54519-3.c -O2 -flto -fuse-linker-plugin -fno-fat-lto-objects -DPREVENT_OPTIMIZATION line 20 y == 25
FAIL: gcc.dg/guality/pr54519-3.c -O2 -flto -fuse-linker-plugin -fno-fat-lto-objects -DPREVENT_OPTIMIZATION line 20 z == 6
FAIL: gcc.dg/guality/pr54519-3.c -O2 -flto -fuse-linker-plugin -fno-fat-lto-objects -DPREVENT_OPTIMIZATION line 23 y == 117
FAIL: gcc.dg/guality/pr54519-3.c -O2 -flto -fuse-linker-plugin -fno-fat-lto-objects -DPREVENT_OPTIMIZATION line 23 z == 8
FAIL: gcc.dg/guality/pr54519-4.c -O2 -flto -fno-use-linker-plugin -flto-partition=none -DPREVENT_OPTIMIZATION line 17 y == 25
FAIL: gcc.dg/guality/pr54519-4.c -O2 -flto -fuse-linker-plugin -fno-fat-lto-objects -DPREVENT_OPTIMIZATION line 17 y == 25
FAIL: gcc.dg/guality/pr54519-5.c -O2 -flto -fno-use-linker-plugin -flto-partition=none -DPREVENT_OPTIMIZATION line 17 y == 25
FAIL: gcc.dg/guality/pr54519-5.c -O2 -flto -fuse-linker-plugin -fno-fat-lto-objects -DPREVENT_OPTIMIZATION line 17 y == 25
FAIL: gcc.dg/guality/pr54519-6.c -Os -DPREVENT_OPTIMIZATION line 11 x == 2
FAIL: gcc.dg/guality/pr54693-2.c -O2 -flto -fuse-linker-plugin -fno-fat-lto-objects -DPREVENT_OPTIMIZATION line 21 z == 30 - 3 * i
FAIL: gcc.dg/guality/pr54693-2.c -Os -DPREVENT_OPTIMIZATION line 21 z == 30 - 3 * i
XPASS: gcc.dg/guality/pr54970.c -O0 line 15 a[0] == 1
XPASS: gcc.dg/guality/pr54970.c -O0 line 20 a[0] == 1
XPASS: gcc.dg/guality/pr54970.c -O0 line 25 a[0] == 1
XPASS: gcc.dg/guality/pr54970.c -O0 line 31 a[0] == 4
XPASS: gcc.dg/guality/pr54970.c -O0 line 36 a[0] == 4
XPASS: gcc.dg/guality/pr54970.c -O0 line 45 a[0] == 4
XPASS: gcc.dg/guality/pr54970.c -O0 line 45 p[-2] == 4
XPASS: gcc.dg/guality/pr54970.c -O0 line 45 q[-1] == 4
XPASS: gcc.dg/guality/pr54970.c -Og -DPREVENT_OPTIMIZATION line 15 a[0] == 1
XPASS: gcc.dg/guality/pr54970.c -Og -DPREVENT_OPTIMIZATION line 20 a[0] == 1
XPASS: gcc.dg/guality/pr54970.c -Og -DPREVENT_OPTIMIZATION line 25 a[0] == 1
XPASS: gcc.dg/guality/pr54970.c -Og -DPREVENT_OPTIMIZATION line 31 a[0] == 4
XPASS: gcc.dg/guality/pr54970.c -Og -DPREVENT_OPTIMIZATION line 36 a[0] == 4
XPASS: gcc.dg/guality/pr54970.c -Og -DPREVENT_OPTIMIZATION line 45 a[0] == 4
XPASS: gcc.dg/guality/pr54970.c -Og -DPREVENT_OPTIMIZATION line 45 p[-2] == 4
XPASS: gcc.dg/guality/pr54970.c -Og -DPREVENT_OPTIMIZATION line 45 q[-1] == 4
FAIL: gcc.dg/guality/pr56154-1.c -Og -DPREVENT_OPTIMIZATION line pr56154-1.c:20 x.a == 6
FAIL: gcc.dg/guality/pr59776.c -Og -DPREVENT_OPTIMIZATION line pr59776.c:17 s1.f == 5.0
FAIL: gcc.dg/guality/pr59776.c -Og -DPREVENT_OPTIMIZATION line pr59776.c:17 s1.g == 6.0
FAIL: gcc.dg/guality/pr59776.c -Og -DPREVENT_OPTIMIZATION line pr59776.c:17 s2.f == 0.0
FAIL: gcc.dg/guality/pr59776.c -Og -DPREVENT_OPTIMIZATION line pr59776.c:17 s2.g == 6.0
FAIL: gcc.dg/guality/pr59776.c -Og -DPREVENT_OPTIMIZATION line pr59776.c:20 s1.f == 5.0
FAIL: gcc.dg/guality/pr59776.c -Og -DPREVENT_OPTIMIZATION line pr59776.c:20 s1.g == 6.0
FAIL: gcc.dg/guality/pr59776.c -Og -DPREVENT_OPTIMIZATION line pr59776.c:20 s2.f == 5.0
FAIL: gcc.dg/guality/pr59776.c -Og -DPREVENT_OPTIMIZATION line pr59776.c:20 s2.g == 6.0
FAIL: gcc.dg/guality/pr68860-1.c -O2 -DPREVENT_OPTIMIZATION line 14 y == 2
FAIL: gcc.dg/guality/pr68860-1.c -O3 -g -DPREVENT_OPTIMIZATION line 14 y == 2
FAIL: gcc.dg/guality/pr68860-2.c -O3 -g -DPREVENT_OPTIMIZATION line 14 y == 2
FAIL: gcc.dg/guality/pr90074.c -O2 -flto -fuse-linker-plugin -fno-fat-lto-objects -DPREVENT_OPTIMIZATION line 28 c + 1 == 2
FAIL: gcc.dg/guality/pr90074.c -O2 -flto -fuse-linker-plugin -fno-fat-lto-objects -DPREVENT_OPTIMIZATION line 28 i + 1 == 8
FAIL: gcc.dg/guality/pr90716.c -O2 -flto -fuse-linker-plugin -fno-fat-lto-objects -DPREVENT_OPTIMIZATION line 23 j + 1 == 9
FAIL: gcc.dg/guality/sra-1.c -O2 -flto -fuse-linker-plugin -fno-fat-lto-objects -DPREVENT_OPTIMIZATION line 21 a.j == 14
FAIL: gcc.dg/guality/sra-1.c -O2 -flto -fuse-linker-plugin -fno-fat-lto-objects -DPREVENT_OPTIMIZATION line 32 a[1] == 14
FAIL: gcc.dg/guality/sra-1.c -O2 -flto -fuse-linker-plugin -fno-fat-lto-objects -DPREVENT_OPTIMIZATION line 43 a.j == 14
FAIL: gcc.dg/guality/sra-1.c -Og -DPREVENT_OPTIMIZATION line 43 a.i == 4
FAIL: gcc.dg/guality/sra-1.c -Og -DPREVENT_OPTIMIZATION line 43 a.j == 14
FAIL: gcc.dg/torture/pr91323.c -O1 execution test
FAIL: gcc.dg/torture/pr91323.c -O2 execution test
FAIL: gcc.dg/torture/pr91323.c -O2 -flto -fno-use-linker-plugin -flto-partition=none execution test
FAIL: gcc.dg/torture/pr91323.c -O2 -flto -fuse-linker-plugin -fno-fat-lto-objects execution test
FAIL: gcc.dg/torture/pr91323.c -O3 -g execution test
FAIL: gcc.dg/torture/pr91323.c -Os execution test
FAIL: gcc.target/aarch64/cmpimm_branch_1.c scan-assembler-not cmp\\tw[0-9]*.*
FAIL: gcc.target/aarch64/cmpimm_branch_1.c scan-assembler-not cmp\\tx[0-9]*.*
FAIL: gcc.target/aarch64/cmpimm_branch_1.c scan-assembler-times sub\\tw[0-9]+.* 1
FAIL: gcc.target/aarch64/cmpimm_branch_1.c scan-assembler-times sub\\tx[0-9]+.* 1
FAIL: gcc.target/aarch64/cmpimm_branch_1.c scan-assembler-times subs\\tw[0-9]+.* 1
FAIL: gcc.target/aarch64/cmpimm_branch_1.c scan-assembler-times subs\\tx[0-9]+.* 1
FAIL: gcc.target/aarch64/fmla_intrinsic_1.c scan-assembler-times fmla\\\\tv[0-9]+.2s, v[0-9]+.2s, v[0-9]+.2s\\\\[[0-9]+\\\\] 2
FAIL: gcc.target/aarch64/fmls_intrinsic_1.c scan-assembler-times fmls\\\\tv[0-9]+.2s, v[0-9]+.2s, v[0-9]+.2s\\\\[[0-9]+\\\\] 2
FAIL: gcc.target/aarch64/fmul_intrinsic_1.c scan-assembler-times fmul\\\\td[0-9]+, d[0-9]+, d[0-9]+ 1
FAIL: gcc.target/aarch64/fmul_intrinsic_1.c scan-assembler-times fmul\\\\tv[0-9]+.2d, v[0-9]+.2d, v[0-9]+.d\\\\[[0-9]+\\\\] 3
FAIL: gcc.target/aarch64/fmul_intrinsic_1.c scan-assembler-times fmul\\\\tv[0-9]+.2s, v[0-9]+.2s, v[0-9]+.s\\\\[[0-9]+\\\\] 2
FAIL: gcc.target/aarch64/insv_1.c scan-assembler bfi\\tx[0-9]+, x[0-9]+, 0, 8
FAIL: gcc.target/aarch64/insv_1.c scan-assembler bfi\\tx[0-9]+, x[0-9]+, 16, 5
FAIL: gcc.target/aarch64/insv_1.c scan-assembler movk\\tx[0-9]+, 0x1d6b, lsl 32
FAIL: gcc.target/aarch64/lsl_asr_sbfiz.c scan-assembler sbfiz\\tw
FAIL: gcc.target/aarch64/pr71727.c scan-assembler-times mov\\tx 5
FAIL: gcc.target/aarch64/simd/vmulx_laneq_f32_1.c scan-assembler-times fmulx[ \\t]+[vV][0-9]+.2[sS], ?[vV][0-9]+.2[sS], ?[vV][0-9]+.[sS]\\\\[0\\\\]\\n 1
FAIL: gcc.target/aarch64/simd/vmulx_laneq_f32_1.c scan-assembler-times fmulx[ \\t]+[vV][0-9]+.2[sS], ?[vV][0-9]+.2[sS], ?[vV][0-9]+.[sS]\\\\[1\\\\]\\n 1
FAIL: gcc.target/aarch64/simd/vmulx_laneq_f32_1.c scan-assembler-times fmulx[ \\t]+[vV][0-9]+.2[sS], ?[vV][0-9]+.2[sS], ?[vV][0-9]+.[sS]\\\\[2\\\\]\\n 1
FAIL: gcc.target/aarch64/simd/vmulx_laneq_f32_1.c scan-assembler-times fmulx[ \\t]+[vV][0-9]+.2[sS], ?[vV][0-9]+.2[sS], ?[vV][0-9]+.[sS]\\\\[3\\\\]\\n 1
FAIL: gcc.target/aarch64/simd/vmulx_laneq_f64_1.c scan-assembler-times fmulx[ \\t]+[dD][0-9]+, ?[dD][0-9]+, ?[vV][0-9]+.[dD]\\\\[0\\\\]\\n 1
FAIL: gcc.target/aarch64/simd/vmulx_laneq_f64_1.c scan-assembler-times fmulx[ \\t]+[dD][0-9]+, ?[dD][0-9]+, ?[vV][0-9]+.[dD]\\\\[1\\\\]\\n 1
=== gcc Summary ===
# of expected passes 244424
# of unexpected failures 173
# of unexpected successes 34
# of expected failures 1910
# of unsupported tests 4098
/opt/gcc/gcc-20200123/Build/gcc/xgcc version 10.0.1 20200123 (experimental) [master revision 41fe06f89f9] (GCC)
=== gdc tests ===
Running target unix
FAIL: gdc.dg/lto/ltotests d_lto_ltotests_0.o-d_lto_ltotests_1.o link, -O0 -flto -flto-partition=1to1 -fno-use-linker-plugin (internal compiler error)
FAIL: gdc.dg/lto/ltotests d_lto_ltotests_0.o-d_lto_ltotests_1.o link, -O0 -flto -flto-partition=none -fuse-linker-plugin (internal compiler error)
FAIL: gdc.dg/lto/ltotests d_lto_ltotests_0.o-d_lto_ltotests_1.o link, -O0 -flto -fuse-linker-plugin -fno-fat-lto-objects (internal compiler error)
FAIL: gdc.dg/lto/ltotests d_lto_ltotests_0.o-d_lto_ltotests_1.o link, -O2 -flto -flto-partition=1to1 -fno-use-linker-plugin (internal compiler error)
FAIL: gdc.dg/lto/ltotests d_lto_ltotests_0.o-d_lto_ltotests_1.o link, -O2 -flto -flto-partition=none -fuse-linker-plugin -fno-fat-lto-objects (internal compiler error)
FAIL: gdc.dg/lto/ltotests d_lto_ltotests_0.o-d_lto_ltotests_1.o link, -O2 -flto -fuse-linker-plugin (internal compiler error)
=== gdc Summary ===
# of expected passes 29841
# of unexpected failures 6
/opt/gcc/gcc-20200123/Build/gcc/gdc version 10.0.1 20200123 (experimental) [master revision 41fe06f89f9] (GCC)
=== gfortran tests ===
Running target unix
FAIL: gfortran.dg/ISO_Fortran_binding_15.f90 -O0 execution test
FAIL: gfortran.dg/ISO_Fortran_binding_15.f90 -O1 execution test
FAIL: gfortran.dg/ISO_Fortran_binding_15.f90 -O2 execution test
FAIL: gfortran.dg/ISO_Fortran_binding_15.f90 -O3 -fomit-frame-pointer -funroll-loops -fpeel-loops -ftracer -finline-functions execution test
FAIL: gfortran.dg/ISO_Fortran_binding_15.f90 -O3 -g execution test
FAIL: gfortran.dg/ISO_Fortran_binding_15.f90 -Os execution test
FAIL: gfortran.dg/ieee/ieee_6.f90 -O0 execution test
FAIL: gfortran.dg/ieee/ieee_6.f90 -O1 execution test
FAIL: gfortran.dg/ieee/ieee_6.f90 -O2 execution test
FAIL: gfortran.dg/ieee/ieee_6.f90 -O3 -fomit-frame-pointer -funroll-loops -fpeel-loops -ftracer -finline-functions execution test
FAIL: gfortran.dg/ieee/ieee_6.f90 -O3 -g execution test
FAIL: gfortran.dg/ieee/ieee_6.f90 -Os execution test
XPASS: gfortran.dg/ieee/ieee_8.f90 -O0 execution test
XPASS: gfortran.dg/ieee/ieee_8.f90 -O1 execution test
XPASS: gfortran.dg/ieee/ieee_8.f90 -O2 execution test
XPASS: gfortran.dg/ieee/ieee_8.f90 -O3 -fomit-frame-pointer -funroll-loops -fpeel-loops -ftracer -finline-functions execution test
XPASS: gfortran.dg/ieee/ieee_8.f90 -O3 -g execution test
XPASS: gfortran.dg/ieee/ieee_8.f90 -Os execution test
=== gfortran Summary ===
# of expected passes 52465
# of unexpected failures 12
# of unexpected successes 6
# of expected failures 189
# of unsupported tests 90
/opt/gcc/gcc-20200123/Build/gcc/gfortran version 10.0.1 20200123 (experimental) [master revision 41fe06f89f9] (GCC)
=== gnat tests ===
Running target unix
FAIL: gnat.dg/opt39.adb scan-tree-dump-not optimized "tmp"
=== gnat Summary ===
# of expected passes 3249
# of unexpected failures 1
# of expected failures 23
# of unsupported tests 23
/opt/gcc/gcc-20200123/Build/gcc/gnatmake version 10.0.1 20200123 (experimental) [master revision 41fe06f89f9]
=== go tests ===
Running target unix
FAIL: ./index0-out.go execution, -O0 -g -fno-var-tracking-assignments
FAIL: go.test/test/ken/cplx2.go execution, -O2 -g
=== go Summary ===
# of expected passes 7348
# of unexpected failures 2
# of expected failures 1
# of untested testcases 10
# of unsupported tests 3
/opt/gcc/gcc-20200123/Build/gcc/gccgo version 10.0.1 20200123 (experimental) [master revision 41fe06f89f9] (GCC)
=== obj-c++ tests ===
Running target unix
=== obj-c++ Summary ===
# of expected passes 1442
# of expected failures 10
# of unsupported tests 77
/opt/gcc/gcc-20200123/Build/gcc/xg++ version 10.0.1 20200123 (experimental) [master revision 41fe06f89f9] (GCC)
=== objc tests ===
Running target unix
=== objc Summary ===
# of expected passes 2781
# of unsupported tests 69
/opt/gcc/gcc-20200123/Build/gcc/xgcc version 10.0.1 20200123 (experimental) [master revision 41fe06f89f9] (GCC)
=== gotools tests ===
FAIL: TestScript
FAIL: go test cmd/go
=== gotools Summary ===
# of expected passes 452
# of unexpected failures 2
# of untested testcases 197
/opt/gcc/gcc-20200123/Build/./gcc/gccgo version 10.0.1 20200123 (experimental) [master revision 41fe06f89f9] (GCC)
Compiler version: 10.0.1 20200123 (experimental) [master revision 41fe06f89f9] (GCC)
Platform: aarch64-suse-linux-gnu
configure flags: --prefix=/usr --build=aarch64-suse-linux --enable-shared --with-system-zlib CFLAGS='-O2 -g' CXXFLAGS='-O2 -g'
More information about the Gcc-testresults
mailing list