Results for 10.0.1 20200122 (experimental) (GCC) testsuite on x86_64-unknown-freebsd13.0
Andreas Tobler
andreast.dev@gmail.com
Thu Jan 23 05:45:00 GMT 2020
Native configuration is x86_64-unknown-freebsd13.0
=== g++ tests ===
Running target unix
FAIL: c-c++-common/asan/use-after-return-1.c -O0 output pattern test
FAIL: c-c++-common/asan/use-after-return-1.c -O2 output pattern test
FAIL: c-c++-common/asan/use-after-return-1.c -Os output pattern test
FAIL: g++.dg/asan/asan_test.C -O2 (test for excess errors)
UNRESOLVED: g++.dg/asan/asan_test.C -O2 compilation failed to produce executable
FAIL: g++.dg/asan/pr69276.C -O0 output pattern test
WARNING: Could not execute g++.dg/compat/struct-layout-1 generator program timed out.
WARNING: Could not execute g++.dg/compat/struct-layout-1 generator
WARNING: Could not compile g++.dg/compat/struct-layout-1 generator program timed out.
WARNING: Could not compile g++.dg/compat/struct-layout-1 generator
WARNING: Could not execute g++.dg/compat/struct-layout-1 generator program timed out.
WARNING: Could not execute g++.dg/compat/struct-layout-1 generator
WARNING: Could not execute g++.dg/compat/struct-layout-1 generator program timed out.
WARNING: Could not execute g++.dg/compat/struct-layout-1 generator
WARNING: Could not execute g++.dg/compat/struct-layout-1 generator program timed out.
WARNING: Could not execute g++.dg/compat/struct-layout-1 generator
ERROR: child process exited abnormally
ERROR: child process exited abnormally
WARNING: tcl error sourcing /export/devel/net/src/gcc/git/gcc/gcc/testsuite/g++.dg/compat/struct-layout-1.exp. program timed out.
ERROR: tcl error sourcing /export/devel/net/src/gcc/git/gcc/gcc/testsuite/g++.dg/compat/struct-layout-1.exp.
WARNING: tcl error sourcing /export/devel/net/src/gcc/git/gcc/gcc/testsuite/g++.dg/compat/struct-layout-1.exp. program timed out.
ERROR: tcl error sourcing /export/devel/net/src/gcc/git/gcc/gcc/testsuite/g++.dg/compat/struct-layout-1.exp.
FAIL: g++.dg/coroutines/co-yield-syntax-02-outside-fn.C (test for errors, line 5)
FAIL: g++.dg/coroutines/co-yield-syntax-02-outside-fn.C (test for excess errors)
WARNING: g++.dg/coroutines/torture/co-yield-04-complex-local-state.C (test for excess errors) program timed out.
FAIL: g++.dg/coroutines/torture/co-yield-04-complex-local-state.C (test for excess errors)
UNRESOLVED: g++.dg/coroutines/torture/co-yield-04-complex-local-state.C compilation failed to produce executable
WARNING: g++.dg/cdce3.C -std=gnu++17 (test for excess errors) program timed out.
FAIL: g++.dg/cdce3.C -std=gnu++17 (test for excess errors)
FAIL: g++.dg/cdce3.C -std=gnu++17 execution test
FAIL: g++.dg/pr80481.C -std=gnu++98 scan-assembler-not vmovaps
FAIL: g++.dg/pr80481.C -std=gnu++14 scan-assembler-not vmovaps
FAIL: g++.dg/pr80481.C -std=gnu++17 scan-assembler-not vmovaps
FAIL: g++.dg/pr80481.C -std=gnu++2a scan-assembler-not vmovaps
FAIL: g++.dg/tree-ssa/ldist-1.C -std=gnu++14 scan-tree-dump ldist "generated memcpy"
FAIL: g++.dg/tree-ssa/ldist-1.C -std=gnu++17 scan-tree-dump ldist "generated memcpy"
FAIL: g++.dg/tree-ssa/ldist-1.C -std=gnu++2a scan-tree-dump ldist "generated memcpy"
FAIL: g++.dg/guality/pr55665.C -O2 -flto -fno-use-linker-plugin -flto-partition=none line 23 p == 40
FAIL: g++.dg/lto/pr64076 cp_lto_pr64076_0.o-cp_lto_pr64076_1.o link, -O0 -flto -flto-partition=none -fuse-linker-plugin
FAIL: g++.dg/lto/pr64076 cp_lto_pr64076_0.o-cp_lto_pr64076_1.o link, -O0 -flto -fuse-linker-plugin -fno-fat-lto-objects
FAIL: g++.dg/lto/pr64076 cp_lto_pr64076_0.o-cp_lto_pr64076_1.o link, -O0 -flto -flto-partition=none -fuse-linker-plugin
FAIL: g++.dg/lto/pr64076 cp_lto_pr64076_0.o-cp_lto_pr64076_1.o link, -O0 -flto -fuse-linker-plugin -fno-fat-lto-objects
FAIL: g++.dg/pch/system-1.C -g -I. -Dwith_PCH (test for excess errors)
FAIL: g++.dg/pch/system-1.C -g assembly comparison
FAIL: g++.dg/pch/system-1.C -O2 -g -I. -Dwith_PCH (test for excess errors)
FAIL: g++.dg/pch/system-1.C -O2 -g assembly comparison
FAIL: g++.dg/pch/system-1.C -O2 -I. -Dwith_PCH (test for excess errors)
FAIL: g++.dg/pch/system-1.C -O2 assembly comparison
FAIL: g++.dg/pch/system-2.C -g -I. -Dwith_PCH (test for excess errors)
FAIL: g++.dg/pch/system-2.C -g assembly comparison
FAIL: g++.dg/pch/system-2.C -O2 -g -I. -Dwith_PCH (test for excess errors)
FAIL: g++.dg/pch/system-2.C -O2 -g assembly comparison
FAIL: g++.dg/pch/system-2.C -O2 -I. -Dwith_PCH (test for excess errors)
FAIL: g++.dg/pch/system-2.C -O2 assembly comparison
FAIL: g++.dg/pch/uninst.C -g -I. -Dwith_PCH (test for excess errors)
FAIL: g++.dg/pch/uninst.C -g assembly comparison
FAIL: g++.dg/pch/uninst.C -O2 -g -I. -Dwith_PCH (test for excess errors)
FAIL: g++.dg/pch/uninst.C -O2 -g assembly comparison
FAIL: g++.dg/pch/uninst.C -O2 -I. -Dwith_PCH (test for excess errors)
FAIL: g++.dg/pch/uninst.C -O2 assembly comparison
FAIL: g++.dg/simulate-thread/atomics-1.C -O0 -g thread simulation test
WARNING: c-c++-common/torture/builtin-arith-overflow-12.c -O2 -flto -fno-use-linker-plugin -flto-partition=none (test for excess errors) program timed out.
FAIL: c-c++-common/torture/builtin-arith-overflow-12.c -O2 -flto -fno-use-linker-plugin -flto-partition=none (test for excess errors)
WARNING: c-c++-common/torture/builtin-arith-overflow-13.c -O2 (test for excess errors) program timed out.
FAIL: c-c++-common/torture/builtin-arith-overflow-13.c -O2 (test for excess errors)
UNRESOLVED: c-c++-common/torture/builtin-arith-overflow-13.c -O2 compilation failed to produce executable
WARNING: c-c++-common/torture/builtin-arith-overflow-13.c -O2 -flto -fno-use-linker-plugin -flto-partition=none (test for excess errors) program timed out.
FAIL: c-c++-common/torture/builtin-arith-overflow-13.c -O2 -flto -fno-use-linker-plugin -flto-partition=none (test for excess errors)
UNRESOLVED: c-c++-common/torture/builtin-arith-overflow-13.c -O2 -flto -fno-use-linker-plugin -flto-partition=none compilation failed to produce executable
WARNING: c-c++-common/torture/builtin-arith-overflow-14.c -O2 -flto -fno-use-linker-plugin -flto-partition=none (test for excess errors) program timed out.
FAIL: c-c++-common/torture/builtin-arith-overflow-14.c -O2 -flto -fno-use-linker-plugin -flto-partition=none (test for excess errors)
WARNING: c-c++-common/torture/builtin-arith-overflow-17.c -O2 -flto -fno-use-linker-plugin -flto-partition=none (test for excess errors) program timed out.
FAIL: c-c++-common/torture/builtin-arith-overflow-17.c -O2 -flto -fno-use-linker-plugin -flto-partition=none (test for excess errors)
UNRESOLVED: c-c++-common/torture/builtin-arith-overflow-17.c -O2 -flto -fno-use-linker-plugin -flto-partition=none compilation failed to produce executable
WARNING: c-c++-common/torture/builtin-arith-overflow-p-12.c -O2 -flto -fuse-linker-plugin -fno-fat-lto-objects (test for excess errors) program timed out.
FAIL: c-c++-common/torture/builtin-arith-overflow-p-12.c -O2 -flto -fuse-linker-plugin -fno-fat-lto-objects (test for excess errors)
FAIL: c-c++-common/torture/builtin-arith-overflow-p-12.c -O2 -flto -fuse-linker-plugin -fno-fat-lto-objects execution test
WARNING: g++.dg/torture/pr31863.C -Os (test for excess errors) program timed out.
FAIL: g++.dg/torture/pr31863.C -Os (test for excess errors)
WARNING: g++.dg/torture/pr31863.C -O2 (test for excess errors) program timed out.
FAIL: g++.dg/torture/pr31863.C -O2 (test for excess errors)
FAIL: c-c++-common/ubsan/builtin-1.c -O1 output pattern test
FAIL: c-c++-common/ubsan/builtin-1.c -O2 output pattern test
FAIL: c-c++-common/ubsan/builtin-1.c -O3 -g output pattern test
FAIL: c-c++-common/ubsan/builtin-1.c -Os output pattern test
FAIL: c-c++-common/ubsan/div-by-zero-6.c -O0 output pattern test
FAIL: c-c++-common/ubsan/div-by-zero-6.c -O1 output pattern test
FAIL: c-c++-common/ubsan/div-by-zero-6.c -Os output pattern test
FAIL: c-c++-common/ubsan/div-by-zero-7.c -Os output pattern test
FAIL: c-c++-common/ubsan/div-by-zero-7.c -O2 -flto -fno-use-linker-plugin -flto-partition=none output pattern test
FAIL: c-c++-common/ubsan/div-by-zero-7.c -O2 -flto -fuse-linker-plugin -fno-fat-lto-objects output pattern test
WARNING: c-c++-common/ubsan/float-cast-overflow-2.c -O0 (test for excess errors) program timed out.
FAIL: c-c++-common/ubsan/float-cast-overflow-2.c -O0 (test for excess errors)
FAIL: c-c++-common/ubsan/float-cast-overflow-2.c -O0 execution test
WARNING: c-c++-common/ubsan/float-cast-overflow-7.c -O2 (test for excess errors) program timed out.
FAIL: c-c++-common/ubsan/float-cast-overflow-7.c -O2 (test for excess errors)
UNRESOLVED: c-c++-common/ubsan/float-cast-overflow-7.c -O2 compilation failed to produce executable
FAIL: g++.old-deja/g++.brendan/redecl1.C -std=c++14 (test for warnings, line 3)
FAIL: g++.old-deja/g++.brendan/redecl1.C -std=c++14 (test for errors, line 5)
FAIL: g++.old-deja/g++.brendan/redecl1.C -std=c++14 (test for excess errors)
FAIL: g++.old-deja/g++.bugs/900121_05.C -std=c++98 (test for errors, line 17)
FAIL: g++.old-deja/g++.bugs/900121_05.C -std=c++98 (test for errors, line 27)
FAIL: g++.old-deja/g++.bugs/900121_05.C -std=c++98 (test for excess errors)
FAIL: g++.old-deja/g++.eh/cond1.C -std=c++14 (test for errors, line 27)
FAIL: g++.old-deja/g++.eh/cond1.C -std=c++14 (test for errors, line 29)
FAIL: g++.old-deja/g++.eh/cond1.C -std=c++14 (test for errors, line 30)
FAIL: g++.old-deja/g++.eh/cond1.C -std=c++14 (test for excess errors)
FAIL: g++.old-deja/g++.jason/rfg12.C -std=c++17 (test for errors, line 2)
FAIL: g++.old-deja/g++.jason/rfg12.C -std=c++17 (test for excess errors)
FAIL: g++.old-deja/g++.jason/scoping8.C -std=c++14 (test for warnings, line 4)
FAIL: g++.old-deja/g++.jason/scoping8.C -std=c++14 (test for errors, line 7)
FAIL: g++.old-deja/g++.jason/scoping8.C -std=c++14 (test for excess errors)
FAIL: g++.old-deja/g++.mike/for1.C -std=c++2a (test for errors, line 3)
FAIL: g++.old-deja/g++.mike/for1.C -std=c++2a (test for excess errors)
FAIL: g++.old-deja/g++.mike/misc3.C -std=c++2a (test for warnings, line 3)
FAIL: g++.old-deja/g++.mike/misc3.C -std=c++2a (test for errors, line 4)
FAIL: g++.old-deja/g++.mike/misc3.C -std=c++2a (test for excess errors)
FAIL: g++.old-deja/g++.mike/net31.C -std=c++17 (test for errors, line 44)
FAIL: g++.old-deja/g++.mike/net31.C -std=c++17 (test for errors, line 66)
FAIL: g++.old-deja/g++.mike/net31.C -std=c++17 (test for excess errors)
FAIL: g++.old-deja/g++.mike/p811.C -std=gnu++17 (test for warnings, line 515)
FAIL: g++.old-deja/g++.mike/p811.C -std=gnu++17 (test for warnings, line 518)
FAIL: g++.old-deja/g++.mike/p811.C -std=gnu++17 (test for warnings, line 521)
FAIL: g++.old-deja/g++.mike/p811.C -std=gnu++17 (test for warnings, line 522)
FAIL: g++.old-deja/g++.mike/p811.C -std=gnu++17 (test for errors, line 522)
FAIL: g++.old-deja/g++.mike/p811.C -std=gnu++17 (test for errors, line 527)
FAIL: g++.old-deja/g++.mike/p811.C -std=gnu++17 (test for errors, line 533)
FAIL: g++.old-deja/g++.mike/p811.C -std=gnu++17 (test for excess errors)
FAIL: g++.old-deja/g++.ns/overload5.C -std=c++17 (test for errors, line 9)
FAIL: g++.old-deja/g++.ns/overload5.C -std=c++17 (test for excess errors)
FAIL: g++.old-deja/g++.other/ambig2.C -std=c++17 (test for errors, line 17)
FAIL: g++.old-deja/g++.other/ambig2.C -std=c++17 (test for errors, line 18)
FAIL: g++.old-deja/g++.other/ambig2.C -std=c++17 (test for errors, line 19)
FAIL: g++.old-deja/g++.other/ambig2.C -std=c++17 (test for errors, line 20)
FAIL: g++.old-deja/g++.other/ambig2.C -std=c++17 (test for excess errors)
FAIL: g++.old-deja/g++.other/cond5.C -std=gnu++98 (test for warnings, line 25)
FAIL: g++.old-deja/g++.other/cond5.C -std=gnu++98 (test for warnings, line 26)
FAIL: g++.old-deja/g++.other/cond5.C -std=gnu++98 (test for warnings, line 27)
FAIL: g++.old-deja/g++.other/cond5.C -std=gnu++98 (test for errors, line 40)
FAIL: g++.old-deja/g++.other/cond5.C -std=gnu++98 (test for errors, line 42)
FAIL: g++.old-deja/g++.other/cond5.C -std=gnu++98 (test for errors, line 43)
FAIL: g++.old-deja/g++.other/cond5.C -std=gnu++98 (test for excess errors)
FAIL: g++.old-deja/g++.other/defarg7.C -std=c++17 (test for errors, line 27)
FAIL: g++.old-deja/g++.other/friend4.C -std=c++98 (test for warnings, line 13)
FAIL: g++.old-deja/g++.other/friend4.C -std=c++98 (test for errors, line 14)
FAIL: g++.old-deja/g++.other/friend4.C -std=c++98 (test for errors, line 17)
FAIL: g++.old-deja/g++.other/friend4.C -std=c++98 (test for errors, line 18)
FAIL: g++.old-deja/g++.other/friend4.C -std=c++98 (test for excess errors)
FAIL: g++.old-deja/g++.other/init18.C -std=c++98 execution test
FAIL: g++.old-deja/g++.other/init18.C -std=c++14 execution test
FAIL: g++.old-deja/g++.other/init18.C -std=c++17 execution test
FAIL: g++.old-deja/g++.other/init18.C -std=c++2a execution test
FAIL: g++.old-deja/g++.other/init19.C -std=c++98 execution test
FAIL: g++.old-deja/g++.other/init19.C -std=c++14 execution test
FAIL: g++.old-deja/g++.other/init19.C -std=c++17 execution test
FAIL: g++.old-deja/g++.other/init19.C -std=c++2a execution test
FAIL: g++.old-deja/g++.other/init9.C -std=c++98 (test for warnings, line 36)
FAIL: g++.old-deja/g++.other/init9.C -std=c++98 (test for warnings, line 37)
FAIL: g++.old-deja/g++.other/init9.C -std=c++98 (test for errors, line 38)
FAIL: g++.old-deja/g++.other/ref1.C -std=c++17 (test for errors, line 8)
FAIL: g++.old-deja/g++.other/ref1.C -std=c++17 (test for errors, line 9)
FAIL: g++.old-deja/g++.other/ref1.C -std=c++17 (test for excess errors)
WARNING: g++.old-deja/g++.other/scope1.C -std=c++98 (test for excess errors) program timed out.
FAIL: g++.old-deja/g++.other/scope1.C -std=c++98 (test for excess errors)
FAIL: g++.old-deja/g++.other/scope1.C -std=c++98 execution test
WARNING: g++.old-deja/g++.other/union3.C -std=c++14 (test for excess errors) program timed out.
FAIL: g++.old-deja/g++.other/union3.C -std=c++14 (test for excess errors)
FAIL: g++.old-deja/g++.other/union3.C -std=c++14 execution test
WARNING: g++.old-deja/g++.pt/memtemp77.C -std=c++98 (test for excess errors) program timed out.
FAIL: g++.old-deja/g++.pt/memtemp77.C -std=c++98 (test for excess errors)
FAIL: g++.old-deja/g++.pt/memtemp77.C -std=c++98 execution test
WARNING: g++.old-deja/g++.pt/overload15.C -std=c++98 (test for excess errors) program timed out.
FAIL: g++.old-deja/g++.pt/overload15.C -std=c++98 (test for excess errors)
WARNING: g++.old-deja/g++.pt/spec13.C -std=c++17 (test for excess errors) program timed out.
FAIL: g++.old-deja/g++.pt/spec13.C -std=c++17 (test for excess errors)
FAIL: g++.old-deja/g++.pt/spec13.C -std=c++17 execution test
FAIL: g++.old-deja/g++.pt/spec21.C -std=c++98 (test for errors, line 7)
FAIL: g++.old-deja/g++.pt/spec21.C -std=c++98 (test for errors, line 7)
FAIL: g++.old-deja/g++.pt/spec21.C -std=c++98 (test for errors, line 10)
FAIL: g++.old-deja/g++.pt/spec21.C -std=c++98 (test for errors, line 12)
FAIL: g++.old-deja/g++.pt/spec21.C -std=c++98 (test for errors, line 16)
WARNING: g++.old-deja/g++.pt/static6.C -std=c++98 (test for excess errors) program timed out.
FAIL: g++.old-deja/g++.pt/static6.C -std=c++98 (test for excess errors)
WARNING: g++.old-deja/g++.pt/typedef3.C -std=c++17 (test for excess errors) program timed out.
FAIL: g++.old-deja/g++.pt/typedef3.C -std=c++17 (test for excess errors)
WARNING: g++.old-deja/g++.pt/typename17.C -std=c++98 (test for excess errors) program timed out.
FAIL: g++.old-deja/g++.pt/typename17.C -std=c++98 (test for excess errors)
WARNING: g++.old-deja/g++.robertl/eb11.C -std=c++98 (test for excess errors) program timed out.
FAIL: g++.old-deja/g++.robertl/eb11.C -std=c++98 (test for excess errors)
WARNING: g++.old-deja/g++.robertl/eb126.C -std=c++98 (test for excess errors) program timed out.
FAIL: g++.old-deja/g++.robertl/eb126.C -std=c++98 (test for excess errors)
FAIL: g++.old-deja/g++.robertl/eb126.C -std=c++98 execution test
=== g++ Summary ===
# of expected passes 186558
# of unexpected failures 148
# of expected failures 691
# of unresolved testcases 6
# of unsupported tests 8014
/export/devel/build/gcc/head/objdir/gcc/xg++ version 10.0.1 20200122 (experimental) (GCC)
=== gcc tests ===
Running target unix
ERROR: child process exited abnormally
FAIL: gcc.c-torture/compile/20001226-1.c -O0 (test for excess errors)
WARNING: tcl error sourcing /export/devel/net/src/gcc/git/gcc/gcc/testsuite/gcc.c-torture/compile/compile.exp. program timed out.
ERROR: tcl error sourcing /export/devel/net/src/gcc/git/gcc/gcc/testsuite/gcc.c-torture/compile/compile.exp.
ERROR: tcl error sourcing /export/devel/net/src/gcc/git/gcc/gcc/testsuite/gcc.c-torture/execute/builtins/builtins.exp.
ERROR: torture-init: torture_without_loops is not empty as expected
ERROR: tcl error sourcing /export/devel/net/src/gcc/git/gcc/gcc/testsuite/gcc.c-torture/execute/ieee/ieee.exp.
ERROR: torture-init: torture_without_loops is not empty as expected
ERROR: tcl error sourcing /export/devel/net/src/gcc/git/gcc/gcc/testsuite/gcc.c-torture/unsorted/unsorted.exp.
ERROR: torture-init: torture_without_loops is not empty as expected
FAIL: gcc.dg/analyzer/alloca-leak.c (test for excess errors)
FAIL: gcc.dg/analyzer/malloc-callbacks.c (test for warnings, line 27)
FAIL: gcc.dg/analyzer/malloc-callbacks.c (test for warnings, line 28)
FAIL: gcc.dg/analyzer/malloc-callbacks.c (test for warnings, line 34)
FAIL: gcc.dg/analyzer/malloc-callbacks.c (test for warnings, line 35)
FAIL: gcc.dg/analyzer/malloc-callbacks.c (test for warnings, line 41)
FAIL: gcc.dg/analyzer/malloc-callbacks.c (test for warnings, line 53)
FAIL: gcc.dg/analyzer/malloc-callbacks.c (test for warnings, line 54)
FAIL: gcc.dg/analyzer/malloc-callbacks.c (test for warnings, line 62)
FAIL: gcc.dg/analyzer/malloc-callbacks.c (test for warnings, line 64)
FAIL: gcc.dg/analyzer/malloc-callbacks.c (test for excess errors)
FAIL: gcc.dg/analyzer/setjmp-2.c expected multiline pattern lines 38-82 not found: "\\s*NN \\| __analyzer_dump_path \\(\\);.*\\n \\| \\^~~~~~~~~~~~~~~~~~~~~~~\\n 'test_2': event 1.*\\n \\|.*\\n \\| NN \\| i = setjmp\\(env\\);.*\\n \\| \\| \\^~~~~~\\n \\| \\| \\|.*\\n \\| \\| \\(1\\) 'setjmp' called here.*\\n \\|.*\\n 'test_2': events 2-4.*\\n \\|.*\\n \\| NN \\| if \\(i != 0\\).*\\n \\| \\| \\^\\n \\| \\| \\|.*\\n \\| \\| \\(2\\) following 'false' branch \\(when 'i == 0'\\)\\.\\.\\..*\\n \\|\\.\\.\\.\\.\\.\\..*\\n \\| NN \\| longjmp \\(env, 1\\);.*\\n \\| \\| ~~~~~~~~~~~~~~~~\\n \\| \\| \\|.*\\n \\| \\| \\(3\\) \\.\\.\\.to here.*\\n \\| \\| \\(4\\) rewinding within 'test_2' from 'longjmp'\\.\\.\\..*\\n \\|.*\\n 'test_2': event 5.*\\n \\|.*\\n \\| NN \\| i = setjmp\\(env\\);.*\\n \\| \\| \\^~~~~~\\n \\| \\| \\|.*\\n \\| \\| \\(5\\) \\.\\.\\.to 'setjmp' \\(saved at \\(1\\)\\).*\\n \\|.*\\n 'test_2': events 6-8.*\\n \\|.*\\n \\| NN \\| if \\(i != 0\\).*\\n \\| \\| \\^\\n \\| \\| \\|.*\\n \\| \\| \\(6\\) following 'true' branch \\(when 'i != 0'\\)\\.\\.\\..*\\n \\| NN \\| \\{.*\\n \\| NN \\| foo \\(2\\);.*\\n \\| \\| ~~~~~~~\\n \\| \\| \\|.*\\n \\| \\| \\(7\\) \\.\\.\\.to here.*\\n \\| NN \\| __analyzer_dump_path \\(\\);.*\\n \\| \\| ~~~~~~~~~~~~~~~~~~~~~~~\\n \\| \\| \\|.*\\n \\| \\| \\(8\\) here.*\\n \\|.*\\n"
FAIL: gcc.dg/analyzer/setjmp-2.c (test for excess errors)
FAIL: gcc.dg/analyzer/setjmp-3.c expected multiline pattern lines 39-107 not found: "\\s*NN \\| __analyzer_dump_path \\(\\);.*\\n \\| \\^~~~~~~~~~~~~~~~~~~~~~~\\n 'outer': event 1.*\\n \\|.*\\n \\| NN \\| void outer \\(void\\).*\\n \\| \\| \\^~~~~\\n \\| \\| \\|.*\\n \\| \\| \\(1\\) entry to 'outer'.*\\n \\|.*\\n 'outer': event 2.*\\n \\|.*\\n \\| NN \\| i = setjmp\\(env\\);.*\\n \\| \\| \\^~~~~~\\n \\| \\| \\|.*\\n \\| \\| \\(2\\) 'setjmp' called here.*\\n \\|.*\\n 'outer': events 3-5.*\\n \\|.*\\n \\| NN \\| if \\(i != 0\\).*\\n \\| \\| \\^\\n \\| \\| \\|.*\\n \\| \\| \\(3\\) following 'false' branch \\(when 'i == 0'\\)\\.\\.\\..*\\n \\|\\.\\.\\.\\.\\.\\..*\\n \\| NN \\| foo \\(1\\);.*\\n \\| \\| ~~~~~~~\\n \\| \\| \\|.*\\n \\| \\| \\(4\\) \\.\\.\\.to here.*\\n \\| NN \\| inner \\(\\);.*\\n \\| \\| ~~~~~~~~\\n \\| \\| \\|.*\\n \\| \\| \\(5\\) calling 'inner' from 'outer'.*\\n \\|.*\\n \\+--> 'inner': events 6-7.*\\n \\|.*\\n \\| NN \\| static void inner \\(void\\).*\\n \\| \\| \\^~~~~\\n \\| \\| \\|.*\\n \\| \\| \\(6\\) entry to 'inner'.*\\n \\| NN \\| \\{.*\\n \\| NN \\| longjmp \\(env, 1\\);.*\\n \\| \\| ~~~~~~~~~~~~~~~~\\n \\| \\| \\|.*\\n \\| \\| \\(7\\) rewinding from 'longjmp' in 'inner'\\.\\.\\..*\\n \\|.*\\n <------\\+.*\\n \\|.*\\n 'outer': event 8.*\\n \\|.*\\n \\| NN \\| i = setjmp\\(env\\);.*\\n \\| \\| \\^~~~~~\\n \\| \\| \\|.*\\n \\| \\| \\(8\\) \\.\\.\\.to 'setjmp' in 'outer' \\(saved at \\(2\\)\\).*\\n \\|.*\\n 'outer': events 9-11.*\\n \\|.*\\n \\| NN \\| if \\(i != 0\\).*\\n \\| \\| \\^\\n \\| \\| \\|.*\\n \\| \\| \\(9\\) following 'true' branch \\(when 'i != 0'\\)\\.\\.\\..*\\n \\| NN \\| \\{.*\\n \\| NN \\| foo \\(2\\);.*\\n \\| \\| ~~~~~~~\\n \\| \\| \\|.*\\n \\| \\| \\(10\\) \\.\\.\\.to here.*\\n \\| NN \\| __analyzer_dump_path \\(\\);.*\\n \\| \\| ~~~~~~~~~~~~~~~~~~~~~~~\\n \\| \\| \\|.*\\n \\| \\| \\(11\\) here.*\\n \\|.*\\n"
FAIL: gcc.dg/analyzer/setjmp-3.c (test for excess errors)
FAIL: gcc.dg/analyzer/setjmp-4.c expected multiline pattern lines 34-107 not found: "\\s*NN \\| __analyzer_dump_path \\(\\);.*\\n \\| \\^~~~~~~~~~~~~~~~~~~~~~~\\n 'main': event 1.*\\n \\|.*\\n \\| NN \\| int main \\(void\\).*\\n \\| \\| \\^~~~\\n \\| \\| \\|.*\\n \\| \\| \\(1\\) entry to 'main'.*\\n \\|.*\\n 'main': event 2.*\\n \\|.*\\n \\| NN \\| if \\(!setjmp\\(buf\\)\\).*\\n \\| \\| \\^~~~~~\\n \\| \\| \\|.*\\n \\| \\| \\(2\\) 'setjmp' called here.*\\n \\|.*\\n 'main': events 3-5.*\\n \\|.*\\n \\| NN \\| if \\(!setjmp\\(buf\\)\\).*\\n \\| \\| \\^\\n \\| \\| \\|.*\\n \\| \\| \\(3\\) following 'true' branch\\.\\.\\..*\\n \\| NN \\| outer \\(42\\);.*\\n \\| \\| ~~~~~~~~~~\\n \\| \\| \\|.*\\n \\| \\| \\(4\\) \\.\\.\\.to here.*\\n \\| \\| \\(5\\) calling 'outer' from 'main'.*\\n \\|.*\\n \\+--> 'outer': events 6-7.*\\n \\|.*\\n \\| NN \\| void outer \\(int y\\).*\\n \\| \\| \\^~~~~\\n \\| \\| \\|.*\\n \\| \\| \\(6\\) entry to 'outer'.*\\n \\|\\.\\.\\.\\.\\.\\..*\\n \\| NN \\| inner \\(y\\);.*\\n \\| \\| ~~~~~~~~~\\n \\| \\| \\|.*\\n \\| \\| \\(7\\) calling 'inner' from 'outer'.*\\n \\|.*\\n \\+--> 'inner': events 8-9.*\\n \\|.*\\n \\| NN \\| void inner \\(int x\\).*\\n \\| \\| \\^~~~~\\n \\| \\| \\|.*\\n \\| \\| \\(8\\) entry to 'inner'.*\\n \\|\\.\\.\\.\\.\\.\\..*\\n \\| NN \\| longjmp \\(buf, 1\\);.*\\n \\| \\| ~~~~~~~~~~~~~~~~\\n \\| \\| \\|.*\\n \\| \\| \\(9\\) rewinding from 'longjmp' in 'inner'\\.\\.\\..*\\n \\|.*\\n <-------------\\+.*\\n \\|.*\\n 'main': event 10.*\\n \\|.*\\n \\| NN \\| if \\(!setjmp\\(buf\\)\\).*\\n \\| \\| \\^~~~~~\\n \\| \\| \\|.*\\n \\| \\| \\(10\\) \\.\\.\\.to 'setjmp' in 'main' \\(saved at \\(2\\)\\).*\\n \\|.*\\n 'main': events 11-13.*\\n \\|.*\\n \\| NN \\| if \\(!setjmp\\(buf\\)\\).*\\n \\| \\| \\^\\n \\| \\| \\|.*\\n \\| \\| \\(11\\) following 'false' branch\\.\\.\\..*\\n \\|\\.\\.\\.\\.\\.\\..*\\n \\| NN \\| __analyzer_dump_path \\(\\);.*\\n \\| \\| ~~~~~~~~~~~~~~~~~~~~~~~\\n \\| \\| \\|.*\\n \\| \\| \\(12\\) \\.\\.\\.to here.*\\n \\| \\| \\(13\\) here.*\\n \\|.*\\n"
FAIL: gcc.dg/analyzer/setjmp-4.c (test for excess errors)
FAIL: gcc.dg/analyzer/setjmp-5.c (test for warnings, line 21)
FAIL: gcc.dg/analyzer/setjmp-5.c expected multiline pattern lines 25-66 not found: "\\s*NN \\| longjmp \\(env, 42\\);.*\\n \\| \\^~~~~~~~~~~~~~~~~\\n 'outer': events 1-2.*\\n \\|.*\\n \\| NN \\| void outer \\(void\\).*\\n \\| \\| \\^~~~~\\n \\| \\| \\|.*\\n \\| \\| \\(1\\) entry to 'outer'.*\\n \\|\\.\\.\\.\\.\\.\\..*\\n \\| NN \\| inner \\(\\);.*\\n \\| \\| ~~~~~~~~\\n \\| \\| \\|.*\\n \\| \\| \\(2\\) calling 'inner' from 'outer'.*\\n \\|.*\\n \\+--> 'inner': event 3.*\\n \\|.*\\n \\| NN \\| static void inner \\(void\\).*\\n \\| \\| \\^~~~~\\n \\| \\| \\|.*\\n \\| \\| \\(3\\) entry to 'inner'.*\\n \\|.*\\n 'inner': event 4.*\\n \\|.*\\n \\| NN \\| setjmp \\(env\\);.*\\n \\| \\| \\^~~~~~\\n \\| \\| \\|.*\\n \\| \\| \\(4\\) 'setjmp' called here.*\\n \\|.*\\n <------\\+.*\\n \\|.*\\n 'outer': events 5-6.*\\n \\|.*\\n \\| NN \\| inner \\(\\);.*\\n \\| \\| \\^~~~~~~~\\n \\| \\| \\|.*\\n \\| \\| \\(5\\) returning to 'outer' from 'inner'.*\\n \\| NN \\| .*\\n \\| NN \\| longjmp \\(env, 42\\);.*\\n \\| \\| ~~~~~~~~~~~~~~~~~\\n \\| \\| \\|.*\\n \\| \\| \\(6\\) here.*\\n \\|.*\\n"
FAIL: gcc.dg/analyzer/setjmp-6.c (test for warnings, line 11)
FAIL: gcc.dg/analyzer/setjmp-6.c (test for warnings, line 12)
FAIL: gcc.dg/analyzer/setjmp-7.c (test for warnings, line 11)
FAIL: gcc.dg/analyzer/setjmp-7.c (test for warnings, line 16)
FAIL: gcc.dg/analyzer/setjmp-7a.c (test for warnings, line 13)
FAIL: gcc.dg/analyzer/setjmp-7a.c expected multiline pattern lines 41-110 not found: "\\s*NN \\| longjmp \\(env, 1\\);.*\\n \\| \\^~~~~~~~~~~~~~~~\\n 'outer': event 1.*\\n \\|.*\\n \\| NN \\| void outer \\(void\\).*\\n \\| \\| \\^~~~~\\n \\| \\| \\|.*\\n \\| \\| \\(1\\) entry to 'outer'.*\\n \\|.*\\n 'outer': event 2.*\\n \\|.*\\n \\| NN \\| i = setjmp\\(env\\);.*\\n \\| \\| \\^~~~~~\\n \\| \\| \\|.*\\n \\| \\| \\(2\\) 'setjmp' called here.*\\n \\|.*\\n 'outer': events 3-5.*\\n \\|.*\\n \\| NN \\| if \\(i == 0\\).*\\n \\| \\| \\^\\n \\| \\| \\|.*\\n \\| \\| \\(3\\) following 'true' branch \\(when 'i == 0'\\)\\.\\.\\..*\\n \\| NN \\| \\{.*\\n \\| NN \\| foo \\(1\\);.*\\n \\| \\| ~~~~~~~\\n \\| \\| \\|.*\\n \\| \\| \\(4\\) \\.\\.\\.to here.*\\n \\| NN \\| middle \\(\\);.*\\n \\| \\| ~~~~~~~~~\\n \\| \\| \\|.*\\n \\| \\| \\(5\\) calling 'middle' from 'outer'.*\\n \\|.*\\n \\+--> 'middle': events 6-8.*\\n \\|.*\\n \\| NN \\| static void middle \\(void\\).*\\n \\| \\| \\^~~~~~\\n \\| \\| \\|.*\\n \\| \\| \\(6\\) entry to 'middle'.*\\n \\| NN \\| \\{.*\\n \\| NN \\| void \\*ptr = malloc \\(1024\\);.*\\n \\| \\| ~~~~~~~~~~~~~\\n \\| \\| \\|.*\\n \\| \\| \\(7\\) allocated here.*\\n \\| NN \\| inner \\(\\);.*\\n \\| \\| ~~~~~~~~ .*\\n \\| \\| \\|.*\\n \\| \\| \\(8\\) calling 'inner' from 'middle'.*\\n \\|.*\\n \\+--> 'inner': events 9-11.*\\n \\|.*\\n \\| NN \\| static void inner \\(void\\).*\\n \\| \\| \\^~~~~\\n \\| \\| \\|.*\\n \\| \\| \\(9\\) entry to 'inner'.*\\n \\| NN \\| \\{.*\\n \\| NN \\| longjmp \\(env, 1\\);.*\\n \\| \\| ~~~~~~~~~~~~~~~~\\n \\| \\| \\|.*\\n \\| \\| \\(10\\) 'ptr' leaks here; was allocated at \\(7\\).*\\n \\| \\| \\(11\\) rewinding from 'longjmp' in 'inner'\\.\\.\\..*\\n \\|.*\\n <-------------\\+.*\\n \\|.*\\n 'outer': event 12.*\\n \\|.*\\n \\| NN \\| i = setjmp\\(env\\);.*\\n \\| \\| \\^~~~~~\\n \\| \\| \\|.*\\n \\| \\| \\(12\\) \\.\\.\\.to 'setjmp' in 'outer' \\(saved at \\(2\\)\\).*\\n \\|.*\\n"
FAIL: gcc.dg/analyzer/setjmp-8.c expected multiline pattern lines 40-108 not found: "\\s*NN \\| __analyzer_dump_path \\(\\);.*\\n \\| \\^~~~~~~~~~~~~~~~~~~~~~~\\n 'outer': event 1.*\\n \\|.*\\n \\| NN \\| void outer \\(void\\).*\\n \\| \\| \\^~~~~\\n \\| \\| \\|.*\\n \\| \\| \\(1\\) entry to 'outer'.*\\n \\|.*\\n 'outer': event 2.*\\n \\|.*\\n \\| NN \\| i = setjmp\\(env\\);.*\\n \\| \\| \\^~~~~~\\n \\| \\| \\|.*\\n \\| \\| \\(2\\) 'setjmp' called here.*\\n \\|.*\\n 'outer': events 3-5.*\\n \\|.*\\n \\| NN \\| if \\(i != 0\\).*\\n \\| \\| \\^\\n \\| \\| \\|.*\\n \\| \\| \\(3\\) following 'false' branch \\(when 'i == 0'\\)\\.\\.\\..*\\n \\|\\.\\.\\.\\.\\.\\..*\\n \\| NN \\| foo \\(1\\);.*\\n \\| \\| ~~~~~~~\\n \\| \\| \\|.*\\n \\| \\| \\(4\\) \\.\\.\\.to here.*\\n \\| NN \\| inner \\(\\);.*\\n \\| \\| ~~~~~~~~\\n \\| \\| \\|.*\\n \\| \\| \\(5\\) calling 'inner' from 'outer'.*\\n \\|.*\\n \\+--> 'inner': events 6-7.*\\n \\|.*\\n \\| NN \\| static void inner \\(void\\).*\\n \\| \\| \\^~~~~\\n \\| \\| \\|.*\\n \\| \\| \\(6\\) entry to 'inner'.*\\n \\|\\.\\.\\.\\.\\.\\..*\\n \\| NN \\| longjmp \\(env, 0\\);.*\\n \\| \\| ~~~~~~~~~~~~~~~~\\n \\| \\| \\|.*\\n \\| \\| \\(7\\) rewinding from 'longjmp' in 'inner'\\.\\.\\..*\\n \\|.*\\n <------\\+.*\\n \\|.*\\n 'outer': event 8.*\\n \\|.*\\n \\| NN \\| i = setjmp\\(env\\);.*\\n \\| \\| \\^~~~~~\\n \\| \\| \\|.*\\n \\| \\| \\(8\\) \\.\\.\\.to 'setjmp' in 'outer' \\(saved at \\(2\\)\\).*\\n \\|.*\\n 'outer': events 9-11.*\\n \\|.*\\n \\| N N \\| if \\(i != 0\\).*\\n \\| \\| \\^\\n \\| \\| \\|.*\\n \\| \\| \\(9\\) following 'true' branch \\(when 'i != 0'\\)\\.\\.\\..*\\n \\| NN \\| \\{.*\\n \\| NN \\| foo \\(2\\);.*\\n \\| \\| ~~~~~~~\\n \\| \\| \\|.*\\n \\| \\| \\(10\\) \\.\\.\\.to here.*\\n \\| NN \\| __analyzer_dump_path \\(\\);.*\\n \\| \\| ~~~~~~~~~~~~~~~~~~~~~~~\\n \\| \\| \\|.*\\n \\| \\| \\(11\\) here.*\\n \\|.*\\n"
FAIL: gcc.dg/analyzer/setjmp-8.c (test for excess errors)
FAIL: gcc.dg/analyzer/setjmp-9.c expected multiline pattern lines 42-110 not found: "\\s*NN \\| __analyzer_dump_path \\(\\);.*\\n \\| \\^~~~~~~~~~~~~~~~~~~~~~~\\n 'outer': event 1.*\\n \\|.*\\n \\| NN \\| void outer \\(void\\).*\\n \\| \\| \\^~~~~\\n \\| \\| \\|.*\\n \\| \\| \\(1\\) entry to 'outer'.*\\n \\|.*\\n 'outer': event 2.*\\n \\|.*\\n \\| NN \\| i = setjmp\\(env\\);.*\\n \\| \\| \\^~~~~~\\n \\| \\| \\|.*\\n \\| \\| \\(2\\) 'setjmp' called here.*\\n \\|.*\\n 'outer': events 3-5.*\\n \\|.*\\n \\| NN \\| if \\(i != 0\\).*\\n \\| \\| \\^\\n \\| \\| \\|.*\\n \\| \\| \\(3\\) following 'false' branch \\(when 'i == 0'\\)\\.\\.\\..*\\n \\|\\.\\.\\.\\.\\.\\..*\\n \\| NN \\| foo \\(1\\);.*\\n \\| \\| ~~~~~~~\\n \\| \\| \\|.*\\n \\| \\| \\(4\\) \\.\\.\\.to here.*\\n \\| NN \\| inner \\(\\);.*\\n \\| \\| ~~~~~~~~\\n \\| \\| \\|.*\\n \\| \\| \\(5\\) calling 'inner' from 'outer'.*\\n \\|.*\\n \\+--> 'inner': events 6-7.*\\n \\|.*\\n \\| NN \\| static void inner \\(void\\).*\\n \\| \\| \\^~~~~\\n \\| \\| \\|.*\\n \\| \\| \\(6\\) entry to 'inner'.*\\n \\|\\.\\.\\.\\.\\.\\..*\\n \\| NN \\| longjmp \\(env, unknown_val\\);.*\\n \\| \\| ~~~~~~~~~~~~~~~~~~~~~~~~~~\\n \\| \\| \\|.*\\n \\| \\| \\(7\\) rewinding from 'longjmp' in 'inner'\\.\\.\\..*\\n \\|.*\\n <------\\+.*\\n \\|.*\\n 'outer': event 8.*\\n \\|.*\\n \\| NN \\| i = setjmp\\(env\\);.*\\n \\| \\| \\^~~~~~\\n \\| \\| \\|.*\\n \\| \\| \\(8\\) \\.\\.\\.to 'setjmp' in 'outer' \\(saved at \\(2\\)\\).*\\n \\|.*\\n 'outer': events 9-11.*\\n \\|.*\\n \\| NN \\| if \\(i != 0\\).*\\n \\| \\| \\^\\n \\| \\| \\|.*\\n \\| \\| \\(9\\) following 'true' branch \\(when 'i != 0'\\)\\.\\.\\..*\\n \\| NN \\| \\{.*\\n \\| NN \\| foo \\(2\\);.*\\n \\| \\| ~~~~~~~\\n \\| \\| \\|.*\\n \\| \\| \\(10\\) \\.\\.\\.to here.*\\n \\| NN \\| __analyzer_dump_path \\(\\);.*\\n \\| \\| ~~~~~~~~~~~~~~~~~~~~~~~\\n \\| \\| \\|.*\\n \\| \\| \\(11\\) here.*\\n \\|.*\\n"
FAIL: gcc.dg/analyzer/setjmp-9.c (test for excess errors)
FAIL: c-c++-common/asan/pr64820.c -O3 -g output pattern test
FAIL: c-c++-common/asan/pr64820.c -Os output pattern test
FAIL: c-c++-common/asan/use-after-return-1.c -O1 output pattern test
FAIL: c-c++-common/asan/use-after-return-1.c -O2 -flto -fno-use-linker-plugin -flto-partition=none output pattern test
FAIL: c-c++-common/asan/use-after-return-1.c -O2 -flto -fuse-linker-plugin -fno-fat-lto-objects output pattern test
FAIL: gcc.dg/asan/pr80166.c -O0 execution test
FAIL: gcc.dg/asan/pr80166.c -O1 execution test
FAIL: gcc.dg/asan/pr80166.c -O2 execution test
FAIL: gcc.dg/asan/pr80166.c -O3 -g execution test
FAIL: gcc.dg/asan/pr80166.c -Os execution test
FAIL: gcc.dg/asan/pr80166.c -O2 -flto -fno-use-linker-plugin -flto-partition=none execution test
FAIL: gcc.dg/asan/pr80166.c -O2 -flto -fuse-linker-plugin -fno-fat-lto-objects execution test
WARNING: gcc.dg/atomic/c11-atomic-exec-2.c -O1 (test for excess errors) program timed out.
FAIL: gcc.dg/atomic/c11-atomic-exec-2.c -O1 (test for excess errors)
FAIL: gcc.dg/atomic/c11-atomic-exec-2.c -O1 execution test
WARNING: gcc.dg/atomic/c11-atomic-exec-2.c -O3 -g (test for excess errors) program timed out.
FAIL: gcc.dg/atomic/c11-atomic-exec-2.c -O3 -g (test for excess errors)
UNRESOLVED: gcc.dg/atomic/c11-atomic-exec-2.c -O3 -g compilation failed to produce executable
WARNING: gcc.dg/atomic/c11-atomic-exec-2.c -Os (test for excess errors) program timed out.
FAIL: gcc.dg/atomic/c11-atomic-exec-2.c -Os (test for excess errors)
UNRESOLVED: gcc.dg/atomic/c11-atomic-exec-2.c -Os compilation failed to produce executable
WARNING: gcc.dg/atomic/c11-atomic-exec-2.c -O2 -flto -fno-use-linker-plugin -flto-partition=none (test for excess errors) program timed out.
FAIL: gcc.dg/atomic/c11-atomic-exec-2.c -O2 -flto -fno-use-linker-plugin -flto-partition=none (test for excess errors)
UNRESOLVED: gcc.dg/atomic/c11-atomic-exec-2.c -O2 -flto -fno-use-linker-plugin -flto-partition=none compilation failed to produce executable
WARNING: gcc.dg/atomic/c11-atomic-exec-2.c -O2 -flto -fuse-linker-plugin -fno-fat-lto-objects (test for excess errors) program timed out.
FAIL: gcc.dg/atomic/c11-atomic-exec-2.c -O2 -flto -fuse-linker-plugin -fno-fat-lto-objects (test for excess errors)
FAIL: gcc.dg/atomic/c11-atomic-exec-2.c -O2 -flto -fuse-linker-plugin -fno-fat-lto-objects execution test
WARNING: Could not compile gcc.dg/compat/struct-layout-1 generator program timed out.
WARNING: Could not compile gcc.dg/compat/struct-layout-1 generator
WARNING: Could not compile gcc.dg/compat/struct-layout-1 generator program timed out.
WARNING: Could not compile gcc.dg/compat/struct-layout-1 generator
WARNING: tmpdir-gcc.dg-struct-layout-1/t002 c_compat_y_tst.o compile program timed out.
FAIL: tmpdir-gcc.dg-struct-layout-1/t002 c_compat_y_tst.o compile
UNRESOLVED: tmpdir-gcc.dg-struct-layout-1/t002 c_compat_x_tst.o-c_compat_y_tst.o link
UNRESOLVED: tmpdir-gcc.dg-struct-layout-1/t002 c_compat_x_tst.o-c_compat_y_tst.o execute
WARNING: tmpdir-gcc.dg-struct-layout-1/t020 c_compat_y_tst.o compile program timed out.
FAIL: tmpdir-gcc.dg-struct-layout-1/t020 c_compat_y_tst.o compile
UNRESOLVED: tmpdir-gcc.dg-struct-layout-1/t020 c_compat_x_tst.o-c_compat_y_tst.o link
UNRESOLVED: tmpdir-gcc.dg-struct-layout-1/t020 c_compat_x_tst.o-c_compat_y_tst.o execute
WARNING: tmpdir-gcc.dg-struct-layout-1/t021 c_compat_y_tst.o compile program timed out.
FAIL: tmpdir-gcc.dg-struct-layout-1/t021 c_compat_y_tst.o compile
UNRESOLVED: tmpdir-gcc.dg-struct-layout-1/t021 c_compat_x_tst.o-c_compat_y_tst.o link
UNRESOLVED: tmpdir-gcc.dg-struct-layout-1/t021 c_compat_x_tst.o-c_compat_y_tst.o execute
WARNING: tmpdir-gcc.dg-struct-layout-1/t023 c_compat_x_tst.o-c_compat_y_tst.o link program timed out.
FAIL: tmpdir-gcc.dg-struct-layout-1/t023 c_compat_x_tst.o-c_compat_y_tst.o link
WARNING: tmpdir-gcc.dg-struct-layout-1/t024 c_compat_y_tst.o compile program timed out.
FAIL: tmpdir-gcc.dg-struct-layout-1/t024 c_compat_y_tst.o compile
UNRESOLVED: tmpdir-gcc.dg-struct-layout-1/t024 c_compat_x_tst.o-c_compat_y_tst.o link
UNRESOLVED: tmpdir-gcc.dg-struct-layout-1/t024 c_compat_x_tst.o-c_compat_y_tst.o execute
WARNING: tmpdir-gcc.dg-struct-layout-1/t025 c_compat_y_tst.o compile program timed out.
FAIL: tmpdir-gcc.dg-struct-layout-1/t025 c_compat_y_tst.o compile
UNRESOLVED: tmpdir-gcc.dg-struct-layout-1/t025 c_compat_x_tst.o-c_compat_y_tst.o link
UNRESOLVED: tmpdir-gcc.dg-struct-layout-1/t025 c_compat_x_tst.o-c_compat_y_tst.o execute
WARNING: tmpdir-gcc.dg-struct-layout-1/t027 c_compat_y_tst.o compile program timed out.
FAIL: tmpdir-gcc.dg-struct-layout-1/t027 c_compat_y_tst.o compile
UNRESOLVED: tmpdir-gcc.dg-struct-layout-1/t027 c_compat_x_tst.o-c_compat_y_tst.o link
UNRESOLVED: tmpdir-gcc.dg-struct-layout-1/t027 c_compat_x_tst.o-c_compat_y_tst.o execute
WARNING: gcc.dg/Wstringop-overflow-22.c index (test for warnings, line 30) program timed out.
FAIL: gcc.dg/Wstringop-overflow-22.c strncat_chk (test for warnings, line 192)
FAIL: gcc.dg/Wstringop-overflow-22.c strncat_chk (test for warnings, line 207)
FAIL: gcc.dg/Wstringop-overflow-22.c strncpy_chk (test for warnings, line 212)
FAIL: gcc.dg/Wstringop-overflow-22.c strncpy_chk (test for warnings, line 216)
FAIL: gcc.dg/Wstringop-overflow-22.c strncpy (test for warnings, line 231)
FAIL: gcc.dg/Wstringop-overflow-22.c printf (test for warnings, line 237)
FAIL: gcc.dg/Wstringop-overflow-22.c sprintf (test for warnings, line 238)
FAIL: gcc.dg/Wstringop-overflow-22.c sprintf (test for warnings, line 239)
FAIL: gcc.dg/Wstringop-overflow-22.c sprintf (test for warnings, line 241)
FAIL: gcc.dg/Wstringop-overflow-22.c sprintf (test for warnings, line 242)
FAIL: gcc.dg/Wstringop-overflow-22.c fputs (test for warnings, line 244)
FAIL: gcc.dg/Wstringop-overflow-22.c fputs_unlocked (test for warnings, line 245)
FAIL: gcc.dg/Wstringop-overflow-22.c puts (test for warnings, line 246)
FAIL: gcc.dg/Wstringop-overflow-22.c puts_unlocked (test for warnings, line 247)
FAIL: gcc.dg/Wstringop-overflow-22.c execl (test for warnings, line 252)
FAIL: gcc.dg/Wstringop-overflow-22.c execl (test for warnings, line 253)
FAIL: gcc.dg/Wstringop-overflow-22.c execl (test for warnings, line 254)
FAIL: gcc.dg/Wstringop-overflow-22.c execl (test for warnings, line 255)
FAIL: gcc.dg/Wstringop-overflow-22.c execl (test for warnings, line 257)
FAIL: gcc.dg/Wstringop-overflow-22.c execl (test for warnings, line 258)
FAIL: gcc.dg/Wstringop-overflow-22.c execl (test for warnings, line 259)
FAIL: gcc.dg/Wstringop-overflow-22.c gettext (test for warnings, line 261)
FAIL: gcc.dg/builtins-58.c scan-assembler-not pow\\\\M
FAIL: gcc.dg/builtins-59.c scan-tree-dump gimple "__builtin_cexpi"
FAIL: gcc.dg/builtins-59.c scan-tree-dump-not gimple "sincos"
FAIL: gcc.dg/builtins-61.c scan-tree-dump optimized "cexpi"
FAIL: gcc.dg/builtins-61.c scan-tree-dump optimized "sin"
FAIL: gcc.dg/builtins-61.c scan-tree-dump optimized "cos"
FAIL: gcc.dg/builtins-61.c scan-tree-dump optimized "return 0.0"
FAIL: gcc.dg/builtins-62.c scan-tree-dump-times optimized "cexpi" 3
FAIL: gcc.dg/builtins-65.c (test for excess errors)
WARNING: gcc.dg/c11-atomic-2.c (test for excess errors) program timed out.
FAIL: gcc.dg/c11-atomic-2.c (test for excess errors)
WARNING: gcc.dg/c90-intconst-1.c unsigned decimal no suffix (test for warnings, line 432) program timed out.
FAIL: gcc.dg/c99-stdint-2.c (test for excess errors)
FAIL: gcc.dg/c99-stdint-5.c (test for excess errors)
FAIL: gcc.dg/c99-stdint-6.c (test for excess errors)
FAIL: gcc.dg/c99-stdint-7.c (test for excess errors)
FAIL: gcc.dg/c99-tgmath-2.c (test for excess errors)
UNRESOLVED: gcc.dg/c99-tgmath-2.c scan-assembler sinf
FAIL: gcc.dg/c99-tgmath-3.c (test for excess errors)
UNRESOLVED: gcc.dg/c99-tgmath-3.c scan-assembler cexp
FAIL: gcc.dg/nextafter-2.c execution test
FAIL: gcc.dg/sinatan-1.c execution test
FAIL: gcc.dg/stack-check-10.c scan-rtl-dump-times pro_and_epilogue "Stack clash no frame pointer needed" 2
FAIL: gcc.dg/stack-check-5.c scan-rtl-dump-times pro_and_epilogue "Stack clash no frame pointer needed" 4
FAIL: gcc.dg/stack-check-6.c scan-rtl-dump-times pro_and_epilogue "Stack clash no frame pointer needed" 4
FAIL: gcc.dg/stack-check-6a.c scan-rtl-dump-times pro_and_epilogue "Stack clash no frame pointer needed" 4
WARNING: gcc.dg/stack-check-9.c (test for excess errors) program timed out.
FAIL: gcc.dg/stack-check-9.c (test for excess errors)
FAIL: gcc.dg/stack-check-9.c scan-rtl-dump-times pro_and_epilogue "Stack clash no frame pointer needed" 1
WARNING: gcc.dg/struct-by-value-1.c (test for excess errors) program timed out.
FAIL: gcc.dg/struct-by-value-1.c (test for excess errors)
UNRESOLVED: gcc.dg/struct-by-value-1.c compilation failed to produce executable
FAIL: gcc.dg/utf-array-short-wchar.c (test for errors, line 42)
FAIL: gcc.dg/utf-array-short-wchar.c (test for errors, line 44)
FAIL: gcc.dg/utf-array-short-wchar.c (test for errors, line 46)
FAIL: gcc.dg/utf-array-short-wchar.c (test for excess errors)
WARNING: gcc.dg/warn-strnlen-no-nul.c (test for warnings, line 9) program timed out.
FAIL: gcc.dg/warn-strnlen-no-nul.c (test for warnings, line 297)
FAIL: gcc.dg/warn-strnlen-no-nul.c (test for warnings, line 298)
FAIL: gcc.dg/warn-strnlen-no-nul.c (test for warnings, line 299)
FAIL: gcc.dg/warn-strnlen-no-nul.c (test for warnings, line 300)
FAIL: gcc.dg/warn-strnlen-no-nul.c (test for warnings, line 312)
FAIL: gcc.dg/warn-strnlen-no-nul.c (test for warnings, line 313)
FAIL: gcc.dg/warn-strnlen-no-nul.c (test for warnings, line 314)
FAIL: gcc.dg/warn-strnlen-no-nul.c (test for warnings, line 315)
FAIL: gcc.dg/warn-strnlen-no-nul.c (test for warnings, line 316)
FAIL: gcc.dg/warn-strnlen-no-nul.c (test for warnings, line 318)
FAIL: gcc.dg/warn-strnlen-no-nul.c (test for warnings, line 319)
FAIL: gcc.dg/warn-strnlen-no-nul.c (test for warnings, line 320)
FAIL: gcc.dg/warn-strnlen-no-nul.c (test for warnings, line 321)
FAIL: gcc.dg/warn-strnlen-no-nul.c (test for warnings, line 322)
FAIL: gcc.dg/warn-strnlen-no-nul.c (test for warnings, line 323)
FAIL: gcc.dg/warn-strnlen-no-nul.c (test for warnings, line 324)
FAIL: gcc.dg/warn-strnlen-no-nul.c (test for warnings, line 344)
FAIL: gcc.dg/warn-strnlen-no-nul.c (test for warnings, line 346)
FAIL: gcc.dg/warn-strnlen-no-nul.c (test for warnings, line 347)
FAIL: gcc.dg/warn-strnlen-no-nul.c (test for warnings, line 349)
FAIL: gcc.dg/warn-strnlen-no-nul.c (test for warnings, line 350)
FAIL: gcc.dg/warn-strnlen-no-nul.c (test for warnings, line 353)
ERROR: tcl error sourcing /export/devel/net/src/gcc/git/gcc/gcc/testsuite/gcc.dg/format/format.exp.
ERROR: torture-init: torture_without_loops is not empty as expected
XPASS: gcc.dg/graphite/scop-21.c scan-tree-dump-times graphite "number of SCoPs: 1" 1
ERROR: child process exited abnormally
WARNING: gcc.dg/guality/bswaptest.c -O2 -DPREVENT_OPTIMIZATION (test for excess errors) program timed out.
FAIL: gcc.dg/guality/bswaptest.c -O2 -DPREVENT_OPTIMIZATION (test for excess errors)
FAIL: gcc.dg/guality/bswaptest.c -O2 -DPREVENT_OPTIMIZATION execution test
FAIL: gcc.dg/guality/pr36728-4.c -O3 -g -DPREVENT_OPTIMIZATION line 14 y == 2
FAIL: gcc.dg/guality/pr36728-4.c -O3 -g -DPREVENT_OPTIMIZATION line 16 y == 2
FAIL: gcc.dg/guality/pr36728-4.c -O2 -flto -fuse-linker-plugin -fno-fat-lto-objects -DPREVENT_OPTIMIZATION line 14 y == 2
FAIL: gcc.dg/guality/pr36728-4.c -O2 -flto -fuse-linker-plugin -fno-fat-lto-objects -DPREVENT_OPTIMIZATION line 16 y == 2
XPASS: gcc.dg/guality/pr41353-1.c -O0 line 28 j == 28 + 37
XPASS: gcc.dg/guality/pr41353-1.c -Og -DPREVENT_OPTIMIZATION line 28 j == 28 + 37
FAIL: gcc.dg/guality/pr41447-1.c -O2 -DPREVENT_OPTIMIZATION execution test
FAIL: gcc.dg/guality/pr41447-1.c -O3 -g -DPREVENT_OPTIMIZATION execution test
FAIL: gcc.dg/guality/pr41447-1.c -Os -DPREVENT_OPTIMIZATION execution test
FAIL: gcc.dg/guality/pr41447-1.c -O2 -flto -fno-use-linker-plugin -flto-partition=none -DPREVENT_OPTIMIZATION execution test
FAIL: gcc.dg/guality/pr41616-1.c -O2 -DPREVENT_OPTIMIZATION execution test
FAIL: gcc.dg/guality/pr41616-1.c -O3 -g -DPREVENT_OPTIMIZATION execution test
FAIL: gcc.dg/guality/pr41616-1.c -O2 -flto -fno-use-linker-plugin -flto-partition=none -DPREVENT_OPTIMIZATION execution test
FAIL: gcc.dg/guality/pr54519-1.c -O2 -flto -fno-use-linker-plugin -flto-partition=none -DPREVENT_OPTIMIZATION line 20 y == 25
FAIL: gcc.dg/guality/pr54519-1.c -O2 -flto -fno-use-linker-plugin -flto-partition=none -DPREVENT_OPTIMIZATION line 20 z == 6
FAIL: gcc.dg/guality/pr54519-1.c -O2 -flto -fno-use-linker-plugin -flto-partition=none -DPREVENT_OPTIMIZATION line 23 y == 117
FAIL: gcc.dg/guality/pr54519-1.c -O2 -flto -fno-use-linker-plugin -flto-partition=none -DPREVENT_OPTIMIZATION line 23 z == 8
FAIL: gcc.dg/guality/pr54519-1.c -O2 -flto -fuse-linker-plugin -fno-fat-lto-objects -DPREVENT_OPTIMIZATION line 20 y == 25
FAIL: gcc.dg/guality/pr54519-1.c -O2 -flto -fuse-linker-plugin -fno-fat-lto-objects -DPREVENT_OPTIMIZATION line 20 z == 6
FAIL: gcc.dg/guality/pr54519-1.c -O2 -flto -fuse-linker-plugin -fno-fat-lto-objects -DPREVENT_OPTIMIZATION line 23 y == 117
FAIL: gcc.dg/guality/pr54519-1.c -O2 -flto -fuse-linker-plugin -fno-fat-lto-objects -DPREVENT_OPTIMIZATION line 23 z == 8
UNRESOLVED: gcc.dg/guality/pr54519-2.c -O2 -DPREVENT_OPTIMIZATION line 17 y == 25
FAIL: gcc.dg/guality/pr54519-2.c -O2 -flto -fno-use-linker-plugin -flto-partition=none -DPREVENT_OPTIMIZATION line 17 y == 25
FAIL: gcc.dg/guality/pr54519-3.c -O2 -flto -fno-use-linker-plugin -flto-partition=none -DPREVENT_OPTIMIZATION line 20 y == 25
FAIL: gcc.dg/guality/pr54519-3.c -O2 -flto -fno-use-linker-plugin -flto-partition=none -DPREVENT_OPTIMIZATION line 20 z == 6
FAIL: gcc.dg/guality/pr54519-3.c -O2 -flto -fno-use-linker-plugin -flto-partition=none -DPREVENT_OPTIMIZATION line 23 y == 117
FAIL: gcc.dg/guality/pr54519-3.c -O2 -flto -fno-use-linker-plugin -flto-partition=none -DPREVENT_OPTIMIZATION line 23 z == 8
FAIL: gcc.dg/guality/pr54519-3.c -O2 -flto -fuse-linker-plugin -fno-fat-lto-objects -DPREVENT_OPTIMIZATION line 20 y == 25
FAIL: gcc.dg/guality/pr54519-3.c -O2 -flto -fuse-linker-plugin -fno-fat-lto-objects -DPREVENT_OPTIMIZATION line 20 z == 6
FAIL: gcc.dg/guality/pr54519-3.c -O2 -flto -fuse-linker-plugin -fno-fat-lto-objects -DPREVENT_OPTIMIZATION line 23 y == 117
FAIL: gcc.dg/guality/pr54519-3.c -O2 -flto -fuse-linker-plugin -fno-fat-lto-objects -DPREVENT_OPTIMIZATION line 23 z == 8
FAIL: gcc.dg/guality/pr54519-4.c -O2 -flto -fno-use-linker-plugin -flto-partition=none -DPREVENT_OPTIMIZATION line 17 y == 25
FAIL: gcc.dg/guality/pr54519-4.c -O2 -flto -fuse-linker-plugin -fno-fat-lto-objects -DPREVENT_OPTIMIZATION line 17 y == 25
FAIL: gcc.dg/guality/pr54519-5.c -O2 -flto -fno-use-linker-plugin -flto-partition=none -DPREVENT_OPTIMIZATION line 17 y == 25
FAIL: gcc.dg/guality/pr54519-5.c -O2 -flto -fuse-linker-plugin -fno-fat-lto-objects -DPREVENT_OPTIMIZATION line 17 y == 25
FAIL: gcc.dg/guality/pr54519-6.c -Os -DPREVENT_OPTIMIZATION line 11 x == 2
XPASS: gcc.dg/guality/pr54970.c -O0 line 20 a[0] == 1
XPASS: gcc.dg/guality/pr54970.c -O0 line 25 a[0] == 1
XPASS: gcc.dg/guality/pr54970.c -O0 line 31 a[0] == 4
XPASS: gcc.dg/guality/pr54970.c -O0 line 36 a[0] == 4
XPASS: gcc.dg/guality/pr54970.c -O0 line 45 a[0] == 4
XPASS: gcc.dg/guality/pr54970.c -O0 line 45 p[-2] == 4
XPASS: gcc.dg/guality/pr54970.c -O0 line 45 q[-1] == 4
XPASS: gcc.dg/guality/pr54970.c -Og -DPREVENT_OPTIMIZATION line 15 a[0] == 1
XPASS: gcc.dg/guality/pr54970.c -Og -DPREVENT_OPTIMIZATION line 20 a[0] == 1
XPASS: gcc.dg/guality/pr54970.c -Og -DPREVENT_OPTIMIZATION line 25 a[0] == 1
XPASS: gcc.dg/guality/pr54970.c -Og -DPREVENT_OPTIMIZATION line 31 a[0] == 4
XPASS: gcc.dg/guality/pr54970.c -Og -DPREVENT_OPTIMIZATION line 36 a[0] == 4
XPASS: gcc.dg/guality/pr54970.c -Og -DPREVENT_OPTIMIZATION line 45 a[0] == 4
XPASS: gcc.dg/guality/pr54970.c -Og -DPREVENT_OPTIMIZATION line 45 p[-2] == 4
XPASS: gcc.dg/guality/pr54970.c -Og -DPREVENT_OPTIMIZATION line 45 q[-1] == 4
FAIL: gcc.dg/guality/pr56154-1.c -Og -DPREVENT_OPTIMIZATION line pr56154-1.c:20 x.a == 6
FAIL: gcc.dg/guality/pr59776.c -Og -DPREVENT_OPTIMIZATION line pr59776.c:17 s1.f == 5.0
FAIL: gcc.dg/guality/pr59776.c -Og -DPREVENT_OPTIMIZATION line pr59776.c:17 s1.g == 6.0
FAIL: gcc.dg/guality/pr59776.c -Og -DPREVENT_OPTIMIZATION line pr59776.c:17 s2.f == 0.0
FAIL: gcc.dg/guality/pr59776.c -Og -DPREVENT_OPTIMIZATION line pr59776.c:17 s2.g == 6.0
FAIL: gcc.dg/guality/pr59776.c -Og -DPREVENT_OPTIMIZATION line pr59776.c:20 s1.f == 5.0
FAIL: gcc.dg/guality/pr59776.c -Og -DPREVENT_OPTIMIZATION line pr59776.c:20 s1.g == 6.0
FAIL: gcc.dg/guality/pr59776.c -Og -DPREVENT_OPTIMIZATION line pr59776.c:20 s2.f == 5.0
FAIL: gcc.dg/guality/pr59776.c -Og -DPREVENT_OPTIMIZATION line pr59776.c:20 s2.g == 6.0
FAIL: gcc.dg/guality/pr90074.c -O2 -flto -fuse-linker-plugin -fno-fat-lto-objects -DPREVENT_OPTIMIZATION line 28 i + 1 == 8
FAIL: gcc.dg/guality/pr90074.c -O2 -flto -fuse-linker-plugin -fno-fat-lto-objects -DPREVENT_OPTIMIZATION line 28 c + 1 == 2
FAIL: gcc.dg/guality/pr90716.c -O2 -flto -fuse-linker-plugin -fno-fat-lto-objects -DPREVENT_OPTIMIZATION line 23 j + 1 == 9
FAIL: gcc.dg/guality/sra-1.c -Og -DPREVENT_OPTIMIZATION line 21 a.i == 4
FAIL: gcc.dg/guality/sra-1.c -Og -DPREVENT_OPTIMIZATION line 21 a.j == 14
FAIL: gcc.dg/guality/sra-1.c -Og -DPREVENT_OPTIMIZATION line 32 a[0] == 4
FAIL: gcc.dg/guality/sra-1.c -Og -DPREVENT_OPTIMIZATION line 32 a[1] == 14
FAIL: gcc.dg/guality/sra-1.c -Og -DPREVENT_OPTIMIZATION line 43 a.i == 4
FAIL: gcc.dg/guality/sra-1.c -Og -DPREVENT_OPTIMIZATION line 43 a.j == 14
FAIL: gcc.dg/guality/sra-1.c -O2 -flto -fuse-linker-plugin -fno-fat-lto-objects -DPREVENT_OPTIMIZATION line 21 a.i == 4
FAIL: gcc.dg/guality/sra-1.c -O2 -flto -fuse-linker-plugin -fno-fat-lto-objects -DPREVENT_OPTIMIZATION line 21 a.j == 14
FAIL: gcc.dg/guality/sra-1.c -O2 -flto -fuse-linker-plugin -fno-fat-lto-objects -DPREVENT_OPTIMIZATION line 32 a[0] == 4
FAIL: gcc.dg/guality/sra-1.c -O2 -flto -fuse-linker-plugin -fno-fat-lto-objects -DPREVENT_OPTIMIZATION line 32 a[1] == 14
FAIL: gcc.dg/guality/sra-1.c -O2 -flto -fuse-linker-plugin -fno-fat-lto-objects -DPREVENT_OPTIMIZATION line 43 a.i == 4
FAIL: gcc.dg/guality/sra-1.c -O2 -flto -fuse-linker-plugin -fno-fat-lto-objects -DPREVENT_OPTIMIZATION line 43 a.j == 14
FAIL: gcc.dg/guality/vla-1.c -O2 -flto -fuse-linker-plugin -fno-fat-lto-objects -DPREVENT_OPTIMIZATION line 24 i == 5
FAIL: gcc.dg/guality/vla-1.c -O2 -flto -fuse-linker-plugin -fno-fat-lto-objects -DPREVENT_OPTIMIZATION line 24 sizeof (a) == 17 * sizeof (short)
ERROR: tcl error sourcing /export/devel/net/src/gcc/git/gcc/gcc/testsuite/gcc.dg/guality/guality.exp.
ERROR: torture-init: torture_without_loops is not empty as expected
WARNING: gcc.dg/lto/20090120 c_lto_20090120_0.o-c_lto_20090120_0.o link, -flto -funsigned-char program timed out.
FAIL: gcc.dg/lto/20090120 c_lto_20090120_0.o-c_lto_20090120_0.o link, -flto -funsigned-char
FAIL: gcc.dg/noncompile/931203-1.c -O0 (test for errors, line 10)
FAIL: gcc.dg/noncompile/931203-1.c -O0 (test for excess errors)
FAIL: gcc.dg/noncompile/pr71573.c -O2 (test for errors, line 13)
FAIL: gcc.dg/noncompile/pr71573.c -O2 (test for excess errors)
WARNING: gcc.dg/params/blocksort-part.c -O3 --param rpo-vn-max-loop-depth=65536 (test for excess errors) program timed out.
FAIL: gcc.dg/params/blocksort-part.c -O3 --param rpo-vn-max-loop-depth=65536 (test for excess errors)
WARNING: gcc.dg/params/blocksort-part.c -O3 --param min-loop-cond-split-prob=100 (test for excess errors) program timed out.
FAIL: gcc.dg/params/blocksort-part.c -O3 --param min-loop-cond-split-prob=100 (test for excess errors)
WARNING: gcc.dg/params/blocksort-part.c -O3 --param uninlined-thunk-time=1000000 (test for excess errors) program timed out.
FAIL: gcc.dg/params/blocksort-part.c -O3 --param uninlined-thunk-time=1000000 (test for excess errors)
WARNING: gcc.dg/params/blocksort-part.c -O3 --param tracer-dynamic-coverage-feedback=0 (test for excess errors) program timed out.
FAIL: gcc.dg/params/blocksort-part.c -O3 --param tracer-dynamic-coverage-feedback=0 (test for excess errors)
FAIL: gcc.dg/pch/largefile.c -O0 -g assembly comparison
FAIL: gcc.dg/pch/largefile.c -O0 assembly comparison
FAIL: gcc.dg/pch/largefile.c -O1 assembly comparison
FAIL: gcc.dg/pch/largefile.c -O2 assembly comparison
FAIL: gcc.dg/pch/largefile.c -O3 -g assembly comparison
FAIL: gcc.dg/pch/largefile.c -Os assembly comparison
FAIL: largefile.c -O0 -g -I. -Dwith_PCH (test for excess errors)
FAIL: largefile.c -O0 -I. -Dwith_PCH (test for excess errors)
FAIL: largefile.c -O1 -I. -Dwith_PCH (test for excess errors)
FAIL: largefile.c -O2 -I. -Dwith_PCH (test for excess errors)
FAIL: largefile.c -O3 -g -I. -Dwith_PCH (test for excess errors)
FAIL: largefile.c -Os -I. -Dwith_PCH (test for excess errors)
ERROR: tcl error sourcing /export/devel/net/src/gcc/git/gcc/gcc/testsuite/gcc.dg/pch/pch.exp.
ERROR: torture-init: torture_without_loops is not empty as expected
WARNING: gcc.dg/plugin/poly-int-03_plugin.c compilation program timed out.
FAIL: gcc.dg/plugin/poly-int-03_plugin.c compilation
WARNING: gcc.dg/plugin/poly-int-04_plugin.c compilation program timed out.
FAIL: gcc.dg/plugin/poly-int-04_plugin.c compilation
WARNING: gcc.dg/plugin/poly-int-05_plugin.c compilation program timed out.
FAIL: gcc.dg/plugin/poly-int-05_plugin.c compilation
WARNING: gcc.dg/plugin/poly-int-07_plugin.c compilation program timed out.
FAIL: gcc.dg/plugin/poly-int-07_plugin.c compilation
ERROR: tcl error sourcing /export/devel/net/src/gcc/git/gcc/gcc/testsuite/gcc.dg/sancov/sancov.exp.
ERROR: torture-init: torture_without_loops is not empty as expected
ERROR: tcl error sourcing /export/devel/net/src/gcc/git/gcc/gcc/testsuite/gcc.dg/simulate-thread/simulate-thread.exp.
ERROR: torture-init: torture_without_loops is not empty as expected
ERROR: tcl error sourcing /export/devel/net/src/gcc/git/gcc/gcc/testsuite/gcc.dg/sso/sso.exp.
ERROR: torture-init: torture_without_loops is not empty as expected
WARNING: c-c++-common/torture/builtin-arith-overflow-13.c -O2 -flto -fno-use-linker-plugin -flto-partition=none (test for excess errors) program timed out.
FAIL: c-c++-common/torture/builtin-arith-overflow-13.c -O2 -flto -fno-use-linker-plugin -flto-partition=none (test for excess errors)
WARNING: c-c++-common/torture/builtin-arith-overflow-17.c -O2 -flto -fno-use-linker-plugin -flto-partition=none (test for excess errors) program timed out.
FAIL: c-c++-common/torture/builtin-arith-overflow-17.c -O2 -flto -fno-use-linker-plugin -flto-partition=none (test for excess errors)
UNRESOLVED: c-c++-common/torture/builtin-arith-overflow-17.c -O2 -flto -fno-use-linker-plugin -flto-partition=none compilation failed to produce executable
WARNING: c-c++-common/torture/builtin-arith-overflow-p-14.c -O2 -flto -fno-use-linker-plugin -flto-partition=none (test for excess errors) program timed out.
FAIL: c-c++-common/torture/builtin-arith-overflow-p-14.c -O2 -flto -fno-use-linker-plugin -flto-partition=none (test for excess errors)
UNRESOLVED: c-c++-common/torture/builtin-arith-overflow-p-14.c -O2 -flto -fno-use-linker-plugin -flto-partition=none compilation failed to produce executable
WARNING: c-c++-common/torture/builtin-convertvector-1.c -O3 -fomit-frame-pointer -funroll-loops -fpeel-loops -ftracer -finline-functions (test for excess errors) program timed out.
FAIL: c-c++-common/torture/builtin-convertvector-1.c -O3 -fomit-frame-pointer -funroll-loops -fpeel-loops -ftracer -finline-functions (test for excess errors)
FAIL: gcc.dg/torture/builtin-convert-1.c -O1 (test for excess errors)
FAIL: gcc.dg/torture/builtin-convert-1.c -O2 (test for excess errors)
FAIL: gcc.dg/torture/builtin-convert-1.c -O3 -g (test for excess errors)
FAIL: gcc.dg/torture/builtin-convert-1.c -Os (test for excess errors)
FAIL: gcc.dg/torture/builtin-convert-1.c -O2 -flto -fno-use-linker-plugin -flto-partition=none (test for excess errors)
FAIL: gcc.dg/torture/builtin-convert-2.c -O1 (test for excess errors)
FAIL: gcc.dg/torture/builtin-convert-2.c -O2 (test for excess errors)
FAIL: gcc.dg/torture/builtin-convert-2.c -O3 -g (test for excess errors)
FAIL: gcc.dg/torture/builtin-convert-2.c -Os (test for excess errors)
FAIL: gcc.dg/torture/builtin-convert-2.c -O2 -flto -fno-use-linker-plugin -flto-partition=none (test for excess errors)
WARNING: gcc.dg/torture/pr80025.c -O0 (test for excess errors) program timed out.
ERROR: tcl error sourcing /export/devel/net/src/gcc/git/gcc/gcc/testsuite/gcc.dg/torture/stackalign/stackalign.exp.
ERROR: torture-init: torture_without_loops is not empty as expected
ERROR: tcl error sourcing /export/devel/net/src/gcc/git/gcc/gcc/testsuite/gcc.dg/torture/tls/tls.exp.
ERROR: torture-init: torture_without_loops is not empty as expected
FAIL: gcc.dg/tree-ssa/copy-sign-1.c scan-tree-dump-times gimple "copysign" 8
FAIL: gcc.dg/tree-ssa/minmax-2.c scan-tree-dump optimized "__builtin_fmin"
FAIL: gcc.dg/tree-ssa/mult-abs-2.c scan-tree-dump-times gimple "ABS" 8
FAIL: gcc.dg/tree-ssa/pr43491.c (test for excess errors)
FAIL: gcc.dg/tree-ssa/pr71078-1-double.c scan-tree-dump forwprop1 "__builtin_copysign"
FAIL: gcc.dg/tree-ssa/pr71078-1-long-double.c scan-tree-dump forwprop1 "__builtin_copysignl"
FAIL: gcc.dg/tree-ssa/pr71078-1.c scan-tree-dump forwprop1 "__builtin_copysignf"
FAIL: gcc.dg/tree-ssa/pr71078-2-double.c scan-tree-dump forwprop1 "__builtin_copysign"
FAIL: gcc.dg/tree-ssa/pr71078-2-long-double.c scan-tree-dump forwprop1 "__builtin_copysignl"
FAIL: gcc.dg/tree-ssa/pr71078-2.c scan-tree-dump forwprop1 "__builtin_copysignf"
FAIL: gcc.dg/tree-ssa/pr71078-3.c scan-tree-dump forwprop1 "__builtin_copysign"
ERROR: tcl error sourcing /export/devel/net/src/gcc/git/gcc/gcc/testsuite/gcc.dg/tsan/tsan.exp.
ERROR: torture-init: torture_without_loops is not empty as expected
FAIL: c-c++-common/ubsan/builtin-1.c -O0 output pattern test
FAIL: c-c++-common/ubsan/builtin-1.c -O1 output pattern test
FAIL: c-c++-common/ubsan/builtin-1.c -O3 -g output pattern test
FAIL: c-c++-common/ubsan/builtin-1.c -Os output pattern test
FAIL: c-c++-common/ubsan/builtin-1.c -O2 -flto -fno-use-linker-plugin -flto-partition=none output pattern test
FAIL: c-c++-common/ubsan/builtin-1.c -O2 -flto -fuse-linker-plugin -fno-fat-lto-objects output pattern test
FAIL: c-c++-common/ubsan/div-by-zero-6.c -O0 output pattern test
FAIL: c-c++-common/ubsan/div-by-zero-6.c -O1 output pattern test
FAIL: c-c++-common/ubsan/div-by-zero-6.c -O2 output pattern test
FAIL: c-c++-common/ubsan/div-by-zero-6.c -O3 -g output pattern test
FAIL: c-c++-common/ubsan/div-by-zero-6.c -Os output pattern test
FAIL: c-c++-common/ubsan/div-by-zero-6.c -O2 -flto -fno-use-linker-plugin -flto-partition=none output pattern test
FAIL: c-c++-common/ubsan/div-by-zero-7.c -O0 output pattern test
FAIL: c-c++-common/ubsan/div-by-zero-7.c -O1 output pattern test
FAIL: c-c++-common/ubsan/div-by-zero-7.c -O2 output pattern test
FAIL: c-c++-common/ubsan/div-by-zero-7.c -O3 -g output pattern test
FAIL: c-c++-common/ubsan/div-by-zero-7.c -Os output pattern test
FAIL: c-c++-common/ubsan/div-by-zero-7.c -O2 -flto -fuse-linker-plugin -fno-fat-lto-objects output pattern test
WARNING: gcc.dg/ubsan/float-cast-overflow-atomic.c -O3 -fomit-frame-pointer -funroll-loops -fpeel-loops -ftracer -finline-functions (test for excess errors) program timed out.
FAIL: gcc.dg/ubsan/float-cast-overflow-atomic.c -O3 -fomit-frame-pointer -funroll-loops -fpeel-loops -ftracer -finline-functions (test for excess errors)
WARNING: gcc.dg/ubsan/float-cast-overflow-atomic.c -O3 -g (test for excess errors) program timed out.
FAIL: gcc.dg/ubsan/float-cast-overflow-atomic.c -O3 -g (test for excess errors)
WARNING: gcc.dg/vect/slp-43.c -flto -ffat-lto-objects (test for excess errors) program timed out.
FAIL: gcc.dg/vect/slp-43.c -flto -ffat-lto-objects (test for excess errors)
UNRESOLVED: gcc.dg/vect/slp-43.c -flto -ffat-lto-objects compilation failed to produce executable
FAIL: gcc.dg/vect/slp-43.c -flto -ffat-lto-objects scan-tree-dump-times vect "vectorized 1 loops" 13
WARNING: gcc.dg/vect/vect-alias-check-10.c -flto -ffat-lto-objects (test for excess errors) program timed out.
FAIL: gcc.dg/vect/vect-alias-check-10.c -flto -ffat-lto-objects (test for excess errors)
UNRESOLVED: gcc.dg/vect/vect-alias-check-10.c -flto -ffat-lto-objects compilation failed to produce executable
WARNING: gcc.dg/vect/vect-alias-check-12.c -flto -ffat-lto-objects (test for excess errors) program timed out.
FAIL: gcc.dg/vect/vect-alias-check-12.c -flto -ffat-lto-objects (test for excess errors)
UNRESOLVED: gcc.dg/vect/vect-alias-check-12.c -flto -ffat-lto-objects compilation failed to produce executable
FAIL: gcc.dg/vect/vect-alias-check-12.c -flto -ffat-lto-objects scan-tree-dump vect "no alias between [^\\\\n]* when [^\\\\n]* [_a-z][^ ]* \\\\* 4[)]* is outside \\\\[0, 8\\\\)"
FAIL: gcc.dg/vect/vect-alias-check-12.c -flto -ffat-lto-objects scan-tree-dump vect "no alias between [^\\\\n]* when [^\\\\n]* [_a-z][^ ]* \\\\* 4[)]* is outside \\\\[0, 12\\\\)"
FAIL: gcc.dg/vect/vect-alias-check-12.c -flto -ffat-lto-objects scan-tree-dump vect "no alias between [^\\\\n]* when [^\\\\n]* [_a-z][^ ]* \\\\* 4[)]* is outside \\\\[0, 16\\\\)"
FAIL: gcc.dg/vect/vect-alias-check-12.c -flto -ffat-lto-objects scan-tree-dump vect "run-time check [^\\\\n]* unsigned \\\\([^*]* \\\\* 4[)]* >= 16"
FAIL: gcc.dg/vect/vect-alias-check-12.c -flto -ffat-lto-objects scan-tree-dump vect "no alias between [^\\\\n]* when [^\\\\n]* [_a-z][^ ]* \\\\* 8[)]* is outside \\\\[0, 16\\\\)"
FAIL: gcc.dg/vect/vect-alias-check-12.c -flto -ffat-lto-objects scan-tree-dump vect "no alias between [^\\\\n]* when [^\\\\n]* [_a-z][^ ]* \\\\* 8[)]* is outside \\\\[0, 24\\\\)"
FAIL: gcc.dg/vect/vect-alias-check-12.c -flto -ffat-lto-objects scan-tree-dump vect "no alias between [^\\\\n]* when [^\\\\n]* [_a-z][^ ]* \\\\* 8[)]* is outside \\\\[0, 32\\\\)"
FAIL: gcc.dg/vect/vect-alias-check-12.c -flto -ffat-lto-objects scan-tree-dump vect "run-time check [^\\\\n]* unsigned \\\\([^*]* \\\\* 8[)]* >= 32"
WARNING: gcc.dg/vect/vect-alias-check-14.c (test for excess errors) program timed out.
FAIL: gcc.dg/vect/vect-alias-check-14.c (test for excess errors)
UNRESOLVED: gcc.dg/vect/vect-alias-check-14.c compilation failed to produce executable
WARNING: gcc.dg/vect/vect-alias-check-16.c (test for excess errors) program timed out.
FAIL: gcc.dg/vect/vect-alias-check-16.c (test for excess errors)
UNRESOLVED: gcc.dg/vect/vect-alias-check-16.c compilation failed to produce executable
WARNING: gcc.dg/vect/vect-alias-check-20.c -flto -ffat-lto-objects (test for excess errors) program timed out.
FAIL: gcc.dg/vect/vect-alias-check-20.c -flto -ffat-lto-objects (test for excess errors)
FAIL: gcc.dg/vect/vect-alias-check-20.c -flto -ffat-lto-objects execution test
WARNING: gcc.dg/vect/vect-alias-check-8.c -flto -ffat-lto-objects (test for excess errors) program timed out.
FAIL: gcc.dg/vect/vect-alias-check-8.c -flto -ffat-lto-objects (test for excess errors)
UNRESOLVED: gcc.dg/vect/vect-alias-check-8.c -flto -ffat-lto-objects compilation failed to produce executable
WARNING: gcc.dg/vect/vect-shift-2-big-array.c -flto -ffat-lto-objects (test for excess errors) program timed out.
FAIL: gcc.dg/vect/vect-shift-2-big-array.c -flto -ffat-lto-objects (test for excess errors)
UNRESOLVED: gcc.dg/vect/vect-shift-2-big-array.c -flto -ffat-lto-objects compilation failed to produce executable
WARNING: gcc.dg/vect/vect-shift-2-big-array.c -flto -ffat-lto-objects (test for excess errors) program timed out.
FAIL: gcc.dg/vect/vect-shift-2-big-array.c -flto -ffat-lto-objects (test for excess errors)
UNRESOLVED: gcc.dg/vect/vect-shift-2-big-array.c -flto -ffat-lto-objects compilation failed to produce executable
WARNING: gcc.dg/vect/vect-shift-2.c -flto -ffat-lto-objects (test for excess errors) program timed out.
FAIL: gcc.dg/vect/vect-shift-2.c -flto -ffat-lto-objects (test for excess errors)
UNRESOLVED: gcc.dg/vect/vect-shift-2.c -flto -ffat-lto-objects compilation failed to produce executable
WARNING: gcc.dg/vect/vect-simd-15.c -flto -ffat-lto-objects (test for excess errors) program timed out.
FAIL: gcc.dg/vect/vect-simd-15.c -flto -ffat-lto-objects (test for excess errors)
UNRESOLVED: gcc.dg/vect/vect-simd-15.c -flto -ffat-lto-objects compilation failed to produce executable
FAIL: gcc.dg/vect/vect-simd-15.c -flto -ffat-lto-objects scan-tree-dump-times vect "vectorized [1-3] loops" 2
WARNING: gcc.dg/vect/vect-simd-clone-6.c -flto -ffat-lto-objects (test for excess errors) program timed out.
FAIL: gcc.dg/vect/vect-simd-clone-6.c -flto -ffat-lto-objects (test for excess errors)
UNRESOLVED: gcc.dg/vect/vect-simd-clone-6.c -flto -ffat-lto-objects compilation failed to produce executable
WARNING: gcc.dg/vect/vect-simd-clone-8.c -flto -ffat-lto-objects (test for excess errors) program timed out.
FAIL: gcc.dg/vect/vect-simd-clone-8.c -flto -ffat-lto-objects (test for excess errors)
FAIL: gcc.dg/vect/vect-simd-clone-8.c -flto -ffat-lto-objects execution test
ERROR: tcl error sourcing /export/devel/net/src/gcc/git/gcc/gcc/testsuite/gcc.misc-tests/i386-prefetch.exp.
ERROR: torture-init: torture_without_loops is not empty as expected
FAIL: gcc.target/i386/387-7.c scan-assembler fsincos
FAIL: gcc.target/i386/387-9.c scan-assembler-not fcos
WARNING: gcc.target/i386/avx-1.c (test for excess errors) program timed out.
FAIL: gcc.target/i386/avx-1.c (test for excess errors)
WARNING: gcc.target/i386/avx-2.c (test for excess errors) program timed out.
FAIL: gcc.target/i386/avx-2.c (test for excess errors)
FAIL: gcc.target/i386/avx512f-rint-sfix-vec-2.c scan-assembler-times vcvtpd2dq[^\\n]+ymm[0-9](?:\\n|[ \\\\t]+#) 2
FAIL: gcc.target/i386/avx512f-rintf-sfix-vec-2.c scan-assembler-times vcvtps2dq[^\\n]+zmm[0-9](?:\\n|[ \\\\t]+#) 1
FAIL: gcc.target/i386/pr57193.c scan-assembler-times movdqa 2
FAIL: gcc.target/i386/pr61403.c scan-assembler rsqrtps
FAIL: gcc.target/i386/pr80969-1.c (internal compiler error)
FAIL: gcc.target/i386/pr80969-1.c (test for excess errors)
UNRESOLVED: gcc.target/i386/pr80969-1.c compilation failed to produce executable
FAIL: gcc.target/i386/pr80969-4.c (internal compiler error)
FAIL: gcc.target/i386/pr80969-4.c (test for excess errors)
FAIL: gcc.target/i386/pr82267.c scan-assembler-not %esp
FAIL: gcc.target/i386/pr82267.c scan-assembler %rsp
WARNING: gcc.target/i386/sse-13.c (test for excess errors) program timed out.
FAIL: gcc.target/i386/sse-13.c (test for excess errors)
WARNING: gcc.target/i386/sse-22a.c (test for excess errors) program timed out.
FAIL: gcc.target/i386/sse-22a.c (test for excess errors)
WARNING: gcc.target/i386/sse-23.c (test for excess errors) program timed out.
FAIL: gcc.target/i386/sse-23.c (test for excess errors)
WARNING: gcc.target/i386/sse-24.c (test for excess errors) program timed out.
FAIL: gcc.target/i386/sse-24.c (test for excess errors)
WARNING: gcc.target/i386/sse-25.c (test for excess errors) program timed out.
FAIL: gcc.target/i386/sse-25.c (test for excess errors)
WARNING: gcc.target/i386/sse-26.c (test for excess errors) program timed out.
FAIL: gcc.target/i386/sse-26.c (test for excess errors)
WARNING: gcc.target/i386/vperm-v4sf-2.c (test for excess errors) program timed out.
FAIL: gcc.target/i386/vperm-v4sf-2.c (test for excess errors)
UNRESOLVED: gcc.target/i386/vperm-v4sf-2.c compilation failed to produce executable
WARNING: gcc.target/i386/vperm-v4si-2-sse4.c (test for excess errors) program timed out.
FAIL: gcc.target/i386/vperm-v4si-2-sse4.c (test for excess errors)
UNRESOLVED: gcc.target/i386/vperm-v4si-2-sse4.c compilation failed to produce executable
WARNING: gcc.target/i386/vperm-v4si-2.c (test for excess errors) program timed out.
FAIL: gcc.target/i386/vperm-v4si-2.c (test for excess errors)
UNRESOLVED: gcc.target/i386/vperm-v4si-2.c compilation failed to produce executable
ERROR: tcl error sourcing /export/devel/net/src/gcc/git/gcc/gcc/testsuite/gcc.target/i386/math-torture/math-torture.exp.
ERROR: torture-init: torture_without_loops is not empty as expected
ERROR: tcl error sourcing /export/devel/net/src/gcc/git/gcc/gcc/testsuite/gcc.target/x86_64/abi/abi-x86_64.exp.
ERROR: torture-init: torture_without_loops is not empty as expected
ERROR: tcl error sourcing /export/devel/net/src/gcc/git/gcc/gcc/testsuite/gcc.target/x86_64/abi/avx/abi-avx.exp.
ERROR: torture-init: torture_without_loops is not empty as expected
ERROR: tcl error sourcing /export/devel/net/src/gcc/git/gcc/gcc/testsuite/gcc.target/x86_64/abi/avx512f/abi-avx512f.exp.
ERROR: torture-init: torture_without_loops is not empty as expected
FAIL: gcc.target/x86_64/abi/callabi/leaf-2.c scan-assembler-not %rsp
FAIL: gcc.target/x86_64/abi/ms-sysv/ms-sysv.c -mcall-ms2sysv-xlogues -O2 "-DGEN_ARGS=-p0" (test for excess errors)
UNRESOLVED: gcc.target/x86_64/abi/ms-sysv/ms-sysv.c -mcall-ms2sysv-xlogues -O2 "-DGEN_ARGS=-p0" compilation failed to produce executable
FAIL: gcc.target/x86_64/abi/ms-sysv/ms-sysv.c -mcall-ms2sysv-xlogues -O0 -g3 "-DGEN_ARGS=-p0\\ --omit-rbp-clobbers" (test for excess errors)
UNRESOLVED: gcc.target/x86_64/abi/ms-sysv/ms-sysv.c -mcall-ms2sysv-xlogues -O0 -g3 "-DGEN_ARGS=-p0\\ --omit-rbp-clobbers" compilation failed to produce executable
FAIL: gcc.target/x86_64/abi/ms-sysv/ms-sysv.c -O2 "-DGEN_ARGS=-p1" (test for excess errors)
UNRESOLVED: gcc.target/x86_64/abi/ms-sysv/ms-sysv.c -O2 "-DGEN_ARGS=-p1" compilation failed to produce executable
FAIL: gcc.target/x86_64/abi/ms-sysv/ms-sysv.c -mcall-ms2sysv-xlogues -O2 "-DGEN_ARGS=-p1" (test for excess errors)
UNRESOLVED: gcc.target/x86_64/abi/ms-sysv/ms-sysv.c -mcall-ms2sysv-xlogues -O2 "-DGEN_ARGS=-p1" compilation failed to produce executable
FAIL: gcc.target/x86_64/abi/ms-sysv/ms-sysv.c -mcall-ms2sysv-xlogues -O0 -g3 "-DGEN_ARGS=-p1\\ --omit-rbp-clobbers" (test for excess errors)
UNRESOLVED: gcc.target/x86_64/abi/ms-sysv/ms-sysv.c -mcall-ms2sysv-xlogues -O0 -g3 "-DGEN_ARGS=-p1\\ --omit-rbp-clobbers" compilation failed to produce executable
FAIL: gcc.target/x86_64/abi/ms-sysv/ms-sysv.c -O2 "-DGEN_ARGS=-p5" (test for excess errors)
UNRESOLVED: gcc.target/x86_64/abi/ms-sysv/ms-sysv.c -O2 "-DGEN_ARGS=-p5" compilation failed to produce executable
FAIL: gcc.target/x86_64/abi/ms-sysv/ms-sysv.c -mcall-ms2sysv-xlogues -O2 "-DGEN_ARGS=-p5" (test for excess errors)
UNRESOLVED: gcc.target/x86_64/abi/ms-sysv/ms-sysv.c -mcall-ms2sysv-xlogues -O2 "-DGEN_ARGS=-p5" compilation failed to produce executable
FAIL: gcc.target/x86_64/abi/ms-sysv/ms-sysv.c -mcall-ms2sysv-xlogues -O0 -g3 "-DGEN_ARGS=-p5\\ --omit-rbp-clobbers" (test for excess errors)
UNRESOLVED: gcc.target/x86_64/abi/ms-sysv/ms-sysv.c -mcall-ms2sysv-xlogues -O0 -g3 "-DGEN_ARGS=-p5\\ --omit-rbp-clobbers" compilation failed to produce executable
FAIL: gcc.target/x86_64/abi/ms-sysv/ms-sysv.c -O2 "-DGEN_ARGS=-p0" (test for excess errors)
UNRESOLVED: gcc.target/x86_64/abi/ms-sysv/ms-sysv.c -O2 "-DGEN_ARGS=-p0" compilation failed to produce executable
=== gcc Summary ===
# of expected passes 147878
# of unexpected failures 318
# of unexpected successes 18
# of expected failures 730
# of unresolved testcases 45
# of unsupported tests 2956
/export/devel/build/gcc/head/objdir/gcc/xgcc version 10.0.1 20200122 (experimental) (GCC)
=== gfortran tests ===
Running target unix
ERROR: child process exited abnormally
FAIL: gfortran.dg/coarray/atomic_2.f90 -fcoarray=lib -O2 -lcaf_single -latomic (test for excess errors)
UNRESOLVED: gfortran.dg/coarray/atomic_2.f90 -fcoarray=lib -O2 -lcaf_single -latomic compilation failed to produce executable
FAIL: gfortran.dg/coarray/coindexed_1.f90 -fcoarray=lib -O2 -lcaf_single -latomic (test for excess errors)
UNRESOLVED: gfortran.dg/coarray/coindexed_1.f90 -fcoarray=lib -O2 -lcaf_single -latomic compilation failed to produce executable
WARNING: tcl error sourcing /export/devel/net/src/gcc/git/gcc/gcc/testsuite/gfortran.dg/coarray/caf.exp. program timed out.
ERROR: tcl error sourcing /export/devel/net/src/gcc/git/gcc/gcc/testsuite/gfortran.dg/coarray/caf.exp.
ERROR: child process exited abnormally
FAIL: gfortran.dg/allocate_assumed_charlen_2.f90 -O (test for errors, line 16)
FAIL: gfortran.dg/allocate_assumed_charlen_2.f90 -O (test for errors, line 17)
FAIL: gfortran.dg/allocate_assumed_charlen_2.f90 -O (test for errors, line 18)
FAIL: gfortran.dg/allocate_assumed_charlen_2.f90 -O (test for excess errors)
WARNING: gfortran.dg/dec_exp_3.f90 -O2 (test for excess errors) program timed out.
FAIL: gfortran.dg/dec_exp_3.f90 -O2 (test for excess errors)
UNRESOLVED: gfortran.dg/dec_exp_3.f90 -O2 compilation failed to produce executable
FAIL: gfortran.dg/fmt_g_default_field_width_3.f90 -O (test for errors, line 23)
FAIL: gfortran.dg/fmt_g_default_field_width_3.f90 -O (test for errors, line 26)
FAIL: gfortran.dg/fmt_g_default_field_width_3.f90 -O (test for errors, line 29)
FAIL: gfortran.dg/fmt_g_default_field_width_3.f90 -O (test for errors, line 32)
FAIL: gfortran.dg/fmt_g_default_field_width_3.f90 -O (test for errors, line 36)
FAIL: gfortran.dg/fmt_g_default_field_width_3.f90 -O (test for excess errors)
WARNING: tcl error sourcing /export/devel/net/src/gcc/git/gcc/gcc/testsuite/gfortran.dg/dg.exp. program timed out.
ERROR: tcl error sourcing /export/devel/net/src/gcc/git/gcc/gcc/testsuite/gfortran.dg/dg.exp.
ERROR: tcl error sourcing /export/devel/net/src/gcc/git/gcc/gcc/testsuite/gfortran.dg/guality/guality.exp.
ERROR: tcl error sourcing /export/devel/net/src/gcc/git/gcc/gcc/testsuite/gfortran.dg/guality/guality.exp.
ERROR: torture-init: torture_without_loops is not empty as expected
ERROR: torture-init: torture_without_loops is not empty as expected
ERROR: tcl error sourcing /export/devel/net/src/gcc/git/gcc/gcc/testsuite/gfortran.fortran-torture/compile/compile.exp.
ERROR: tcl error sourcing /export/devel/net/src/gcc/git/gcc/gcc/testsuite/gfortran.fortran-torture/compile/compile.exp.
ERROR: torture-init: torture_without_loops is not empty as expected
ERROR: torture-init: torture_without_loops is not empty as expected
ERROR: tcl error sourcing /export/devel/net/src/gcc/git/gcc/gcc/testsuite/gfortran.fortran-torture/execute/execute.exp.
ERROR: tcl error sourcing /export/devel/net/src/gcc/git/gcc/gcc/testsuite/gfortran.fortran-torture/execute/execute.exp.
ERROR: torture-init: torture_without_loops is not empty as expected
ERROR: torture-init: torture_without_loops is not empty as expected
=== gfortran Summary ===
# of expected passes 53188
# of unexpected failures 13
# of expected failures 189
# of unresolved testcases 3
# of unsupported tests 122
/export/devel/build/gcc/head/objdir/gcc/gfortran version 10.0.1 20200122 (experimental) (GCC)
=== objc tests ===
Running target unix
=== objc Summary ===
# of expected passes 2777
# of expected failures 6
# of unsupported tests 68
/export/devel/build/gcc/head/objdir/gcc/xgcc version 10.0.1 20200122 (experimental) (GCC)
=== libatomic tests ===
Running target unix
=== libatomic Summary ===
# of expected passes 54
=== libgomp tests ===
Running target unix
WARNING: program timed out
ERROR: tcl error sourcing /export/devel/net/src/gcc/git/gcc/libgomp/testsuite/libgomp.c/c.exp.
ERROR: child process exited abnormally
WARNING: program timed out.
FAIL: libgomp.c++/task-reduction-11.C execution test
=== libgomp Summary ===
# of expected passes 6821
# of unexpected failures 1
# of expected failures 4
# of unsupported tests 415
=== libitm tests ===
Running target unix
=== libitm Summary ===
# of expected passes 42
# of expected failures 3
# of unsupported tests 1
=== libstdc++ tests ===
Running target unix
ERROR: could not compile testsuite_abi.cc
WARNING: tcl error sourcing /export/devel/net/src/gcc/git/gcc/libstdc++-v3/testsuite/libstdc++-abi/abi.exp. program timed out.
ERROR: tcl error sourcing /export/devel/net/src/gcc/git/gcc/libstdc++-v3/testsuite/libstdc++-abi/abi.exp.
FAIL: 17_intro/headers/c++1998/all.cc (test for excess errors)
FAIL: 17_intro/headers/c++1998/all_c++200x_compatibility.cc (test for excess errors)
FAIL: 17_intro/headers/c++1998/charset.cc (test for excess errors)
FAIL: 17_intro/headers/c++1998/stdc++.cc (test for excess errors)
FAIL: 17_intro/headers/c++1998/stdc++_multiple_inclusion.cc (test for excess errors)
FAIL: 17_intro/headers/c++2011/charset.cc (test for excess errors)
FAIL: 17_intro/headers/c++2011/stdc++.cc (test for excess errors)
FAIL: 17_intro/headers/c++2011/stdc++_multiple_inclusion.cc (test for excess errors)
FAIL: 17_intro/headers/c++2014/charset.cc (test for excess errors)
FAIL: 17_intro/headers/c++2014/stdc++.cc (test for excess errors)
FAIL: 17_intro/headers/c++2014/stdc++_multiple_inclusion.cc (test for excess errors)
FAIL: 17_intro/headers/c++2017/charset.cc (test for excess errors)
FAIL: 17_intro/headers/c++2017/charset.cc (test for excess errors)
FAIL: 17_intro/headers/c++2017/stdc++.cc (test for excess errors)
FAIL: 17_intro/headers/c++2017/stdc++.cc (test for excess errors)
FAIL: 17_intro/headers/c++2017/stdc++_multiple_inclusion.cc (test for excess errors)
FAIL: 17_intro/headers/c++2017/stdc++_multiple_inclusion.cc (test for excess errors)
FAIL: 17_intro/headers/c++2020/charset.cc (test for excess errors)
FAIL: 17_intro/headers/c++2020/charset.cc (test for excess errors)
FAIL: 17_intro/headers/c++2020/stdc++.cc (test for excess errors)
FAIL: 17_intro/headers/c++2020/stdc++.cc (test for excess errors)
FAIL: 17_intro/headers/c++2020/stdc++_multiple_inclusion.cc (test for excess errors)
FAIL: 17_intro/headers/c++2020/stdc++_multiple_inclusion.cc (test for excess errors)
WARNING: 21_strings/basic_string/requirements/explicit_instantiation/debug.cc (test for excess errors) program timed out.
FAIL: 21_strings/basic_string/requirements/explicit_instantiation/debug.cc (test for excess errors)
FAIL: 22_locale/codecvt/max_length/wchar_t/4.cc execution test
FAIL: 22_locale/codecvt/max_length/wchar_t/4.cc execution test
FAIL: 22_locale/ctype/is/char/wrapped_env.cc execution test
FAIL: 22_locale/ctype/is/char/wrapped_env.cc execution test
FAIL: 22_locale/ctype/is/char/wrapped_locale.cc execution test
FAIL: 22_locale/ctype/is/char/wrapped_locale.cc execution test
FAIL: 22_locale/ctype/is/wchar_t/wrapped_env.cc execution test
FAIL: 22_locale/ctype/is/wchar_t/wrapped_env.cc execution test
FAIL: 22_locale/ctype/is/wchar_t/wrapped_locale.cc execution test
FAIL: 22_locale/ctype/is/wchar_t/wrapped_locale.cc execution test
FAIL: 22_locale/locale/cons/12438.cc execution test
FAIL: 22_locale/locale/cons/12438.cc execution test
FAIL: 22_locale/locale/cons/12658_thread-1.cc execution test
FAIL: 22_locale/locale/cons/12658_thread-1.cc execution test
FAIL: 22_locale/locale/cons/29217.cc execution test
FAIL: 22_locale/locale/cons/29217.cc execution test
FAIL: 22_locale/locale/cons/38368.cc execution test
FAIL: 22_locale/locale/cons/38368.cc execution test
FAIL: 22_locale/locale/cons/40184.cc execution test
FAIL: 22_locale/locale/cons/40184.cc execution test
FAIL: 22_locale/locale/global_locale_objects/14071.cc execution test
FAIL: 22_locale/locale/global_locale_objects/14071.cc execution test
FAIL: 22_locale/messages/13631.cc execution test
FAIL: 22_locale/messages/13631.cc execution test
FAIL: 22_locale/messages/members/char/1.cc execution test
FAIL: 22_locale/messages/members/char/1.cc execution test
FAIL: 22_locale/messages/members/char/2.cc execution test
FAIL: 22_locale/messages/members/char/2.cc execution test
FAIL: 22_locale/messages/members/char/wrapped_env.cc execution test
FAIL: 22_locale/messages/members/char/wrapped_env.cc execution test
FAIL: 22_locale/messages/members/char/wrapped_locale.cc execution test
FAIL: 22_locale/messages/members/char/wrapped_locale.cc execution test
FAIL: 22_locale/messages_byname/named_equivalence.cc execution test
FAIL: 22_locale/messages_byname/named_equivalence.cc execution test
FAIL: 22_locale/money_get/get/char/16.cc execution test
FAIL: 22_locale/money_get/get/char/16.cc execution test
FAIL: 22_locale/money_get/get/char/18.cc execution test
FAIL: 22_locale/money_get/get/char/18.cc execution test
FAIL: 22_locale/money_get/get/char/2.cc execution test
FAIL: 22_locale/money_get/get/char/2.cc execution test
FAIL: 22_locale/money_get/get/char/4.cc execution test
FAIL: 22_locale/money_get/get/char/4.cc execution test
FAIL: 22_locale/money_get/get/char/wrapped_env.cc execution test
FAIL: 22_locale/money_get/get/char/wrapped_env.cc execution test
FAIL: 22_locale/money_get/get/char/wrapped_locale.cc execution test
FAIL: 22_locale/money_get/get/char/wrapped_locale.cc execution test
FAIL: 22_locale/money_get/get/wchar_t/1.cc execution test
FAIL: 22_locale/money_get/get/wchar_t/1.cc execution test
FAIL: 22_locale/money_get/get/wchar_t/16.cc execution test
FAIL: 22_locale/money_get/get/wchar_t/16.cc execution test
FAIL: 22_locale/money_get/get/wchar_t/18.cc execution test
FAIL: 22_locale/money_get/get/wchar_t/18.cc execution test
FAIL: 22_locale/money_get/get/wchar_t/2.cc execution test
FAIL: 22_locale/money_get/get/wchar_t/2.cc execution test
FAIL: 22_locale/money_get/get/wchar_t/4.cc execution test
FAIL: 22_locale/money_get/get/wchar_t/4.cc execution test
FAIL: 22_locale/money_get/get/wchar_t/wrapped_env.cc execution test
FAIL: 22_locale/money_get/get/wchar_t/wrapped_env.cc execution test
FAIL: 22_locale/money_get/get/wchar_t/wrapped_locale.cc execution test
FAIL: 22_locale/money_get/get/wchar_t/wrapped_locale.cc execution test
FAIL: 22_locale/money_put/put/char/2.cc execution test
FAIL: 22_locale/money_put/put/char/2.cc execution test
FAIL: 22_locale/money_put/put/char/9780-3.cc execution test
FAIL: 22_locale/money_put/put/char/9780-3.cc execution test
FAIL: 22_locale/money_put/put/char/wrapped_env.cc execution test
FAIL: 22_locale/money_put/put/char/wrapped_env.cc execution test
FAIL: 22_locale/money_put/put/char/wrapped_locale.cc execution test
FAIL: 22_locale/money_put/put/char/wrapped_locale.cc execution test
FAIL: 22_locale/money_put/put/wchar_t/1.cc execution test
FAIL: 22_locale/money_put/put/wchar_t/1.cc execution test
FAIL: 22_locale/money_put/put/wchar_t/2.cc execution test
FAIL: 22_locale/money_put/put/wchar_t/2.cc execution test
FAIL: 22_locale/money_put/put/wchar_t/3.cc execution test
FAIL: 22_locale/money_put/put/wchar_t/3.cc execution test
FAIL: 22_locale/money_put/put/wchar_t/wrapped_env.cc execution test
FAIL: 22_locale/money_put/put/wchar_t/wrapped_env.cc execution test
FAIL: 22_locale/money_put/put/wchar_t/wrapped_locale.cc execution test
FAIL: 22_locale/money_put/put/wchar_t/wrapped_locale.cc execution test
FAIL: 22_locale/num_get/cons/3.cc (test for excess errors)
FAIL: 22_locale/numpunct/members/char/3.cc execution test
FAIL: 22_locale/numpunct/members/char/3.cc execution test
FAIL: 22_locale/time_get/get_date/char/12750.cc execution test
FAIL: 22_locale/time_get/get_date/char/12750.cc execution test
FAIL: 22_locale/time_get/get_date/char/2.cc execution test
FAIL: 22_locale/time_get/get_date/char/2.cc execution test
FAIL: 22_locale/time_get/get_date/char/wrapped_env.cc execution test
FAIL: 22_locale/time_get/get_date/char/wrapped_env.cc execution test
FAIL: 22_locale/time_get/get_date/char/wrapped_locale.cc execution test
FAIL: 22_locale/time_get/get_date/char/wrapped_locale.cc execution test
FAIL: 22_locale/time_get/get_date/wchar_t/12750.cc execution test
FAIL: 22_locale/time_get/get_date/wchar_t/12750.cc execution test
FAIL: 22_locale/time_get/get_date/wchar_t/2.cc execution test
FAIL: 22_locale/time_get/get_date/wchar_t/2.cc execution test
FAIL: 22_locale/time_get/get_date/wchar_t/4.cc execution test
FAIL: 22_locale/time_get/get_date/wchar_t/4.cc execution test
FAIL: 22_locale/time_get/get_date/wchar_t/wrapped_env.cc execution test
FAIL: 22_locale/time_get/get_date/wchar_t/wrapped_env.cc execution test
FAIL: 22_locale/time_get/get_date/wchar_t/wrapped_locale.cc execution test
FAIL: 22_locale/time_get/get_date/wchar_t/wrapped_locale.cc execution test
FAIL: 22_locale/time_get/get_time/char/2.cc execution test
FAIL: 22_locale/time_get/get_time/char/2.cc execution test
FAIL: 22_locale/time_get/get_time/char/wrapped_env.cc execution test
FAIL: 22_locale/time_get/get_time/char/wrapped_env.cc execution test
FAIL: 22_locale/time_get/get_time/char/wrapped_locale.cc execution test
FAIL: 22_locale/time_get/get_time/char/wrapped_locale.cc execution test
FAIL: 22_locale/time_get/get_time/wchar_t/2.cc execution test
FAIL: 22_locale/time_get/get_time/wchar_t/2.cc execution test
FAIL: 22_locale/time_get/get_time/wchar_t/wrapped_env.cc execution test
FAIL: 22_locale/time_get/get_time/wchar_t/wrapped_env.cc execution test
FAIL: 22_locale/time_get/get_time/wchar_t/wrapped_locale.cc execution test
FAIL: 22_locale/time_get/get_time/wchar_t/wrapped_locale.cc execution test
FAIL: 22_locale/time_get/get_weekday/char/38081-1.cc execution test
FAIL: 22_locale/time_get/get_weekday/char/38081-1.cc execution test
FAIL: 22_locale/time_get/get_weekday/char/38081-2.cc execution test
FAIL: 22_locale/time_get/get_weekday/char/38081-2.cc execution test
FAIL: 22_locale/time_put/put/char/2.cc execution test
FAIL: 22_locale/time_put/put/char/2.cc execution test
FAIL: 22_locale/time_put/put/char/3.cc execution test
FAIL: 22_locale/time_put/put/char/3.cc execution test
FAIL: 22_locale/time_put/put/char/4.cc execution test
FAIL: 22_locale/time_put/put/char/4.cc execution test
FAIL: 22_locale/time_put/put/char/wrapped_env.cc execution test
FAIL: 22_locale/time_put/put/char/wrapped_env.cc execution test
FAIL: 22_locale/time_put/put/char/wrapped_locale.cc execution test
FAIL: 22_locale/time_put/put/char/wrapped_locale.cc execution test
FAIL: 22_locale/time_put/put/wchar_t/2.cc execution test
FAIL: 22_locale/time_put/put/wchar_t/2.cc execution test
FAIL: 22_locale/time_put/put/wchar_t/3.cc execution test
FAIL: 22_locale/time_put/put/wchar_t/3.cc execution test
FAIL: 22_locale/time_put/put/wchar_t/4.cc execution test
FAIL: 22_locale/time_put/put/wchar_t/4.cc execution test
FAIL: 22_locale/time_put/put/wchar_t/wrapped_env.cc execution test
FAIL: 22_locale/time_put/put/wchar_t/wrapped_env.cc execution test
FAIL: 22_locale/time_put/put/wchar_t/wrapped_locale.cc execution test
FAIL: 22_locale/time_put/put/wchar_t/wrapped_locale.cc execution test
WARNING: 23_containers/deque/requirements/exception/basic.cc (test for excess errors) program timed out.
FAIL: 23_containers/deque/requirements/exception/basic.cc (test for excess errors)
UNRESOLVED: 23_containers/deque/requirements/exception/basic.cc compilation failed to produce executable
WARNING: 23_containers/forward_list/pmr_typedefs.cc (test for excess errors) program timed out.
FAIL: 23_containers/forward_list/pmr_typedefs.cc (test for excess errors)
WARNING: 23_containers/multimap/requirements/exception/propagation_consistent.cc (test for excess errors) program timed out.
FAIL: 23_containers/multimap/requirements/exception/propagation_consistent.cc (test for excess errors)
UNRESOLVED: 23_containers/multimap/requirements/exception/propagation_consistent.cc compilation failed to produce executable
WARNING: 23_containers/unordered_map/requirements/exception/basic.cc (test for excess errors) program timed out.
FAIL: 23_containers/unordered_map/requirements/exception/basic.cc (test for excess errors)
UNRESOLVED: 23_containers/unordered_map/requirements/exception/basic.cc compilation failed to produce executable
WARNING: 23_containers/unordered_multimap/requirements/exception/propagation_consistent.cc (test for excess errors) program timed out.
FAIL: 23_containers/unordered_multimap/requirements/exception/propagation_consistent.cc (test for excess errors)
UNRESOLVED: 23_containers/unordered_multimap/requirements/exception/propagation_consistent.cc compilation failed to produce executable
WARNING: 23_containers/unordered_set/allocator/move_assign.cc (test for excess errors) program timed out.
FAIL: 23_containers/unordered_set/allocator/move_assign.cc (test for excess errors)
UNRESOLVED: 23_containers/unordered_set/allocator/move_assign.cc compilation failed to produce executable
WARNING: 23_containers/unordered_set/requirements/exception/basic.cc (test for excess errors) program timed out.
FAIL: 23_containers/unordered_set/requirements/exception/basic.cc (test for excess errors)
UNRESOLVED: 23_containers/unordered_set/requirements/exception/basic.cc compilation failed to produce executable
WARNING: 23_containers/unordered_set/requirements/exception/generation_prohibited.cc (test for excess errors) program timed out.
FAIL: 23_containers/unordered_set/requirements/exception/generation_prohibited.cc (test for excess errors)
UNRESOLVED: 23_containers/unordered_set/requirements/exception/generation_prohibited.cc compilation failed to produce executable
WARNING: 23_containers/vector/debug/insert7_neg.cc (test for excess errors) program timed out.
FAIL: 23_containers/vector/debug/insert7_neg.cc (test for excess errors)
UNRESOLVED: 23_containers/vector/debug/insert7_neg.cc compilation failed to produce executable
WARNING: 26_numerics/complex/inserters_extractors/char/1.cc (test for excess errors) program timed out.
FAIL: 26_numerics/complex/inserters_extractors/char/1.cc (test for excess errors)
UNRESOLVED: 26_numerics/complex/inserters_extractors/char/1.cc compilation failed to produce executable
WARNING: 26_numerics/complex/inserters_extractors/wchar_t/1.cc (test for excess errors) program timed out.
FAIL: 26_numerics/complex/inserters_extractors/wchar_t/1.cc (test for excess errors)
UNRESOLVED: 26_numerics/complex/inserters_extractors/wchar_t/1.cc compilation failed to produce executable
FAIL: 27_io/basic_filebuf/overflow/wchar_t/11305-1.cc execution test
FAIL: 27_io/basic_filebuf/overflow/wchar_t/11305-1.cc execution test
FAIL: 27_io/basic_filebuf/overflow/wchar_t/11305-2.cc execution test
FAIL: 27_io/basic_filebuf/overflow/wchar_t/11305-2.cc execution test
FAIL: 27_io/basic_filebuf/overflow/wchar_t/11305-3.cc execution test
FAIL: 27_io/basic_filebuf/overflow/wchar_t/11305-3.cc execution test
FAIL: 27_io/basic_filebuf/overflow/wchar_t/11305-4.cc execution test
FAIL: 27_io/basic_filebuf/overflow/wchar_t/11305-4.cc execution test
WARNING: 27_io/basic_ios/imbue/14072.cc (test for excess errors) program timed out.
FAIL: 27_io/basic_ios/imbue/14072.cc (test for excess errors)
UNRESOLVED: 27_io/basic_ios/imbue/14072.cc compilation failed to produce executable
WARNING: 27_io/basic_istream/requirements/explicit_instantiation.cc (test for excess errors) program timed out.
FAIL: 27_io/basic_istream/requirements/explicit_instantiation.cc (test for excess errors)
FAIL: 27_io/manipulators/extended/get_time/char/2.cc execution test
FAIL: 27_io/manipulators/extended/get_time/char/2.cc execution test
WARNING: 28_regex/algorithms/regex_match/awk/cstring_01.cc (test for excess errors) program timed out.
FAIL: 28_regex/algorithms/regex_match/awk/cstring_01.cc (test for excess errors)
UNRESOLVED: 28_regex/algorithms/regex_match/awk/cstring_01.cc compilation failed to produce executable
WARNING: 28_regex/algorithms/regex_match/ecma/char/57173.cc (test for excess errors) program timed out.
FAIL: 28_regex/algorithms/regex_match/ecma/char/57173.cc (test for excess errors)
UNRESOLVED: 28_regex/algorithms/regex_match/ecma/char/57173.cc compilation failed to produce executable
WARNING: 28_regex/algorithms/regex_match/ecma/wchar_t/63199.cc (test for excess errors) program timed out.
FAIL: 28_regex/algorithms/regex_match/ecma/wchar_t/63199.cc (test for excess errors)
UNRESOLVED: 28_regex/algorithms/regex_match/ecma/wchar_t/63199.cc compilation failed to produce executable
WARNING: 28_regex/algorithms/regex_match/extended/string_range_01_03.cc (test for excess errors) program timed out.
FAIL: 28_regex/algorithms/regex_match/extended/string_range_01_03.cc (test for excess errors)
UNRESOLVED: 28_regex/algorithms/regex_match/extended/string_range_01_03.cc compilation failed to produce executable
FAIL: 28_regex/algorithms/regex_match/extended/wstring_locale.cc execution test
FAIL: 28_regex/algorithms/regex_match/extended/wstring_locale.cc execution test
WARNING: 28_regex/basic_regex/ctors/deduction.cc (test for excess errors) program timed out.
FAIL: 28_regex/basic_regex/ctors/deduction.cc (test for excess errors)
FAIL: 28_regex/iterators/regex_token_iterator/wchar_t/wstring_02.cc execution test
FAIL: 28_regex/iterators/regex_token_iterator/wchar_t/wstring_02.cc execution test
WARNING: 28_regex/match_results/swap.cc (test for excess errors) program timed out.
FAIL: 28_regex/match_results/swap.cc (test for excess errors)
UNRESOLVED: 28_regex/match_results/swap.cc compilation failed to produce executable
ERROR: could not compile testsuite_abi.cc
ERROR: could not compile testsuite_abi.cc
ERROR: could not compile testsuite_abi.cc
ERROR: could not compile testsuite_abi.cc
ERROR: could not compile testsuite_abi.cc
ERROR: could not compile testsuite_abi.cc
ERROR: could not compile testsuite_abi.cc
ERROR: could not compile testsuite_abi.cc
ERROR: could not compile testsuite_abi.cc
ERROR: could not compile testsuite_abi.cc
ERROR: could not compile testsuite_abi.cc
ERROR: could not compile testsuite_abi.cc
ERROR: could not compile testsuite_abi.cc
ERROR: could not compile testsuite_abi.cc
ERROR: could not compile testsuite_abi.cc
ERROR: could not compile testsuite_abi.cc
ERROR: could not compile testsuite_abi.cc
ERROR: could not compile testsuite_abi.cc
ERROR: could not compile testsuite_abi.cc
ERROR: could not compile testsuite_abi.cc
ERROR: could not compile testsuite_abi.cc
ERROR: could not compile testsuite_abi.cc
ERROR: could not compile testsuite_abi.cc
ERROR: could not compile testsuite_abi.cc
ERROR: could not compile testsuite_abi.cc
ERROR: could not compile testsuite_abi.cc
FAIL: experimental/memory_resource/new_delete_resource.cc execution test
FAIL: experimental/memory_resource/new_delete_resource.cc execution test
WARNING: ext/rope/pthread7-rope.cc execution test program timed out.
FAIL: ext/rope/pthread7-rope.cc execution test
ERROR: tcl error sourcing /export/devel/net/src/gcc/git/gcc/libstdc++-v3/testsuite/libstdc++-dg/conformance.exp.
ERROR: tcl error sourcing /export/devel/net/src/gcc/git/gcc/libstdc++-v3/testsuite/libstdc++-dg/conformance.exp.
ERROR: tcl error sourcing /export/devel/net/src/gcc/git/gcc/libstdc++-v3/testsuite/libstdc++-dg/conformance.exp.
ERROR: tcl error sourcing /export/devel/net/src/gcc/git/gcc/libstdc++-v3/testsuite/libstdc++-dg/conformance.exp.
ERROR: tcl error sourcing /export/devel/net/src/gcc/git/gcc/libstdc++-v3/testsuite/libstdc++-dg/conformance.exp.
WARNING: tcl error sourcing /export/devel/net/src/gcc/git/gcc/libstdc++-v3/testsuite/libstdc++-dg/conformance.exp. program timed out.
ERROR: tcl error sourcing /export/devel/net/src/gcc/git/gcc/libstdc++-v3/testsuite/libstdc++-dg/conformance.exp.
ERROR: tcl error sourcing /export/devel/net/src/gcc/git/gcc/libstdc++-v3/testsuite/libstdc++-dg/conformance.exp.
ERROR: tcl error sourcing /export/devel/net/src/gcc/git/gcc/libstdc++-v3/testsuite/libstdc++-dg/conformance.exp.
ERROR: tcl error sourcing /export/devel/net/src/gcc/git/gcc/libstdc++-v3/testsuite/libstdc++-dg/conformance.exp.
ERROR: tcl error sourcing /export/devel/net/src/gcc/git/gcc/libstdc++-v3/testsuite/libstdc++-dg/conformance.exp.
ERROR: tcl error sourcing /export/devel/net/src/gcc/git/gcc/libstdc++-v3/testsuite/libstdc++-dg/conformance.exp.
ERROR: tcl error sourcing /export/devel/net/src/gcc/git/gcc/libstdc++-v3/testsuite/libstdc++-dg/conformance.exp.
ERROR: tcl error sourcing /export/devel/net/src/gcc/git/gcc/libstdc++-v3/testsuite/libstdc++-dg/conformance.exp.
ERROR: tcl error sourcing /export/devel/net/src/gcc/git/gcc/libstdc++-v3/testsuite/libstdc++-dg/conformance.exp.
ERROR: tcl error sourcing /export/devel/net/src/gcc/git/gcc/libstdc++-v3/testsuite/libstdc++-dg/conformance.exp.
ERROR: tcl error sourcing /export/devel/net/src/gcc/git/gcc/libstdc++-v3/testsuite/libstdc++-dg/conformance.exp.
ERROR: tcl error sourcing /export/devel/net/src/gcc/git/gcc/libstdc++-v3/testsuite/libstdc++-dg/conformance.exp.
ERROR: tcl error sourcing /export/devel/net/src/gcc/git/gcc/libstdc++-v3/testsuite/libstdc++-dg/conformance.exp.
ERROR: tcl error sourcing /export/devel/net/src/gcc/git/gcc/libstdc++-v3/testsuite/libstdc++-dg/conformance.exp.
WARNING: tcl error sourcing /export/devel/net/src/gcc/git/gcc/libstdc++-v3/testsuite/libstdc++-dg/conformance.exp. program timed out.
ERROR: tcl error sourcing /export/devel/net/src/gcc/git/gcc/libstdc++-v3/testsuite/libstdc++-dg/conformance.exp.
ERROR: tcl error sourcing /export/devel/net/src/gcc/git/gcc/libstdc++-v3/testsuite/libstdc++-dg/conformance.exp.
ERROR: tcl error sourcing /export/devel/net/src/gcc/git/gcc/libstdc++-v3/testsuite/libstdc++-dg/conformance.exp.
ERROR: tcl error sourcing /export/devel/net/src/gcc/git/gcc/libstdc++-v3/testsuite/libstdc++-dg/conformance.exp.
ERROR: tcl error sourcing /export/devel/net/src/gcc/git/gcc/libstdc++-v3/testsuite/libstdc++-dg/conformance.exp.
ERROR: tcl error sourcing /export/devel/net/src/gcc/git/gcc/libstdc++-v3/testsuite/libstdc++-dg/conformance.exp.
ERROR: tcl error sourcing /export/devel/net/src/gcc/git/gcc/libstdc++-v3/testsuite/libstdc++-dg/conformance.exp.
ERROR: child process exited abnormally
ERROR: child process exited abnormally
ERROR: child process exited abnormally
ERROR: child process exited abnormally
UNRESOLVED: libstdc++-xmethods/array.cc
UNRESOLVED: libstdc++-xmethods/associative-containers.cc
UNRESOLVED: libstdc++-xmethods/list.cc
UNRESOLVED: libstdc++-xmethods/unique_ptr.cc
=== libstdc++ Summary ===
# of expected passes 28183
# of unexpected failures 195
# of expected failures 187
# of unresolved testcases 20
# of unsupported tests 768
Compiler version: 10.0.1 20200122 (experimental) (GCC)
Platform: x86_64-unknown-freebsd13.0
configure flags: --prefix=/export/devel/build/gcc/git/testbin --with-gmp=/usr/local --disable-nls --with-ld=/usr/local/bin/ld --with-as=/usr/local/bin/as --enable-multilib
More information about the Gcc-testresults
mailing list