Results for 10.0.1 20200122 (experimental) [master revision 9e16359ce8db7180264fd5f047ca137ead8356dd] (GCC) testsuite on x86_64-unknown-linux-gnu
LINARO TCWG
tcwg-buildslave@linaro.org
Thu Jan 23 01:58:00 GMT 2020
LAST_UPDATED: Thu Jan 23 00:27:33 UTC 2020 (revision 9e16359ce8db7180264fd5f047ca137ead8356dd)
Native configuration is x86_64-unknown-linux-gnu
=== gcc tests ===
Running target tcwg-local
XPASS: gcc.dg/guality/example.c -O0 execution test
XPASS: gcc.dg/guality/example.c -O1 -DPREVENT_OPTIMIZATION execution test
XPASS: gcc.dg/guality/example.c -Og -DPREVENT_OPTIMIZATION execution test
XPASS: gcc.dg/guality/guality.c -O0 execution test
XPASS: gcc.dg/guality/guality.c -O1 -DPREVENT_OPTIMIZATION execution test
XPASS: gcc.dg/guality/guality.c -O2 -DPREVENT_OPTIMIZATION execution test
XPASS: gcc.dg/guality/guality.c -O2 -flto -fno-use-linker-plugin -flto-partition=none -DPREVENT_OPTIMIZATION execution test
XPASS: gcc.dg/guality/guality.c -O2 -flto -fuse-linker-plugin -fno-fat-lto-objects -DPREVENT_OPTIMIZATION execution test
XPASS: gcc.dg/guality/guality.c -O3 -g -DPREVENT_OPTIMIZATION execution test
XPASS: gcc.dg/guality/guality.c -Os -DPREVENT_OPTIMIZATION execution test
XPASS: gcc.dg/guality/guality.c -Og -DPREVENT_OPTIMIZATION execution test
XPASS: gcc.dg/guality/inline-params.c -O2 -DPREVENT_OPTIMIZATION execution test
XPASS: gcc.dg/guality/inline-params.c -O2 -flto -fno-use-linker-plugin -flto-partition=none -DPREVENT_OPTIMIZATION execution test
XPASS: gcc.dg/guality/inline-params.c -O2 -flto -fuse-linker-plugin -fno-fat-lto-objects -DPREVENT_OPTIMIZATION execution test
XPASS: gcc.dg/guality/inline-params.c -O3 -g -DPREVENT_OPTIMIZATION execution test
XPASS: gcc.dg/guality/inline-params.c -Os -DPREVENT_OPTIMIZATION execution test
FAIL: gcc.dg/guality/loop-1.c -O3 -fomit-frame-pointer -funroll-loops -fpeel-loops -ftracer -finline-functions -DPREVENT_OPTIMIZATION line 20 i == 1
FAIL: gcc.dg/guality/pr36728-2.c -O2 -flto -fuse-linker-plugin -fno-fat-lto-objects -DPREVENT_OPTIMIZATION line 16 arg1 == 1
FAIL: gcc.dg/guality/pr36728-2.c -O2 -flto -fuse-linker-plugin -fno-fat-lto-objects -DPREVENT_OPTIMIZATION line 16 arg2 == 2
FAIL: gcc.dg/guality/pr36728-2.c -O2 -flto -fuse-linker-plugin -fno-fat-lto-objects -DPREVENT_OPTIMIZATION line 16 arg3 == 3
FAIL: gcc.dg/guality/pr36728-2.c -O2 -flto -fuse-linker-plugin -fno-fat-lto-objects -DPREVENT_OPTIMIZATION line 16 arg4 == 4
FAIL: gcc.dg/guality/pr36728-2.c -O2 -flto -fuse-linker-plugin -fno-fat-lto-objects -DPREVENT_OPTIMIZATION line 16 arg5 == 5
FAIL: gcc.dg/guality/pr36728-2.c -O2 -flto -fuse-linker-plugin -fno-fat-lto-objects -DPREVENT_OPTIMIZATION line 16 arg6 == 6
FAIL: gcc.dg/guality/pr36728-2.c -O2 -flto -fuse-linker-plugin -fno-fat-lto-objects -DPREVENT_OPTIMIZATION line 16 arg7 == 30
FAIL: gcc.dg/guality/pr36728-2.c -O2 -flto -fuse-linker-plugin -fno-fat-lto-objects -DPREVENT_OPTIMIZATION line 18 arg1 == 1
FAIL: gcc.dg/guality/pr36728-2.c -O2 -flto -fuse-linker-plugin -fno-fat-lto-objects -DPREVENT_OPTIMIZATION line 18 arg2 == 2
FAIL: gcc.dg/guality/pr36728-2.c -O2 -flto -fuse-linker-plugin -fno-fat-lto-objects -DPREVENT_OPTIMIZATION line 18 arg3 == 3
FAIL: gcc.dg/guality/pr36728-2.c -O2 -flto -fuse-linker-plugin -fno-fat-lto-objects -DPREVENT_OPTIMIZATION line 18 arg4 == 4
FAIL: gcc.dg/guality/pr36728-2.c -O2 -flto -fuse-linker-plugin -fno-fat-lto-objects -DPREVENT_OPTIMIZATION line 18 arg5 == 5
FAIL: gcc.dg/guality/pr36728-2.c -O2 -flto -fuse-linker-plugin -fno-fat-lto-objects -DPREVENT_OPTIMIZATION line 18 arg6 == 6
FAIL: gcc.dg/guality/pr36728-2.c -O2 -flto -fuse-linker-plugin -fno-fat-lto-objects -DPREVENT_OPTIMIZATION line 18 arg7 == 30
FAIL: gcc.dg/guality/pr36728-2.c -O3 -g -DPREVENT_OPTIMIZATION line 16 arg1 == 1
FAIL: gcc.dg/guality/pr36728-2.c -O3 -g -DPREVENT_OPTIMIZATION line 16 arg2 == 2
FAIL: gcc.dg/guality/pr36728-2.c -O3 -g -DPREVENT_OPTIMIZATION line 16 arg3 == 3
FAIL: gcc.dg/guality/pr36728-2.c -O3 -g -DPREVENT_OPTIMIZATION line 16 arg4 == 4
FAIL: gcc.dg/guality/pr36728-2.c -O3 -g -DPREVENT_OPTIMIZATION line 16 arg5 == 5
FAIL: gcc.dg/guality/pr36728-2.c -O3 -g -DPREVENT_OPTIMIZATION line 16 arg6 == 6
FAIL: gcc.dg/guality/pr36728-2.c -O3 -g -DPREVENT_OPTIMIZATION line 16 arg7 == 30
FAIL: gcc.dg/guality/pr36728-2.c -O3 -g -DPREVENT_OPTIMIZATION line 18 arg1 == 1
FAIL: gcc.dg/guality/pr36728-2.c -O3 -g -DPREVENT_OPTIMIZATION line 18 arg2 == 2
FAIL: gcc.dg/guality/pr36728-2.c -O3 -g -DPREVENT_OPTIMIZATION line 18 arg3 == 3
FAIL: gcc.dg/guality/pr36728-2.c -O3 -g -DPREVENT_OPTIMIZATION line 18 arg4 == 4
FAIL: gcc.dg/guality/pr36728-2.c -O3 -g -DPREVENT_OPTIMIZATION line 18 arg5 == 5
FAIL: gcc.dg/guality/pr36728-2.c -O3 -g -DPREVENT_OPTIMIZATION line 18 arg6 == 6
FAIL: gcc.dg/guality/pr36728-2.c -O3 -g -DPREVENT_OPTIMIZATION line 18 arg7 == 30
FAIL: gcc.dg/guality/pr36728-4.c -O2 -flto -fuse-linker-plugin -fno-fat-lto-objects -DPREVENT_OPTIMIZATION line 14 y == 2
FAIL: gcc.dg/guality/pr36728-4.c -O2 -flto -fuse-linker-plugin -fno-fat-lto-objects -DPREVENT_OPTIMIZATION line 16 y == 2
FAIL: gcc.dg/guality/pr36728-4.c -O3 -g -DPREVENT_OPTIMIZATION line 14 y == 2
FAIL: gcc.dg/guality/pr36728-4.c -O3 -g -DPREVENT_OPTIMIZATION line 16 y == 2
XPASS: gcc.dg/guality/pr41353-1.c -O0 line 28 j == 28 + 37
XPASS: gcc.dg/guality/pr41353-1.c -Og -DPREVENT_OPTIMIZATION line 28 j == 28 + 37
FAIL: gcc.dg/guality/pr41616-1.c -O2 -DPREVENT_OPTIMIZATION execution test
FAIL: gcc.dg/guality/pr41616-1.c -O2 -flto -fno-use-linker-plugin -flto-partition=none -DPREVENT_OPTIMIZATION execution test
FAIL: gcc.dg/guality/pr41616-1.c -O3 -g -DPREVENT_OPTIMIZATION execution test
FAIL: gcc.dg/guality/pr54519-1.c -O2 -flto -fno-use-linker-plugin -flto-partition=none -DPREVENT_OPTIMIZATION line 20 y == 25
FAIL: gcc.dg/guality/pr54519-1.c -O2 -flto -fno-use-linker-plugin -flto-partition=none -DPREVENT_OPTIMIZATION line 20 z == 6
FAIL: gcc.dg/guality/pr54519-1.c -O2 -flto -fno-use-linker-plugin -flto-partition=none -DPREVENT_OPTIMIZATION line 23 y == 117
FAIL: gcc.dg/guality/pr54519-1.c -O2 -flto -fno-use-linker-plugin -flto-partition=none -DPREVENT_OPTIMIZATION line 23 z == 8
FAIL: gcc.dg/guality/pr54519-1.c -O2 -flto -fuse-linker-plugin -fno-fat-lto-objects -DPREVENT_OPTIMIZATION line 20 y == 25
FAIL: gcc.dg/guality/pr54519-1.c -O2 -flto -fuse-linker-plugin -fno-fat-lto-objects -DPREVENT_OPTIMIZATION line 20 z == 6
FAIL: gcc.dg/guality/pr54519-1.c -O2 -flto -fuse-linker-plugin -fno-fat-lto-objects -DPREVENT_OPTIMIZATION line 23 y == 117
FAIL: gcc.dg/guality/pr54519-1.c -O2 -flto -fuse-linker-plugin -fno-fat-lto-objects -DPREVENT_OPTIMIZATION line 23 z == 8
FAIL: gcc.dg/guality/pr54519-2.c -O2 -flto -fno-use-linker-plugin -flto-partition=none -DPREVENT_OPTIMIZATION line 17 y == 25
FAIL: gcc.dg/guality/pr54519-2.c -O2 -flto -fuse-linker-plugin -fno-fat-lto-objects -DPREVENT_OPTIMIZATION line 17 y == 25
FAIL: gcc.dg/guality/pr54519-3.c -O2 -flto -fno-use-linker-plugin -flto-partition=none -DPREVENT_OPTIMIZATION line 20 y == 25
FAIL: gcc.dg/guality/pr54519-3.c -O2 -flto -fno-use-linker-plugin -flto-partition=none -DPREVENT_OPTIMIZATION line 20 z == 6
FAIL: gcc.dg/guality/pr54519-3.c -O2 -flto -fno-use-linker-plugin -flto-partition=none -DPREVENT_OPTIMIZATION line 23 y == 117
FAIL: gcc.dg/guality/pr54519-3.c -O2 -flto -fno-use-linker-plugin -flto-partition=none -DPREVENT_OPTIMIZATION line 23 z == 8
FAIL: gcc.dg/guality/pr54519-3.c -O2 -flto -fuse-linker-plugin -fno-fat-lto-objects -DPREVENT_OPTIMIZATION line 20 y == 25
FAIL: gcc.dg/guality/pr54519-3.c -O2 -flto -fuse-linker-plugin -fno-fat-lto-objects -DPREVENT_OPTIMIZATION line 20 z == 6
FAIL: gcc.dg/guality/pr54519-3.c -O2 -flto -fuse-linker-plugin -fno-fat-lto-objects -DPREVENT_OPTIMIZATION line 23 y == 117
FAIL: gcc.dg/guality/pr54519-3.c -O2 -flto -fuse-linker-plugin -fno-fat-lto-objects -DPREVENT_OPTIMIZATION line 23 z == 8
FAIL: gcc.dg/guality/pr54519-4.c -O2 -flto -fno-use-linker-plugin -flto-partition=none -DPREVENT_OPTIMIZATION line 17 y == 25
FAIL: gcc.dg/guality/pr54519-4.c -O2 -flto -fuse-linker-plugin -fno-fat-lto-objects -DPREVENT_OPTIMIZATION line 17 y == 25
FAIL: gcc.dg/guality/pr54519-5.c -O2 -flto -fno-use-linker-plugin -flto-partition=none -DPREVENT_OPTIMIZATION line 17 y == 25
FAIL: gcc.dg/guality/pr54519-5.c -O2 -flto -fuse-linker-plugin -fno-fat-lto-objects -DPREVENT_OPTIMIZATION line 17 y == 25
FAIL: gcc.dg/guality/pr54519-6.c -Os -DPREVENT_OPTIMIZATION line 11 x == 2
XPASS: gcc.dg/guality/pr54970.c -O0 line 15 a[0] == 1
XPASS: gcc.dg/guality/pr54970.c -O0 line 20 a[0] == 1
XPASS: gcc.dg/guality/pr54970.c -O0 line 25 a[0] == 1
XPASS: gcc.dg/guality/pr54970.c -O0 line 31 a[0] == 4
XPASS: gcc.dg/guality/pr54970.c -O0 line 36 a[0] == 4
XPASS: gcc.dg/guality/pr54970.c -O0 line 45 a[0] == 4
XPASS: gcc.dg/guality/pr54970.c -O0 line 45 p[-2] == 4
XPASS: gcc.dg/guality/pr54970.c -O0 line 45 q[-1] == 4
XPASS: gcc.dg/guality/pr54970.c -Og -DPREVENT_OPTIMIZATION line 15 a[0] == 1
XPASS: gcc.dg/guality/pr54970.c -Og -DPREVENT_OPTIMIZATION line 20 a[0] == 1
XPASS: gcc.dg/guality/pr54970.c -Og -DPREVENT_OPTIMIZATION line 25 a[0] == 1
XPASS: gcc.dg/guality/pr54970.c -Og -DPREVENT_OPTIMIZATION line 31 a[0] == 4
XPASS: gcc.dg/guality/pr54970.c -Og -DPREVENT_OPTIMIZATION line 36 a[0] == 4
XPASS: gcc.dg/guality/pr54970.c -Og -DPREVENT_OPTIMIZATION line 45 a[0] == 4
XPASS: gcc.dg/guality/pr54970.c -Og -DPREVENT_OPTIMIZATION line 45 p[-2] == 4
XPASS: gcc.dg/guality/pr54970.c -Og -DPREVENT_OPTIMIZATION line 45 q[-1] == 4
FAIL: gcc.dg/guality/pr56154-1.c -Og -DPREVENT_OPTIMIZATION line pr56154-1.c:20 x.a == 6
FAIL: gcc.dg/guality/pr59776.c -Og -DPREVENT_OPTIMIZATION line pr59776.c:17 s1.f == 5.0
FAIL: gcc.dg/guality/pr59776.c -Og -DPREVENT_OPTIMIZATION line pr59776.c:17 s1.g == 6.0
FAIL: gcc.dg/guality/pr59776.c -Og -DPREVENT_OPTIMIZATION line pr59776.c:17 s2.f == 0.0
FAIL: gcc.dg/guality/pr59776.c -Og -DPREVENT_OPTIMIZATION line pr59776.c:17 s2.g == 6.0
FAIL: gcc.dg/guality/pr59776.c -Og -DPREVENT_OPTIMIZATION line pr59776.c:20 s1.f == 5.0
FAIL: gcc.dg/guality/pr59776.c -Og -DPREVENT_OPTIMIZATION line pr59776.c:20 s1.g == 6.0
FAIL: gcc.dg/guality/pr59776.c -Og -DPREVENT_OPTIMIZATION line pr59776.c:20 s2.f == 5.0
FAIL: gcc.dg/guality/pr59776.c -Og -DPREVENT_OPTIMIZATION line pr59776.c:20 s2.g == 6.0
FAIL: gcc.dg/guality/pr90074.c -O2 -flto -fuse-linker-plugin -fno-fat-lto-objects -DPREVENT_OPTIMIZATION line 28 c + 1 == 2
FAIL: gcc.dg/guality/pr90074.c -O2 -flto -fuse-linker-plugin -fno-fat-lto-objects -DPREVENT_OPTIMIZATION line 28 i + 1 == 8
FAIL: gcc.dg/guality/pr90716.c -O2 -flto -fuse-linker-plugin -fno-fat-lto-objects -DPREVENT_OPTIMIZATION line 23 j + 1 == 9
FAIL: gcc.dg/guality/sra-1.c -O2 -flto -fuse-linker-plugin -fno-fat-lto-objects -DPREVENT_OPTIMIZATION line 21 a.i == 4
FAIL: gcc.dg/guality/sra-1.c -O2 -flto -fuse-linker-plugin -fno-fat-lto-objects -DPREVENT_OPTIMIZATION line 21 a.j == 14
FAIL: gcc.dg/guality/sra-1.c -O2 -flto -fuse-linker-plugin -fno-fat-lto-objects -DPREVENT_OPTIMIZATION line 32 a[0] == 4
FAIL: gcc.dg/guality/sra-1.c -O2 -flto -fuse-linker-plugin -fno-fat-lto-objects -DPREVENT_OPTIMIZATION line 32 a[1] == 14
FAIL: gcc.dg/guality/sra-1.c -O2 -flto -fuse-linker-plugin -fno-fat-lto-objects -DPREVENT_OPTIMIZATION line 43 a.i == 4
FAIL: gcc.dg/guality/sra-1.c -O2 -flto -fuse-linker-plugin -fno-fat-lto-objects -DPREVENT_OPTIMIZATION line 43 a.j == 14
FAIL: gcc.dg/guality/sra-1.c -Og -DPREVENT_OPTIMIZATION line 21 a.i == 4
FAIL: gcc.dg/guality/sra-1.c -Og -DPREVENT_OPTIMIZATION line 21 a.j == 14
FAIL: gcc.dg/guality/sra-1.c -Og -DPREVENT_OPTIMIZATION line 32 a[0] == 4
FAIL: gcc.dg/guality/sra-1.c -Og -DPREVENT_OPTIMIZATION line 32 a[1] == 14
FAIL: gcc.dg/guality/sra-1.c -Og -DPREVENT_OPTIMIZATION line 43 a.i == 4
FAIL: gcc.dg/guality/sra-1.c -Og -DPREVENT_OPTIMIZATION line 43 a.j == 14
FAIL: gcc.dg/guality/vla-1.c -O2 -flto -fuse-linker-plugin -fno-fat-lto-objects -DPREVENT_OPTIMIZATION line 24 i == 5
FAIL: gcc.dg/guality/vla-1.c -O2 -flto -fuse-linker-plugin -fno-fat-lto-objects -DPREVENT_OPTIMIZATION line 24 sizeof (a) == 17 * sizeof (short)
FAIL: gcc.dg/tree-ssa/20030920-1.c (test for excess errors)
UNRESOLVED: gcc.dg/tree-ssa/20030920-1.c compilation failed to produce executable
FAIL: gcc.dg/tree-ssa/builtin-snprintf-3.c (test for excess errors)
UNRESOLVED: gcc.dg/tree-ssa/builtin-snprintf-3.c compilation failed to produce executable
FAIL: gcc.dg/tree-ssa/builtin-sprintf-7.c (test for excess errors)
UNRESOLVED: gcc.dg/tree-ssa/builtin-sprintf-7.c compilation failed to produce executable
FAIL: gcc.dg/tree-ssa/builtin-sprintf-8.c (test for excess errors)
UNRESOLVED: gcc.dg/tree-ssa/builtin-sprintf-8.c compilation failed to produce executable
UNRESOLVED: gcc.dg/tree-ssa/forwprop-29.c compilation failed to produce executable
FAIL: gcc.dg/tree-ssa/ipa-split-3.c (test for excess errors)
UNRESOLVED: gcc.dg/tree-ssa/ipa-split-3.c compilation failed to produce executable
FAIL: gcc.dg/tree-ssa/ivopt_5.c (test for excess errors)
UNRESOLVED: gcc.dg/tree-ssa/ivopt_5.c compilation failed to produce executable
FAIL: gcc.dg/tree-ssa/loop-14.c (test for excess errors)
UNRESOLVED: gcc.dg/tree-ssa/loop-14.c compilation failed to produce executable
FAIL: gcc.dg/tree-ssa/loop-15.c (test for excess errors)
UNRESOLVED: gcc.dg/tree-ssa/loop-15.c compilation failed to produce executable
FAIL: gcc.dg/tree-ssa/loop-22.c (test for excess errors)
UNRESOLVED: gcc.dg/tree-ssa/loop-22.c compilation failed to produce executable
FAIL: gcc.dg/tree-ssa/pr20739.c (test for excess errors)
UNRESOLVED: gcc.dg/tree-ssa/pr20739.c compilation failed to produce executable
FAIL: gcc.dg/tree-ssa/pr25485.c (test for excess errors)
UNRESOLVED: gcc.dg/tree-ssa/pr25485.c compilation failed to produce executable
FAIL: gcc.dg/tree-ssa/pr25501.c (test for excess errors)
UNRESOLVED: gcc.dg/tree-ssa/pr25501.c compilation failed to produce executable
FAIL: gcc.dg/tree-ssa/pr26899.c (test for excess errors)
UNRESOLVED: gcc.dg/tree-ssa/pr26899.c compilation failed to produce executable
FAIL: gcc.dg/tree-ssa/pr77808.c (test for excess errors)
UNRESOLVED: gcc.dg/tree-ssa/pr77808.c compilation failed to produce executable
FAIL: gcc.dg/tree-ssa/pr84436-2.c (test for excess errors)
UNRESOLVED: gcc.dg/tree-ssa/pr84436-2.c compilation failed to produce executable
FAIL: gcc.dg/tree-ssa/pr84436-3.c (test for excess errors)
UNRESOLVED: gcc.dg/tree-ssa/pr84436-3.c compilation failed to produce executable
FAIL: gcc.dg/tree-ssa/pr86061.c (test for excess errors)
UNRESOLVED: gcc.dg/tree-ssa/pr86061.c compilation failed to produce executable
FAIL: gcc.dg/tree-ssa/pr87205-2.c (test for excess errors)
UNRESOLVED: gcc.dg/tree-ssa/pr87205-2.c compilation failed to produce executable
FAIL: gcc.dg/tree-ssa/pr87205.c (test for excess errors)
UNRESOLVED: gcc.dg/tree-ssa/pr87205.c compilation failed to produce executable
FAIL: gcc.dg/tree-ssa/pr87287.c (test for excess errors)
UNRESOLVED: gcc.dg/tree-ssa/pr87287.c compilation failed to produce executable
FAIL: gcc.dg/tree-ssa/ssa-dse-36.c (test for excess errors)
UNRESOLVED: gcc.dg/tree-ssa/ssa-dse-36.c compilation failed to produce executable
FAIL: gcc.dg/tree-ssa/ssa-dse-37.c (test for excess errors)
UNRESOLVED: gcc.dg/tree-ssa/ssa-dse-37.c compilation failed to produce executable
FAIL: gcc.dg/tree-ssa/ssa-dse-38.c (test for excess errors)
UNRESOLVED: gcc.dg/tree-ssa/ssa-dse-38.c compilation failed to produce executable
FAIL: gcc.dg/tree-ssa/switch-3.c (test for excess errors)
UNRESOLVED: gcc.dg/tree-ssa/switch-3.c compilation failed to produce executable
FAIL: gcc.dg/tree-ssa/upcast-1.c (test for excess errors)
UNRESOLVED: gcc.dg/tree-ssa/upcast-1.c compilation failed to produce executable
FAIL: gcc.dg/tree-ssa/vrp103.c (test for excess errors)
UNRESOLVED: gcc.dg/tree-ssa/vrp103.c compilation failed to produce executable
FAIL: gcc.dg/tree-ssa/vrp104.c (test for excess errors)
UNRESOLVED: gcc.dg/tree-ssa/vrp104.c compilation failed to produce executable
FAIL: gcc.dg/tree-ssa/vrp106.c (test for excess errors)
UNRESOLVED: gcc.dg/tree-ssa/vrp106.c compilation failed to produce executable
FAIL: gcc.dg/tree-ssa/vrp107.c (test for excess errors)
UNRESOLVED: gcc.dg/tree-ssa/vrp107.c compilation failed to produce executable
FAIL: gcc.dg/tree-ssa/vrp108.c (test for excess errors)
UNRESOLVED: gcc.dg/tree-ssa/vrp108.c compilation failed to produce executable
FAIL: gcc.dg/tree-ssa/vrp109.c (test for excess errors)
UNRESOLVED: gcc.dg/tree-ssa/vrp109.c compilation failed to produce executable
FAIL: gcc.dg/tree-ssa/vrp110.c (test for excess errors)
UNRESOLVED: gcc.dg/tree-ssa/vrp110.c compilation failed to produce executable
FAIL: gcc.dg/tree-ssa/vrp72.c execution test
FAIL: gcc.dg/tree-ssa/vrp73.c execution test
FAIL: gcc.dg/tree-ssa/vrp75.c execution test
FAIL: gcc.dg/tree-ssa/vrp97.c (test for excess errors)
UNRESOLVED: gcc.dg/tree-ssa/vrp97.c compilation failed to produce executable
FAIL: gcc.dg/tree-ssa/wholeprogram-2.c (test for excess errors)
UNRESOLVED: gcc.dg/tree-ssa/wholeprogram-2.c compilation failed to produce executable
FAIL: c-c++-common/ubsan/ptr-overflow-sanitization-1.c -O0 (test for excess errors)
UNRESOLVED: c-c++-common/ubsan/ptr-overflow-sanitization-1.c -O0 compilation failed to produce executable
FAIL: c-c++-common/ubsan/ptr-overflow-sanitization-1.c -O1 (test for excess errors)
UNRESOLVED: c-c++-common/ubsan/ptr-overflow-sanitization-1.c -O1 compilation failed to produce executable
FAIL: c-c++-common/ubsan/ptr-overflow-sanitization-1.c -O2 (test for excess errors)
UNRESOLVED: c-c++-common/ubsan/ptr-overflow-sanitization-1.c -O2 compilation failed to produce executable
FAIL: c-c++-common/ubsan/ptr-overflow-sanitization-1.c -O3 -g (test for excess errors)
UNRESOLVED: c-c++-common/ubsan/ptr-overflow-sanitization-1.c -O3 -g compilation failed to produce executable
FAIL: c-c++-common/ubsan/ptr-overflow-sanitization-1.c -Os (test for excess errors)
UNRESOLVED: c-c++-common/ubsan/ptr-overflow-sanitization-1.c -Os compilation failed to produce executable
UNRESOLVED: gcc.dg/ubsan/c-shift-1.c -O0 compilation failed to produce executable
UNRESOLVED: gcc.dg/ubsan/c-shift-1.c -O1 compilation failed to produce executable
UNRESOLVED: gcc.dg/ubsan/c-shift-1.c -O2 compilation failed to produce executable
UNRESOLVED: gcc.dg/ubsan/c-shift-1.c -O2 -flto -fno-use-linker-plugin -flto-partition=none compilation failed to produce executable
UNRESOLVED: gcc.dg/ubsan/c-shift-1.c -O2 -flto -fuse-linker-plugin -fno-fat-lto-objects compilation failed to produce executable
UNRESOLVED: gcc.dg/ubsan/c-shift-1.c -O3 -g compilation failed to produce executable
UNRESOLVED: gcc.dg/ubsan/c-shift-1.c -Os compilation failed to produce executable
FAIL: gcc.target/i386/addr-space-1.c (test for excess errors)
UNRESOLVED: gcc.target/i386/addr-space-1.c compilation failed to produce executable
UNRESOLVED: gcc.target/i386/addr-space-1.c scan-assembler movl[ \\t]%gs:\\\\((%eax|%rax)\\\\), %eax
FAIL: gcc.target/i386/pr57193.c scan-assembler-times movdqa 2
UNRESOLVED: gcc.target/i386/pr68657.c compilation failed to produce executable
FAIL: gcc.target/i386/pr69225-1.c (test for excess errors)
UNRESOLVED: gcc.target/i386/pr69225-1.c compilation failed to produce executable
FAIL: gcc.target/i386/pr69225-2.c (test for excess errors)
UNRESOLVED: gcc.target/i386/pr69225-2.c compilation failed to produce executable
FAIL: gcc.target/i386/pr69225-3.c (test for excess errors)
UNRESOLVED: gcc.target/i386/pr69225-3.c compilation failed to produce executable
FAIL: gcc.target/i386/pr69225-4.c (test for excess errors)
UNRESOLVED: gcc.target/i386/pr69225-4.c compilation failed to produce executable
FAIL: gcc.target/i386/pr69225-5.c (test for excess errors)
UNRESOLVED: gcc.target/i386/pr69225-5.c compilation failed to produce executable
FAIL: gcc.target/i386/pr69225-6.c (test for excess errors)
UNRESOLVED: gcc.target/i386/pr69225-6.c compilation failed to produce executable
FAIL: gcc.target/i386/pr69225-7.c (test for excess errors)
UNRESOLVED: gcc.target/i386/pr69225-7.c compilation failed to produce executable
FAIL: gcc.target/i386/pr70062.c (test for excess errors)
UNRESOLVED: gcc.target/i386/pr70062.c compilation failed to produce executable
FAIL: gcc.target/i386/pr70355.c (test for excess errors)
UNRESOLVED: gcc.target/i386/pr70355.c compilation failed to produce executable
FAIL: gcc.target/i386/pr78451.c (test for excess errors)
UNRESOLVED: gcc.target/i386/pr78451.c compilation failed to produce executable
FAIL: gcc.target/i386/pr78691-i386.c (test for excess errors)
UNRESOLVED: gcc.target/i386/pr78691-i386.c compilation failed to produce executable
FAIL: gcc.target/i386/pr80969-1.c (internal compiler error)
FAIL: gcc.target/i386/pr80969-1.c (test for excess errors)
UNRESOLVED: gcc.target/i386/pr80969-1.c compilation failed to produce executable
FAIL: gcc.target/i386/pr80969-4.c (internal compiler error)
FAIL: gcc.target/i386/pr80969-4.c (test for excess errors)
FAIL: gcc.target/i386/pr86257.c (test for excess errors)
UNRESOLVED: gcc.target/i386/pr86257.c compilation failed to produce executable
UNRESOLVED: gcc.target/i386/pr86257.c scan-assembler data16[ \\t]*leaq
UNRESOLVED: gcc.target/i386/pr86257.c scan-assembler-not .byte[ \\t]*0x66\\n[ \\t]*leaq
FAIL: gcc.target/i386/pr87955.c (test for excess errors)
UNRESOLVED: gcc.target/i386/pr87955.c compilation failed to produce executable
FAIL: gcc.target/i386/pr88195.c (test for excess errors)
UNRESOLVED: gcc.target/i386/pr88195.c compilation failed to produce executable
FAIL: gcc.target/i386/pr88809-2.c (test for excess errors)
UNRESOLVED: gcc.target/i386/pr88809-2.c compilation failed to produce executable
UNRESOLVED: gcc.target/i386/pr88809-2.c scan-assembler (jmp|call)[ \\t]_?strlen
FAIL: gcc.target/i386/pr88809.c (test for excess errors)
UNRESOLVED: gcc.target/i386/pr88809.c compilation failed to produce executable
UNRESOLVED: gcc.target/i386/pr88809.c scan-assembler call[ \\t]_?strlen
FAIL: gcc.target/i386/vartrack-1.c (test for excess errors)
UNRESOLVED: gcc.target/i386/vartrack-1.c compilation failed to produce executable
FAIL: gcc.target/x86_64/abi/callabi/func-2b.c (test for excess errors)
UNRESOLVED: gcc.target/x86_64/abi/callabi/func-2b.c compilation failed to produce executable
FAIL: gcc.target/x86_64/abi/callabi/func-indirect-2b.c (test for excess errors)
UNRESOLVED: gcc.target/x86_64/abi/callabi/func-indirect-2b.c compilation failed to produce executable
FAIL: gcc.target/x86_64/abi/callabi/vaarg-4b.c (test for excess errors)
UNRESOLVED: gcc.target/x86_64/abi/callabi/vaarg-4b.c compilation failed to produce executable
FAIL: gcc.target/x86_64/abi/callabi/vaarg-5b.c (test for excess errors)
UNRESOLVED: gcc.target/x86_64/abi/callabi/vaarg-5b.c compilation failed to produce executable
=== gcc Summary ===
# of expected passes 152169
# of unexpected failures 154
# of unexpected successes 34
# of expected failures 714
# of unresolved testcases 76
# of unsupported tests 2311
/home/tcwg-buildslave/workspace/tcwg-buildfarm__0/_build/builds/x86_64-unknown-linux-gnu/x86_64-unknown-linux-gnu/gcc.git~master_rev_9e16359ce8db7180264fd5f047ca137ead8356dd-stage2/gcc/xgcc version 10.0.1 20200122 (experimental) [master revision 9e16359ce8db7180264fd5f047ca137ead8356dd] (GCC)
=== gfortran tests ===
Running target tcwg-local
=== gfortran Summary ===
# of expected passes 52989
# of expected failures 179
# of unsupported tests 76
/home/tcwg-buildslave/workspace/tcwg-buildfarm__0/_build/builds/x86_64-unknown-linux-gnu/x86_64-unknown-linux-gnu/gcc.git~master_rev_9e16359ce8db7180264fd5f047ca137ead8356dd-stage2/gcc/gfortran version 10.0.1 20200122 (experimental) [master revision 9e16359ce8db7180264fd5f047ca137ead8356dd] (GCC)
=== g++ tests ===
Running target tcwg-local
FAIL: g++.dg/pr80481.C -std=gnu++14 scan-assembler-not vmovaps
FAIL: g++.dg/pr80481.C -std=gnu++17 scan-assembler-not vmovaps
FAIL: g++.dg/pr80481.C -std=gnu++2a scan-assembler-not vmovaps
FAIL: g++.dg/pr80481.C -std=gnu++98 scan-assembler-not vmovaps
FAIL: g++.dg/guality/pr55665.C -O2 -flto -fno-use-linker-plugin -flto-partition=none line 23 p == 40
FAIL: g++.dg/lto/pr64076 cp_lto_pr64076_0.o-cp_lto_pr64076_1.o link, -O0 -flto -flto-partition=none -fuse-linker-plugin
FAIL: g++.dg/lto/pr64076 cp_lto_pr64076_0.o-cp_lto_pr64076_1.o link, -O0 -flto -fuse-linker-plugin -fno-fat-lto-objects
=== g++ Summary ===
# of expected passes 188948
# of unexpected failures 7
# of expected failures 693
# of unsupported tests 7529
/home/tcwg-buildslave/workspace/tcwg-buildfarm__0/_build/builds/x86_64-unknown-linux-gnu/x86_64-unknown-linux-gnu/gcc.git~master_rev_9e16359ce8db7180264fd5f047ca137ead8356dd-stage2/gcc/xg++ version 10.0.1 20200122 (experimental) [master revision 9e16359ce8db7180264fd5f047ca137ead8356dd] (GCC)
=== obj-c++ tests ===
Running target tcwg-local
=== obj-c++ Summary ===
# of expected passes 1442
# of expected failures 10
# of unsupported tests 77
/home/tcwg-buildslave/workspace/tcwg-buildfarm__0/_build/builds/x86_64-unknown-linux-gnu/x86_64-unknown-linux-gnu/gcc.git~master_rev_9e16359ce8db7180264fd5f047ca137ead8356dd-stage2/gcc/xg++ version 10.0.1 20200122 (experimental) [master revision 9e16359ce8db7180264fd5f047ca137ead8356dd] (GCC)
=== objc tests ===
Running target tcwg-local
=== objc Summary ===
# of expected passes 2777
# of expected failures 6
# of unsupported tests 68
/home/tcwg-buildslave/workspace/tcwg-buildfarm__0/_build/builds/x86_64-unknown-linux-gnu/x86_64-unknown-linux-gnu/gcc.git~master_rev_9e16359ce8db7180264fd5f047ca137ead8356dd-stage2/gcc/xgcc version 10.0.1 20200122 (experimental) [master revision 9e16359ce8db7180264fd5f047ca137ead8356dd] (GCC)
=== libatomic tests ===
Running target tcwg-local
=== libatomic Summary ===
# of expected passes 54
=== libgomp tests ===
Running target tcwg-local
=== libgomp Summary ===
# of expected passes 7661
# of expected failures 2
# of unsupported tests 425
=== libitm tests ===
Running target tcwg-local
=== libitm Summary ===
# of expected passes 42
# of expected failures 3
# of unsupported tests 1
=== libstdc++ tests ===
Running target tcwg-local
=== libstdc++ Summary ===
# of expected passes 13686
# of expected failures 92
# of unsupported tests 654
Compiler version: 10.0.1 20200122 (experimental) [master revision 9e16359ce8db7180264fd5f047ca137ead8356dd] (GCC)
Platform: x86_64-unknown-linux-gnu
configure flags: SHELL=/bin/bash --with-mpc=/home/tcwg-buildslave/workspace/tcwg-buildfarm__0/_build/builds/destdir/x86_64-unknown-linux-gnu --with-mpfr=/home/tcwg-buildslave/workspace/tcwg-buildfarm__0/_build/builds/destdir/x86_64-unknown-linux-gnu --with-gmp=/home/tcwg-buildslave/workspace/tcwg-buildfarm__0/_build/builds/destdir/x86_64-unknown-linux-gnu --with-gnu-as --with-gnu-ld --disable-libmudflap --enable-lto --enable-shared --without-included-gettext --enable-nls --with-system-zlib --disable-sjlj-exceptions --enable-gnu-unique-object --enable-linker-build-id --disable-libstdcxx-pch --enable-c99 --enable-clocale=gnu --enable-libstdcxx-debug --enable-long-long --with-cloog=no --with-ppl=no --with-isl=no --disable-multilib --enable-threads=posix --enable-multiarch --enable-libstdcxx-time=yes --enable-gnu-indirect-function --enable-checking=yes --enable-bootstrap --enable-languages=c,c++,fortran,lto,objc,obj-c++ --build=x86_64-unknown-linux-gnu --host=x86_64-unknown-linux-gnu --t
arget=x86_64-unknown-linux-gnu --prefix=/home/tcwg-buildslave/workspace/tcwg-buildfarm__0/_build/builds/destdir/x86_64-unknown-linux-gnu
More information about the Gcc-testresults
mailing list