Results for 10.0.1 20200121 (experimental) [master revision r10-6104-g51e010b5f75c] (GCC) testsuite on x86_64-apple-darwin18
Iain Sandoe
iains.gcc@gmail.com
Wed Jan 22 08:26:00 GMT 2020
LAST_UPDATED: Tue Jan 21 08:46:42 UTC 2020 (revision r10-6104-g51e010b5f75c)
=== acats tests ===
=== acats Summary ===
# of expected passes 2320
# of unexpected failures 0
Native configuration is x86_64-apple-darwin18
=== g++ tests ===
Running target unix
FAIL: c-c++-common/asan/alloca_big_alignment.c -Os output pattern test
FAIL: c-c++-common/asan/alloca_detect_custom_size.c -Os output pattern test
FAIL: c-c++-common/asan/alloca_overflow_partial.c -Os output pattern test
FAIL: c-c++-common/asan/alloca_overflow_right.c -Os output pattern test
FAIL: c-c++-common/asan/alloca_underflow_left.c -Os output pattern test
FAIL: c-c++-common/asan/memcmp-1.c -O0 output pattern test
FAIL: c-c++-common/asan/memcmp-1.c -O1 output pattern test
FAIL: c-c++-common/asan/memcmp-1.c -O2 output pattern test
FAIL: c-c++-common/asan/memcmp-1.c -O2 -flto output pattern test
FAIL: c-c++-common/asan/memcmp-1.c -O2 -flto -flto-partition=none output pattern test
FAIL: c-c++-common/asan/memcmp-1.c -O3 -g output pattern test
FAIL: c-c++-common/asan/memcmp-1.c -Os output pattern test
FAIL: g++.dg/ipa/pr67056.C scan-ipa-dump cp "Speculative outer type:struct CompositeClass"
FAIL: g++.dg/pr80481.C -std=gnu++14 scan-assembler-not vmovaps
FAIL: g++.dg/pr80481.C -std=gnu++17 scan-assembler-not vmovaps
FAIL: g++.dg/pr80481.C -std=gnu++2a scan-assembler-not vmovaps
FAIL: g++.dg/pr80481.C -std=gnu++98 scan-assembler-not vmovaps
FAIL: g++.dg/lto/pr65276 cp_lto_pr65276_0.o-cp_lto_pr65276_1.o link, -flto -O0 -std=c++11
FAIL: g++.dg/lto/pr65549 cp_lto_pr65549_0.o-cp_lto_pr65549_0.o link, -std=gnu++14 -flto -g -O2 -fno-inline -flto-partition=max -Wno-return-type
FAIL: g++.dg/lto/pr89335 cp_lto_pr89335_0.o assemble, -O2 -flto -Wsuggest-final-methods
FAIL: g++.dg/tree-prof/pr57451.C compilation, -fprofile-generate -D_PROFILE_GENERATE
UNRESOLVED: g++.dg/tree-prof/pr57451.C compilation, -fprofile-use -D_PROFILE_USE
UNRESOLVED: g++.dg/tree-prof/pr57451.C execution, -fprofile-generate -D_PROFILE_GENERATE
UNRESOLVED: g++.dg/tree-prof/pr57451.C execution, -fprofile-use -D_PROFILE_USE
FAIL: g++.dg/tree-prof/pr63581.C compilation, -fprofile-generate -D_PROFILE_GENERATE
UNRESOLVED: g++.dg/tree-prof/pr63581.C compilation, -fprofile-use -D_PROFILE_USE
UNRESOLVED: g++.dg/tree-prof/pr63581.C execution, -fprofile-generate -D_PROFILE_GENERATE
UNRESOLVED: g++.dg/tree-prof/pr63581.C execution, -fprofile-use -D_PROFILE_USE
FAIL: g++.old-deja/g++.law/profile1.C -std=gnu++14 execution test
FAIL: g++.old-deja/g++.law/profile1.C -std=gnu++17 execution test
FAIL: g++.old-deja/g++.law/profile1.C -std=gnu++2a execution test
FAIL: g++.old-deja/g++.law/profile1.C -std=gnu++98 execution test
=== g++ Summary ===
# of expected passes 183087
# of unexpected failures 26
# of expected failures 713
# of unresolved testcases 6
# of unsupported tests 8069
/scratch/10-14-moj/gcc-trunk/gcc/xg++ version 10.0.1 20200121 (experimental) [master revision r10-6104-g51e010b5f75c] (GCC)
=== gcc tests ===
Running target unix
FAIL: gcc.dg/analyzer/abort.c (test for warnings, line 71)
FAIL: gcc.dg/analyzer/abort.c (test for excess errors)
FAIL: gcc.dg/analyzer/malloc-1.c (test for warnings, line 416)
FAIL: gcc.dg/analyzer/malloc-1.c (test for warnings, line 417)
FAIL: gcc.dg/analyzer/malloc-1.c (test for warnings, line 424)
FAIL: gcc.dg/analyzer/malloc-1.c (test for warnings, line 428)
FAIL: gcc.dg/analyzer/setjmp-2.c (test for excess errors)
FAIL: gcc.dg/analyzer/setjmp-2.c expected multiline pattern lines 38-82 not found: "\\s*NN \\| __analyzer_dump_path \\(\\);.*\\n \\| \\^~~~~~~~~~~~~~~~~~~~~~~\\n 'test_2': event 1.*\\n \\|.*\\n \\| NN \\| i = setjmp\\(env\\);.*\\n \\| \\| \\^~~~~~\\n \\| \\| \\|.*\\n \\| \\| \\(1\\) 'setjmp' called here.*\\n \\|.*\\n 'test_2': events 2-4.*\\n \\|.*\\n \\| NN \\| if \\(i != 0\\).*\\n \\| \\| \\^\\n \\| \\| \\|.*\\n \\| \\| \\(2\\) following 'false' branch \\(when 'i == 0'\\)\\.\\.\\..*\\n \\|\\.\\.\\.\\.\\.\\..*\\n \\| NN \\| longjmp \\(env, 1\\);.*\\n \\| \\| ~~~~~~~~~~~~~~~~\\n \\| \\| \\|.*\\n \\| \\| \\(3\\) \\.\\.\\.to here.*\\n \\| \\| \\(4\\) rewinding within 'test_2' from 'longjmp'\\.\\.\\..*\\n \\|.*\\n 'test_2': event 5.*\\n \\|.*\\n \\| NN \\| i = setjmp\\(env\\);.*\\n \\| \\| \\^~~~~~\\n \\| \\| \\|.*\\n \\| \\| \\(5\\) \\.\\.\\.to 'setjmp' \\(saved at \\(1\\)\\).*\\n \\|.*\\n 'test_2': events 6-8.*\\n \\|.*\\n \\| NN \\| if \\(i != 0\\).*\\n \\| \\| \\^\\n \\| \\| \\|.*\\n \\| \\| \\(6\\) following 'true' branch \\(when 'i != 0'\\)\\.\\.\\..*\\n \\| NN \\| \\{.*\\n \\| NN \\| foo \\(2\\);.*\\n \\| \\| ~~~~~~~\\n \\| \\| \\|.*\\n \\| \\| \\(7\\) \\.\\.\\.to here.*\\n \\| NN \\| __analyzer_dump_path \\(\\);.*\\n \\| \\| ~~~~~~~~~~~~~~~~~~~~~~~\\n \\| \\| \\|.*\\n \\| \\| \\(8\\) here.*\\n \\|.*\\n"
FAIL: gcc.dg/analyzer/setjmp-3.c (test for excess errors)
FAIL: gcc.dg/analyzer/setjmp-3.c expected multiline pattern lines 39-107 not found: "\\s*NN \\| __analyzer_dump_path \\(\\);.*\\n \\| \\^~~~~~~~~~~~~~~~~~~~~~~\\n 'outer': event 1.*\\n \\|.*\\n \\| NN \\| void outer \\(void\\).*\\n \\| \\| \\^~~~~\\n \\| \\| \\|.*\\n \\| \\| \\(1\\) entry to 'outer'.*\\n \\|.*\\n 'outer': event 2.*\\n \\|.*\\n \\| NN \\| i = setjmp\\(env\\);.*\\n \\| \\| \\^~~~~~\\n \\| \\| \\|.*\\n \\| \\| \\(2\\) 'setjmp' called here.*\\n \\|.*\\n 'outer': events 3-5.*\\n \\|.*\\n \\| NN \\| if \\(i != 0\\).*\\n \\| \\| \\^\\n \\| \\| \\|.*\\n \\| \\| \\(3\\) following 'false' branch \\(when 'i == 0'\\)\\.\\.\\..*\\n \\|\\.\\.\\.\\.\\.\\..*\\n \\| NN \\| foo \\(1\\);.*\\n \\| \\| ~~~~~~~\\n \\| \\| \\|.*\\n \\| \\| \\(4\\) \\.\\.\\.to here.*\\n \\| NN \\| inner \\(\\);.*\\n \\| \\| ~~~~~~~~\\n \\| \\| \\|.*\\n \\| \\| \\(5\\) calling 'inner' from 'outer'.*\\n \\|.*\\n \\+--> 'inner': events 6-7.*\\n \\|.*\\n \\| NN \\| static void inner \\(void\\).*\\n \\| \\| \\^~~~~\\n \\| \\| \\|.*\\n \\| \\| \\(6\\) entry to 'inner'.*\\n \\| NN \\| \\{.*\\n \\| NN \\| longjmp \\(env, 1\\);.*\\n \\| \\| ~~~~~~~~~~~~~~~~\\n \\| \\| \\|.*\\n \\| \\| \\(7\\) rewinding from 'longjmp' in 'inner'\\.\\.\\..*\\n \\|.*\\n <------\\+.*\\n \\|.*\\n 'outer': event 8.*\\n \\|.*\\n \\| NN \\| i = setjmp\\(env\\);.*\\n \\| \\| \\^~~~~~\\n \\| \\| \\|.*\\n \\| \\| \\(8\\) \\.\\.\\.to 'setjmp' in 'outer' \\(saved at \\(2\\)\\).*\\n \\|.*\\n 'outer': events 9-11.*\\n \\|.*\\n \\| NN \\| if \\(i != 0\\).*\\n \\| \\| \\^\\n \\| \\| \\|.*\\n \\| \\| \\(9\\) following 'true' branch \\(when 'i != 0'\\)\\.\\.\\..*\\n \\| NN \\| \\{.*\\n \\| NN \\| foo \\(2\\);.*\\n \\| \\| ~~~~~~~\\n \\| \\| \\|.*\\n \\| \\| \\(10\\) \\.\\.\\.to here.*\\n \\| NN \\| __analyzer_dump_path \\(\\);.*\\n \\| \\| ~~~~~~~~~~~~~~~~~~~~~~~\\n \\| \\| \\|.*\\n \\| \\| \\(11\\) here.*\\n \\|.*\\n"
FAIL: gcc.dg/analyzer/setjmp-4.c (test for excess errors)
FAIL: gcc.dg/analyzer/setjmp-4.c expected multiline pattern lines 34-107 not found: "\\s*NN \\| __analyzer_dump_path \\(\\);.*\\n \\| \\^~~~~~~~~~~~~~~~~~~~~~~\\n 'main': event 1.*\\n \\|.*\\n \\| NN \\| int main \\(void\\).*\\n \\| \\| \\^~~~\\n \\| \\| \\|.*\\n \\| \\| \\(1\\) entry to 'main'.*\\n \\|.*\\n 'main': event 2.*\\n \\|.*\\n \\| NN \\| if \\(!setjmp\\(buf\\)\\).*\\n \\| \\| \\^~~~~~\\n \\| \\| \\|.*\\n \\| \\| \\(2\\) 'setjmp' called here.*\\n \\|.*\\n 'main': events 3-5.*\\n \\|.*\\n \\| NN \\| if \\(!setjmp\\(buf\\)\\).*\\n \\| \\| \\^\\n \\| \\| \\|.*\\n \\| \\| \\(3\\) following 'true' branch\\.\\.\\..*\\n \\| NN \\| outer \\(42\\);.*\\n \\| \\| ~~~~~~~~~~\\n \\| \\| \\|.*\\n \\| \\| \\(4\\) \\.\\.\\.to here.*\\n \\| \\| \\(5\\) calling 'outer' from 'main'.*\\n \\|.*\\n \\+--> 'outer': events 6-7.*\\n \\|.*\\n \\| NN \\| void outer \\(int y\\).*\\n \\| \\| \\^~~~~\\n \\| \\| \\|.*\\n \\| \\| \\(6\\) entry to 'outer'.*\\n \\|\\.\\.\\.\\.\\.\\..*\\n \\| NN \\| inner \\(y\\);.*\\n \\| \\| ~~~~~~~~~\\n \\| \\| \\|.*\\n \\| \\| \\(7\\) calling 'inner' from 'outer'.*\\n \\|.*\\n \\+--> 'inner': events 8-9.*\\n \\|.*\\n \\| NN \\| void inner \\(int x\\).*\\n \\| \\| \\^~~~~\\n \\| \\| \\|.*\\n \\| \\| \\(8\\) entry to 'inner'.*\\n \\|\\.\\.\\.\\.\\.\\..*\\n \\| NN \\| longjmp \\(buf, 1\\);.*\\n \\| \\| ~~~~~~~~~~~~~~~~\\n \\| \\| \\|.*\\n \\| \\| \\(9\\) rewinding from 'longjmp' in 'inner'\\.\\.\\..*\\n \\|.*\\n <-------------\\+.*\\n \\|.*\\n 'main': event 10.*\\n \\|.*\\n \\| NN \\| if \\(!setjmp\\(buf\\)\\).*\\n \\| \\| \\^~~~~~\\n \\| \\| \\|.*\\n \\| \\| \\(10\\) \\.\\.\\.to 'setjmp' in 'main' \\(saved at \\(2\\)\\).*\\n \\|.*\\n 'main': events 11-13.*\\n \\|.*\\n \\| NN \\| if \\(!setjmp\\(buf\\)\\).*\\n \\| \\| \\^\\n \\| \\| \\|.*\\n \\| \\| \\(11\\) following 'false' branch\\.\\.\\..*\\n \\|\\.\\.\\.\\.\\.\\..*\\n \\| NN \\| __analyzer_dump_path \\(\\);.*\\n \\| \\| ~~~~~~~~~~~~~~~~~~~~~~~\\n \\| \\| \\|.*\\n \\| \\| \\(12\\) \\.\\.\\.to here.*\\n \\| \\| \\(13\\) here.*\\n \\|.*\\n"
FAIL: gcc.dg/analyzer/setjmp-5.c (test for warnings, line 21)
FAIL: gcc.dg/analyzer/setjmp-5.c expected multiline pattern lines 25-66 not found: "\\s*NN \\| longjmp \\(env, 42\\);.*\\n \\| \\^~~~~~~~~~~~~~~~~\\n 'outer': events 1-2.*\\n \\|.*\\n \\| NN \\| void outer \\(void\\).*\\n \\| \\| \\^~~~~\\n \\| \\| \\|.*\\n \\| \\| \\(1\\) entry to 'outer'.*\\n \\|\\.\\.\\.\\.\\.\\..*\\n \\| NN \\| inner \\(\\);.*\\n \\| \\| ~~~~~~~~\\n \\| \\| \\|.*\\n \\| \\| \\(2\\) calling 'inner' from 'outer'.*\\n \\|.*\\n \\+--> 'inner': event 3.*\\n \\|.*\\n \\| NN \\| static void inner \\(void\\).*\\n \\| \\| \\^~~~~\\n \\| \\| \\|.*\\n \\| \\| \\(3\\) entry to 'inner'.*\\n \\|.*\\n 'inner': event 4.*\\n \\|.*\\n \\| NN \\| setjmp \\(env\\);.*\\n \\| \\| \\^~~~~~\\n \\| \\| \\|.*\\n \\| \\| \\(4\\) 'setjmp' called here.*\\n \\|.*\\n <------\\+.*\\n \\|.*\\n 'outer': events 5-6.*\\n \\|.*\\n \\| NN \\| inner \\(\\);.*\\n \\| \\| \\^~~~~~~~\\n \\| \\| \\|.*\\n \\| \\| \\(5\\) returning to 'outer' from 'inner'.*\\n \\| NN \\| .*\\n \\| NN \\| longjmp \\(env, 42\\);.*\\n \\| \\| ~~~~~~~~~~~~~~~~~\\n \\| \\| \\|.*\\n \\| \\| \\(6\\) here.*\\n \\|.*\\n"
FAIL: gcc.dg/analyzer/setjmp-6.c (test for warnings, line 11)
FAIL: gcc.dg/analyzer/setjmp-6.c (test for warnings, line 12)
FAIL: gcc.dg/analyzer/setjmp-7.c (test for warnings, line 11)
FAIL: gcc.dg/analyzer/setjmp-7.c (test for warnings, line 16)
FAIL: gcc.dg/analyzer/setjmp-7a.c (test for warnings, line 13)
FAIL: gcc.dg/analyzer/setjmp-7a.c expected multiline pattern lines 41-110 not found: "\\s*NN \\| longjmp \\(env, 1\\);.*\\n \\| \\^~~~~~~~~~~~~~~~\\n 'outer': event 1.*\\n \\|.*\\n \\| NN \\| void outer \\(void\\).*\\n \\| \\| \\^~~~~\\n \\| \\| \\|.*\\n \\| \\| \\(1\\) entry to 'outer'.*\\n \\|.*\\n 'outer': event 2.*\\n \\|.*\\n \\| NN \\| i = setjmp\\(env\\);.*\\n \\| \\| \\^~~~~~\\n \\| \\| \\|.*\\n \\| \\| \\(2\\) 'setjmp' called here.*\\n \\|.*\\n 'outer': events 3-5.*\\n \\|.*\\n \\| NN \\| if \\(i == 0\\).*\\n \\| \\| \\^\\n \\| \\| \\|.*\\n \\| \\| \\(3\\) following 'true' branch \\(when 'i == 0'\\)\\.\\.\\..*\\n \\| NN \\| \\{.*\\n \\| NN \\| foo \\(1\\);.*\\n \\| \\| ~~~~~~~\\n \\| \\| \\|.*\\n \\| \\| \\(4\\) \\.\\.\\.to here.*\\n \\| NN \\| middle \\(\\);.*\\n \\| \\| ~~~~~~~~~\\n \\| \\| \\|.*\\n \\| \\| \\(5\\) calling 'middle' from 'outer'.*\\n \\|.*\\n \\+--> 'middle': events 6-8.*\\n \\|.*\\n \\| NN \\| static void middle \\(void\\).*\\n \\| \\| \\^~~~~~\\n \\| \\| \\|.*\\n \\| \\| \\(6\\) entry to 'middle'.*\\n \\| NN \\| \\{.*\\n \\| NN \\| void \\*ptr = malloc \\(1024\\);.*\\n \\| \\| ~~~~~~~~~~~~~\\n \\| \\| \\|.*\\n \\| \\| \\(7\\) allocated here.*\\n \\| NN \\| inner \\(\\);.*\\n \\| \\| ~~~~~~~~ .*\\n \\| \\| \\|.*\\n \\| \\| \\(8\\) calling 'inner' from 'middle'.*\\n \\|.*\\n \\+--> 'inner': events 9-11.*\\n \\|.*\\n \\| NN \\| static void inner \\(void\\).*\\n \\| \\| \\^~~~~\\n \\| \\| \\|.*\\n \\| \\| \\(9\\) entry to 'inner'.*\\n \\| NN \\| \\{.*\\n \\| NN \\| longjmp \\(env, 1\\);.*\\n \\| \\| ~~~~~~~~~~~~~~~~\\n \\| \\| \\|.*\\n \\| \\| \\(10\\) 'ptr' leaks here; was allocated at \\(7\\).*\\n \\| \\| \\(11\\) rewinding from 'longjmp' in 'inner'\\.\\.\\..*\\n \\|.*\\n <-------------\\+.*\\n \\|.*\\n 'outer': event 12.*\\n \\|.*\\n \\| NN \\| i = setjmp\\(env\\);.*\\n \\| \\| \\^~~~~~\\n \\| \\| \\|.*\\n \\| \\| \\(12\\) \\.\\.\\.to 'setjmp' in 'outer' \\(saved at \\(2\\)\\).*\\n \\|.*\\n"
FAIL: gcc.dg/analyzer/setjmp-8.c (test for excess errors)
FAIL: gcc.dg/analyzer/setjmp-8.c expected multiline pattern lines 40-108 not found: "\\s*NN \\| __analyzer_dump_path \\(\\);.*\\n \\| \\^~~~~~~~~~~~~~~~~~~~~~~\\n 'outer': event 1.*\\n \\|.*\\n \\| NN \\| void outer \\(void\\).*\\n \\| \\| \\^~~~~\\n \\| \\| \\|.*\\n \\| \\| \\(1\\) entry to 'outer'.*\\n \\|.*\\n 'outer': event 2.*\\n \\|.*\\n \\| NN \\| i = setjmp\\(env\\);.*\\n \\| \\| \\^~~~~~\\n \\| \\| \\|.*\\n \\| \\| \\(2\\) 'setjmp' called here.*\\n \\|.*\\n 'outer': events 3-5.*\\n \\|.*\\n \\| NN \\| if \\(i != 0\\).*\\n \\| \\| \\^\\n \\| \\| \\|.*\\n \\| \\| \\(3\\) following 'false' branch \\(when 'i == 0'\\)\\.\\.\\..*\\n \\|\\.\\.\\.\\.\\.\\..*\\n \\| NN \\| foo \\(1\\);.*\\n \\| \\| ~~~~~~~\\n \\| \\| \\|.*\\n \\| \\| \\(4\\) \\.\\.\\.to here.*\\n \\| NN \\| inner \\(\\);.*\\n \\| \\| ~~~~~~~~\\n \\| \\| \\|.*\\n \\| \\| \\(5\\) calling 'inner' from 'outer'.*\\n \\|.*\\n \\+--> 'inner': events 6-7.*\\n \\|.*\\n \\| NN \\| static void inner \\(void\\).*\\n \\| \\| \\^~~~~\\n \\| \\| \\|.*\\n \\| \\| \\(6\\) entry to 'inner'.*\\n \\|\\.\\.\\.\\.\\.\\..*\\n \\| NN \\| longjmp \\(env, 0\\);.*\\n \\| \\| ~~~~~~~~~~~~~~~~\\n \\| \\| \\|.*\\n \\| \\| \\(7\\) rewinding from 'longjmp' in 'inner'\\.\\.\\..*\\n \\|.*\\n <------\\+.*\\n \\|.*\\n 'outer': event 8.*\\n \\|.*\\n \\| NN \\| i = setjmp\\(env\\);.*\\n \\| \\| \\^~~~~~\\n \\| \\| \\|.*\\n \\| \\| \\(8\\) \\.\\.\\.to 'setjmp' in 'outer' \\(saved at \\(2\\)\\).*\\n \\|.*\\n 'outer': events 9-11.*\\n \\|.*\\n \\| NN \\| if \\(i != 0\\).*\\n \\| \\| \\^\\n \\| \\| \\|.*\\n \\| \\| \\(9\\) following 'true' branch \\(when 'i != 0'\\)\\.\\.\\..*\\n \\| NN \\| \\{.*\\n \\| NN \\| foo \\(2\\);.*\\n \\| \\| ~~~~~~~\\n \\| \\| \\|.*\\n \\| \\| \\(10\\) \\.\\.\\.to here.*\\n \\| NN \\| __analyzer_dump_path \\(\\);.*\\n \\| \\| ~~~~~~~~~~~~~~~~~~~~~~~\\n \\| \\| \\|.*\\n \\| \\| \\(11\\) here.*\\n \\|.*\\n"
FAIL: gcc.dg/analyzer/setjmp-9.c (test for excess errors)
FAIL: gcc.dg/analyzer/setjmp-9.c expected multiline pattern lines 42-110 not found: "\\s*NN \\| __analyzer_dump_path \\(\\);.*\\n \\| \\^~~~~~~~~~~~~~~~~~~~~~~\\n 'outer': event 1.*\\n \\|.*\\n \\| NN \\| void outer \\(void\\).*\\n \\| \\| \\^~~~~\\n \\| \\| \\|.*\\n \\| \\| \\(1\\) entry to 'outer'.*\\n \\|.*\\n 'outer': event 2.*\\n \\|.*\\n \\| NN \\| i = setjmp\\(env\\);.*\\n \\| \\| \\^~~~~~\\n \\| \\| \\|.*\\n \\| \\| \\(2\\) 'setjmp' called here.*\\n \\|.*\\n 'outer': events 3-5.*\\n \\|.*\\n \\| NN \\| if \\(i != 0\\).*\\n \\| \\| \\^\\n \\| \\| \\|.*\\n \\| \\| \\(3\\) following 'false' branch \\(when 'i == 0'\\)\\.\\.\\..*\\n \\|\\.\\.\\.\\.\\.\\..*\\n \\| NN \\| foo \\(1\\);.*\\n \\| \\| ~~~~~~~\\n \\| \\| \\|.*\\n \\| \\| \\(4\\) \\.\\.\\.to here.*\\n \\| NN \\| inner \\(\\);.*\\n \\| \\| ~~~~~~~~\\n \\| \\| \\|.*\\n \\| \\| \\(5\\) calling 'inner' from 'outer'.*\\n \\|.*\\n \\+--> 'inner': events 6-7.*\\n \\|.*\\n \\| NN \\| static void inner \\(void\\).*\\n \\| \\| \\^~~~~\\n \\| \\| \\|.*\\n \\| \\| \\(6\\) entry to 'inner'.*\\n \\|\\.\\.\\.\\.\\.\\..*\\n \\| NN \\| longjmp \\(env, unknown_val\\);.*\\n \\| \\| ~~~~~~~~~~~~~~~~~~~~~~~~~~\\n \\| \\| \\|.*\\n \\| \\| \\(7\\) rewinding from 'longjmp' in 'inner'\\.\\.\\..*\\n \\|.*\\n <------\\+.*\\n \\|.*\\n 'outer': event 8.*\\n \\|.*\\n \\| NN \\| i = setjmp\\(env\\);.*\\n \\| \\| \\^~~~~~\\n \\| \\| \\|.*\\n \\| \\| \\(8\\) \\.\\.\\.to 'setjmp' in 'outer' \\(saved at \\(2\\)\\).*\\n \\|.*\\n 'outer': events 9-11.*\\n \\|.*\\n \\| NN \\| if \\(i != 0\\).*\\n \\| \\| \\^\\n \\| \\| \\|.*\\n \\| \\| \\(9\\) following 'true' branch \\(when 'i != 0'\\)\\.\\.\\..*\\n \\| NN \\| \\{.*\\n \\| NN \\| foo \\(2\\);.*\\n \\| \\| ~~~~~~~\\n \\| \\| \\|.*\\n \\| \\| \\(10\\) \\.\\.\\.to here.*\\n \\| NN \\| __analyzer_dump_path \\(\\);.*\\n \\| \\| ~~~~~~~~~~~~~~~~~~~~~~~\\n \\| \\| \\|.*\\n \\| \\| \\(11\\) here.*\\n \\|.*\\n"
FAIL: c-c++-common/asan/alloca_big_alignment.c -Os output pattern test
FAIL: c-c++-common/asan/alloca_detect_custom_size.c -Os output pattern test
FAIL: c-c++-common/asan/alloca_overflow_partial.c -Os output pattern test
FAIL: c-c++-common/asan/alloca_overflow_right.c -Os output pattern test
FAIL: c-c++-common/asan/alloca_underflow_left.c -Os output pattern test
FAIL: c-c++-common/asan/memcmp-1.c -O0 output pattern test
FAIL: c-c++-common/asan/memcmp-1.c -O1 output pattern test
FAIL: c-c++-common/asan/memcmp-1.c -O2 output pattern test
FAIL: c-c++-common/asan/memcmp-1.c -O2 -flto output pattern test
FAIL: c-c++-common/asan/memcmp-1.c -O2 -flto -flto-partition=none output pattern test
FAIL: c-c++-common/asan/memcmp-1.c -O3 -g output pattern test
FAIL: c-c++-common/asan/memcmp-1.c -Os output pattern test
FAIL: c-c++-common/asan/strncpy-overflow-1.c -O0 output pattern test
FAIL: c-c++-common/asan/strncpy-overflow-1.c -O1 (test for excess errors)
FAIL: c-c++-common/asan/strncpy-overflow-1.c -O1 output pattern test
FAIL: c-c++-common/asan/strncpy-overflow-1.c -O2 (test for excess errors)
FAIL: c-c++-common/asan/strncpy-overflow-1.c -O2 output pattern test
FAIL: c-c++-common/asan/strncpy-overflow-1.c -O2 -flto (test for excess errors)
FAIL: c-c++-common/asan/strncpy-overflow-1.c -O2 -flto output pattern test
FAIL: c-c++-common/asan/strncpy-overflow-1.c -O2 -flto -flto-partition=none (test for excess errors)
FAIL: c-c++-common/asan/strncpy-overflow-1.c -O2 -flto -flto-partition=none output pattern test
FAIL: c-c++-common/asan/strncpy-overflow-1.c -O3 -g (test for excess errors)
FAIL: c-c++-common/asan/strncpy-overflow-1.c -O3 -g output pattern test
FAIL: c-c++-common/asan/strncpy-overflow-1.c -Os (test for excess errors)
FAIL: c-c++-common/asan/strncpy-overflow-1.c -Os output pattern test
FAIL: gcc.dg/debug/dwarf2/inline4.c scan-assembler DW_TAG_inlined_subroutine[^\\\\(]*\\\\([^\\\\)]*\\\\)[^\\\\(]*\\\\(DIE \\\\(0x[0-9a-f]*\\\\) DW_TAG_formal_parameter[^\\\\(]*\\\\(DIE \\\\(0x[0-9a-f]*\\\\) DW_TAG_variable
FAIL: gcc.dg/debug/dwarf2/inline5.c scan-assembler-not \\\\(DIE \\\\(0x([0-9a-f]*)\\\\) DW_TAG_lexical_block\\\\)[^#/!@;\\\\|]*[#/!@;\\\\|]+ +[^(].*DW_TAG_lexical_block\\\\)[^#/!@;\\\\|x]*x\\\\1[^#/!@;\\\\|]*[#/!@;\\\\|] +DW_AT_abstract_origin
FAIL: gcc.dg/aru-2.c execution test
FAIL: gcc.dg/nest.c execution test
FAIL: gcc.dg/nested-func-4.c execution test
FAIL: gcc.dg/pr32450.c execution test
FAIL: gcc.dg/pr43643.c execution test
FAIL: gcc.dg/pr68766.c (internal compiler error)
FAIL: gcc.dg/pr68766.c (test for excess errors)
FAIL: gcc.dg/stack-layout-dynamic-1.c (internal compiler error)
FAIL: gcc.dg/stack-layout-dynamic-1.c (test for excess errors)
UNRESOLVED: gcc.dg/stack-layout-dynamic-1.c scan-assembler-not cfi_def_cfa_register
FAIL: gcc.dg/graphite/scop-19.c scan-tree-dump-times graphite "number of SCoPs: 0" 1
XPASS: gcc.dg/graphite/scop-21.c scan-tree-dump-times graphite "number of SCoPs: 1" 1
FAIL: gcc.dg/ipa/ipa-icf-38.c scan-ltrans-tree-dump-not optimized "Function bar"
FAIL: gcc.dg/torture/fp-int-convert-timode-3.c -O0 execution test
FAIL: gcc.dg/torture/fp-int-convert-timode-3.c -O1 execution test
FAIL: gcc.dg/torture/fp-int-convert-timode-3.c -O2 execution test
FAIL: gcc.dg/torture/fp-int-convert-timode-3.c -O2 -flto execution test
FAIL: gcc.dg/torture/fp-int-convert-timode-3.c -O2 -flto -flto-partition=none execution test
FAIL: gcc.dg/torture/fp-int-convert-timode-3.c -O3 -g execution test
FAIL: gcc.dg/torture/fp-int-convert-timode-3.c -Os execution test
FAIL: gcc.dg/torture/fp-int-convert-timode-4.c -O0 execution test
FAIL: gcc.dg/torture/fp-int-convert-timode-4.c -O1 execution test
FAIL: gcc.dg/torture/fp-int-convert-timode-4.c -O2 execution test
FAIL: gcc.dg/torture/fp-int-convert-timode-4.c -O2 -flto execution test
FAIL: gcc.dg/torture/fp-int-convert-timode-4.c -O2 -flto -flto-partition=none execution test
FAIL: gcc.dg/torture/fp-int-convert-timode-4.c -O3 -g execution test
FAIL: gcc.dg/torture/fp-int-convert-timode-4.c -Os execution test
XPASS: gcc.dg/tree-ssa/pr91091-2.c scan-tree-dump-times fre1 " = [^;]*x;" 1
XPASS: gcc.dg/tree-ssa/pr91091-2.c scan-tree-dump-times fre1 "x = " 1
XPASS: gcc.dg/tree-ssa/ssa-fre-77.c scan-tree-dump fre1 "return 1;"
FAIL: gcc.target/i386/avx512vl-vcvtpd2dq-2.c (test for excess errors)
UNRESOLVED: gcc.target/i386/avx512vl-vcvtpd2dq-2.c compilation failed to produce executable
FAIL: gcc.target/i386/avx512vl-vcvtpd2udq-2.c (test for excess errors)
UNRESOLVED: gcc.target/i386/avx512vl-vcvtpd2udq-2.c compilation failed to produce executable
FAIL: gcc.target/i386/avx512vl-vcvttpd2udq-2.c (test for excess errors)
UNRESOLVED: gcc.target/i386/avx512vl-vcvttpd2udq-2.c compilation failed to produce executable
FAIL: gcc.target/i386/avx512vl-vfpclasspd-2.c (test for excess errors)
UNRESOLVED: gcc.target/i386/avx512vl-vfpclasspd-2.c compilation failed to produce executable
FAIL: gcc.target/i386/avx512vl-vfpclassps-2.c (test for excess errors)
UNRESOLVED: gcc.target/i386/avx512vl-vfpclassps-2.c compilation failed to produce executable
FAIL: gcc.target/i386/indirect-thunk-2.c scan-assembler movq[ \\\\t]*_dispatch
FAIL: gcc.target/i386/indirect-thunk-4.c scan-assembler movq[ \\\\t]*_dispatch
FAIL: gcc.target/i386/indirect-thunk-attr-2.c scan-assembler movq[ \\\\t]*_dispatch
FAIL: gcc.target/i386/indirect-thunk-attr-4.c scan-assembler movq[ \\\\t]*_dispatch
FAIL: gcc.target/i386/indirect-thunk-attr-6.c scan-assembler movq[ \\\\t]*_dispatch
FAIL: gcc.target/i386/indirect-thunk-extern-2.c scan-assembler movq[ \\\\t]*_dispatch
FAIL: gcc.target/i386/indirect-thunk-extern-4.c scan-assembler movq[ \\\\t]*_dispatch
FAIL: gcc.target/i386/indirect-thunk-inline-2.c scan-assembler movq[ \\\\t]*_dispatch
FAIL: gcc.target/i386/indirect-thunk-inline-4.c scan-assembler movq[ \\\\t]*_dispatch
FAIL: gcc.target/i386/pr34256.c scan-assembler-times mov 5
FAIL: gcc.target/i386/pr57193.c scan-assembler-times movdqa 2
FAIL: gcc.target/i386/pr78035.c scan-assembler-times cmp 2
FAIL: gcc.target/i386/pr80969-1.c (internal compiler error)
FAIL: gcc.target/i386/pr80969-1.c (test for excess errors)
UNRESOLVED: gcc.target/i386/pr80969-1.c compilation failed to produce executable
FAIL: gcc.target/i386/pr80969-4.c (internal compiler error)
FAIL: gcc.target/i386/pr80969-4.c (test for excess errors)
FAIL: gcc.target/i386/pr92651.c scan-assembler-times sub 2
WARNING: gcc.target/i386/sse-13.c (test for excess errors) program timed out.
FAIL: gcc.target/i386/sse-13.c (test for excess errors)
WARNING: gcc.target/i386/sse-23.c (test for excess errors) program timed out.
FAIL: gcc.target/i386/sse-23.c (test for excess errors)
WARNING: gcc.target/i386/sse-24.c (test for excess errors) program timed out.
FAIL: gcc.target/i386/sse-24.c (test for excess errors)
WARNING: gcc.target/i386/sse-25.c (test for excess errors) program timed out.
FAIL: gcc.target/i386/sse-25.c (test for excess errors)
WARNING: gcc.target/i386/sse-26.c (test for excess errors) program timed out.
FAIL: gcc.target/i386/sse-26.c (test for excess errors)
WARNING: gcc.target/i386/vperm-v4sf-2.c (test for excess errors) program timed out.
FAIL: gcc.target/i386/vperm-v4sf-2.c (test for excess errors)
UNRESOLVED: gcc.target/i386/vperm-v4sf-2.c compilation failed to produce executable
WARNING: gcc.target/i386/vperm-v4si-2-sse4.c (test for excess errors) program timed out.
FAIL: gcc.target/i386/vperm-v4si-2-sse4.c (test for excess errors)
UNRESOLVED: gcc.target/i386/vperm-v4si-2-sse4.c compilation failed to produce executable
WARNING: gcc.target/i386/vperm-v4si-2.c (test for excess errors) program timed out.
FAIL: gcc.target/i386/vperm-v4si-2.c (test for excess errors)
UNRESOLVED: gcc.target/i386/vperm-v4si-2.c compilation failed to produce executable
WARNING: gcc.target/i386/vperm-v4si-2x.c (test for excess errors) program timed out.
FAIL: gcc.target/i386/vperm-v4si-2x.c (test for excess errors)
UNRESOLVED: gcc.target/i386/vperm-v4si-2x.c compilation failed to produce executable
WARNING: gcc.target/x86_64/abi/ms-sysv/ms-sysv.c -O2 "-DGEN_ARGS=-p1" (test for excess errors) program timed out.
FAIL: gcc.target/x86_64/abi/ms-sysv/ms-sysv.c -O2 "-DGEN_ARGS=-p1" (test for excess errors)
UNRESOLVED: gcc.target/x86_64/abi/ms-sysv/ms-sysv.c -O2 "-DGEN_ARGS=-p1" compilation failed to produce executable
WARNING: gcc.target/x86_64/abi/ms-sysv/ms-sysv.c -O2 "-DGEN_ARGS=-p5" (test for excess errors) program timed out.
FAIL: gcc.target/x86_64/abi/ms-sysv/ms-sysv.c -O2 "-DGEN_ARGS=-p5" (test for excess errors)
UNRESOLVED: gcc.target/x86_64/abi/ms-sysv/ms-sysv.c -O2 "-DGEN_ARGS=-p5" compilation failed to produce executable
WARNING: gcc.target/x86_64/abi/ms-sysv/ms-sysv.c -mcall-ms2sysv-xlogues -O2 "-DGEN_ARGS=-p5" (test for excess errors) program timed out.
FAIL: gcc.target/x86_64/abi/ms-sysv/ms-sysv.c -mcall-ms2sysv-xlogues -O2 "-DGEN_ARGS=-p5" (test for excess errors)
UNRESOLVED: gcc.target/x86_64/abi/ms-sysv/ms-sysv.c -mcall-ms2sysv-xlogues -O2 "-DGEN_ARGS=-p5" compilation failed to produce executable
=== gcc Summary ===
# of expected passes 142980
# of unexpected failures 110
# of unexpected successes 4
# of expected failures 662
# of unresolved testcases 14
# of unsupported tests 2892
/scratch/10-14-moj/gcc-trunk/gcc/xgcc version 10.0.1 20200121 (experimental) [master revision r10-6104-g51e010b5f75c] (GCC)
=== gfortran tests ===
Running target unix
WARNING: gfortran.dg/minlocval_3.f90 -O3 -fomit-frame-pointer -funroll-loops -fpeel-loops -ftracer -finline-functions (test for excess errors) program timed out.
FAIL: gfortran.dg/minlocval_3.f90 -O3 -fomit-frame-pointer -funroll-loops -fpeel-loops -ftracer -finline-functions (test for excess errors)
UNRESOLVED: gfortran.dg/minlocval_3.f90 -O3 -fomit-frame-pointer -funroll-loops -fpeel-loops -ftracer -finline-functions compilation failed to produce executable
WARNING: gfortran.dg/minlocval_3.f90 -O3 -g (test for excess errors) program timed out.
FAIL: gfortran.dg/minlocval_3.f90 -O3 -g (test for excess errors)
UNRESOLVED: gfortran.dg/minlocval_3.f90 -O3 -g compilation failed to produce executable
=== gfortran Summary ===
# of expected passes 52920
# of unexpected failures 2
# of expected failures 189
# of unresolved testcases 2
# of unsupported tests 81
/scratch/10-14-moj/gcc-trunk/gcc/gfortran version 10.0.1 20200121 (experimental) [master revision r10-6104-g51e010b5f75c] (GCC)
=== gnat tests ===
Running target unix
FAIL: gnat.dg/bias1.adb scan-assembler DW_AT_GNU_bias
WARNING: gnat.dg/lto21.adb (test for excess errors) program timed out.
FAIL: gnat.dg/lto21.adb (test for excess errors)
=== gnat Summary ===
# of expected passes 3268
# of unexpected failures 2
# of expected failures 23
# of unsupported tests 13
/scratch/10-14-moj/gcc-trunk/gcc/gnatmake version 10.0.1 20200121 (experimental) [master revision r10-6104-g51e010b5f75c]
=== obj-c++ tests ===
Running target unix
FAIL: obj-c++.dg/bitfield-2.mm -fnext-runtime execution test
FAIL: obj-c++.dg/gnu-api-2-objc.mm -fnext-runtime execution test
FAIL: obj-c++.dg/try-catch-2.mm -fnext-runtime execution test
FAIL: obj-c++.dg/try-catch-9.mm -fnext-runtime execution test
FAIL: obj-c++.dg/plugin/diagnostic-test-expressions-1.mm -fplugin=./diagnostic_plugin_test_tree_expression_range.so (test for warnings, line 60)
FAIL: obj-c++.dg/plugin/diagnostic-test-expressions-1.mm -fplugin=./diagnostic_plugin_test_tree_expression_range.so (test for warnings, line 68)
FAIL: obj-c++.dg/plugin/diagnostic-test-expressions-1.mm -fplugin=./diagnostic_plugin_test_tree_expression_range.so expected multiline pattern lines 62-63 not found: " __emit_expression_range \\( 0, @selector\\(func0\\) \\);.*\\n \\^~~~~~~~~~~~~~~~\\n"
FAIL: obj-c++.dg/plugin/diagnostic-test-expressions-1.mm -fplugin=./diagnostic_plugin_test_tree_expression_range.so expected multiline pattern lines 70-71 not found: " __emit_expression_range \\( 0, @protocol\\(prot\\) \\);.*\\n \\^~~~~~~~~~~~~~~\\n"
FAIL: obj-c++.dg/plugin/diagnostic-test-expressions-1.mm -fplugin=./diagnostic_plugin_test_tree_expression_range.so (test for excess errors)
FAIL: obj-c++.dg/property/synthesize-10.mm -fnext-runtime execution test
=== obj-c++ Summary ===
# of expected passes 3046
# of unexpected failures 10
# of expected failures 18
# of unsupported tests 70
/scratch/10-14-moj/gcc-trunk/gcc/xg++ version 10.0.1 20200121 (experimental) [master revision r10-6104-g51e010b5f75c] (GCC)
=== objc tests ===
Running target unix
FAIL: objc.dg/call-super-2.m -fnext-runtime (test for warnings, line 104)
FAIL: objc.dg/call-super-2.m -fnext-runtime (test for warnings, line 74)
FAIL: objc.dg/category-1.m -fnext-runtime execution test
FAIL: objc.dg/exceptions-2.m -fnext-runtime execution test
FAIL: objc.dg/gnu-api-2-objc.m -fnext-runtime execution test
FAIL: objc.dg/super-class-3.m -fnext-runtime execution test
FAIL: objc.dg/plugin/diagnostic-test-expressions-1.m -fplugin=./diagnostic_plugin_test_tree_expression_range.so (test for warnings, line 60)
FAIL: objc.dg/plugin/diagnostic-test-expressions-1.m -fplugin=./diagnostic_plugin_test_tree_expression_range.so (test for warnings, line 68)
FAIL: objc.dg/plugin/diagnostic-test-expressions-1.m -fplugin=./diagnostic_plugin_test_tree_expression_range.so expected multiline pattern lines 62-63 not found: " __emit_expression_range \\( 0, @selector\\(func0\\) \\);.*\\n \\^~~~~~~~~~~~~~~~\\n"
FAIL: objc.dg/plugin/diagnostic-test-expressions-1.m -fplugin=./diagnostic_plugin_test_tree_expression_range.so expected multiline pattern lines 70-71 not found: " __emit_expression_range \\( 0, @protocol\\(prot\\) \\);.*\\n ~~~~~~~~~~~~~~~\\n"
FAIL: objc.dg/plugin/diagnostic-test-expressions-1.m -fplugin=./diagnostic_plugin_test_tree_expression_range.so (test for excess errors)
FAIL: objc.dg/torture/forward-1.m -O0 -fnext-runtime execution test
FAIL: objc.dg/torture/forward-1.m -O1 -fnext-runtime execution test
FAIL: objc.dg/torture/forward-1.m -O2 -fnext-runtime execution test
FAIL: objc.dg/torture/forward-1.m -O2 -flto -fnext-runtime execution test
FAIL: objc.dg/torture/forward-1.m -O2 -flto -flto-partition=none -fnext-runtime execution test
FAIL: objc.dg/torture/forward-1.m -O3 -fomit-frame-pointer -funroll-loops -fpeel-loops -ftracer -finline-functions -fnext-runtime execution test
FAIL: objc.dg/torture/forward-1.m -O3 -g -fnext-runtime execution test
FAIL: objc.dg/torture/forward-1.m -Os -fnext-runtime execution test
=== objc Summary ===
# of expected passes 5487
# of unexpected failures 19
# of expected failures 7
# of unsupported tests 88
/scratch/10-14-moj/gcc-trunk/gcc/xgcc version 10.0.1 20200121 (experimental) [master revision r10-6104-g51e010b5f75c] (GCC)
=== libatomic tests ===
Running target unix
=== libatomic Summary ===
# of expected passes 54
=== libgomp tests ===
Running target unix
WARNING: program timed out
FAIL: libgomp.c/../libgomp.c-c++-common/for-11.c (test for excess errors)
UNRESOLVED: libgomp.c/../libgomp.c-c++-common/for-11.c compilation failed to produce executable
WARNING: program timed out
FAIL: libgomp.c/../libgomp.c-c++-common/for-5.c (test for excess errors)
UNRESOLVED: libgomp.c/../libgomp.c-c++-common/for-5.c compilation failed to produce executable
WARNING: program timed out
FAIL: libgomp.c++/../libgomp.c-c++-common/for-11.c (test for excess errors)
UNRESOLVED: libgomp.c++/../libgomp.c-c++-common/for-11.c compilation failed to produce executable
WARNING: program timed out
FAIL: libgomp.c++/../libgomp.c-c++-common/for-5.c (test for excess errors)
UNRESOLVED: libgomp.c++/../libgomp.c-c++-common/for-5.c compilation failed to produce executable
WARNING: program timed out.
FAIL: libgomp.c++/task-reduction-10.C execution test
FAIL: libgomp.fortran/examples-4/simd-3.f90 -Os execution test
=== libgomp Summary ===
# of expected passes 7692
# of unexpected failures 6
# of expected failures 4
# of unresolved testcases 4
# of unsupported tests 427
=== libitm tests ===
Running target unix
=== libitm Summary ===
# of expected passes 40
# of expected failures 3
# of unsupported tests 2
=== libstdc++ tests ===
Running target unix
=== libstdc++ Summary ===
# of expected passes 12532
# of expected failures 92
# of unsupported tests 758
Compiler version: 10.0.1 20200121 (experimental) [master revision r10-6104-g51e010b5f75c] (GCC)
Platform: x86_64-apple-darwin18
configure flags: --prefix=/opt/iains/x86_64-apple-darwin18/gcc-10-0-0 --target=x86_64-apple-darwin18 --host=x86_64-apple-darwin18 --build=x86_64-apple-darwin18 --with-sysroot=/opt/iains/SDKs/darwin18-3 --with-cpu=corei7 --disable-nls --enable-languages=all --enable-version-specific-runtime-libs --with-as=/XC/10.3/usr/bin/as --with-ld=/XC/10.3/usr/bin/ld --enable-checking=yes,rtl
More information about the Gcc-testresults
mailing list