Results for 10.0.1 20200117 (experimental) [master revision 507de5ee23efdc8a16d6b0b6488e118055c711cd] (GCC) testsuite on sparcv9-sun-solaris2.11
Rainer Orth
ro@CeBiTec.Uni-Bielefeld.DE
Sat Jan 18 12:52:00 GMT 2020
LAST_UPDATED: Fri Jan 17 09:51:35 UTC 2020 (revision 507de5ee23efdc8a16d6b0b6488e118055c711cd)
=== acats tests ===
=== acats Summary ===
# of expected passes 2320
# of unexpected failures 0
Native configuration is sparcv9-sun-solaris2.11
=== g++ tests ===
Running target unix
ERROR: c-c++-common/pr92833-4.c -std=c++14: expected integer but got ".3" for " dg-message 4 "expected" "expected" { target *-*-* } .3 "
ERROR: c-c++-common/pr92833-4.c -std=c++14: expected integer but got ".3" for " dg-message 4 "expected" "expected" { target *-*-* } .3 "
ERROR: c-c++-common/pr92833-4.c -std=c++17: expected integer but got ".3" for " dg-message 4 "expected" "expected" { target *-*-* } .3 "
ERROR: c-c++-common/pr92833-4.c -std=c++17: expected integer but got ".3" for " dg-message 4 "expected" "expected" { target *-*-* } .3 "
ERROR: c-c++-common/pr92833-4.c -std=c++2a: expected integer but got ".3" for " dg-message 4 "expected" "expected" { target *-*-* } .3 "
ERROR: c-c++-common/pr92833-4.c -std=c++2a: expected integer but got ".3" for " dg-message 4 "expected" "expected" { target *-*-* } .3 "
ERROR: c-c++-common/pr92833-4.c -std=c++98: expected integer but got ".3" for " dg-message 4 "expected" "expected" { target *-*-* } .3 "
ERROR: c-c++-common/pr92833-4.c -std=c++98: expected integer but got ".3" for " dg-message 4 "expected" "expected" { target *-*-* } .3 "
FAIL: g++.dg/cpp0x/std-layout1.C -std=c++2a (test for excess errors)
FAIL: g++.dg/gcov/pr16855-priority.C -std=gnu++14 gcov: 1 failures in line counts, 0 in branch percentages, 0 in return percentages, 0 in intermediate format
FAIL: g++.dg/gcov/pr16855-priority.C -std=gnu++14 line 22: is #####:should be 1
FAIL: g++.dg/gcov/pr16855-priority.C -std=gnu++17 gcov: 1 failures in line counts, 0 in branch percentages, 0 in return percentages, 0 in intermediate format
FAIL: g++.dg/gcov/pr16855-priority.C -std=gnu++17 line 22: is #####:should be 1
FAIL: g++.dg/gcov/pr16855-priority.C -std=gnu++2a gcov: 1 failures in line counts, 0 in branch percentages, 0 in return percentages, 0 in intermediate format
FAIL: g++.dg/gcov/pr16855-priority.C -std=gnu++2a line 22: is #####:should be 1
FAIL: g++.dg/gcov/pr16855-priority.C -std=gnu++98 gcov: 1 failures in line counts, 0 in branch percentages, 0 in return percentages, 0 in intermediate format
FAIL: g++.dg/gcov/pr16855-priority.C -std=gnu++98 line 22: is #####:should be 1
FAIL: g++.dg/gcov/pr16855.C -std=gnu++14 gcov: 1 failures in line counts, 0 in branch percentages, 0 in return percentages, 0 in intermediate format
FAIL: g++.dg/gcov/pr16855.C -std=gnu++14 line 24: is #####:should be 1
FAIL: g++.dg/gcov/pr16855.C -std=gnu++17 gcov: 1 failures in line counts, 0 in branch percentages, 0 in return percentages, 0 in intermediate format
FAIL: g++.dg/gcov/pr16855.C -std=gnu++17 line 24: is #####:should be 1
FAIL: g++.dg/gcov/pr16855.C -std=gnu++2a gcov: 1 failures in line counts, 0 in branch percentages, 0 in return percentages, 0 in intermediate format
FAIL: g++.dg/gcov/pr16855.C -std=gnu++2a line 24: is #####:should be 1
FAIL: g++.dg/gcov/pr16855.C -std=gnu++98 gcov: 1 failures in line counts, 0 in branch percentages, 0 in return percentages, 0 in intermediate format
FAIL: g++.dg/gcov/pr16855.C -std=gnu++98 line 24: is #####:should be 1
FAIL: g++.dg/lto/pr89335 cp_lto_pr89335_0.o assemble, -O2 -flto -Wsuggest-final-methods
=== g++ Summary for unix ===
# of expected passes 180147
# of unexpected failures 18
# of expected failures 684
# of unsupported tests 8049
Running target unix/-m32
FAIL: g++.dg/asan/default-options-1.C -O0 execution test
FAIL: g++.dg/asan/default-options-1.C -O1 execution test
FAIL: g++.dg/asan/default-options-1.C -O2 execution test
FAIL: g++.dg/asan/default-options-1.C -O2 -flto execution test
FAIL: g++.dg/asan/default-options-1.C -O2 -flto -flto-partition=none execution test
FAIL: g++.dg/asan/default-options-1.C -O3 -g execution test
FAIL: g++.dg/asan/default-options-1.C -Os execution test
ERROR: c-c++-common/pr92833-4.c -std=c++14: expected integer but got ".3" for " dg-message 4 "expected" "expected" { target *-*-* } .3 "
ERROR: c-c++-common/pr92833-4.c -std=c++14: expected integer but got ".3" for " dg-message 4 "expected" "expected" { target *-*-* } .3 "
ERROR: c-c++-common/pr92833-4.c -std=c++17: expected integer but got ".3" for " dg-message 4 "expected" "expected" { target *-*-* } .3 "
ERROR: c-c++-common/pr92833-4.c -std=c++17: expected integer but got ".3" for " dg-message 4 "expected" "expected" { target *-*-* } .3 "
ERROR: c-c++-common/pr92833-4.c -std=c++2a: expected integer but got ".3" for " dg-message 4 "expected" "expected" { target *-*-* } .3 "
ERROR: c-c++-common/pr92833-4.c -std=c++2a: expected integer but got ".3" for " dg-message 4 "expected" "expected" { target *-*-* } .3 "
ERROR: c-c++-common/pr92833-4.c -std=c++98: expected integer but got ".3" for " dg-message 4 "expected" "expected" { target *-*-* } .3 "
ERROR: c-c++-common/pr92833-4.c -std=c++98: expected integer but got ".3" for " dg-message 4 "expected" "expected" { target *-*-* } .3 "
FAIL: g++.dg/cpp0x/std-layout1.C -std=c++2a (test for excess errors)
FAIL: g++.dg/gcov/pr16855-priority.C -std=gnu++14 gcov: 1 failures in line counts, 0 in branch percentages, 0 in return percentages, 0 in intermediate format
FAIL: g++.dg/gcov/pr16855-priority.C -std=gnu++14 line 22: is #####:should be 1
FAIL: g++.dg/gcov/pr16855-priority.C -std=gnu++17 gcov: 1 failures in line counts, 0 in branch percentages, 0 in return percentages, 0 in intermediate format
FAIL: g++.dg/gcov/pr16855-priority.C -std=gnu++17 line 22: is #####:should be 1
FAIL: g++.dg/gcov/pr16855-priority.C -std=gnu++2a gcov: 1 failures in line counts, 0 in branch percentages, 0 in return percentages, 0 in intermediate format
FAIL: g++.dg/gcov/pr16855-priority.C -std=gnu++2a line 22: is #####:should be 1
FAIL: g++.dg/gcov/pr16855-priority.C -std=gnu++98 gcov: 1 failures in line counts, 0 in branch percentages, 0 in return percentages, 0 in intermediate format
FAIL: g++.dg/gcov/pr16855-priority.C -std=gnu++98 line 22: is #####:should be 1
FAIL: g++.dg/gcov/pr16855.C -std=gnu++14 gcov: 1 failures in line counts, 0 in branch percentages, 0 in return percentages, 0 in intermediate format
FAIL: g++.dg/gcov/pr16855.C -std=gnu++14 line 24: is #####:should be 1
FAIL: g++.dg/gcov/pr16855.C -std=gnu++17 gcov: 1 failures in line counts, 0 in branch percentages, 0 in return percentages, 0 in intermediate format
FAIL: g++.dg/gcov/pr16855.C -std=gnu++17 line 24: is #####:should be 1
FAIL: g++.dg/gcov/pr16855.C -std=gnu++2a gcov: 1 failures in line counts, 0 in branch percentages, 0 in return percentages, 0 in intermediate format
FAIL: g++.dg/gcov/pr16855.C -std=gnu++2a line 24: is #####:should be 1
FAIL: g++.dg/gcov/pr16855.C -std=gnu++98 gcov: 1 failures in line counts, 0 in branch percentages, 0 in return percentages, 0 in intermediate format
FAIL: g++.dg/gcov/pr16855.C -std=gnu++98 line 24: is #####:should be 1
FAIL: g++.dg/lto/pr89335 cp_lto_pr89335_0.o assemble, -O2 -flto -Wsuggest-final-methods
=== g++ Summary for unix/-m32 ===
# of expected passes 179313
# of unexpected failures 25
# of expected failures 680
# of unsupported tests 8349
=== g++ Summary ===
# of expected passes 359460
# of unexpected failures 43
# of expected failures 1364
# of unsupported tests 16398
/var/gcc/regression/master/11.5-gcc-gas-64/build/gcc/xg++ version 10.0.1 20200117 (experimental) [master revision 507de5ee23efdc8a16d6b0b6488e118055c711cd] (GCC)
=== gcc tests ===
Running target unix
FAIL: gcc.dg/analyzer/data-model-1.c (test for warnings, line 144)
FAIL: gcc.dg/analyzer/data-model-1.c (test for excess errors)
FAIL: gcc.dg/analyzer/malloc-1.c (test for excess errors)
FAIL: gcc.dg/analyzer/malloc-callbacks.c (test for warnings, line 27)
FAIL: gcc.dg/analyzer/malloc-callbacks.c (test for warnings, line 28)
FAIL: gcc.dg/analyzer/malloc-callbacks.c (test for warnings, line 34)
FAIL: gcc.dg/analyzer/malloc-callbacks.c (test for warnings, line 35)
FAIL: gcc.dg/analyzer/malloc-callbacks.c (test for warnings, line 41)
FAIL: gcc.dg/analyzer/malloc-callbacks.c (test for warnings, line 53)
FAIL: gcc.dg/analyzer/malloc-callbacks.c (test for warnings, line 54)
FAIL: gcc.dg/analyzer/malloc-callbacks.c (test for warnings, line 62)
FAIL: gcc.dg/analyzer/malloc-callbacks.c (test for warnings, line 64)
FAIL: gcc.dg/analyzer/malloc-callbacks.c (test for excess errors)
FAIL: gcc.dg/analyzer/malloc-paths-8.c (test for excess errors)
FAIL: gcc.dg/analyzer/sensitive-1.c (test for excess errors)
FAIL: gcc.dg/analyzer/setjmp-2.c (test for excess errors)
FAIL: gcc.dg/analyzer/setjmp-2.c expected multiline pattern lines 38-82 not found: "\\s*NN \\| __analyzer_dump_path \\(\\);.*\\n \\| \\^~~~~~~~~~~~~~~~~~~~~~~\\n 'test_2': event 1.*\\n \\|.*\\n \\| NN \\| i = setjmp\\(env\\);.*\\n \\| \\| \\^~~~~~\\n \\| \\| \\|.*\\n \\| \\| \\(1\\) 'setjmp' called here.*\\n \\|.*\\n 'test_2': events 2-4.*\\n \\|.*\\n \\| NN \\| if \\(i != 0\\).*\\n \\| \\| \\^\\n \\| \\| \\|.*\\n \\| \\| \\(2\\) following 'false' branch \\(when 'i == 0'\\)\\.\\.\\..*\\n \\|\\.\\.\\.\\.\\.\\..*\\n \\| NN \\| longjmp \\(env, 1\\);.*\\n \\| \\| ~~~~~~~~~~~~~~~~\\n \\| \\| \\|.*\\n \\| \\| \\(3\\) \\.\\.\\.to here.*\\n \\| \\| \\(4\\) rewinding within 'test_2' from 'longjmp'\\.\\.\\..*\\n \\|.*\\n 'test_2': event 5.*\\n \\|.*\\n \\| NN \\| i = setjmp\\(env\\);.*\\n
\\| \\| \\^~~~~~\\n \\| \\| \\|.*\\n \\| \\| \\(5\\) \\.\\.\\.to 'setjmp' \\(saved at \\(1\\)\\).*\\n \\|.*\\n 'test_2': events 6-8.*\\n \\|.*\\n \\| NN \\| if \\(i != 0\\).*\\n \\| \\| \\^\\n \\| \\| \\|.*\\n \\| \\| \\(6\\) following 'true' branch \\(when 'i != 0'\\)\\.\\.\\..*\\n \\| NN \\| \\{.*\\n \\| NN \\| foo \\(2\\);.*\\n \\| \\| ~~~~~~~\\n \\| \\| \\|.*\\n \\| \\| \\(7\\) \\.\\.\\.to here.*\\n \\| NN \\| __analyzer_dump_path \\(\\);.*\\n \\| \\| ~~~~~~~~~~~~~~~~~~~~~~~\\n \\| \\| \\|.*\\n \\| \\| \\(8\\) here.*\\n \\|.*\\n"
FAIL: gcc.dg/analyzer/setjmp-3.c (test for excess errors)
FAIL: gcc.dg/analyzer/setjmp-3.c expected multiline pattern lines 39-107 not found: "\\s*NN \\| __analyzer_dump_path \\(\\);.*\\n \\| \\^~~~~~~~~~~~~~~~~~~~~~~\\n 'outer': event 1.*\\n \\|.*\\n \\| NN \\| void outer \\(void\\).*\\n \\| \\| \\^~~~~\\n \\| \\| \\|.*\\n \\| \\| \\(1\\) entry to 'outer'.*\\n \\|.*\\n 'outer': event 2.*\\n \\|.*\\n \\| NN \\| i = setjmp\\(env\\);.*\\n \\| \\| \\^~~~~~\\n \\| \\| \\|.*\\n \\| \\| \\(2\\) 'setjmp' called here.*\\n \\|.*\\n 'outer': events 3-5.*\\n \\|.*\\n \\| NN \\| if \\(i != 0\\).*\\n \\| \\| \\^\\n \\| \\| \\|.*\\n \\| \\| \\(3\\) following 'false' branch \\(when 'i == 0'\\)\\.\\.\\..*\\n \\|\\.\\.\\.\\.\\.\\..*\\n \\| NN \\| foo \\(1\\);.*\\n \\| \\| ~~~~~~~\\n \\| \\| \\|.*\\n \\| \\| \\(4\\) \\.\\.\\
.to here.*\\n \\| NN \\| inner \\(\\);.*\\n \\| \\| ~~~~~~~~\\n \\| \\| \\|.*\\n \\| \\| \\(5\\) calling 'inner' from 'outer'.*\\n \\|.*\\n \\+--> 'inner': events 6-7.*\\n \\|.*\\n \\| NN \\| static void inner \\(void\\).*\\n \\| \\| \\^~~~~\\n \\| \\| \\|.*\\n \\| \\| \\(6\\) entry to 'inner'.*\\n \\| NN \\| \\{.*\\n \\| NN \\| longjmp \\(env, 1\\);.*\\n \\| \\| ~~~~~~~~~~~~~~~~\\n \\| \\| \\|.*\\n \\| \\| \\(7\\) rewinding from 'longjmp' in 'inner'\\.\\.\\..*\\n \\|.*\\n <------\\+.*\\n \\|.*\\n 'outer': event 8.*\\n \\|.*\\n \\| NN \\| i = setjmp\\(env\\);.*\\n \\| \\| \\^~~~~~\\n \\| \\| \\|.*\\n \\| \\| \\(8\\) \\.\\.\\.to 'setjmp' in 'outer' \\(saved at \\(2\\)\\).*\
\n \\|.*\\n 'outer': events 9-11.*\\n \\|.*\\n \\|!
NN \\| if \\(i != 0\\).*\\n \\| \\| \\^\\n \\| \\| \\|.*\\n \\| \\| \\(9\\) following 'true' branch \\(when 'i != 0'\\)\\.\\.\\..*\\n \\| NN \\| \\{.*\\n \\| NN \\| foo \\(2\\);.*\\n \\| \\| ~~~~~~~\\n \\| \\| \\|.*\\n \\| \\| \\(10\\) \\.\\.\\.to here.*\\n \\| NN \\| __analyzer_dump_path \\(\\);.*\\n \\| \\| ~~~~~~~~~~~~~~~~~~~~~~~\\n \\| \\| \\|.*\\n \\| \\| \\(11\\) here.*\\n \\|.*\\n"
FAIL: gcc.dg/analyzer/setjmp-4.c (test for excess errors)
FAIL: gcc.dg/analyzer/setjmp-4.c expected multiline pattern lines 34-107 not found: "\\s*NN \\| __analyzer_dump_path \\(\\);.*\\n \\| \\^~~~~~~~~~~~~~~~~~~~~~~\\n 'main': event 1.*\\n \\|.*\\n \\| NN \\| int main \\(void\\).*\\n \\| \\| \\^~~~\\n \\| \\| \\|.*\\n \\| \\| \\(1\\) entry to 'main'.*\\n \\|.*\\n 'main': event 2.*\\n \\|.*\\n \\| NN \\| if \\(!setjmp\\(buf\\)\\).*\\n \\| \\| \\^~~~~~\\n \\| \\| \\|.*\\n \\| \\| \\(2\\) 'setjmp' called here.*\\n \\|.*\\n 'main': events 3-5.*\\n \\|.*\\n \\| NN \\| if \\(!setjmp\\(buf\\)\\).*\\n \\| \\| \\^\\n \\| \\| \\|.*\\n \\| \\| \\(3\\) following 'true' branch\\.\\.\\..*\\n \\| NN \\| outer \\(42\\);.*\\n \\| \\| ~~~~~~~~~~\\n \\| \\| \\|.*\\n \\| \\| \\(4\\) \\.\\.\\.to here.*\\n \\| \\| \\(5\\) calling
'outer' from 'main'.*\\n \\|.*\\n \\+--> 'outer': events 6-7.*\\n \\|.*\\n \\| NN \\| void outer \\(int y\\).*\\n \\| \\| \\^~~~~\\n \\| \\| \\|.*\\n \\| \\| \\(6\\) entry to 'outer'.*\\n \\|\\.\\.\\.\\.\\.\\..*\\n \\| NN \\| inner \\(y\\);.*\\n \\| \\| ~~~~~~~~~\\n \\| \\| \\|.*\\n \\| \\| \\(7\\) calling 'inner' from 'outer'.*\\n \\|.*\\n \\+--> 'inner': events 8-9.*\\n \\|.*\\n \\| NN \\| void inner \\(int x\\).*\\n \\| \\| \\^~~~~\\n \\| \\| \\|.*\\n \\| \\| \\(8\\) entry to 'inner'.*\\n \\|\\.\\.\\.\\.\\.\\..*\\n \\| NN \\| longjmp \\(buf, 1\\);.*\\n \\| \\| ~~~~~~~~~~~~~~~~\\n \\| \\| \\|.
*\\n \\| \\| \\(9\\) rewinding from !
'longjmp' in 'inner'\\.\\.\\..*\\n \\|.*\\n <-------------\\+.*\\n \\|.*\\n 'main': event 10.*\\n \\|.*\\n \\| NN \\| if \\(!setjmp\\(buf\\)\\).*\\n \\| \\| \\^~~~~~\\n \\| \\| \\|.*\\n \\| \\| \\(10\\) \\.\\.\\.to 'setjmp' in 'main' \\(saved at \\(2\\)\\).*\\n \\|.*\\n 'main': events 11-13.*\\n \\|.*\\n \\| NN \\| if \\(!setjmp\\(buf\\)\\).*\\n \\| \\| \\^\\n \\| \\| \\|.*\\n \\| \\| \\(11\\) following 'false' branch\\.\\.\\..*\\n \\|\\.\\.\\.\\.\\.\\..*\\n \\| NN \\| __analyzer_dump_path \\(\\);.*\\n \\| \\| ~~~~~~~~~~~~~~~~~~~~~~~\\n \\| \\| \\|.*\\n \\| \\| \\(12\\) \\.\\.\\.to here.*\\n \\| \\| \\(13\\) here.*\\n \\|.*\\n"
FAIL: gcc.dg/analyzer/setjmp-5.c (test for warnings, line 21)
FAIL: gcc.dg/analyzer/setjmp-5.c expected multiline pattern lines 25-66 not found: "\\s*NN \\| longjmp \\(env, 42\\);.*\\n \\| \\^~~~~~~~~~~~~~~~~\\n 'outer': events 1-2.*\\n \\|.*\\n \\| NN \\| void outer \\(void\\).*\\n \\| \\| \\^~~~~\\n \\| \\| \\|.*\\n \\| \\| \\(1\\) entry to 'outer'.*\\n \\|\\.\\.\\.\\.\\.\\..*\\n \\| NN \\| inner \\(\\);.*\\n \\| \\| ~~~~~~~~\\n \\| \\| \\|.*\\n \\| \\| \\(2\\) calling 'inner' from 'outer'.*\\n \\|.*\\n \\+--> 'inner': event 3.*\\n \\|.*\\n \\| NN \\| static void inner \\(void\\).*\\n \\| \\| \\^~~~~\\n \\| \\| \\|.*\\n \\| \\| \\(3\\) entry to 'inner'.*\\n \\|.*\\n 'inner': event 4.*\\n \\|.*\\n \\| NN \\| setjmp \\(env\\);.*\\n \\| \\| \\^~~~~~\\n \\| \\|
\\|.*\\n \\| \\| \\(4\\) 'setjmp' called here.*\\n \\|.*\\n <------\\+.*\\n \\|.*\\n 'outer': events 5-6.*\\n \\|.*\\n \\| NN \\| inner \\(\\);.*\\n \\| \\| \\^~~~~~~~\\n \\| \\| \\|.*\\n \\| \\| \\(5\\) returning to 'outer' from 'inner'.*\\n \\| NN \\| .*\\n \\| NN \\| longjmp \\(env, 42\\);.*\\n \\| \\| ~~~~~~~~~~~~~~~~~\\n \\| \\| \\|.*\\n \\| \\| \\(6\\) here.*\\n \\|.*\\n"
FAIL: gcc.dg/analyzer/setjmp-6.c (test for warnings, line 11)
FAIL: gcc.dg/analyzer/setjmp-6.c (test for warnings, line 12)
FAIL: gcc.dg/analyzer/setjmp-7.c (test for warnings, line 11)
FAIL: gcc.dg/analyzer/setjmp-7.c (test for warnings, line 16)
FAIL: gcc.dg/analyzer/setjmp-7a.c (test for warnings, line 13)
FAIL: gcc.dg/analyzer/setjmp-7a.c expected multiline pattern lines 41-110 not found: "\\s*NN \\| longjmp \\(env, 1\\);.*\\n \\| \\^~~~~~~~~~~~~~~~\\n 'outer': event 1.*\\n \\|.*\\n \\| NN \\| void outer \\(void\\).*\\n \\| \\| \\^~~~~\\n \\| \\| \\|.*\\n \\| \\| \\(1\\) entry to 'outer'.*\\n \\|.*\\n 'outer': event 2.*\\n \\|.*\\n \\| NN \\| i = setjmp\\(env\\);.*\\n \\| \\| \\^~~~~~\\n \\| \\| \\|.*\\n \\| \\| \\(2\\) 'setjmp' called here.*\\n \\|.*\\n 'outer': events 3-5.*\\n \\|.*\\n \\| NN \\| if \\(i == 0\\).*\\n \\| \\| \\^\\n \\| \\| \\|.*\\n \\| \\| \\(3\\) following 'true' branch \\(when 'i == 0'\\)\\.\\.\\..*\\n \\| NN \\| \\{.*\\n \\| NN \\| foo \\(1\\);.*\\n \\| \\| ~~~~~~~\\n \\| \\| \\|.*\\n \\| \\| \\(4\\) \\.\\.\\.to here.*\\n \\|
NN \\| middle \\(\\);.*\\n \\| \\| ~~~~~~~~~\\n \\| \\| \\|.*\\n \\| \\| \\(5\\) calling 'middle' from 'outer'.*\\n \\|.*\\n \\+--> 'middle': events 6-8.*\\n \\|.*\\n \\| NN \\| static void middle \\(void\\).*\\n \\| \\| \\^~~~~~\\n \\| \\| \\|.*\\n \\| \\| \\(6\\) entry to 'middle'.*\\n \\| NN \\| \\{.*\\n \\| NN \\| void \\*ptr = malloc \\(1024\\);.*\\n \\| \\| ~~~~~~~~~~~~~\\n \\| \\| \\|.*\\n \\| \\| \\(7\\) allocated here.*\\n \\| NN \\| inner \\(\\);.*\\n \\| \\| ~~~~~~~~ .*\\n \\| \\| \\|.*\\n \\| \\| \\(8\\) calling 'inner' from 'middle'.*\\n \\|.*\\n \\+--> 'inner': events 9-11.*\\n \\|.*\\n
\\| NN \\| static void inner \\(void\\).*\\n !
\\| \\| \\^~~~~\\n \\| \\| \\|.*\\n \\| \\| \\(9\\) entry to 'inner'.*\\n \\| NN \\| \\{.*\\n \\| NN \\| longjmp \\(env, 1\\);.*\\n \\| \\| ~~~~~~~~~~~~~~~~\\n \\| \\| \\|.*\\n \\| \\| \\(10\\) 'ptr' leaks here; was allocated at \\(7\\).*\\n \\| \\| \\(11\\) rewinding from 'longjmp' in 'inner'\\.\\.\\..*\\n \\|.*\\n <-------------\\+.*\\n \\|.*\\n 'outer': event 12.*\\n \\|.*\\n \\| NN \\| i = setjmp\\(env\\);.*\\n \\| \\| \\^~~~~~\\n \\| \\| \\|.*\\n \\| \\| \\(12\\) \\.\\.\\.to 'setjmp' in 'outer' \\(saved at \\(2\\)\\).*\\n \\|.*\\n"
FAIL: gcc.dg/analyzer/setjmp-8.c (test for excess errors)
FAIL: gcc.dg/analyzer/setjmp-8.c expected multiline pattern lines 40-108 not found: "\\s*NN \\| __analyzer_dump_path \\(\\);.*\\n \\| \\^~~~~~~~~~~~~~~~~~~~~~~\\n 'outer': event 1.*\\n \\|.*\\n \\| NN \\| void outer \\(void\\).*\\n \\| \\| \\^~~~~\\n \\| \\| \\|.*\\n \\| \\| \\(1\\) entry to 'outer'.*\\n \\|.*\\n 'outer': event 2.*\\n \\|.*\\n \\| NN \\| i = setjmp\\(env\\);.*\\n \\| \\| \\^~~~~~\\n \\| \\| \\|.*\\n \\| \\| \\(2\\) 'setjmp' called here.*\\n \\|.*\\n 'outer': events 3-5.*\\n \\|.*\\n \\| NN \\| if \\(i != 0\\).*\\n \\| \\| \\^\\n \\| \\| \\|.*\\n \\| \\| \\(3\\) following 'false' branch \\(when 'i == 0'\\)\\.\\.\\..*\\n \\|\\.\\.\\.\\.\\.\\..*\\n \\| NN \\| foo \\(1\\);.*\\n \\| \\| ~~~~~~~\\n \\| \\| \\|.*\\n \\| \\| \\(4\\) \\.\\.\\
.to here.*\\n \\| NN \\| inner \\(\\);.*\\n \\| \\| ~~~~~~~~\\n \\| \\| \\|.*\\n \\| \\| \\(5\\) calling 'inner' from 'outer'.*\\n \\|.*\\n \\+--> 'inner': events 6-7.*\\n \\|.*\\n \\| NN \\| static void inner \\(void\\).*\\n \\| \\| \\^~~~~\\n \\| \\| \\|.*\\n \\| \\| \\(6\\) entry to 'inner'.*\\n \\|\\.\\.\\.\\.\\.\\..*\\n \\| NN \\| longjmp \\(env, 0\\);.*\\n \\| \\| ~~~~~~~~~~~~~~~~\\n \\| \\| \\|.*\\n \\| \\| \\(7\\) rewinding from 'longjmp' in 'inner'\\.\\.\\..*\\n \\|.*\\n <------\\+.*\\n \\|.*\\n 'outer': event 8.*\\n \\|.*\\n \\| NN \\| i = setjmp\\(env\\);.*\\n \\| \\| \\^~~~~~\\n \\| \\| \\|.*\\n \\| \\| \\(8\\) \\.\\.\\.to 'setjmp' in 'outer' \\(saved at \\(2\\)\
\).*\\n \\|.*\\n 'outer': events 9-11.*\\n \\|.*\\n !
\\| NN \\| if \\(i != 0\\).*\\n \\| \\| \\^\\n \\| \\| \\|.*\\n \\| \\| \\(9\\) following 'true' branch \\(when 'i != 0'\\)\\.\\.\\..*\\n \\| NN \\| \\{.*\\n \\| NN \\| foo \\(2\\);.*\\n \\| \\| ~~~~~~~\\n \\| \\| \\|.*\\n \\| \\| \\(10\\) \\.\\.\\.to here.*\\n \\| NN \\| __analyzer_dump_path \\(\\);.*\\n \\| \\| ~~~~~~~~~~~~~~~~~~~~~~~\\n \\| \\| \\|.*\\n \\| \\| \\(11\\) here.*\\n \\|.*\\n"
FAIL: gcc.dg/analyzer/setjmp-9.c (test for excess errors)
FAIL: gcc.dg/analyzer/setjmp-9.c expected multiline pattern lines 42-110 not found: "\\s*NN \\| __analyzer_dump_path \\(\\);.*\\n \\| \\^~~~~~~~~~~~~~~~~~~~~~~\\n 'outer': event 1.*\\n \\|.*\\n \\| NN \\| void outer \\(void\\).*\\n \\| \\| \\^~~~~\\n \\| \\| \\|.*\\n \\| \\| \\(1\\) entry to 'outer'.*\\n \\|.*\\n 'outer': event 2.*\\n \\|.*\\n \\| NN \\| i = setjmp\\(env\\);.*\\n \\| \\| \\^~~~~~\\n \\| \\| \\|.*\\n \\| \\| \\(2\\) 'setjmp' called here.*\\n \\|.*\\n 'outer': events 3-5.*\\n \\|.*\\n \\| NN \\| if \\(i != 0\\).*\\n \\| \\| \\^\\n \\| \\| \\|.*\\n \\| \\| \\(3\\) following 'false' branch \\(when 'i == 0'\\)\\.\\.\\..*\\n \\|\\.\\.\\.\\.\\.\\..*\\n \\| NN \\| foo \\(1\\);.*\\n \\| \\| ~~~~~~~\\n \\| \\| \\|.*\\n \\| \\| \\(4\\) \\.\\.\\
.to here.*\\n \\| NN \\| inner \\(\\);.*\\n \\| \\| ~~~~~~~~\\n \\| \\| \\|.*\\n \\| \\| \\(5\\) calling 'inner' from 'outer'.*\\n \\|.*\\n \\+--> 'inner': events 6-7.*\\n \\|.*\\n \\| NN \\| static void inner \\(void\\).*\\n \\| \\| \\^~~~~\\n \\| \\| \\|.*\\n \\| \\| \\(6\\) entry to 'inner'.*\\n \\|\\.\\.\\.\\.\\.\\..*\\n \\| NN \\| longjmp \\(env, unknown_val\\);.*\\n \\| \\| ~~~~~~~~~~~~~~~~~~~~~~~~~~\\n \\| \\| \\|.*\\n \\| \\| \\(7\\) rewinding from 'longjmp' in 'inner'\\.\\.\\..*\\n \\|.*\\n <------\\+.*\\n \\|.*\\n 'outer': event 8.*\\n \\|.*\\n \\| NN \\| i = setjmp\\(env\\);.*\\n \\| \\| \\^~~~~~\\n \\| \\| \\|.*\\n \\| \\| \\(8\\) \\.\\.\\.to 'setjmp' in 'outer'
\\(saved at \\(2\\)\\).*\\n \\|.*\\n 'outer': events 9-1!
1.*\\n \\|.*\\n \\| NN \\| if \\(i != 0\\).*\\n \\| \\| \\^\\n \\| \\| \\|.*\\n \\| \\| \\(9\\) following 'true' branch \\(when 'i != 0'\\)\\.\\.\\..*\\n \\| NN \\| \\{.*\\n \\| NN \\| foo \\(2\\);.*\\n \\| \\| ~~~~~~~\\n \\| \\| \\|.*\\n \\| \\| \\(10\\) \\.\\.\\.to here.*\\n \\| NN \\| __analyzer_dump_path \\(\\);.*\\n \\| \\| ~~~~~~~~~~~~~~~~~~~~~~~\\n \\| \\| \\|.*\\n \\| \\| \\(11\\) here.*\\n \\|.*\\n"
ERROR: c-c++-common/pr92833-4.c -Wc++-compat : expected integer but got ".3" for " dg-message 4 "expected" "expected" { target *-*-* } .3 "
ERROR: c-c++-common/pr92833-4.c -Wc++-compat : expected integer but got ".3" for " dg-message 4 "expected" "expected" { target *-*-* } .3 "
FAIL: gcc.dg/strlenopt-81.c (test for excess errors)
UNRESOLVED: gcc.dg/strlenopt-81.c compilation failed to produce executable
XPASS: gcc.dg/graphite/scop-21.c scan-tree-dump-times graphite "number of SCoPs: 1" 1
FAIL: gcc.dg/ipa/ipa-icf-38.c scan-ltrans-tree-dump-not optimized "Function bar"
FAIL: gcc.dg/vect/bb-slp-22.c -flto -ffat-lto-objects scan-tree-dump-times slp2 "basic block vectorized" 1
FAIL: gcc.dg/vect/bb-slp-22.c scan-tree-dump-times slp2 "basic block vectorized" 1
FAIL: gcc.dg/vect/vect-epilogues.c -flto -ffat-lto-objects scan-tree-dump vect "LOOP EPILOGUE VECTORIZED"
FAIL: gcc.dg/vect/vect-epilogues.c scan-tree-dump vect "LOOP EPILOGUE VECTORIZED"
WARNING: gcc.target/sparc/ultrasp12.c (test for excess errors) program timed out.
FAIL: gcc.target/sparc/ultrasp12.c (test for excess errors)
=== gcc Summary for unix ===
# of expected passes 120663
# of unexpected failures 40
# of unexpected successes 1
# of expected failures 725
# of unresolved testcases 1
# of unsupported tests 2926
Running target unix/-m32
FAIL: gcc.dg/analyzer/data-model-1.c (test for warnings, line 144)
FAIL: gcc.dg/analyzer/data-model-1.c (test for warnings, line 610)
FAIL: gcc.dg/analyzer/data-model-1.c (test for warnings, line 611)
FAIL: gcc.dg/analyzer/data-model-1.c (test for warnings, line 615)
FAIL: gcc.dg/analyzer/data-model-1.c (test for warnings, line 616)
FAIL: gcc.dg/analyzer/data-model-1.c (test for warnings, line 657)
FAIL: gcc.dg/analyzer/data-model-1.c (test for warnings, line 658)
FAIL: gcc.dg/analyzer/data-model-1.c (test for warnings, line 662)
FAIL: gcc.dg/analyzer/data-model-1.c (test for warnings, line 663)
FAIL: gcc.dg/analyzer/data-model-1.c (test for warnings, line 705)
FAIL: gcc.dg/analyzer/data-model-1.c (test for warnings, line 706)
FAIL: gcc.dg/analyzer/data-model-1.c (test for warnings, line 710)
FAIL: gcc.dg/analyzer/data-model-1.c (test for warnings, line 711)
FAIL: gcc.dg/analyzer/data-model-1.c (test for warnings, line 753)
FAIL: gcc.dg/analyzer/data-model-1.c (test for warnings, line 754)
FAIL: gcc.dg/analyzer/data-model-1.c (test for warnings, line 758)
FAIL: gcc.dg/analyzer/data-model-1.c (test for warnings, line 759)
FAIL: gcc.dg/analyzer/data-model-1.c (test for excess errors)
FAIL: gcc.dg/analyzer/malloc-1.c (test for excess errors)
FAIL: gcc.dg/analyzer/malloc-callbacks.c (test for warnings, line 27)
FAIL: gcc.dg/analyzer/malloc-callbacks.c (test for warnings, line 28)
FAIL: gcc.dg/analyzer/malloc-callbacks.c (test for warnings, line 34)
FAIL: gcc.dg/analyzer/malloc-callbacks.c (test for warnings, line 35)
FAIL: gcc.dg/analyzer/malloc-callbacks.c (test for warnings, line 41)
FAIL: gcc.dg/analyzer/malloc-callbacks.c (test for warnings, line 53)
FAIL: gcc.dg/analyzer/malloc-callbacks.c (test for warnings, line 54)
FAIL: gcc.dg/analyzer/malloc-callbacks.c (test for warnings, line 62)
FAIL: gcc.dg/analyzer/malloc-callbacks.c (test for warnings, line 64)
FAIL: gcc.dg/analyzer/malloc-callbacks.c (test for excess errors)
FAIL: gcc.dg/analyzer/malloc-paths-8.c (test for excess errors)
FAIL: gcc.dg/analyzer/sensitive-1.c (test for excess errors)
FAIL: gcc.dg/analyzer/setjmp-2.c (test for excess errors)
FAIL: gcc.dg/analyzer/setjmp-2.c expected multiline pattern lines 38-82 not found: "\\s*NN \\| __analyzer_dump_path \\(\\);.*\\n \\| \\^~~~~~~~~~~~~~~~~~~~~~~\\n 'test_2': event 1.*\\n \\|.*\\n \\| NN \\| i = setjmp\\(env\\);.*\\n \\| \\| \\^~~~~~\\n \\| \\| \\|.*\\n \\| \\| \\(1\\) 'setjmp' called here.*\\n \\|.*\\n 'test_2': events 2-4.*\\n \\|.*\\n \\| NN \\| if \\(i != 0\\).*\\n \\| \\| \\^\\n \\| \\| \\|.*\\n \\| \\| \\(2\\) following 'false' branch \\(when 'i == 0'\\)\\.\\.\\..*\\n \\|\\.\\.\\.\\.\\.\\..*\\n \\| NN \\| longjmp \\(env, 1\\);.*\\n \\| \\| ~~~~~~~~~~~~~~~~\\n \\| \\| \\|.*\\n \\| \\| \\(3\\) \\.\\.\\.to here.*\\n \\| \\| \\(4\\) rewinding within 'test_2' from 'longjmp'\\.\\.\\..*\\n \\|.*\\n 'test_2': event 5.*\\n \\|.*\\n \\| NN \\| i = setjmp\\(env\\);.*\\n
\\| \\| \\^~~~~~\\n \\| \\| \\|.*\\n \\| \\| \\(5\\) \\.\\.\\.to 'setjmp' \\(saved at \\(1\\)\\).*\\n \\|.*\\n 'test_2': events 6-8.*\\n \\|.*\\n \\| NN \\| if \\(i != 0\\).*\\n \\| \\| \\^\\n \\| \\| \\|.*\\n \\| \\| \\(6\\) following 'true' branch \\(when 'i != 0'\\)\\.\\.\\..*\\n \\| NN \\| \\{.*\\n \\| NN \\| foo \\(2\\);.*\\n \\| \\| ~~~~~~~\\n \\| \\| \\|.*\\n \\| \\| \\(7\\) \\.\\.\\.to here.*\\n \\| NN \\| __analyzer_dump_path \\(\\);.*\\n \\| \\| ~~~~~~~~~~~~~~~~~~~~~~~\\n \\| \\| \\|.*\\n \\| \\| \\(8\\) here.*\\n \\|.*\\n"
FAIL: gcc.dg/analyzer/setjmp-3.c (test for excess errors)
FAIL: gcc.dg/analyzer/setjmp-3.c expected multiline pattern lines 39-107 not found: "\\s*NN \\| __analyzer_dump_path \\(\\);.*\\n \\| \\^~~~~~~~~~~~~~~~~~~~~~~\\n 'outer': event 1.*\\n \\|.*\\n \\| NN \\| void outer \\(void\\).*\\n \\| \\| \\^~~~~\\n \\| \\| \\|.*\\n \\| \\| \\(1\\) entry to 'outer'.*\\n \\|.*\\n 'outer': event 2.*\\n \\|.*\\n \\| NN \\| i = setjmp\\(env\\);.*\\n \\| \\| \\^~~~~~\\n \\| \\| \\|.*\\n \\| \\| \\(2\\) 'setjmp' called here.*\\n \\|.*\\n 'outer': events 3-5.*\\n \\|.*\\n \\| NN \\| if \\(i != 0\\).*\\n \\| \\| \\^\\n \\| \\| \\|.*\\n \\| \\| \\(3\\) following 'false' branch \\(when 'i == 0'\\)\\.\\.\\..*\\n \\|\\.\\.\\.\\.\\.\\..*\\n \\| NN \\| foo \\(1\\);.*\\n \\| \\| ~~~~~~~\\n \\| \\| \\|.*\\n \\| \\| \\(4\\) \\.\\.\\
.to here.*\\n \\| NN \\| inner \\(\\);.*\\n \\| \\| ~~~~~~~~\\n \\| \\| \\|.*\\n \\| \\| \\(5\\) calling 'inner' from 'outer'.*\\n \\|.*\\n \\+--> 'inner': events 6-7.*\\n \\|.*\\n \\| NN \\| static void inner \\(void\\).*\\n \\| \\| \\^~~~~\\n \\| \\| \\|.*\\n \\| \\| \\(6\\) entry to 'inner'.*\\n \\| NN \\| \\{.*\\n \\| NN \\| longjmp \\(env, 1\\);.*\\n \\| \\| ~~~~~~~~~~~~~~~~\\n \\| \\| \\|.*\\n \\| \\| \\(7\\) rewinding from 'longjmp' in 'inner'\\.\\.\\..*\\n \\|.*\\n <------\\+.*\\n \\|.*\\n 'outer': event 8.*\\n \\|.*\\n \\| NN \\| i = setjmp\\(env\\);.*\\n \\| \\| \\^~~~~~\\n \\| \\| \\|.*\\n \\| \\| \\(8\\) \\.\\.\\.to 'setjmp' in 'outer' \\(saved at \\(2\\)\\).*\
\n \\|.*\\n 'outer': events 9-11.*\\n \\|.*\\n \\|!
NN \\| if \\(i != 0\\).*\\n \\| \\| \\^\\n \\| \\| \\|.*\\n \\| \\| \\(9\\) following 'true' branch \\(when 'i != 0'\\)\\.\\.\\..*\\n \\| NN \\| \\{.*\\n \\| NN \\| foo \\(2\\);.*\\n \\| \\| ~~~~~~~\\n \\| \\| \\|.*\\n \\| \\| \\(10\\) \\.\\.\\.to here.*\\n \\| NN \\| __analyzer_dump_path \\(\\);.*\\n \\| \\| ~~~~~~~~~~~~~~~~~~~~~~~\\n \\| \\| \\|.*\\n \\| \\| \\(11\\) here.*\\n \\|.*\\n"
FAIL: gcc.dg/analyzer/setjmp-4.c (test for excess errors)
FAIL: gcc.dg/analyzer/setjmp-4.c expected multiline pattern lines 34-107 not found: "\\s*NN \\| __analyzer_dump_path \\(\\);.*\\n \\| \\^~~~~~~~~~~~~~~~~~~~~~~\\n 'main': event 1.*\\n \\|.*\\n \\| NN \\| int main \\(void\\).*\\n \\| \\| \\^~~~\\n \\| \\| \\|.*\\n \\| \\| \\(1\\) entry to 'main'.*\\n \\|.*\\n 'main': event 2.*\\n \\|.*\\n \\| NN \\| if \\(!setjmp\\(buf\\)\\).*\\n \\| \\| \\^~~~~~\\n \\| \\| \\|.*\\n \\| \\| \\(2\\) 'setjmp' called here.*\\n \\|.*\\n 'main': events 3-5.*\\n \\|.*\\n \\| NN \\| if \\(!setjmp\\(buf\\)\\).*\\n \\| \\| \\^\\n \\| \\| \\|.*\\n \\| \\| \\(3\\) following 'true' branch\\.\\.\\..*\\n \\| NN \\| outer \\(42\\);.*\\n \\| \\| ~~~~~~~~~~\\n \\| \\| \\|.*\\n \\| \\| \\(4\\) \\.\\.\\.to here.*\\n \\| \\| \\(5\\) calling
'outer' from 'main'.*\\n \\|.*\\n \\+--> 'outer': events 6-7.*\\n \\|.*\\n \\| NN \\| void outer \\(int y\\).*\\n \\| \\| \\^~~~~\\n \\| \\| \\|.*\\n \\| \\| \\(6\\) entry to 'outer'.*\\n \\|\\.\\.\\.\\.\\.\\..*\\n \\| NN \\| inner \\(y\\);.*\\n \\| \\| ~~~~~~~~~\\n \\| \\| \\|.*\\n \\| \\| \\(7\\) calling 'inner' from 'outer'.*\\n \\|.*\\n \\+--> 'inner': events 8-9.*\\n \\|.*\\n \\| NN \\| void inner \\(int x\\).*\\n \\| \\| \\^~~~~\\n \\| \\| \\|.*\\n \\| \\| \\(8\\) entry to 'inner'.*\\n \\|\\.\\.\\.\\.\\.\\..*\\n \\| NN \\| longjmp \\(buf, 1\\);.*\\n \\| \\| ~~~~~~~~~~~~~~~~\\n \\| \\| \\|.
*\\n \\| \\| \\(9\\) rewinding from !
'longjmp' in 'inner'\\.\\.\\..*\\n \\|.*\\n <-------------\\+.*\\n \\|.*\\n 'main': event 10.*\\n \\|.*\\n \\| NN \\| if \\(!setjmp\\(buf\\)\\).*\\n \\| \\| \\^~~~~~\\n \\| \\| \\|.*\\n \\| \\| \\(10\\) \\.\\.\\.to 'setjmp' in 'main' \\(saved at \\(2\\)\\).*\\n \\|.*\\n 'main': events 11-13.*\\n \\|.*\\n \\| NN \\| if \\(!setjmp\\(buf\\)\\).*\\n \\| \\| \\^\\n \\| \\| \\|.*\\n \\| \\| \\(11\\) following 'false' branch\\.\\.\\..*\\n \\|\\.\\.\\.\\.\\.\\..*\\n \\| NN \\| __analyzer_dump_path \\(\\);.*\\n \\| \\| ~~~~~~~~~~~~~~~~~~~~~~~\\n \\| \\| \\|.*\\n \\| \\| \\(12\\) \\.\\.\\.to here.*\\n \\| \\| \\(13\\) here.*\\n \\|.*\\n"
FAIL: gcc.dg/analyzer/setjmp-5.c (test for warnings, line 21)
FAIL: gcc.dg/analyzer/setjmp-5.c expected multiline pattern lines 25-66 not found: "\\s*NN \\| longjmp \\(env, 42\\);.*\\n \\| \\^~~~~~~~~~~~~~~~~\\n 'outer': events 1-2.*\\n \\|.*\\n \\| NN \\| void outer \\(void\\).*\\n \\| \\| \\^~~~~\\n \\| \\| \\|.*\\n \\| \\| \\(1\\) entry to 'outer'.*\\n \\|\\.\\.\\.\\.\\.\\..*\\n \\| NN \\| inner \\(\\);.*\\n \\| \\| ~~~~~~~~\\n \\| \\| \\|.*\\n \\| \\| \\(2\\) calling 'inner' from 'outer'.*\\n \\|.*\\n \\+--> 'inner': event 3.*\\n \\|.*\\n \\| NN \\| static void inner \\(void\\).*\\n \\| \\| \\^~~~~\\n \\| \\| \\|.*\\n \\| \\| \\(3\\) entry to 'inner'.*\\n \\|.*\\n 'inner': event 4.*\\n \\|.*\\n \\| NN \\| setjmp \\(env\\);.*\\n \\| \\| \\^~~~~~\\n \\| \\|
\\|.*\\n \\| \\| \\(4\\) 'setjmp' called here.*\\n \\|.*\\n <------\\+.*\\n \\|.*\\n 'outer': events 5-6.*\\n \\|.*\\n \\| NN \\| inner \\(\\);.*\\n \\| \\| \\^~~~~~~~\\n \\| \\| \\|.*\\n \\| \\| \\(5\\) returning to 'outer' from 'inner'.*\\n \\| NN \\| .*\\n \\| NN \\| longjmp \\(env, 42\\);.*\\n \\| \\| ~~~~~~~~~~~~~~~~~\\n \\| \\| \\|.*\\n \\| \\| \\(6\\) here.*\\n \\|.*\\n"
FAIL: gcc.dg/analyzer/setjmp-6.c (test for warnings, line 11)
FAIL: gcc.dg/analyzer/setjmp-6.c (test for warnings, line 12)
FAIL: gcc.dg/analyzer/setjmp-7.c (test for warnings, line 11)
FAIL: gcc.dg/analyzer/setjmp-7.c (test for warnings, line 16)
FAIL: gcc.dg/analyzer/setjmp-7a.c (test for warnings, line 13)
FAIL: gcc.dg/analyzer/setjmp-7a.c expected multiline pattern lines 41-110 not found: "\\s*NN \\| longjmp \\(env, 1\\);.*\\n \\| \\^~~~~~~~~~~~~~~~\\n 'outer': event 1.*\\n \\|.*\\n \\| NN \\| void outer \\(void\\).*\\n \\| \\| \\^~~~~\\n \\| \\| \\|.*\\n \\| \\| \\(1\\) entry to 'outer'.*\\n \\|.*\\n 'outer': event 2.*\\n \\|.*\\n \\| NN \\| i = setjmp\\(env\\);.*\\n \\| \\| \\^~~~~~\\n \\| \\| \\|.*\\n \\| \\| \\(2\\) 'setjmp' called here.*\\n \\|.*\\n 'outer': events 3-5.*\\n \\|.*\\n \\| NN \\| if \\(i == 0\\).*\\n \\| \\| \\^\\n \\| \\| \\|.*\\n \\| \\| \\(3\\) following 'true' branch \\(when 'i == 0'\\)\\.\\.\\..*\\n \\| NN \\| \\{.*\\n \\| NN \\| foo \\(1\\);.*\\n \\| \\| ~~~~~~~\\n \\| \\| \\|.*\\n \\| \\| \\(4\\) \\.\\.\\.to here.*\\n \\|
NN \\| middle \\(\\);.*\\n \\| \\| ~~~~~~~~~\\n \\| \\| \\|.*\\n \\| \\| \\(5\\) calling 'middle' from 'outer'.*\\n \\|.*\\n \\+--> 'middle': events 6-8.*\\n \\|.*\\n \\| NN \\| static void middle \\(void\\).*\\n \\| \\| \\^~~~~~\\n \\| \\| \\|.*\\n \\| \\| \\(6\\) entry to 'middle'.*\\n \\| NN \\| \\{.*\\n \\| NN \\| void \\*ptr = malloc \\(1024\\);.*\\n \\| \\| ~~~~~~~~~~~~~\\n \\| \\| \\|.*\\n \\| \\| \\(7\\) allocated here.*\\n \\| NN \\| inner \\(\\);.*\\n \\| \\| ~~~~~~~~ .*\\n \\| \\| \\|.*\\n \\| \\| \\(8\\) calling 'inner' from 'middle'.*\\n \\|.*\\n \\+--> 'inner': events 9-11.*\\n \\|.*\\n
\\| NN \\| static void inner \\(void\\).*\\n !
\\| \\| \\^~~~~\\n \\| \\| \\|.*\\n \\| \\| \\(9\\) entry to 'inner'.*\\n \\| NN \\| \\{.*\\n \\| NN \\| longjmp \\(env, 1\\);.*\\n \\| \\| ~~~~~~~~~~~~~~~~\\n \\| \\| \\|.*\\n \\| \\| \\(10\\) 'ptr' leaks here; was allocated at \\(7\\).*\\n \\| \\| \\(11\\) rewinding from 'longjmp' in 'inner'\\.\\.\\..*\\n \\|.*\\n <-------------\\+.*\\n \\|.*\\n 'outer': event 12.*\\n \\|.*\\n \\| NN \\| i = setjmp\\(env\\);.*\\n \\| \\| \\^~~~~~\\n \\| \\| \\|.*\\n \\| \\| \\(12\\) \\.\\.\\.to 'setjmp' in 'outer' \\(saved at \\(2\\)\\).*\\n \\|.*\\n"
FAIL: gcc.dg/analyzer/setjmp-8.c (test for excess errors)
FAIL: gcc.dg/analyzer/setjmp-8.c expected multiline pattern lines 40-108 not found: "\\s*NN \\| __analyzer_dump_path \\(\\);.*\\n \\| \\^~~~~~~~~~~~~~~~~~~~~~~\\n 'outer': event 1.*\\n \\|.*\\n \\| NN \\| void outer \\(void\\).*\\n \\| \\| \\^~~~~\\n \\| \\| \\|.*\\n \\| \\| \\(1\\) entry to 'outer'.*\\n \\|.*\\n 'outer': event 2.*\\n \\|.*\\n \\| NN \\| i = setjmp\\(env\\);.*\\n \\| \\| \\^~~~~~\\n \\| \\| \\|.*\\n \\| \\| \\(2\\) 'setjmp' called here.*\\n \\|.*\\n 'outer': events 3-5.*\\n \\|.*\\n \\| NN \\| if \\(i != 0\\).*\\n \\| \\| \\^\\n \\| \\| \\|.*\\n \\| \\| \\(3\\) following 'false' branch \\(when 'i == 0'\\)\\.\\.\\..*\\n \\|\\.\\.\\.\\.\\.\\..*\\n \\| NN \\| foo \\(1\\);.*\\n \\| \\| ~~~~~~~\\n \\| \\| \\|.*\\n \\| \\| \\(4\\) \\.\\.\\
.to here.*\\n \\| NN \\| inner \\(\\);.*\\n \\| \\| ~~~~~~~~\\n \\| \\| \\|.*\\n \\| \\| \\(5\\) calling 'inner' from 'outer'.*\\n \\|.*\\n \\+--> 'inner': events 6-7.*\\n \\|.*\\n \\| NN \\| static void inner \\(void\\).*\\n \\| \\| \\^~~~~\\n \\| \\| \\|.*\\n \\| \\| \\(6\\) entry to 'inner'.*\\n \\|\\.\\.\\.\\.\\.\\..*\\n \\| NN \\| longjmp \\(env, 0\\);.*\\n \\| \\| ~~~~~~~~~~~~~~~~\\n \\| \\| \\|.*\\n \\| \\| \\(7\\) rewinding from 'longjmp' in 'inner'\\.\\.\\..*\\n \\|.*\\n <------\\+.*\\n \\|.*\\n 'outer': event 8.*\\n \\|.*\\n \\| NN \\| i = setjmp\\(env\\);.*\\n \\| \\| \\^~~~~~\\n \\| \\| \\|.*\\n \\| \\| \\(8\\) \\.\\.\\.to 'setjmp' in 'outer' \\(saved at \\(2\\)\
\).*\\n \\|.*\\n 'outer': events 9-11.*\\n \\|.*\\n !
\\| NN \\| if \\(i != 0\\).*\\n \\| \\| \\^\\n \\| \\| \\|.*\\n \\| \\| \\(9\\) following 'true' branch \\(when 'i != 0'\\)\\.\\.\\..*\\n \\| NN \\| \\{.*\\n \\| NN \\| foo \\(2\\);.*\\n \\| \\| ~~~~~~~\\n \\| \\| \\|.*\\n \\| \\| \\(10\\) \\.\\.\\.to here.*\\n \\| NN \\| __analyzer_dump_path \\(\\);.*\\n \\| \\| ~~~~~~~~~~~~~~~~~~~~~~~\\n \\| \\| \\|.*\\n \\| \\| \\(11\\) here.*\\n \\|.*\\n"
FAIL: gcc.dg/analyzer/setjmp-9.c (test for excess errors)
FAIL: gcc.dg/analyzer/setjmp-9.c expected multiline pattern lines 42-110 not found: "\\s*NN \\| __analyzer_dump_path \\(\\);.*\\n \\| \\^~~~~~~~~~~~~~~~~~~~~~~\\n 'outer': event 1.*\\n \\|.*\\n \\| NN \\| void outer \\(void\\).*\\n \\| \\| \\^~~~~\\n \\| \\| \\|.*\\n \\| \\| \\(1\\) entry to 'outer'.*\\n \\|.*\\n 'outer': event 2.*\\n \\|.*\\n \\| NN \\| i = setjmp\\(env\\);.*\\n \\| \\| \\^~~~~~\\n \\| \\| \\|.*\\n \\| \\| \\(2\\) 'setjmp' called here.*\\n \\|.*\\n 'outer': events 3-5.*\\n \\|.*\\n \\| NN \\| if \\(i != 0\\).*\\n \\| \\| \\^\\n \\| \\| \\|.*\\n \\| \\| \\(3\\) following 'false' branch \\(when 'i == 0'\\)\\.\\.\\..*\\n \\|\\.\\.\\.\\.\\.\\..*\\n \\| NN \\| foo \\(1\\);.*\\n \\| \\| ~~~~~~~\\n \\| \\| \\|.*\\n \\| \\| \\(4\\) \\.\\.\\
.to here.*\\n \\| NN \\| inner \\(\\);.*\\n \\| \\| ~~~~~~~~\\n \\| \\| \\|.*\\n \\| \\| \\(5\\) calling 'inner' from 'outer'.*\\n \\|.*\\n \\+--> 'inner': events 6-7.*\\n \\|.*\\n \\| NN \\| static void inner \\(void\\).*\\n \\| \\| \\^~~~~\\n \\| \\| \\|.*\\n \\| \\| \\(6\\) entry to 'inner'.*\\n \\|\\.\\.\\.\\.\\.\\..*\\n \\| NN \\| longjmp \\(env, unknown_val\\);.*\\n \\| \\| ~~~~~~~~~~~~~~~~~~~~~~~~~~\\n \\| \\| \\|.*\\n \\| \\| \\(7\\) rewinding from 'longjmp' in 'inner'\\.\\.\\..*\\n \\|.*\\n <------\\+.*\\n \\|.*\\n 'outer': event 8.*\\n \\|.*\\n \\| NN \\| i = setjmp\\(env\\);.*\\n \\| \\| \\^~~~~~\\n \\| \\| \\|.*\\n \\| \\| \\(8\\) \\.\\.\\.to 'setjmp' in 'outer'
\\(saved at \\(2\\)\\).*\\n \\|.*\\n 'outer': events 9-1!
1.*\\n \\|.*\\n \\| NN \\| if \\(i != 0\\).*\\n \\| \\| \\^\\n \\| \\| \\|.*\\n \\| \\| \\(9\\) following 'true' branch \\(when 'i != 0'\\)\\.\\.\\..*\\n \\| NN \\| \\{.*\\n \\| NN \\| foo \\(2\\);.*\\n \\| \\| ~~~~~~~\\n \\| \\| \\|.*\\n \\| \\| \\(10\\) \\.\\.\\.to here.*\\n \\| NN \\| __analyzer_dump_path \\(\\);.*\\n \\| \\| ~~~~~~~~~~~~~~~~~~~~~~~\\n \\| \\| \\|.*\\n \\| \\| \\(11\\) here.*\\n \\|.*\\n"
ERROR: c-c++-common/pr92833-4.c -Wc++-compat : expected integer but got ".3" for " dg-message 4 "expected" "expected" { target *-*-* } .3 "
ERROR: c-c++-common/pr92833-4.c -Wc++-compat : expected integer but got ".3" for " dg-message 4 "expected" "expected" { target *-*-* } .3 "
FAIL: gcc.dg/pr84877.c execution test
FAIL: gcc.dg/strlenopt-81.c (test for excess errors)
UNRESOLVED: gcc.dg/strlenopt-81.c compilation failed to produce executable
XPASS: gcc.dg/graphite/scop-21.c scan-tree-dump-times graphite "number of SCoPs: 1" 1
FAIL: gcc.dg/ipa/iinline-attr.c scan-ipa-dump inline "hooray[^\\\\n]*inline copy in test"
FAIL: gcc.dg/ipa/ipa-icf-38.c scan-ltrans-tree-dump-not optimized "Function bar"
FAIL: gcc.dg/simulate-thread/atomic-other-int.c -O2 -g thread simulation test
FAIL: gcc.dg/simulate-thread/atomic-other-int.c -O3 -g thread simulation test
FAIL: gcc.dg/simulate-thread/speculative-store-4.c -O0 -g thread simulation test
FAIL: gcc.dg/simulate-thread/speculative-store-4.c -O2 -g thread simulation test
FAIL: gcc.dg/simulate-thread/speculative-store-4.c -O3 -g thread simulation test
FAIL: gcc.dg/simulate-thread/speculative-store.c -O0 -g thread simulation test
FAIL: gcc.dg/vect/bb-slp-22.c -flto -ffat-lto-objects scan-tree-dump-times slp2 "basic block vectorized" 1
FAIL: gcc.dg/vect/bb-slp-22.c scan-tree-dump-times slp2 "basic block vectorized" 1
FAIL: gcc.dg/vect/vect-epilogues.c -flto -ffat-lto-objects scan-tree-dump vect "LOOP EPILOGUE VECTORIZED"
FAIL: gcc.dg/vect/vect-epilogues.c scan-tree-dump vect "LOOP EPILOGUE VECTORIZED"
=== gcc Summary for unix/-m32 ===
# of expected passes 121036
# of unexpected failures 63
# of unexpected successes 1
# of expected failures 735
# of unresolved testcases 1
# of unsupported tests 3560
=== gcc Summary ===
# of expected passes 241699
# of unexpected failures 103
# of unexpected successes 2
# of expected failures 1460
# of unresolved testcases 2
# of unsupported tests 6486
/var/gcc/regression/master/11.5-gcc-gas-64/build/gcc/xgcc version 10.0.1 20200117 (experimental) [master revision 507de5ee23efdc8a16d6b0b6488e118055c711cd] (GCC)
=== gdc tests ===
Running target unix
FAIL: gdc.dg/runnable.d -O0 execution test
FAIL: gdc.dg/runnable.d -O0 -g execution test
FAIL: gdc.dg/runnable.d -O1 execution test
FAIL: gdc.dg/runnable.d -O1 -g execution test
FAIL: gdc.dg/runnable.d -O2 execution test
FAIL: gdc.dg/runnable.d -O2 -g execution test
FAIL: gdc.dg/runnable.d -O3 execution test
FAIL: gdc.dg/runnable.d -O3 -g execution test
FAIL: gdc.dg/runnable.d -Os execution test
FAIL: gdc.dg/runnable.d -Os -g execution test
FAIL: gdc.dg/lto/ltotests d_lto_ltotests_0.o-d_lto_ltotests_1.o link, -O0 -flto (internal compiler error)
FAIL: gdc.dg/lto/ltotests d_lto_ltotests_0.o-d_lto_ltotests_1.o link, -O0 -flto -flto-partition=1to1 (internal compiler error)
FAIL: gdc.dg/lto/ltotests d_lto_ltotests_0.o-d_lto_ltotests_1.o link, -O0 -flto -flto-partition=none (internal compiler error)
FAIL: gdc.dg/lto/ltotests d_lto_ltotests_0.o-d_lto_ltotests_1.o link, -O2 -flto (internal compiler error)
FAIL: gdc.dg/lto/ltotests d_lto_ltotests_0.o-d_lto_ltotests_1.o link, -O2 -flto -flto-partition=1to1 (internal compiler error)
FAIL: gdc.dg/lto/ltotests d_lto_ltotests_0.o-d_lto_ltotests_1.o link, -O2 -flto -flto-partition=none (internal compiler error)
FAIL: gdc.test/runnable/cpp_abi_tests.d -O2 execution test
FAIL: gdc.test/runnable/cpp_abi_tests.d -O2 -g execution test
FAIL: gdc.test/runnable/cpp_abi_tests.d -O2 -g -shared-libphobos execution test
FAIL: gdc.test/runnable/cpp_abi_tests.d -O2 -shared-libphobos execution test
FAIL: gdc.test/runnable/foreach5.d execution test
FAIL: gdc.test/runnable/foreach5.d -frelease execution test
FAIL: gdc.test/runnable/foreach5.d -frelease -g execution test
FAIL: gdc.test/runnable/foreach5.d -frelease -g -shared-libphobos execution test
FAIL: gdc.test/runnable/foreach5.d -frelease -shared-libphobos execution test
FAIL: gdc.test/runnable/foreach5.d -g execution test
FAIL: gdc.test/runnable/foreach5.d -g -shared-libphobos execution test
FAIL: gdc.test/runnable/foreach5.d -shared-libphobos execution test
FAIL: gdc.test/runnable/inline.d execution test
FAIL: gdc.test/runnable/inline.d -O2 execution test
FAIL: gdc.test/runnable/inline.d -O2 -g execution test
FAIL: gdc.test/runnable/inline.d -O2 -g -shared-libphobos execution test
FAIL: gdc.test/runnable/inline.d -O2 -shared-libphobos execution test
FAIL: gdc.test/runnable/inline.d -g execution test
FAIL: gdc.test/runnable/inline.d -g -shared-libphobos execution test
FAIL: gdc.test/runnable/inline.d -shared-libphobos execution test
WARNING: gdc.test/runnable/test17338.d (test for excess errors) program timed out.
UNRESOLVED: gdc.test/runnable/test17338.d compilation failed to produce executable
FAIL: gdc.test/runnable/test42.d execution test
FAIL: gdc.test/runnable/test42.d -g execution test
FAIL: gdc.test/runnable/test42.d -g -shared-libphobos execution test
FAIL: gdc.test/runnable/test42.d -shared-libphobos execution test
=== gdc Summary for unix ===
# of expected passes 29807
# of unexpected failures 40
# of unresolved testcases 1
Running target unix/-m32
FAIL: gdc.dg/lto/ltotests d_lto_ltotests_0.o-d_lto_ltotests_1.o link, -O0 -flto (internal compiler error)
FAIL: gdc.dg/lto/ltotests d_lto_ltotests_0.o-d_lto_ltotests_1.o link, -O0 -flto -flto-partition=1to1 (internal compiler error)
FAIL: gdc.dg/lto/ltotests d_lto_ltotests_0.o-d_lto_ltotests_1.o link, -O0 -flto -flto-partition=none (internal compiler error)
FAIL: gdc.dg/lto/ltotests d_lto_ltotests_0.o-d_lto_ltotests_1.o link, -O2 -flto (internal compiler error)
FAIL: gdc.dg/lto/ltotests d_lto_ltotests_0.o-d_lto_ltotests_1.o link, -O2 -flto -flto-partition=1to1 (internal compiler error)
FAIL: gdc.dg/lto/ltotests d_lto_ltotests_0.o-d_lto_ltotests_1.o link, -O2 -flto -flto-partition=none (internal compiler error)
FAIL: gdc.test/runnable/cpp_abi_tests.d -O2 execution test
FAIL: gdc.test/runnable/cpp_abi_tests.d -O2 -g execution test
FAIL: gdc.test/runnable/cpp_abi_tests.d -O2 -g -shared-libphobos execution test
FAIL: gdc.test/runnable/cpp_abi_tests.d -O2 -shared-libphobos execution test
FAIL: gdc.test/runnable/eh.d -fPIC -shared-libphobos execution test
FAIL: gdc.test/runnable/eh.d -shared-libphobos execution test
FAIL: gdc.test/runnable/test42.d execution test
FAIL: gdc.test/runnable/test42.d -g execution test
FAIL: gdc.test/runnable/test42.d -g -shared-libphobos execution test
FAIL: gdc.test/runnable/test42.d -shared-libphobos execution test
=== gdc Summary for unix/-m32 ===
# of expected passes 29832
# of unexpected failures 16
=== gdc Summary ===
# of expected passes 59639
# of unexpected failures 56
# of unresolved testcases 1
/var/gcc/regression/master/11.5-gcc-gas-64/build/gcc/gdc version 10.0.1 20200117 (experimental) [master revision 507de5ee23efdc8a16d6b0b6488e118055c711cd] (GCC)
=== gfortran tests ===
Running target unix
FAIL: gfortran.dg/ISO_Fortran_binding_15.f90 -O1 execution test
FAIL: gfortran.dg/ISO_Fortran_binding_15.f90 -O2 execution test
FAIL: gfortran.dg/ISO_Fortran_binding_15.f90 -O3 -g execution test
FAIL: gfortran.dg/ISO_Fortran_binding_15.f90 -Os execution test
FAIL: gfortran.dg/pr93263_1.f90 -O scan-tree-dump-not original "integer\\\\(kind=4\\\\) a"
=== gfortran Summary for unix ===
# of expected passes 52857
# of unexpected failures 5
# of expected failures 189
# of unsupported tests 150
Running target unix/-m32
FAIL: gfortran.dg/ISO_Fortran_binding_15.f90 -O1 execution test
FAIL: gfortran.dg/ISO_Fortran_binding_15.f90 -O2 execution test
FAIL: gfortran.dg/ISO_Fortran_binding_15.f90 -O3 -fomit-frame-pointer -funroll-loops -fpeel-loops -ftracer -finline-functions execution test
FAIL: gfortran.dg/ISO_Fortran_binding_15.f90 -O3 -g execution test
FAIL: gfortran.dg/ISO_Fortran_binding_15.f90 -Os execution test
FAIL: gfortran.dg/pr93263_1.f90 -O scan-tree-dump-not original "integer\\\\(kind=4\\\\) a"
=== gfortran Summary for unix/-m32 ===
# of expected passes 52595
# of unexpected failures 6
# of expected failures 191
# of unsupported tests 277
=== gfortran Summary ===
# of expected passes 105452
# of unexpected failures 11
# of expected failures 380
# of unsupported tests 427
/var/gcc/regression/master/11.5-gcc-gas-64/build/gcc/gfortran version 10.0.1 20200117 (experimental) [master revision 507de5ee23efdc8a16d6b0b6488e118055c711cd] (GCC)
=== gnat tests ===
Running target unix
=== gnat Summary for unix ===
# of expected passes 3237
# of expected failures 23
# of unsupported tests 30
Running target unix/-m32
=== gnat Summary for unix/-m32 ===
# of expected passes 3237
# of expected failures 23
# of unsupported tests 30
=== gnat Summary ===
# of expected passes 6474
# of expected failures 46
# of unsupported tests 60
/var/gcc/regression/master/11.5-gcc-gas-64/build/gcc/gnatmake version 10.0.1 20200117 (experimental) [master revision 507de5ee23efdc8a16d6b0b6488e118055c711cd]
=== go tests ===
Running target unix
FAIL: ./index0-out.go execution, -O0 -g -fno-var-tracking-assignments
=== go Summary for unix ===
# of expected passes 7347
# of unexpected failures 1
# of expected failures 1
# of untested testcases 11
# of unsupported tests 3
Running target unix/-m32
FAIL: ./index0-out.go execution, -O0 -g -fno-var-tracking-assignments
FAIL: go.test/test/fixedbugs/issue4085b.go execution, -O2 -g
FAIL: go.test/test/nil.go execution, -O2 -g
=== go Summary for unix/-m32 ===
# of expected passes 7465
# of unexpected failures 3
# of expected failures 1
# of untested testcases 11
# of unsupported tests 3
=== go Summary ===
# of expected passes 14812
# of unexpected failures 4
# of expected failures 2
# of untested testcases 22
# of unsupported tests 6
=== obj-c++ tests ===
Running target unix/-m32
=== obj-c++ Summary for unix/-m32 ===
# of expected passes 1450
# of expected failures 2
# of unsupported tests 77
Running target unix
=== obj-c++ Summary for unix ===
# of expected passes 1442
# of expected failures 10
# of unsupported tests 77
=== obj-c++ Summary ===
# of expected passes 2892
# of expected failures 12
# of unsupported tests 154
/var/gcc/regression/master/11.5-gcc-gas-64/build/gcc/xg++ version 10.0.1 20200117 (experimental) [master revision 507de5ee23efdc8a16d6b0b6488e118055c711cd] (GCC)
=== objc tests ===
Running target unix
=== objc Summary for unix ===
# of expected passes 2783
# of unsupported tests 68
Running target unix/-m32
=== objc Summary for unix/-m32 ===
# of expected passes 2783
# of unsupported tests 68
=== objc Summary ===
# of expected passes 5566
# of unsupported tests 136
/var/gcc/regression/master/11.5-gcc-gas-64/build/gcc/xgcc version 10.0.1 20200117 (experimental) [master revision 507de5ee23efdc8a16d6b0b6488e118055c711cd] (GCC)
=== gotools tests ===
FAIL: go test cmd/go
FAIL: TestAbort
FAIL: TestArenaCollision
FAIL: go test runtime
FAIL: go test misc/cgo/test
=== gotools Summary ===
# of expected passes 246
# of unexpected failures 5
# of untested testcases 150
/var/gcc/regression/master/11.5-gcc-gas-64/build/./gcc/gccgo version 10.0.1 20200117 (experimental) [master revision 507de5ee23efdc8a16d6b0b6488e118055c711cd] (GCC)
=== libatomic tests ===
Running target unix/-m32
=== libatomic Summary for unix/-m32 ===
# of expected passes 44
# of unsupported tests 5
Running target unix
=== libatomic Summary for unix ===
# of expected passes 54
=== libatomic Summary ===
# of expected passes 98
# of unsupported tests 5
=== libffi tests ===
Running target unix/-m32
=== libffi Summary for unix/-m32 ===
# of expected passes 2214
Running target unix
=== libffi Summary for unix ===
# of expected passes 2214
=== libffi Summary ===
# of expected passes 4428
=== libgo tests ===
Running target unix
FAIL: go/build
FAIL: net/http
FAIL: runtime
FAIL: runtime/pprof
FAIL: sync/atomic
=== libgo Summary for unix ===
# of expected passes 169
# of unexpected failures 5
Running target unix/-m32
FAIL: go/build
FAIL: net/http
FAIL: os/signal
FAIL: runtime
FAIL: runtime/pprof
FAIL: sync/atomic
=== libgo Summary for unix/-m32 ===
# of expected passes 168
# of unexpected failures 6
=== libgo Summary ===
# of expected passes 337
# of unexpected failures 11
/var/gcc/regression/master/11.5-gcc-gas-64/build/./gcc/gccgo version 10.0.1 20200117 (experimental) [master revision 507de5ee23efdc8a16d6b0b6488e118055c711cd] (GCC)
=== libgomp tests ===
Running target unix
WARNING: libgomp.c++/task-reduction-11.C execution test program timed out.
FAIL: libgomp.c++/task-reduction-11.C execution test
=== libgomp Summary for unix ===
# of expected passes 7526
# of unexpected failures 1
# of expected failures 4
# of unsupported tests 503
Running target unix/-m32
WARNING: libgomp.c++/task-reduction-13.C execution test program timed out.
FAIL: libgomp.c++/task-reduction-13.C execution test
=== libgomp Summary for unix/-m32 ===
# of expected passes 7526
# of unexpected failures 1
# of expected failures 4
# of unsupported tests 503
=== libgomp Summary ===
# of expected passes 15052
# of unexpected failures 2
# of expected failures 8
# of unsupported tests 1006
=== libitm tests ===
Running target unix/-m32
=== libitm Summary for unix/-m32 ===
# of expected passes 42
# of expected failures 3
# of unsupported tests 1
Running target unix
=== libitm Summary for unix ===
# of expected passes 42
# of expected failures 3
# of unsupported tests 1
=== libitm Summary ===
# of expected passes 84
# of expected failures 6
# of unsupported tests 2
=== libphobos tests ===
Running target unix
FAIL: libphobos.phobos_shared/std/datetime/systime.d execution test
FAIL: libphobos.phobos_shared/std/datetime/timezone.d execution test
FAIL: libphobos.phobos_shared/std/digest/murmurhash.d execution test
FAIL: libphobos.phobos_shared/std/format.d execution test
FAIL: libphobos.phobos_shared/std/internal/math/errorfunction.d execution test
FAIL: libphobos.phobos_shared/std/internal/math/gammafunction.d execution test
FAIL: libphobos.phobos_shared/std/math.d execution test
FAIL: libphobos.phobos_shared/std/numeric.d execution test
FAIL: libphobos.phobos_shared/std/parallelism.d execution test
WARNING: libphobos.phobos_shared/std/range/package.d (test for excess errors) program timed out.
FAIL: libphobos.phobos_shared/std/range/package.d (test for excess errors)
UNRESOLVED: libphobos.phobos_shared/std/range/package.d compilation failed to produce executable
FAIL: libphobos.phobos_shared/std/regex/internal/kickstart.d execution test
FAIL: libphobos.phobos_shared/std/regex/internal/tests.d execution test
FAIL: libphobos.phobos_shared/std/regex/package.d execution test
FAIL: libphobos.shared/finalize.d -shared-libphobos -ldl execution test
FAIL: libphobos.shared/linkD.c lib.so -ldl -pthread execution test
FAIL: libphobos.shared/load.d -shared-libphobos -ldl execution test
FAIL: libphobos.shared/load_13414.d -shared-libphobos -ldl execution test
FAIL: libphobos.thread/fiber_guard_page.d execution test
=== libphobos Summary for unix ===
# of expected passes 405
# of unexpected failures 18
# of unresolved testcases 1
Running target unix/-m32
FAIL: libphobos.phobos_shared/std/datetime/systime.d execution test
FAIL: libphobos.phobos_shared/std/datetime/timezone.d execution test
FAIL: libphobos.phobos_shared/std/digest/murmurhash.d execution test
FAIL: libphobos.phobos_shared/std/experimental/allocator/building_blocks/region.d execution test
FAIL: libphobos.phobos_shared/std/format.d execution test
FAIL: libphobos.phobos_shared/std/internal/math/errorfunction.d execution test
FAIL: libphobos.phobos_shared/std/internal/math/gammafunction.d execution test
FAIL: libphobos.phobos_shared/std/math.d execution test
WARNING: libphobos.phobos_shared/std/net/curl.d execution test program timed out.
FAIL: libphobos.phobos_shared/std/net/curl.d execution test
FAIL: libphobos.phobos_shared/std/net/isemail.d execution test
FAIL: libphobos.phobos_shared/std/numeric.d execution test
FAIL: libphobos.phobos_shared/std/parallelism.d execution test
FAIL: libphobos.phobos_shared/std/regex/internal/kickstart.d execution test
FAIL: libphobos.phobos_shared/std/regex/internal/tests.d execution test
FAIL: libphobos.phobos_shared/std/regex/package.d execution test
FAIL: libphobos.phobos_shared/std/socket.d execution test
FAIL: libphobos.phobos_shared/std/stdio.d execution test
FAIL: libphobos.phobos_shared/std/variant.d execution test
FAIL: libphobos.shared/finalize.d -shared-libphobos -ldl execution test
FAIL: libphobos.shared/linkD.c lib.so -ldl -pthread execution test
FAIL: libphobos.shared/load.d -shared-libphobos -ldl execution test
FAIL: libphobos.shared/load_13414.d -shared-libphobos -ldl execution test
FAIL: libphobos.thread/fiber_guard_page.d execution test
=== libphobos Summary for unix/-m32 ===
# of expected passes 401
# of unexpected failures 23
=== libphobos Summary ===
# of expected passes 806
# of unexpected failures 41
# of unresolved testcases 1
=== libstdc++ tests ===
Running target unix
=== libstdc++ Summary for unix ===
# of expected passes 12591
# of expected failures 92
# of unsupported tests 729
Running target unix/-m32
=== libstdc++ Summary for unix/-m32 ===
# of expected passes 12591
# of expected failures 92
# of unsupported tests 729
=== libstdc++ Summary ===
# of expected passes 25182
# of expected failures 184
# of unsupported tests 1458
Compiler version: 10.0.1 20200117 (experimental) [master revision 507de5ee23efdc8a16d6b0b6488e118055c711cd] (GCC)
Platform: sparcv9-sun-solaris2.11
configure flags: --prefix=/vol/gcc --target=sparcv9-sun-solaris2.11 --enable-objc-gc --with-target-bdw-gc-include=/vol/gcc/include --with-target-bdw-gc-lib=/vol/gcc/lib/sparcv9,sparcv8plus=/vol/gcc/lib --with-as=/vol/gcc/bin/sparcv9/gas-2.33.1 --with-gnu-as --with-gmp-include=/vol/gcc/include --with-gmp-lib=/vol/gcc/lib/sparcv9 --with-mpfr-include=/vol/gcc/include --with-mpfr-lib=/vol/gcc/lib/sparcv9 --with-mpc-include=/vol/gcc/include --with-mpc-lib=/vol/gcc/lib/sparcv9 --enable-languages=all,ada,obj-c++,go --with-isl-include=/vol/gcc/include --with-isl-lib=/vol/gcc/lib/sparcv9 --with-zstd-include=/vol/gcc/include --with-zstd-lib=/vol/gcc/lib/sparcv9 --build=sparcv9-sun-solaris2.11 --host=sparcv9-sun-solaris2.11
BOOT_CFLAGS=-g -O2
More information about the Gcc-testresults
mailing list