Results for 10.0.1 20200117 (experimental) [master revision 507de5ee23efdc8a16d6b0b6488e118055c711cd] (GCC) testsuite on i386-pc-solaris2.11
Rainer Orth
ro@CeBiTec.Uni-Bielefeld.DE
Fri Jan 17 14:29:00 GMT 2020
LAST_UPDATED: Fri Jan 17 09:51:35 UTC 2020 (revision 507de5ee23efdc8a16d6b0b6488e118055c711cd)
=== acats tests ===
=== acats Summary ===
# of expected passes 2320
# of unexpected failures 0
Native configuration is i386-pc-solaris2.11
=== g++ tests ===
Running target unix
FAIL: c-c++-common/asan/swapcontext-test-1.c -O0 execution test
FAIL: c-c++-common/asan/swapcontext-test-1.c -O1 execution test
FAIL: c-c++-common/asan/swapcontext-test-1.c -O2 execution test
FAIL: c-c++-common/asan/swapcontext-test-1.c -O2 -flto execution test
FAIL: c-c++-common/asan/swapcontext-test-1.c -O2 -flto -flto-partition=none execution test
FAIL: c-c++-common/asan/swapcontext-test-1.c -O3 -fomit-frame-pointer -funroll-loops -fpeel-loops -ftracer -finline-functions execution test
FAIL: c-c++-common/asan/swapcontext-test-1.c -O3 -g execution test
FAIL: c-c++-common/asan/swapcontext-test-1.c -Os execution test
ERROR: c-c++-common/pr92833-4.c -std=c++14: expected integer but got ".3" for " dg-message 4 "expected" "expected" { target *-*-* } .3 "
ERROR: c-c++-common/pr92833-4.c -std=c++14: expected integer but got ".3" for " dg-message 4 "expected" "expected" { target *-*-* } .3 "
ERROR: c-c++-common/pr92833-4.c -std=c++17: expected integer but got ".3" for " dg-message 4 "expected" "expected" { target *-*-* } .3 "
ERROR: c-c++-common/pr92833-4.c -std=c++17: expected integer but got ".3" for " dg-message 4 "expected" "expected" { target *-*-* } .3 "
ERROR: c-c++-common/pr92833-4.c -std=c++2a: expected integer but got ".3" for " dg-message 4 "expected" "expected" { target *-*-* } .3 "
ERROR: c-c++-common/pr92833-4.c -std=c++2a: expected integer but got ".3" for " dg-message 4 "expected" "expected" { target *-*-* } .3 "
ERROR: c-c++-common/pr92833-4.c -std=c++98: expected integer but got ".3" for " dg-message 4 "expected" "expected" { target *-*-* } .3 "
ERROR: c-c++-common/pr92833-4.c -std=c++98: expected integer but got ".3" for " dg-message 4 "expected" "expected" { target *-*-* } .3 "
FAIL: g++.dg/cpp0x/std-layout1.C -std=c++2a (test for excess errors)
FAIL: g++.dg/lto/pr89335 cp_lto_pr89335_0.o assemble, -O2 -flto -Wsuggest-final-methods
=== g++ Summary for unix ===
# of expected passes 181251
# of unexpected failures 10
# of expected failures 704
# of unsupported tests 7865
Running target unix/-m64
ERROR: c-c++-common/pr92833-4.c -std=c++14: expected integer but got ".3" for " dg-message 4 "expected" "expected" { target *-*-* } .3 "
ERROR: c-c++-common/pr92833-4.c -std=c++14: expected integer but got ".3" for " dg-message 4 "expected" "expected" { target *-*-* } .3 "
ERROR: c-c++-common/pr92833-4.c -std=c++17: expected integer but got ".3" for " dg-message 4 "expected" "expected" { target *-*-* } .3 "
ERROR: c-c++-common/pr92833-4.c -std=c++17: expected integer but got ".3" for " dg-message 4 "expected" "expected" { target *-*-* } .3 "
ERROR: c-c++-common/pr92833-4.c -std=c++2a: expected integer but got ".3" for " dg-message 4 "expected" "expected" { target *-*-* } .3 "
ERROR: c-c++-common/pr92833-4.c -std=c++2a: expected integer but got ".3" for " dg-message 4 "expected" "expected" { target *-*-* } .3 "
ERROR: c-c++-common/pr92833-4.c -std=c++98: expected integer but got ".3" for " dg-message 4 "expected" "expected" { target *-*-* } .3 "
ERROR: c-c++-common/pr92833-4.c -std=c++98: expected integer but got ".3" for " dg-message 4 "expected" "expected" { target *-*-* } .3 "
FAIL: g++.dg/cpp0x/std-layout1.C -std=c++2a (test for excess errors)
FAIL: g++.dg/pr80481.C -std=gnu++14 scan-assembler-not vmovaps
FAIL: g++.dg/pr80481.C -std=gnu++17 scan-assembler-not vmovaps
FAIL: g++.dg/pr80481.C -std=gnu++2a scan-assembler-not vmovaps
FAIL: g++.dg/pr80481.C -std=gnu++98 scan-assembler-not vmovaps
FAIL: g++.dg/tree-ssa/pr90883.C scan-tree-dump dse2 "Deleted redundant store: .*.a = {}"
FAIL: g++.dg/lto/pr89335 cp_lto_pr89335_0.o assemble, -O2 -flto -Wsuggest-final-methods
=== g++ Summary for unix/-m64 ===
# of expected passes 181677
# of unexpected failures 7
# of expected failures 708
# of unsupported tests 7810
=== g++ Summary ===
# of expected passes 362928
# of unexpected failures 17
# of expected failures 1412
# of unsupported tests 15675
/var/gcc/regression/master/11.3-gcc/build/gcc/xg++ version 10.0.1 20200117 (experimental) [master revision 507de5ee23efdc8a16d6b0b6488e118055c711cd] (GCC)
=== gcc tests ===
Running target unix
FAIL: gcc.c-torture/compile/pr61159.c -O0 (test for excess errors)
FAIL: gcc.c-torture/compile/pr61159.c -O1 (test for excess errors)
FAIL: gcc.c-torture/compile/pr61159.c -O2 (test for excess errors)
FAIL: gcc.c-torture/compile/pr61159.c -O2 -flto (test for excess errors)
FAIL: gcc.c-torture/compile/pr61159.c -O2 -flto -flto-partition=none (test for excess errors)
FAIL: gcc.c-torture/compile/pr61159.c -O3 -g (test for excess errors)
FAIL: gcc.c-torture/compile/pr61159.c -Os (test for excess errors)
FAIL: gcc.dg/analyzer/data-model-1.c (test for warnings, line 144)
FAIL: gcc.dg/analyzer/data-model-1.c (test for warnings, line 610)
FAIL: gcc.dg/analyzer/data-model-1.c (test for warnings, line 611)
FAIL: gcc.dg/analyzer/data-model-1.c (test for warnings, line 615)
FAIL: gcc.dg/analyzer/data-model-1.c (test for warnings, line 616)
FAIL: gcc.dg/analyzer/data-model-1.c (test for warnings, line 657)
FAIL: gcc.dg/analyzer/data-model-1.c (test for warnings, line 658)
FAIL: gcc.dg/analyzer/data-model-1.c (test for warnings, line 662)
FAIL: gcc.dg/analyzer/data-model-1.c (test for warnings, line 663)
FAIL: gcc.dg/analyzer/data-model-1.c (test for warnings, line 705)
FAIL: gcc.dg/analyzer/data-model-1.c (test for warnings, line 706)
FAIL: gcc.dg/analyzer/data-model-1.c (test for warnings, line 710)
FAIL: gcc.dg/analyzer/data-model-1.c (test for warnings, line 711)
FAIL: gcc.dg/analyzer/data-model-1.c (test for warnings, line 753)
FAIL: gcc.dg/analyzer/data-model-1.c (test for warnings, line 754)
FAIL: gcc.dg/analyzer/data-model-1.c (test for warnings, line 758)
FAIL: gcc.dg/analyzer/data-model-1.c (test for warnings, line 759)
FAIL: gcc.dg/analyzer/data-model-1.c (test for excess errors)
FAIL: gcc.dg/analyzer/malloc-1.c (test for excess errors)
FAIL: gcc.dg/analyzer/malloc-callbacks.c (test for warnings, line 27)
FAIL: gcc.dg/analyzer/malloc-callbacks.c (test for warnings, line 28)
FAIL: gcc.dg/analyzer/malloc-callbacks.c (test for warnings, line 34)
FAIL: gcc.dg/analyzer/malloc-callbacks.c (test for warnings, line 35)
FAIL: gcc.dg/analyzer/malloc-callbacks.c (test for warnings, line 41)
FAIL: gcc.dg/analyzer/malloc-callbacks.c (test for warnings, line 53)
FAIL: gcc.dg/analyzer/malloc-callbacks.c (test for warnings, line 54)
FAIL: gcc.dg/analyzer/malloc-callbacks.c (test for warnings, line 62)
FAIL: gcc.dg/analyzer/malloc-callbacks.c (test for warnings, line 64)
FAIL: gcc.dg/analyzer/malloc-callbacks.c (test for excess errors)
FAIL: gcc.dg/analyzer/malloc-paths-8.c (test for excess errors)
FAIL: gcc.dg/analyzer/sensitive-1.c (test for excess errors)
FAIL: gcc.dg/analyzer/setjmp-2.c (test for excess errors)
FAIL: gcc.dg/analyzer/setjmp-2.c expected multiline pattern lines 38-82 not found: "\\s*NN \\| __analyzer_dump_path \\(\\);.*\\n \\| \\^~~~~~~~~~~~~~~~~~~~~~~\\n 'test_2': event 1.*\\n \\|.*\\n \\| NN \\| i = setjmp\\(env\\);.*\\n \\| \\| \\^~~~~~\\n \\| \\| \\|.*\\n \\| \\| \\(1\\) 'setjmp' called here.*\\n \\|.*\\n 'test_2': events 2-4.*\\n \\|.*\\n \\| NN \\| if \\(i != 0\\).*\\n \\| \\| \\^\\n \\| \\| \\|.*\\n \\| \\| \\(2\\) following 'false' branch \\(when 'i == 0'\\)\\.\\.\\..*\\n \\|\\.\\.\\.\\.\\.\\..*\\n \\| NN \\| longjmp \\(env, 1\\);.*\\n \\| \\| ~~~~~~~~~~~~~~~~\\n \\| \\| \\|.*\\n \\| \\| \\(3\\) \\.\\.\\.to here.*\\n \\| \\| \\(4\\) rewinding within 'test_2' from 'longjmp'\\.\\.\\..*\\n \\|.*\\n 'test_2': event 5.*\\n \\|.*\\n \\| NN \\| i = setjmp\\(env\\);.*\\n
\\| \\| \\^~~~~~\\n \\| \\| \\|.*\\n \\| \\| \\(5\\) \\.\\.\\.to 'setjmp' \\(saved at \\(1\\)\\).*\\n \\|.*\\n 'test_2': events 6-8.*\\n \\|.*\\n \\| NN \\| if \\(i != 0\\).*\\n \\| \\| \\^\\n \\| \\| \\|.*\\n \\| \\| \\(6\\) following 'true' branch \\(when 'i != 0'\\)\\.\\.\\..*\\n \\| NN \\| \\{.*\\n \\| NN \\| foo \\(2\\);.*\\n \\| \\| ~~~~~~~\\n \\| \\| \\|.*\\n \\| \\| \\(7\\) \\.\\.\\.to here.*\\n \\| NN \\| __analyzer_dump_path \\(\\);.*\\n \\| \\| ~~~~~~~~~~~~~~~~~~~~~~~\\n \\| \\| \\|.*\\n \\| \\| \\(8\\) here.*\\n \\|.*\\n"
FAIL: gcc.dg/analyzer/setjmp-3.c (test for excess errors)
FAIL: gcc.dg/analyzer/setjmp-3.c expected multiline pattern lines 39-107 not found: "\\s*NN \\| __analyzer_dump_path \\(\\);.*\\n \\| \\^~~~~~~~~~~~~~~~~~~~~~~\\n 'outer': event 1.*\\n \\|.*\\n \\| NN \\| void outer \\(void\\).*\\n \\| \\| \\^~~~~\\n \\| \\| \\|.*\\n \\| \\| \\(1\\) entry to 'outer'.*\\n \\|.*\\n 'outer': event 2.*\\n \\|.*\\n \\| NN \\| i = setjmp\\(env\\);.*\\n \\| \\| \\^~~~~~\\n \\| \\| \\|.*\\n \\| \\| \\(2\\) 'setjmp' called here.*\\n \\|.*\\n 'outer': events 3-5.*\\n \\|.*\\n \\| NN \\| if \\(i != 0\\).*\\n \\| \\| \\^\\n \\| \\| \\|.*\\n \\| \\| \\(3\\) following 'false' branch \\(when 'i == 0'\\)\\.\\.\\..*\\n \\|\\.\\.\\.\\.\\.\\..*\\n \\| NN \\| foo \\(1\\);.*\\n \\| \\| ~~~~~~~\\n \\| \\| \\|.*\\n \\| \\| \\(4\\) \\.\\.\\
.to here.*\\n \\| NN \\| inner \\(\\);.*\\n \\| \\| ~~~~~~~~\\n \\| \\| \\|.*\\n \\| \\| \\(5\\) calling 'inner' from 'outer'.*\\n \\|.*\\n \\+--> 'inner': events 6-7.*\\n \\|.*\\n \\| NN \\| static void inner \\(void\\).*\\n \\| \\| \\^~~~~\\n \\| \\| \\|.*\\n \\| \\| \\(6\\) entry to 'inner'.*\\n \\| NN \\| \\{.*\\n \\| NN \\| longjmp \\(env, 1\\);.*\\n \\| \\| ~~~~~~~~~~~~~~~~\\n \\| \\| \\|.*\\n \\| \\| \\(7\\) rewinding from 'longjmp' in 'inner'\\.\\.\\..*\\n \\|.*\\n <------\\+.*\\n \\|.*\\n 'outer': event 8.*\\n \\|.*\\n \\| NN \\| i = setjmp\\(env\\);.*\\n \\| \\| \\^~~~~~\\n \\| \\| \\|.*\\n \\| \\| \\(8\\) \\.\\.\\.to 'setjmp' in 'outer' \\(saved at \\(2\\)\\).*\
\n \\|.*\\n 'outer': events 9-11.*\\n \\|.*\\n \\|!
NN \\| if \\(i != 0\\).*\\n \\| \\| \\^\\n \\| \\| \\|.*\\n \\| \\| \\(9\\) following 'true' branch \\(when 'i != 0'\\)\\.\\.\\..*\\n \\| NN \\| \\{.*\\n \\| NN \\| foo \\(2\\);.*\\n \\| \\| ~~~~~~~\\n \\| \\| \\|.*\\n \\| \\| \\(10\\) \\.\\.\\.to here.*\\n \\| NN \\| __analyzer_dump_path \\(\\);.*\\n \\| \\| ~~~~~~~~~~~~~~~~~~~~~~~\\n \\| \\| \\|.*\\n \\| \\| \\(11\\) here.*\\n \\|.*\\n"
FAIL: gcc.dg/analyzer/setjmp-4.c (test for excess errors)
FAIL: gcc.dg/analyzer/setjmp-4.c expected multiline pattern lines 34-107 not found: "\\s*NN \\| __analyzer_dump_path \\(\\);.*\\n \\| \\^~~~~~~~~~~~~~~~~~~~~~~\\n 'main': event 1.*\\n \\|.*\\n \\| NN \\| int main \\(void\\).*\\n \\| \\| \\^~~~\\n \\| \\| \\|.*\\n \\| \\| \\(1\\) entry to 'main'.*\\n \\|.*\\n 'main': event 2.*\\n \\|.*\\n \\| NN \\| if \\(!setjmp\\(buf\\)\\).*\\n \\| \\| \\^~~~~~\\n \\| \\| \\|.*\\n \\| \\| \\(2\\) 'setjmp' called here.*\\n \\|.*\\n 'main': events 3-5.*\\n \\|.*\\n \\| NN \\| if \\(!setjmp\\(buf\\)\\).*\\n \\| \\| \\^\\n \\| \\| \\|.*\\n \\| \\| \\(3\\) following 'true' branch\\.\\.\\..*\\n \\| NN \\| outer \\(42\\);.*\\n \\| \\| ~~~~~~~~~~\\n \\| \\| \\|.*\\n \\| \\| \\(4\\) \\.\\.\\.to here.*\\n \\| \\| \\(5\\) calling
'outer' from 'main'.*\\n \\|.*\\n \\+--> 'outer': events 6-7.*\\n \\|.*\\n \\| NN \\| void outer \\(int y\\).*\\n \\| \\| \\^~~~~\\n \\| \\| \\|.*\\n \\| \\| \\(6\\) entry to 'outer'.*\\n \\|\\.\\.\\.\\.\\.\\..*\\n \\| NN \\| inner \\(y\\);.*\\n \\| \\| ~~~~~~~~~\\n \\| \\| \\|.*\\n \\| \\| \\(7\\) calling 'inner' from 'outer'.*\\n \\|.*\\n \\+--> 'inner': events 8-9.*\\n \\|.*\\n \\| NN \\| void inner \\(int x\\).*\\n \\| \\| \\^~~~~\\n \\| \\| \\|.*\\n \\| \\| \\(8\\) entry to 'inner'.*\\n \\|\\.\\.\\.\\.\\.\\..*\\n \\| NN \\| longjmp \\(buf, 1\\);.*\\n \\| \\| ~~~~~~~~~~~~~~~~\\n \\| \\| \\|.
*\\n \\| \\| \\(9\\) rewinding from !
'longjmp' in 'inner'\\.\\.\\..*\\n \\|.*\\n <-------------\\+.*\\n \\|.*\\n 'main': event 10.*\\n \\|.*\\n \\| NN \\| if \\(!setjmp\\(buf\\)\\).*\\n \\| \\| \\^~~~~~\\n \\| \\| \\|.*\\n \\| \\| \\(10\\) \\.\\.\\.to 'setjmp' in 'main' \\(saved at \\(2\\)\\).*\\n \\|.*\\n 'main': events 11-13.*\\n \\|.*\\n \\| NN \\| if \\(!setjmp\\(buf\\)\\).*\\n \\| \\| \\^\\n \\| \\| \\|.*\\n \\| \\| \\(11\\) following 'false' branch\\.\\.\\..*\\n \\|\\.\\.\\.\\.\\.\\..*\\n \\| NN \\| __analyzer_dump_path \\(\\);.*\\n \\| \\| ~~~~~~~~~~~~~~~~~~~~~~~\\n \\| \\| \\|.*\\n \\| \\| \\(12\\) \\.\\.\\.to here.*\\n \\| \\| \\(13\\) here.*\\n \\|.*\\n"
FAIL: gcc.dg/analyzer/setjmp-5.c (test for warnings, line 21)
FAIL: gcc.dg/analyzer/setjmp-5.c expected multiline pattern lines 25-66 not found: "\\s*NN \\| longjmp \\(env, 42\\);.*\\n \\| \\^~~~~~~~~~~~~~~~~\\n 'outer': events 1-2.*\\n \\|.*\\n \\| NN \\| void outer \\(void\\).*\\n \\| \\| \\^~~~~\\n \\| \\| \\|.*\\n \\| \\| \\(1\\) entry to 'outer'.*\\n \\|\\.\\.\\.\\.\\.\\..*\\n \\| NN \\| inner \\(\\);.*\\n \\| \\| ~~~~~~~~\\n \\| \\| \\|.*\\n \\| \\| \\(2\\) calling 'inner' from 'outer'.*\\n \\|.*\\n \\+--> 'inner': event 3.*\\n \\|.*\\n \\| NN \\| static void inner \\(void\\).*\\n \\| \\| \\^~~~~\\n \\| \\| \\|.*\\n \\| \\| \\(3\\) entry to 'inner'.*\\n \\|.*\\n 'inner': event 4.*\\n \\|.*\\n \\| NN \\| setjmp \\(env\\);.*\\n \\| \\| \\^~~~~~\\n \\| \\|
\\|.*\\n \\| \\| \\(4\\) 'setjmp' called here.*\\n \\|.*\\n <------\\+.*\\n \\|.*\\n 'outer': events 5-6.*\\n \\|.*\\n \\| NN \\| inner \\(\\);.*\\n \\| \\| \\^~~~~~~~\\n \\| \\| \\|.*\\n \\| \\| \\(5\\) returning to 'outer' from 'inner'.*\\n \\| NN \\| .*\\n \\| NN \\| longjmp \\(env, 42\\);.*\\n \\| \\| ~~~~~~~~~~~~~~~~~\\n \\| \\| \\|.*\\n \\| \\| \\(6\\) here.*\\n \\|.*\\n"
FAIL: gcc.dg/analyzer/setjmp-6.c (test for warnings, line 11)
FAIL: gcc.dg/analyzer/setjmp-6.c (test for warnings, line 12)
FAIL: gcc.dg/analyzer/setjmp-7.c (test for warnings, line 11)
FAIL: gcc.dg/analyzer/setjmp-7.c (test for warnings, line 16)
FAIL: gcc.dg/analyzer/setjmp-7a.c (test for warnings, line 13)
FAIL: gcc.dg/analyzer/setjmp-7a.c expected multiline pattern lines 41-110 not found: "\\s*NN \\| longjmp \\(env, 1\\);.*\\n \\| \\^~~~~~~~~~~~~~~~\\n 'outer': event 1.*\\n \\|.*\\n \\| NN \\| void outer \\(void\\).*\\n \\| \\| \\^~~~~\\n \\| \\| \\|.*\\n \\| \\| \\(1\\) entry to 'outer'.*\\n \\|.*\\n 'outer': event 2.*\\n \\|.*\\n \\| NN \\| i = setjmp\\(env\\);.*\\n \\| \\| \\^~~~~~\\n \\| \\| \\|.*\\n \\| \\| \\(2\\) 'setjmp' called here.*\\n \\|.*\\n 'outer': events 3-5.*\\n \\|.*\\n \\| NN \\| if \\(i == 0\\).*\\n \\| \\| \\^\\n \\| \\| \\|.*\\n \\| \\| \\(3\\) following 'true' branch \\(when 'i == 0'\\)\\.\\.\\..*\\n \\| NN \\| \\{.*\\n \\| NN \\| foo \\(1\\);.*\\n \\| \\| ~~~~~~~\\n \\| \\| \\|.*\\n \\| \\| \\(4\\) \\.\\.\\.to here.*\\n \\|
NN \\| middle \\(\\);.*\\n \\| \\| ~~~~~~~~~\\n \\| \\| \\|.*\\n \\| \\| \\(5\\) calling 'middle' from 'outer'.*\\n \\|.*\\n \\+--> 'middle': events 6-8.*\\n \\|.*\\n \\| NN \\| static void middle \\(void\\).*\\n \\| \\| \\^~~~~~\\n \\| \\| \\|.*\\n \\| \\| \\(6\\) entry to 'middle'.*\\n \\| NN \\| \\{.*\\n \\| NN \\| void \\*ptr = malloc \\(1024\\);.*\\n \\| \\| ~~~~~~~~~~~~~\\n \\| \\| \\|.*\\n \\| \\| \\(7\\) allocated here.*\\n \\| NN \\| inner \\(\\);.*\\n \\| \\| ~~~~~~~~ .*\\n \\| \\| \\|.*\\n \\| \\| \\(8\\) calling 'inner' from 'middle'.*\\n \\|.*\\n \\+--> 'inner': events 9-11.*\\n \\|.*\\n
\\| NN \\| static void inner \\(void\\).*\\n !
\\| \\| \\^~~~~\\n \\| \\| \\|.*\\n \\| \\| \\(9\\) entry to 'inner'.*\\n \\| NN \\| \\{.*\\n \\| NN \\| longjmp \\(env, 1\\);.*\\n \\| \\| ~~~~~~~~~~~~~~~~\\n \\| \\| \\|.*\\n \\| \\| \\(10\\) 'ptr' leaks here; was allocated at \\(7\\).*\\n \\| \\| \\(11\\) rewinding from 'longjmp' in 'inner'\\.\\.\\..*\\n \\|.*\\n <-------------\\+.*\\n \\|.*\\n 'outer': event 12.*\\n \\|.*\\n \\| NN \\| i = setjmp\\(env\\);.*\\n \\| \\| \\^~~~~~\\n \\| \\| \\|.*\\n \\| \\| \\(12\\) \\.\\.\\.to 'setjmp' in 'outer' \\(saved at \\(2\\)\\).*\\n \\|.*\\n"
FAIL: gcc.dg/analyzer/setjmp-8.c (test for excess errors)
FAIL: gcc.dg/analyzer/setjmp-8.c expected multiline pattern lines 40-108 not found: "\\s*NN \\| __analyzer_dump_path \\(\\);.*\\n \\| \\^~~~~~~~~~~~~~~~~~~~~~~\\n 'outer': event 1.*\\n \\|.*\\n \\| NN \\| void outer \\(void\\).*\\n \\| \\| \\^~~~~\\n \\| \\| \\|.*\\n \\| \\| \\(1\\) entry to 'outer'.*\\n \\|.*\\n 'outer': event 2.*\\n \\|.*\\n \\| NN \\| i = setjmp\\(env\\);.*\\n \\| \\| \\^~~~~~\\n \\| \\| \\|.*\\n \\| \\| \\(2\\) 'setjmp' called here.*\\n \\|.*\\n 'outer': events 3-5.*\\n \\|.*\\n \\| NN \\| if \\(i != 0\\).*\\n \\| \\| \\^\\n \\| \\| \\|.*\\n \\| \\| \\(3\\) following 'false' branch \\(when 'i == 0'\\)\\.\\.\\..*\\n \\|\\.\\.\\.\\.\\.\\..*\\n \\| NN \\| foo \\(1\\);.*\\n \\| \\| ~~~~~~~\\n \\| \\| \\|.*\\n \\| \\| \\(4\\) \\.\\.\\
.to here.*\\n \\| NN \\| inner \\(\\);.*\\n \\| \\| ~~~~~~~~\\n \\| \\| \\|.*\\n \\| \\| \\(5\\) calling 'inner' from 'outer'.*\\n \\|.*\\n \\+--> 'inner': events 6-7.*\\n \\|.*\\n \\| NN \\| static void inner \\(void\\).*\\n \\| \\| \\^~~~~\\n \\| \\| \\|.*\\n \\| \\| \\(6\\) entry to 'inner'.*\\n \\|\\.\\.\\.\\.\\.\\..*\\n \\| NN \\| longjmp \\(env, 0\\);.*\\n \\| \\| ~~~~~~~~~~~~~~~~\\n \\| \\| \\|.*\\n \\| \\| \\(7\\) rewinding from 'longjmp' in 'inner'\\.\\.\\..*\\n \\|.*\\n <------\\+.*\\n \\|.*\\n 'outer': event 8.*\\n \\|.*\\n \\| NN \\| i = setjmp\\(env\\);.*\\n \\| \\| \\^~~~~~\\n \\| \\| \\|.*\\n \\| \\| \\(8\\) \\.\\.\\.to 'setjmp' in 'outer' \\(saved at \\(2\\)\
\).*\\n \\|.*\\n 'outer': events 9-11.*\\n \\|.*\\n !
\\| NN \\| if \\(i != 0\\).*\\n \\| \\| \\^\\n \\| \\| \\|.*\\n \\| \\| \\(9\\) following 'true' branch \\(when 'i != 0'\\)\\.\\.\\..*\\n \\| NN \\| \\{.*\\n \\| NN \\| foo \\(2\\);.*\\n \\| \\| ~~~~~~~\\n \\| \\| \\|.*\\n \\| \\| \\(10\\) \\.\\.\\.to here.*\\n \\| NN \\| __analyzer_dump_path \\(\\);.*\\n \\| \\| ~~~~~~~~~~~~~~~~~~~~~~~\\n \\| \\| \\|.*\\n \\| \\| \\(11\\) here.*\\n \\|.*\\n"
FAIL: gcc.dg/analyzer/setjmp-9.c (test for excess errors)
FAIL: gcc.dg/analyzer/setjmp-9.c expected multiline pattern lines 42-110 not found: "\\s*NN \\| __analyzer_dump_path \\(\\);.*\\n \\| \\^~~~~~~~~~~~~~~~~~~~~~~\\n 'outer': event 1.*\\n \\|.*\\n \\| NN \\| void outer \\(void\\).*\\n \\| \\| \\^~~~~\\n \\| \\| \\|.*\\n \\| \\| \\(1\\) entry to 'outer'.*\\n \\|.*\\n 'outer': event 2.*\\n \\|.*\\n \\| NN \\| i = setjmp\\(env\\);.*\\n \\| \\| \\^~~~~~\\n \\| \\| \\|.*\\n \\| \\| \\(2\\) 'setjmp' called here.*\\n \\|.*\\n 'outer': events 3-5.*\\n \\|.*\\n \\| NN \\| if \\(i != 0\\).*\\n \\| \\| \\^\\n \\| \\| \\|.*\\n \\| \\| \\(3\\) following 'false' branch \\(when 'i == 0'\\)\\.\\.\\..*\\n \\|\\.\\.\\.\\.\\.\\..*\\n \\| NN \\| foo \\(1\\);.*\\n \\| \\| ~~~~~~~\\n \\| \\| \\|.*\\n \\| \\| \\(4\\) \\.\\.\\
.to here.*\\n \\| NN \\| inner \\(\\);.*\\n \\| \\| ~~~~~~~~\\n \\| \\| \\|.*\\n \\| \\| \\(5\\) calling 'inner' from 'outer'.*\\n \\|.*\\n \\+--> 'inner': events 6-7.*\\n \\|.*\\n \\| NN \\| static void inner \\(void\\).*\\n \\| \\| \\^~~~~\\n \\| \\| \\|.*\\n \\| \\| \\(6\\) entry to 'inner'.*\\n \\|\\.\\.\\.\\.\\.\\..*\\n \\| NN \\| longjmp \\(env, unknown_val\\);.*\\n \\| \\| ~~~~~~~~~~~~~~~~~~~~~~~~~~\\n \\| \\| \\|.*\\n \\| \\| \\(7\\) rewinding from 'longjmp' in 'inner'\\.\\.\\..*\\n \\|.*\\n <------\\+.*\\n \\|.*\\n 'outer': event 8.*\\n \\|.*\\n \\| NN \\| i = setjmp\\(env\\);.*\\n \\| \\| \\^~~~~~\\n \\| \\| \\|.*\\n \\| \\| \\(8\\) \\.\\.\\.to 'setjmp' in 'outer'
\\(saved at \\(2\\)\\).*\\n \\|.*\\n 'outer': events 9-1!
1.*\\n \\|.*\\n \\| NN \\| if \\(i != 0\\).*\\n \\| \\| \\^\\n \\| \\| \\|.*\\n \\| \\| \\(9\\) following 'true' branch \\(when 'i != 0'\\)\\.\\.\\..*\\n \\| NN \\| \\{.*\\n \\| NN \\| foo \\(2\\);.*\\n \\| \\| ~~~~~~~\\n \\| \\| \\|.*\\n \\| \\| \\(10\\) \\.\\.\\.to here.*\\n \\| NN \\| __analyzer_dump_path \\(\\);.*\\n \\| \\| ~~~~~~~~~~~~~~~~~~~~~~~\\n \\| \\| \\|.*\\n \\| \\| \\(11\\) here.*\\n \\|.*\\n"
FAIL: c-c++-common/asan/swapcontext-test-1.c -O0 execution test
FAIL: c-c++-common/asan/swapcontext-test-1.c -O1 execution test
FAIL: c-c++-common/asan/swapcontext-test-1.c -O2 execution test
FAIL: c-c++-common/asan/swapcontext-test-1.c -O2 -flto execution test
FAIL: c-c++-common/asan/swapcontext-test-1.c -O2 -flto -flto-partition=none execution test
FAIL: c-c++-common/asan/swapcontext-test-1.c -O3 -fomit-frame-pointer -funroll-loops -fpeel-loops -ftracer -finline-functions execution test
FAIL: c-c++-common/asan/swapcontext-test-1.c -O3 -g execution test
FAIL: c-c++-common/asan/swapcontext-test-1.c -Os execution test
ERROR: c-c++-common/pr92833-4.c -Wc++-compat : expected integer but got ".3" for " dg-message 4 "expected" "expected" { target *-*-* } .3 "
ERROR: c-c++-common/pr92833-4.c -Wc++-compat : expected integer but got ".3" for " dg-message 4 "expected" "expected" { target *-*-* } .3 "
FAIL: gcc.dg/attr-weakref-1.c (test for excess errors)
UNRESOLVED: gcc.dg/attr-weakref-1.c compilation failed to produce executable
FAIL: gcc.dg/visibility-22.c execution test
XPASS: gcc.dg/graphite/scop-21.c scan-tree-dump-times graphite "number of SCoPs: 1" 1
FAIL: gcc.dg/ipa/iinline-attr.c scan-ipa-dump inline "hooray[^\\\\n]*inline copy in test"
FAIL: gcc.dg/ipa/ipa-icf-38.c scan-ltrans-tree-dump-not optimized "Function bar"
FAIL: gcc.dg/torture/pr60092.c -O0 execution test
FAIL: gcc.dg/vect/vect-epilogues.c -flto -ffat-lto-objects scan-tree-dump vect "LOOP EPILOGUE VECTORIZED"
FAIL: gcc.dg/vect/vect-epilogues.c scan-tree-dump vect "LOOP EPILOGUE VECTORIZED"
FAIL: gcc.target/i386/avx512bw-pr86036.c (test for excess errors)
UNRESOLVED: gcc.target/i386/avx512bw-pr86036.c compilation failed to produce executable
FAIL: gcc.target/i386/avx512bw-pr92686-vpcmp-2.c (test for excess errors)
UNRESOLVED: gcc.target/i386/avx512bw-pr92686-vpcmp-2.c compilation failed to produce executable
FAIL: gcc.target/i386/avx512bw-pr92908.c (test for excess errors)
UNRESOLVED: gcc.target/i386/avx512bw-pr92908.c compilation failed to produce executable
FAIL: gcc.target/i386/avx512bw-vpmovb2m-2.c (test for excess errors)
UNRESOLVED: gcc.target/i386/avx512bw-vpmovb2m-2.c compilation failed to produce executable
FAIL: gcc.target/i386/avx512bw-vpmovm2b-2.c (test for excess errors)
UNRESOLVED: gcc.target/i386/avx512bw-vpmovm2b-2.c compilation failed to produce executable
FAIL: gcc.target/i386/avx512bw-vpmovm2w-2.c (test for excess errors)
UNRESOLVED: gcc.target/i386/avx512bw-vpmovm2w-2.c compilation failed to produce executable
FAIL: gcc.target/i386/avx512bw-vpmovw2m-2.c (test for excess errors)
UNRESOLVED: gcc.target/i386/avx512bw-vpmovw2m-2.c compilation failed to produce executable
FAIL: gcc.target/i386/avx512dq-vpmovd2m-2.c (test for excess errors)
UNRESOLVED: gcc.target/i386/avx512dq-vpmovd2m-2.c compilation failed to produce executable
FAIL: gcc.target/i386/avx512dq-vpmovm2d-2.c (test for excess errors)
UNRESOLVED: gcc.target/i386/avx512dq-vpmovm2d-2.c compilation failed to produce executable
FAIL: gcc.target/i386/avx512dq-vpmovq2m-2.c (test for excess errors)
UNRESOLVED: gcc.target/i386/avx512dq-vpmovq2m-2.c compilation failed to produce executable
FAIL: gcc.target/i386/avx512vl-pr88514-1.c (test for excess errors)
FAIL: gcc.target/i386/avx512vl-pr88514-2.c (test for excess errors)
FAIL: gcc.target/i386/avx512vl-pr88514-3.c (test for excess errors)
FAIL: gcc.target/i386/avx512vl-pr88547-2.c (test for excess errors)
UNRESOLVED: gcc.target/i386/avx512vl-pr88547-2.c compilation failed to produce executable
FAIL: gcc.target/i386/avx512vl-pr88547-3.c (test for excess errors)
UNRESOLVED: gcc.target/i386/avx512vl-pr88547-3.c compilation failed to produce executable
FAIL: gcc.target/i386/avx512vl-pr92686-vpcmp-2.c (test for excess errors)
UNRESOLVED: gcc.target/i386/avx512vl-pr92686-vpcmp-2.c compilation failed to produce executable
FAIL: gcc.target/i386/avx512vl-vpmovb2m-2.c (test for excess errors)
UNRESOLVED: gcc.target/i386/avx512vl-vpmovb2m-2.c compilation failed to produce executable
FAIL: gcc.target/i386/avx512vl-vpmovd2m-2.c (test for excess errors)
UNRESOLVED: gcc.target/i386/avx512vl-vpmovd2m-2.c compilation failed to produce executable
FAIL: gcc.target/i386/avx512vl-vpmovm2b-2.c (test for excess errors)
UNRESOLVED: gcc.target/i386/avx512vl-vpmovm2b-2.c compilation failed to produce executable
FAIL: gcc.target/i386/avx512vl-vpmovm2d-2.c (test for excess errors)
UNRESOLVED: gcc.target/i386/avx512vl-vpmovm2d-2.c compilation failed to produce executable
FAIL: gcc.target/i386/avx512vl-vpmovm2w-2.c (test for excess errors)
UNRESOLVED: gcc.target/i386/avx512vl-vpmovm2w-2.c compilation failed to produce executable
FAIL: gcc.target/i386/avx512vl-vpmovq2m-2.c (test for excess errors)
UNRESOLVED: gcc.target/i386/avx512vl-vpmovq2m-2.c compilation failed to produce executable
FAIL: gcc.target/i386/avx512vl-vpmovw2m-2.c (test for excess errors)
UNRESOLVED: gcc.target/i386/avx512vl-vpmovw2m-2.c compilation failed to produce executable
FAIL: gcc.target/i386/memcpy-strategy-1.c scan-assembler-times movdqa 4
FAIL: gcc.target/i386/memcpy-strategy-2.c scan-assembler-times movdqa 4
FAIL: gcc.target/i386/memcpy-vector_loop-1.c scan-assembler-times movdqa 4
FAIL: gcc.target/i386/pr57193.c scan-assembler-times movdqa 2
FAIL: gcc.target/i386/pr80569.c (test for excess errors)
=== gcc Summary for unix ===
# of expected passes 141519
# of unexpected failures 99
# of unexpected successes 1
# of expected failures 673
# of unresolved testcases 21
# of unsupported tests 3617
Running target unix/-m64
FAIL: gcc.c-torture/compile/pr61159.c -O0 (test for excess errors)
FAIL: gcc.c-torture/compile/pr61159.c -O1 (test for excess errors)
FAIL: gcc.c-torture/compile/pr61159.c -O2 (test for excess errors)
FAIL: gcc.c-torture/compile/pr61159.c -O2 -flto (test for excess errors)
FAIL: gcc.c-torture/compile/pr61159.c -O2 -flto -flto-partition=none (test for excess errors)
FAIL: gcc.c-torture/compile/pr61159.c -O3 -g (test for excess errors)
FAIL: gcc.c-torture/compile/pr61159.c -Os (test for excess errors)
FAIL: gcc.dg/analyzer/data-model-1.c (test for warnings, line 144)
FAIL: gcc.dg/analyzer/data-model-1.c (test for excess errors)
FAIL: gcc.dg/analyzer/malloc-1.c (test for excess errors)
FAIL: gcc.dg/analyzer/malloc-callbacks.c (test for warnings, line 27)
FAIL: gcc.dg/analyzer/malloc-callbacks.c (test for warnings, line 28)
FAIL: gcc.dg/analyzer/malloc-callbacks.c (test for warnings, line 34)
FAIL: gcc.dg/analyzer/malloc-callbacks.c (test for warnings, line 35)
FAIL: gcc.dg/analyzer/malloc-callbacks.c (test for warnings, line 41)
FAIL: gcc.dg/analyzer/malloc-callbacks.c (test for warnings, line 53)
FAIL: gcc.dg/analyzer/malloc-callbacks.c (test for warnings, line 54)
FAIL: gcc.dg/analyzer/malloc-callbacks.c (test for warnings, line 62)
FAIL: gcc.dg/analyzer/malloc-callbacks.c (test for warnings, line 64)
FAIL: gcc.dg/analyzer/malloc-callbacks.c (test for excess errors)
FAIL: gcc.dg/analyzer/malloc-paths-8.c (test for excess errors)
FAIL: gcc.dg/analyzer/sensitive-1.c (test for excess errors)
FAIL: gcc.dg/analyzer/setjmp-2.c (test for excess errors)
FAIL: gcc.dg/analyzer/setjmp-2.c expected multiline pattern lines 38-82 not found: "\\s*NN \\| __analyzer_dump_path \\(\\);.*\\n \\| \\^~~~~~~~~~~~~~~~~~~~~~~\\n 'test_2': event 1.*\\n \\|.*\\n \\| NN \\| i = setjmp\\(env\\);.*\\n \\| \\| \\^~~~~~\\n \\| \\| \\|.*\\n \\| \\| \\(1\\) 'setjmp' called here.*\\n \\|.*\\n 'test_2': events 2-4.*\\n \\|.*\\n \\| NN \\| if \\(i != 0\\).*\\n \\| \\| \\^\\n \\| \\| \\|.*\\n \\| \\| \\(2\\) following 'false' branch \\(when 'i == 0'\\)\\.\\.\\..*\\n \\|\\.\\.\\.\\.\\.\\..*\\n \\| NN \\| longjmp \\(env, 1\\);.*\\n \\| \\| ~~~~~~~~~~~~~~~~\\n \\| \\| \\|.*\\n \\| \\| \\(3\\) \\.\\.\\.to here.*\\n \\| \\| \\(4\\) rewinding within 'test_2' from 'longjmp'\\.\\.\\..*\\n \\|.*\\n 'test_2': event 5.*\\n \\|.*\\n \\| NN \\| i = setjmp\\(env\\);.*\\n
\\| \\| \\^~~~~~\\n \\| \\| \\|.*\\n \\| \\| \\(5\\) \\.\\.\\.to 'setjmp' \\(saved at \\(1\\)\\).*\\n \\|.*\\n 'test_2': events 6-8.*\\n \\|.*\\n \\| NN \\| if \\(i != 0\\).*\\n \\| \\| \\^\\n \\| \\| \\|.*\\n \\| \\| \\(6\\) following 'true' branch \\(when 'i != 0'\\)\\.\\.\\..*\\n \\| NN \\| \\{.*\\n \\| NN \\| foo \\(2\\);.*\\n \\| \\| ~~~~~~~\\n \\| \\| \\|.*\\n \\| \\| \\(7\\) \\.\\.\\.to here.*\\n \\| NN \\| __analyzer_dump_path \\(\\);.*\\n \\| \\| ~~~~~~~~~~~~~~~~~~~~~~~\\n \\| \\| \\|.*\\n \\| \\| \\(8\\) here.*\\n \\|.*\\n"
FAIL: gcc.dg/analyzer/setjmp-3.c (test for excess errors)
FAIL: gcc.dg/analyzer/setjmp-3.c expected multiline pattern lines 39-107 not found: "\\s*NN \\| __analyzer_dump_path \\(\\);.*\\n \\| \\^~~~~~~~~~~~~~~~~~~~~~~\\n 'outer': event 1.*\\n \\|.*\\n \\| NN \\| void outer \\(void\\).*\\n \\| \\| \\^~~~~\\n \\| \\| \\|.*\\n \\| \\| \\(1\\) entry to 'outer'.*\\n \\|.*\\n 'outer': event 2.*\\n \\|.*\\n \\| NN \\| i = setjmp\\(env\\);.*\\n \\| \\| \\^~~~~~\\n \\| \\| \\|.*\\n \\| \\| \\(2\\) 'setjmp' called here.*\\n \\|.*\\n 'outer': events 3-5.*\\n \\|.*\\n \\| NN \\| if \\(i != 0\\).*\\n \\| \\| \\^\\n \\| \\| \\|.*\\n \\| \\| \\(3\\) following 'false' branch \\(when 'i == 0'\\)\\.\\.\\..*\\n \\|\\.\\.\\.\\.\\.\\..*\\n \\| NN \\| foo \\(1\\);.*\\n \\| \\| ~~~~~~~\\n \\| \\| \\|.*\\n \\| \\| \\(4\\) \\.\\.\\
.to here.*\\n \\| NN \\| inner \\(\\);.*\\n \\| \\| ~~~~~~~~\\n \\| \\| \\|.*\\n \\| \\| \\(5\\) calling 'inner' from 'outer'.*\\n \\|.*\\n \\+--> 'inner': events 6-7.*\\n \\|.*\\n \\| NN \\| static void inner \\(void\\).*\\n \\| \\| \\^~~~~\\n \\| \\| \\|.*\\n \\| \\| \\(6\\) entry to 'inner'.*\\n \\| NN \\| \\{.*\\n \\| NN \\| longjmp \\(env, 1\\);.*\\n \\| \\| ~~~~~~~~~~~~~~~~\\n \\| \\| \\|.*\\n \\| \\| \\(7\\) rewinding from 'longjmp' in 'inner'\\.\\.\\..*\\n \\|.*\\n <------\\+.*\\n \\|.*\\n 'outer': event 8.*\\n \\|.*\\n \\| NN \\| i = setjmp\\(env\\);.*\\n \\| \\| \\^~~~~~\\n \\| \\| \\|.*\\n \\| \\| \\(8\\) \\.\\.\\.to 'setjmp' in 'outer' \\(saved at \\(2\\)\\).*\
\n \\|.*\\n 'outer': events 9-11.*\\n \\|.*\\n \\|!
NN \\| if \\(i != 0\\).*\\n \\| \\| \\^\\n \\| \\| \\|.*\\n \\| \\| \\(9\\) following 'true' branch \\(when 'i != 0'\\)\\.\\.\\..*\\n \\| NN \\| \\{.*\\n \\| NN \\| foo \\(2\\);.*\\n \\| \\| ~~~~~~~\\n \\| \\| \\|.*\\n \\| \\| \\(10\\) \\.\\.\\.to here.*\\n \\| NN \\| __analyzer_dump_path \\(\\);.*\\n \\| \\| ~~~~~~~~~~~~~~~~~~~~~~~\\n \\| \\| \\|.*\\n \\| \\| \\(11\\) here.*\\n \\|.*\\n"
FAIL: gcc.dg/analyzer/setjmp-4.c (test for excess errors)
FAIL: gcc.dg/analyzer/setjmp-4.c expected multiline pattern lines 34-107 not found: "\\s*NN \\| __analyzer_dump_path \\(\\);.*\\n \\| \\^~~~~~~~~~~~~~~~~~~~~~~\\n 'main': event 1.*\\n \\|.*\\n \\| NN \\| int main \\(void\\).*\\n \\| \\| \\^~~~\\n \\| \\| \\|.*\\n \\| \\| \\(1\\) entry to 'main'.*\\n \\|.*\\n 'main': event 2.*\\n \\|.*\\n \\| NN \\| if \\(!setjmp\\(buf\\)\\).*\\n \\| \\| \\^~~~~~\\n \\| \\| \\|.*\\n \\| \\| \\(2\\) 'setjmp' called here.*\\n \\|.*\\n 'main': events 3-5.*\\n \\|.*\\n \\| NN \\| if \\(!setjmp\\(buf\\)\\).*\\n \\| \\| \\^\\n \\| \\| \\|.*\\n \\| \\| \\(3\\) following 'true' branch\\.\\.\\..*\\n \\| NN \\| outer \\(42\\);.*\\n \\| \\| ~~~~~~~~~~\\n \\| \\| \\|.*\\n \\| \\| \\(4\\) \\.\\.\\.to here.*\\n \\| \\| \\(5\\) calling
'outer' from 'main'.*\\n \\|.*\\n \\+--> 'outer': events 6-7.*\\n \\|.*\\n \\| NN \\| void outer \\(int y\\).*\\n \\| \\| \\^~~~~\\n \\| \\| \\|.*\\n \\| \\| \\(6\\) entry to 'outer'.*\\n \\|\\.\\.\\.\\.\\.\\..*\\n \\| NN \\| inner \\(y\\);.*\\n \\| \\| ~~~~~~~~~\\n \\| \\| \\|.*\\n \\| \\| \\(7\\) calling 'inner' from 'outer'.*\\n \\|.*\\n \\+--> 'inner': events 8-9.*\\n \\|.*\\n \\| NN \\| void inner \\(int x\\).*\\n \\| \\| \\^~~~~\\n \\| \\| \\|.*\\n \\| \\| \\(8\\) entry to 'inner'.*\\n \\|\\.\\.\\.\\.\\.\\..*\\n \\| NN \\| longjmp \\(buf, 1\\);.*\\n \\| \\| ~~~~~~~~~~~~~~~~\\n \\| \\| \\|.
*\\n \\| \\| \\(9\\) rewinding from !
'longjmp' in 'inner'\\.\\.\\..*\\n \\|.*\\n <-------------\\+.*\\n \\|.*\\n 'main': event 10.*\\n \\|.*\\n \\| NN \\| if \\(!setjmp\\(buf\\)\\).*\\n \\| \\| \\^~~~~~\\n \\| \\| \\|.*\\n \\| \\| \\(10\\) \\.\\.\\.to 'setjmp' in 'main' \\(saved at \\(2\\)\\).*\\n \\|.*\\n 'main': events 11-13.*\\n \\|.*\\n \\| NN \\| if \\(!setjmp\\(buf\\)\\).*\\n \\| \\| \\^\\n \\| \\| \\|.*\\n \\| \\| \\(11\\) following 'false' branch\\.\\.\\..*\\n \\|\\.\\.\\.\\.\\.\\..*\\n \\| NN \\| __analyzer_dump_path \\(\\);.*\\n \\| \\| ~~~~~~~~~~~~~~~~~~~~~~~\\n \\| \\| \\|.*\\n \\| \\| \\(12\\) \\.\\.\\.to here.*\\n \\| \\| \\(13\\) here.*\\n \\|.*\\n"
FAIL: gcc.dg/analyzer/setjmp-5.c (test for warnings, line 21)
FAIL: gcc.dg/analyzer/setjmp-5.c expected multiline pattern lines 25-66 not found: "\\s*NN \\| longjmp \\(env, 42\\);.*\\n \\| \\^~~~~~~~~~~~~~~~~\\n 'outer': events 1-2.*\\n \\|.*\\n \\| NN \\| void outer \\(void\\).*\\n \\| \\| \\^~~~~\\n \\| \\| \\|.*\\n \\| \\| \\(1\\) entry to 'outer'.*\\n \\|\\.\\.\\.\\.\\.\\..*\\n \\| NN \\| inner \\(\\);.*\\n \\| \\| ~~~~~~~~\\n \\| \\| \\|.*\\n \\| \\| \\(2\\) calling 'inner' from 'outer'.*\\n \\|.*\\n \\+--> 'inner': event 3.*\\n \\|.*\\n \\| NN \\| static void inner \\(void\\).*\\n \\| \\| \\^~~~~\\n \\| \\| \\|.*\\n \\| \\| \\(3\\) entry to 'inner'.*\\n \\|.*\\n 'inner': event 4.*\\n \\|.*\\n \\| NN \\| setjmp \\(env\\);.*\\n \\| \\| \\^~~~~~\\n \\| \\|
\\|.*\\n \\| \\| \\(4\\) 'setjmp' called here.*\\n \\|.*\\n <------\\+.*\\n \\|.*\\n 'outer': events 5-6.*\\n \\|.*\\n \\| NN \\| inner \\(\\);.*\\n \\| \\| \\^~~~~~~~\\n \\| \\| \\|.*\\n \\| \\| \\(5\\) returning to 'outer' from 'inner'.*\\n \\| NN \\| .*\\n \\| NN \\| longjmp \\(env, 42\\);.*\\n \\| \\| ~~~~~~~~~~~~~~~~~\\n \\| \\| \\|.*\\n \\| \\| \\(6\\) here.*\\n \\|.*\\n"
FAIL: gcc.dg/analyzer/setjmp-6.c (test for warnings, line 11)
FAIL: gcc.dg/analyzer/setjmp-6.c (test for warnings, line 12)
FAIL: gcc.dg/analyzer/setjmp-7.c (test for warnings, line 11)
FAIL: gcc.dg/analyzer/setjmp-7.c (test for warnings, line 16)
FAIL: gcc.dg/analyzer/setjmp-7a.c (test for warnings, line 13)
FAIL: gcc.dg/analyzer/setjmp-7a.c expected multiline pattern lines 41-110 not found: "\\s*NN \\| longjmp \\(env, 1\\);.*\\n \\| \\^~~~~~~~~~~~~~~~\\n 'outer': event 1.*\\n \\|.*\\n \\| NN \\| void outer \\(void\\).*\\n \\| \\| \\^~~~~\\n \\| \\| \\|.*\\n \\| \\| \\(1\\) entry to 'outer'.*\\n \\|.*\\n 'outer': event 2.*\\n \\|.*\\n \\| NN \\| i = setjmp\\(env\\);.*\\n \\| \\| \\^~~~~~\\n \\| \\| \\|.*\\n \\| \\| \\(2\\) 'setjmp' called here.*\\n \\|.*\\n 'outer': events 3-5.*\\n \\|.*\\n \\| NN \\| if \\(i == 0\\).*\\n \\| \\| \\^\\n \\| \\| \\|.*\\n \\| \\| \\(3\\) following 'true' branch \\(when 'i == 0'\\)\\.\\.\\..*\\n \\| NN \\| \\{.*\\n \\| NN \\| foo \\(1\\);.*\\n \\| \\| ~~~~~~~\\n \\| \\| \\|.*\\n \\| \\| \\(4\\) \\.\\.\\.to here.*\\n \\|
NN \\| middle \\(\\);.*\\n \\| \\| ~~~~~~~~~\\n \\| \\| \\|.*\\n \\| \\| \\(5\\) calling 'middle' from 'outer'.*\\n \\|.*\\n \\+--> 'middle': events 6-8.*\\n \\|.*\\n \\| NN \\| static void middle \\(void\\).*\\n \\| \\| \\^~~~~~\\n \\| \\| \\|.*\\n \\| \\| \\(6\\) entry to 'middle'.*\\n \\| NN \\| \\{.*\\n \\| NN \\| void \\*ptr = malloc \\(1024\\);.*\\n \\| \\| ~~~~~~~~~~~~~\\n \\| \\| \\|.*\\n \\| \\| \\(7\\) allocated here.*\\n \\| NN \\| inner \\(\\);.*\\n \\| \\| ~~~~~~~~ .*\\n \\| \\| \\|.*\\n \\| \\| \\(8\\) calling 'inner' from 'middle'.*\\n \\|.*\\n \\+--> 'inner': events 9-11.*\\n \\|.*\\n
\\| NN \\| static void inner \\(void\\).*\\n !
\\| \\| \\^~~~~\\n \\| \\| \\|.*\\n \\| \\| \\(9\\) entry to 'inner'.*\\n \\| NN \\| \\{.*\\n \\| NN \\| longjmp \\(env, 1\\);.*\\n \\| \\| ~~~~~~~~~~~~~~~~\\n \\| \\| \\|.*\\n \\| \\| \\(10\\) 'ptr' leaks here; was allocated at \\(7\\).*\\n \\| \\| \\(11\\) rewinding from 'longjmp' in 'inner'\\.\\.\\..*\\n \\|.*\\n <-------------\\+.*\\n \\|.*\\n 'outer': event 12.*\\n \\|.*\\n \\| NN \\| i = setjmp\\(env\\);.*\\n \\| \\| \\^~~~~~\\n \\| \\| \\|.*\\n \\| \\| \\(12\\) \\.\\.\\.to 'setjmp' in 'outer' \\(saved at \\(2\\)\\).*\\n \\|.*\\n"
FAIL: gcc.dg/analyzer/setjmp-8.c (test for excess errors)
FAIL: gcc.dg/analyzer/setjmp-8.c expected multiline pattern lines 40-108 not found: "\\s*NN \\| __analyzer_dump_path \\(\\);.*\\n \\| \\^~~~~~~~~~~~~~~~~~~~~~~\\n 'outer': event 1.*\\n \\|.*\\n \\| NN \\| void outer \\(void\\).*\\n \\| \\| \\^~~~~\\n \\| \\| \\|.*\\n \\| \\| \\(1\\) entry to 'outer'.*\\n \\|.*\\n 'outer': event 2.*\\n \\|.*\\n \\| NN \\| i = setjmp\\(env\\);.*\\n \\| \\| \\^~~~~~\\n \\| \\| \\|.*\\n \\| \\| \\(2\\) 'setjmp' called here.*\\n \\|.*\\n 'outer': events 3-5.*\\n \\|.*\\n \\| NN \\| if \\(i != 0\\).*\\n \\| \\| \\^\\n \\| \\| \\|.*\\n \\| \\| \\(3\\) following 'false' branch \\(when 'i == 0'\\)\\.\\.\\..*\\n \\|\\.\\.\\.\\.\\.\\..*\\n \\| NN \\| foo \\(1\\);.*\\n \\| \\| ~~~~~~~\\n \\| \\| \\|.*\\n \\| \\| \\(4\\) \\.\\.\\
.to here.*\\n \\| NN \\| inner \\(\\);.*\\n \\| \\| ~~~~~~~~\\n \\| \\| \\|.*\\n \\| \\| \\(5\\) calling 'inner' from 'outer'.*\\n \\|.*\\n \\+--> 'inner': events 6-7.*\\n \\|.*\\n \\| NN \\| static void inner \\(void\\).*\\n \\| \\| \\^~~~~\\n \\| \\| \\|.*\\n \\| \\| \\(6\\) entry to 'inner'.*\\n \\|\\.\\.\\.\\.\\.\\..*\\n \\| NN \\| longjmp \\(env, 0\\);.*\\n \\| \\| ~~~~~~~~~~~~~~~~\\n \\| \\| \\|.*\\n \\| \\| \\(7\\) rewinding from 'longjmp' in 'inner'\\.\\.\\..*\\n \\|.*\\n <------\\+.*\\n \\|.*\\n 'outer': event 8.*\\n \\|.*\\n \\| NN \\| i = setjmp\\(env\\);.*\\n \\| \\| \\^~~~~~\\n \\| \\| \\|.*\\n \\| \\| \\(8\\) \\.\\.\\.to 'setjmp' in 'outer' \\(saved at \\(2\\)\
\).*\\n \\|.*\\n 'outer': events 9-11.*\\n \\|.*\\n !
\\| NN \\| if \\(i != 0\\).*\\n \\| \\| \\^\\n \\| \\| \\|.*\\n \\| \\| \\(9\\) following 'true' branch \\(when 'i != 0'\\)\\.\\.\\..*\\n \\| NN \\| \\{.*\\n \\| NN \\| foo \\(2\\);.*\\n \\| \\| ~~~~~~~\\n \\| \\| \\|.*\\n \\| \\| \\(10\\) \\.\\.\\.to here.*\\n \\| NN \\| __analyzer_dump_path \\(\\);.*\\n \\| \\| ~~~~~~~~~~~~~~~~~~~~~~~\\n \\| \\| \\|.*\\n \\| \\| \\(11\\) here.*\\n \\|.*\\n"
FAIL: gcc.dg/analyzer/setjmp-9.c (test for excess errors)
FAIL: gcc.dg/analyzer/setjmp-9.c expected multiline pattern lines 42-110 not found: "\\s*NN \\| __analyzer_dump_path \\(\\);.*\\n \\| \\^~~~~~~~~~~~~~~~~~~~~~~\\n 'outer': event 1.*\\n \\|.*\\n \\| NN \\| void outer \\(void\\).*\\n \\| \\| \\^~~~~\\n \\| \\| \\|.*\\n \\| \\| \\(1\\) entry to 'outer'.*\\n \\|.*\\n 'outer': event 2.*\\n \\|.*\\n \\| NN \\| i = setjmp\\(env\\);.*\\n \\| \\| \\^~~~~~\\n \\| \\| \\|.*\\n \\| \\| \\(2\\) 'setjmp' called here.*\\n \\|.*\\n 'outer': events 3-5.*\\n \\|.*\\n \\| NN \\| if \\(i != 0\\).*\\n \\| \\| \\^\\n \\| \\| \\|.*\\n \\| \\| \\(3\\) following 'false' branch \\(when 'i == 0'\\)\\.\\.\\..*\\n \\|\\.\\.\\.\\.\\.\\..*\\n \\| NN \\| foo \\(1\\);.*\\n \\| \\| ~~~~~~~\\n \\| \\| \\|.*\\n \\| \\| \\(4\\) \\.\\.\\
.to here.*\\n \\| NN \\| inner \\(\\);.*\\n \\| \\| ~~~~~~~~\\n \\| \\| \\|.*\\n \\| \\| \\(5\\) calling 'inner' from 'outer'.*\\n \\|.*\\n \\+--> 'inner': events 6-7.*\\n \\|.*\\n \\| NN \\| static void inner \\(void\\).*\\n \\| \\| \\^~~~~\\n \\| \\| \\|.*\\n \\| \\| \\(6\\) entry to 'inner'.*\\n \\|\\.\\.\\.\\.\\.\\..*\\n \\| NN \\| longjmp \\(env, unknown_val\\);.*\\n \\| \\| ~~~~~~~~~~~~~~~~~~~~~~~~~~\\n \\| \\| \\|.*\\n \\| \\| \\(7\\) rewinding from 'longjmp' in 'inner'\\.\\.\\..*\\n \\|.*\\n <------\\+.*\\n \\|.*\\n 'outer': event 8.*\\n \\|.*\\n \\| NN \\| i = setjmp\\(env\\);.*\\n \\| \\| \\^~~~~~\\n \\| \\| \\|.*\\n \\| \\| \\(8\\) \\.\\.\\.to 'setjmp' in 'outer'
\\(saved at \\(2\\)\\).*\\n \\|.*\\n 'outer': events 9-1!
1.*\\n \\|.*\\n \\| NN \\| if \\(i != 0\\).*\\n \\| \\| \\^\\n \\| \\| \\|.*\\n \\| \\| \\(9\\) following 'true' branch \\(when 'i != 0'\\)\\.\\.\\..*\\n \\| NN \\| \\{.*\\n \\| NN \\| foo \\(2\\);.*\\n \\| \\| ~~~~~~~\\n \\| \\| \\|.*\\n \\| \\| \\(10\\) \\.\\.\\.to here.*\\n \\| NN \\| __analyzer_dump_path \\(\\);.*\\n \\| \\| ~~~~~~~~~~~~~~~~~~~~~~~\\n \\| \\| \\|.*\\n \\| \\| \\(11\\) here.*\\n \\|.*\\n"
ERROR: c-c++-common/pr92833-4.c -Wc++-compat : expected integer but got ".3" for " dg-message 4 "expected" "expected" { target *-*-* } .3 "
ERROR: c-c++-common/pr92833-4.c -Wc++-compat : expected integer but got ".3" for " dg-message 4 "expected" "expected" { target *-*-* } .3 "
FAIL: gcc.dg/attr-weakref-1.c (test for excess errors)
UNRESOLVED: gcc.dg/attr-weakref-1.c compilation failed to produce executable
FAIL: gcc.dg/strcmpopt_8.c (test for excess errors)
FAIL: gcc.dg/strcmpopt_8.c scan-tree-dump-not forwprop1 "strncmp"
FAIL: gcc.dg/visibility-22.c execution test
XPASS: gcc.dg/graphite/scop-21.c scan-tree-dump-times graphite "number of SCoPs: 1" 1
FAIL: gcc.dg/ipa/iinline-attr.c scan-ipa-dump inline "hooray[^\\\\n]*inline copy in test"
FAIL: gcc.dg/ipa/ipa-icf-38.c scan-ltrans-tree-dump-not optimized "Function bar"
FAIL: gcc.dg/torture/pr60092.c -O0 execution test
XPASS: gcc.dg/tree-ssa/builtin-snprintf-6.c scan-tree-dump-times optimized "Function test_assign_aggregate" 1
FAIL: gcc.target/i386/avx512bw-pr86036.c (test for excess errors)
UNRESOLVED: gcc.target/i386/avx512bw-pr86036.c compilation failed to produce executable
FAIL: gcc.target/i386/avx512bw-pr92686-vpcmp-2.c (test for excess errors)
UNRESOLVED: gcc.target/i386/avx512bw-pr92686-vpcmp-2.c compilation failed to produce executable
FAIL: gcc.target/i386/avx512bw-pr92908.c (test for excess errors)
UNRESOLVED: gcc.target/i386/avx512bw-pr92908.c compilation failed to produce executable
FAIL: gcc.target/i386/avx512bw-vpmovb2m-2.c (test for excess errors)
UNRESOLVED: gcc.target/i386/avx512bw-vpmovb2m-2.c compilation failed to produce executable
FAIL: gcc.target/i386/avx512bw-vpmovm2b-2.c (test for excess errors)
UNRESOLVED: gcc.target/i386/avx512bw-vpmovm2b-2.c compilation failed to produce executable
FAIL: gcc.target/i386/avx512bw-vpmovm2w-2.c (test for excess errors)
UNRESOLVED: gcc.target/i386/avx512bw-vpmovm2w-2.c compilation failed to produce executable
FAIL: gcc.target/i386/avx512bw-vpmovw2m-2.c (test for excess errors)
UNRESOLVED: gcc.target/i386/avx512bw-vpmovw2m-2.c compilation failed to produce executable
FAIL: gcc.target/i386/avx512dq-vpmovd2m-2.c (test for excess errors)
UNRESOLVED: gcc.target/i386/avx512dq-vpmovd2m-2.c compilation failed to produce executable
FAIL: gcc.target/i386/avx512dq-vpmovm2d-2.c (test for excess errors)
UNRESOLVED: gcc.target/i386/avx512dq-vpmovm2d-2.c compilation failed to produce executable
FAIL: gcc.target/i386/avx512dq-vpmovq2m-2.c (test for excess errors)
UNRESOLVED: gcc.target/i386/avx512dq-vpmovq2m-2.c compilation failed to produce executable
FAIL: gcc.target/i386/avx512vl-pr88514-1.c (test for excess errors)
FAIL: gcc.target/i386/avx512vl-pr88514-2.c (test for excess errors)
FAIL: gcc.target/i386/avx512vl-pr88514-3.c (test for excess errors)
FAIL: gcc.target/i386/avx512vl-pr88547-2.c (test for excess errors)
UNRESOLVED: gcc.target/i386/avx512vl-pr88547-2.c compilation failed to produce executable
FAIL: gcc.target/i386/avx512vl-pr88547-3.c (test for excess errors)
UNRESOLVED: gcc.target/i386/avx512vl-pr88547-3.c compilation failed to produce executable
FAIL: gcc.target/i386/avx512vl-pr92686-vpcmp-2.c (test for excess errors)
UNRESOLVED: gcc.target/i386/avx512vl-pr92686-vpcmp-2.c compilation failed to produce executable
FAIL: gcc.target/i386/avx512vl-vpmovb2m-2.c (test for excess errors)
UNRESOLVED: gcc.target/i386/avx512vl-vpmovb2m-2.c compilation failed to produce executable
FAIL: gcc.target/i386/avx512vl-vpmovd2m-2.c (test for excess errors)
UNRESOLVED: gcc.target/i386/avx512vl-vpmovd2m-2.c compilation failed to produce executable
FAIL: gcc.target/i386/avx512vl-vpmovm2b-2.c (test for excess errors)
UNRESOLVED: gcc.target/i386/avx512vl-vpmovm2b-2.c compilation failed to produce executable
FAIL: gcc.target/i386/avx512vl-vpmovm2d-2.c (test for excess errors)
UNRESOLVED: gcc.target/i386/avx512vl-vpmovm2d-2.c compilation failed to produce executable
FAIL: gcc.target/i386/avx512vl-vpmovm2w-2.c (test for excess errors)
UNRESOLVED: gcc.target/i386/avx512vl-vpmovm2w-2.c compilation failed to produce executable
FAIL: gcc.target/i386/avx512vl-vpmovq2m-2.c (test for excess errors)
UNRESOLVED: gcc.target/i386/avx512vl-vpmovq2m-2.c compilation failed to produce executable
FAIL: gcc.target/i386/avx512vl-vpmovw2m-2.c (test for excess errors)
UNRESOLVED: gcc.target/i386/avx512vl-vpmovw2m-2.c compilation failed to produce executable
FAIL: gcc.target/i386/avx512vl-vround-2.c (test for excess errors)
UNRESOLVED: gcc.target/i386/avx512vl-vround-2.c compilation failed to produce executable
FAIL: gcc.target/i386/pr57193.c scan-assembler-times movdqa 2
FAIL: gcc.target/i386/pr61599-1.c (test for excess errors)
UNRESOLVED: gcc.target/i386/pr61599-1.c compilation failed to produce executable
FAIL: gcc.target/i386/pr80569.c (test for excess errors)
=== gcc Summary for unix/-m64 ===
# of expected passes 141916
# of unexpected failures 74
# of unexpected successes 2
# of expected failures 662
# of unresolved testcases 23
# of unsupported tests 3090
=== gcc Summary ===
# of expected passes 283435
# of unexpected failures 173
# of unexpected successes 3
# of expected failures 1335
# of unresolved testcases 44
# of unsupported tests 6707
/var/gcc/regression/master/11.3-gcc/build/gcc/xgcc version 10.0.1 20200117 (experimental) [master revision 507de5ee23efdc8a16d6b0b6488e118055c711cd] (GCC)
=== gdc tests ===
Running target unix
=== gdc Summary for unix ===
# of expected passes 22867
# of unsupported tests 40
Running target unix/-m64
=== gdc Summary for unix/-m64 ===
# of expected passes 22867
# of unsupported tests 40
=== gdc Summary ===
# of expected passes 45734
# of unsupported tests 80
/var/gcc/regression/master/11.3-gcc/build/gcc/gdc version 10.0.1 20200117 (experimental) [master revision 507de5ee23efdc8a16d6b0b6488e118055c711cd] (GCC)
=== gfortran tests ===
Running target unix
FAIL: gfortran.dg/ISO_Fortran_binding_15.f90 -O0 execution test
FAIL: gfortran.dg/ISO_Fortran_binding_15.f90 -O1 execution test
FAIL: gfortran.dg/ISO_Fortran_binding_15.f90 -O2 execution test
FAIL: gfortran.dg/ISO_Fortran_binding_15.f90 -O3 -fomit-frame-pointer -funroll-loops -fpeel-loops -ftracer -finline-functions execution test
FAIL: gfortran.dg/ISO_Fortran_binding_15.f90 -O3 -g execution test
FAIL: gfortran.dg/ISO_Fortran_binding_15.f90 -Os execution test
FAIL: gfortran.dg/pr93263_1.f90 -O scan-tree-dump-not original "integer\\\\(kind=4\\\\) a"
=== gfortran Summary for unix ===
# of expected passes 52737
# of unexpected failures 7
# of expected failures 191
# of unsupported tests 207
Running target unix/-m64
FAIL: gfortran.dg/pr93263_1.f90 -O scan-tree-dump-not original "integer\\\\(kind=4\\\\) a"
=== gfortran Summary for unix/-m64 ===
# of expected passes 52974
# of unexpected failures 1
# of expected failures 189
# of unsupported tests 98
=== gfortran Summary ===
# of expected passes 105711
# of unexpected failures 8
# of expected failures 380
# of unsupported tests 305
/var/gcc/regression/master/11.3-gcc/build/gcc/gfortran version 10.0.1 20200117 (experimental) [master revision 507de5ee23efdc8a16d6b0b6488e118055c711cd] (GCC)
=== gnat tests ===
Running target unix
=== gnat Summary for unix ===
# of expected passes 3274
# of expected failures 23
# of unsupported tests 11
Running target unix/-m64
=== gnat Summary for unix/-m64 ===
# of expected passes 3274
# of expected failures 23
# of unsupported tests 11
=== gnat Summary ===
# of expected passes 6548
# of expected failures 46
# of unsupported tests 22
/var/gcc/regression/master/11.3-gcc/build/gcc/gnatmake version 10.0.1 20200117 (experimental) [master revision 507de5ee23efdc8a16d6b0b6488e118055c711cd]
=== go tests ===
Running target unix
FAIL: ./index0-out.go execution, -O0 -g -fno-var-tracking-assignments
FAIL: go.test/test/fixedbugs/issue4085b.go execution, -O2 -g
=== go Summary for unix ===
# of expected passes 7469
# of unexpected failures 2
# of expected failures 1
# of untested testcases 10
# of unsupported tests 2
Running target unix/-m64
FAIL: ./index0-out.go execution, -O0 -g -fno-var-tracking-assignments
=== go Summary for unix/-m64 ===
# of expected passes 7351
# of unexpected failures 1
# of expected failures 1
# of untested testcases 10
# of unsupported tests 1
=== go Summary ===
# of expected passes 14820
# of unexpected failures 3
# of expected failures 2
# of untested testcases 20
# of unsupported tests 3
=== obj-c++ tests ===
Running target unix
=== obj-c++ Summary for unix ===
# of expected passes 1450
# of expected failures 2
# of unsupported tests 77
Running target unix/-m64
=== obj-c++ Summary for unix/-m64 ===
# of expected passes 1442
# of expected failures 10
# of unsupported tests 77
=== obj-c++ Summary ===
# of expected passes 2892
# of expected failures 12
# of unsupported tests 154
/var/gcc/regression/master/11.3-gcc/build/gcc/xg++ version 10.0.1 20200117 (experimental) [master revision 507de5ee23efdc8a16d6b0b6488e118055c711cd] (GCC)
=== objc tests ===
Running target unix
=== objc Summary for unix ===
# of expected passes 2777
# of expected failures 6
# of unsupported tests 68
Running target unix/-m64
=== objc Summary for unix/-m64 ===
# of expected passes 2777
# of expected failures 6
# of unsupported tests 68
=== objc Summary ===
# of expected passes 5554
# of expected failures 12
# of unsupported tests 136
/var/gcc/regression/master/11.3-gcc/build/gcc/xgcc version 10.0.1 20200117 (experimental) [master revision 507de5ee23efdc8a16d6b0b6488e118055c711cd] (GCC)
=== gotools tests ===
FAIL: TestAbort
FAIL: TestGccgoCrashTracebackNodebug
FAIL: TestSelectStackAdjust
FAIL: go test runtime
FAIL: go test misc/cgo/test
FAIL: TestEarlySignalHandler
FAIL: TestOsSignal
FAIL: TestPIE
FAIL: TestSigaltstack
FAIL: go test misc/cgo/testcarchive
=== gotools Summary ===
# of expected passes 343
# of unexpected failures 10
# of untested testcases 199
/var/gcc/regression/master/11.3-gcc/build/./gcc/gccgo version 10.0.1 20200117 (experimental) [master revision 507de5ee23efdc8a16d6b0b6488e118055c711cd] (GCC)
=== libatomic tests ===
Running target unix
=== libatomic Summary for unix ===
# of expected passes 44
# of unsupported tests 5
Running target unix/-m64
=== libatomic Summary for unix/-m64 ===
# of expected passes 54
=== libatomic Summary ===
# of expected passes 98
# of unsupported tests 5
=== libffi tests ===
Running target unix
=== libffi Summary for unix ===
# of expected passes 2799
Running target unix/-m64
=== libffi Summary for unix/-m64 ===
# of expected passes 2214
=== libffi Summary ===
# of expected passes 5013
=== libgo tests ===
Running target unix
FAIL: go/build
FAIL: runtime
=== libgo Summary for unix ===
# of expected passes 172
# of unexpected failures 2
Running target unix/-m64
FAIL: bytes
FAIL: crypto/tls
FAIL: database/sql
FAIL: encoding/hex
FAIL: go/build
FAIL: log/syslog
FAIL: net/http
FAIL: os
FAIL: runtime
FAIL: runtime/pprof
=== libgo Summary for unix/-m64 ===
# of expected passes 164
# of unexpected failures 10
=== libgo Summary ===
# of expected passes 336
# of unexpected failures 12
/var/gcc/regression/master/11.3-gcc/build/./gcc/gccgo version 10.0.1 20200117 (experimental) [master revision 507de5ee23efdc8a16d6b0b6488e118055c711cd] (GCC)
=== libgomp tests ===
Running target unix
WARNING: libgomp.c++/task-reduction-13.C execution test program timed out.
FAIL: libgomp.c++/task-reduction-13.C execution test
=== libgomp Summary for unix ===
# of expected passes 7547
# of unexpected failures 1
# of expected failures 4
# of unsupported tests 501
Running target unix/-m64
=== libgomp Summary for unix/-m64 ===
# of expected passes 7548
# of expected failures 4
# of unsupported tests 501
=== libgomp Summary ===
# of expected passes 15095
# of unexpected failures 1
# of expected failures 8
# of unsupported tests 1002
=== libitm tests ===
Running target unix
=== libitm Summary for unix ===
# of expected passes 42
# of expected failures 3
# of unsupported tests 1
Running target unix/-m64
=== libitm Summary for unix/-m64 ===
# of expected passes 42
# of expected failures 3
# of unsupported tests 1
=== libitm Summary ===
# of expected passes 84
# of expected failures 6
# of unsupported tests 2
=== libstdc++ tests ===
Running target unix
XPASS: experimental/memory_resource/new_delete_resource.cc execution test
FAIL: experimental/net/internet/resolver/ops/lookup.cc execution test
=== libstdc++ Summary for unix ===
# of expected passes 12612
# of unexpected failures 1
# of unexpected successes 1
# of expected failures 92
# of unsupported tests 716
Running target unix/-m64
FAIL: experimental/net/internet/resolver/ops/lookup.cc execution test
=== libstdc++ Summary for unix/-m64 ===
# of expected passes 12605
# of unexpected failures 1
# of expected failures 92
# of unsupported tests 720
=== libstdc++ Summary ===
# of expected passes 25217
# of unexpected failures 2
# of unexpected successes 1
# of expected failures 184
# of unsupported tests 1436
Compiler version: 10.0.1 20200117 (experimental) [master revision 507de5ee23efdc8a16d6b0b6488e118055c711cd] (GCC)
Platform: i386-pc-solaris2.11
configure flags: --prefix=/vol/gcc --target=i386-pc-solaris2.11 --enable-objc-gc --with-target-bdw-gc-include=/vol/gcc/include --with-target-bdw-gc-lib=/vol/gcc/lib,amd64=/vol/gcc/lib/amd64 --with-as=/usr/ccs/bin/as --without-gnu-as --with-gmp-include=/vol/gcc/include --with-gmp-lib=/vol/gcc/lib --with-mpfr-include=/vol/gcc/include --with-mpfr-lib=/vol/gcc/lib --with-mpc-include=/vol/gcc/include --with-mpc-lib=/vol/gcc/lib --enable-languages=all,ada,obj-c++,go --with-isl-include=/vol/gcc/include --with-isl-lib=/vol/gcc/lib --with-zstd-include=/vol/gcc/include --with-zstd-lib=/vol/gcc/lib --build=i386-pc-solaris2.11 --host=i386-pc-solaris2.11
BOOT_CFLAGS=-g -O2
More information about the Gcc-testresults
mailing list