Results for 10.0.0 20200115 (experimental) (GCC) gcc testsuite on moxie-unknown-elf
Anthony Green
green@moxielogic.com
Wed Jan 15 12:09:00 GMT 2020
rlgl policy check: RED: https://rl.gl/doc?id=RLGL-AJ62GB5G
Target is moxie-unknown-elf
Host is x86_64-pc-linux-gnu
=== gcc tests ===
Running target moxie-sim
FAIL: gcc.dg/analyzer/data-model-1.c (test for warnings, line 610)
FAIL: gcc.dg/analyzer/data-model-1.c (test for warnings, line 611)
FAIL: gcc.dg/analyzer/data-model-1.c (test for warnings, line 615)
FAIL: gcc.dg/analyzer/data-model-1.c (test for warnings, line 616)
FAIL: gcc.dg/analyzer/data-model-1.c (test for warnings, line 657)
FAIL: gcc.dg/analyzer/data-model-1.c (test for warnings, line 658)
FAIL: gcc.dg/analyzer/data-model-1.c (test for warnings, line 662)
FAIL: gcc.dg/analyzer/data-model-1.c (test for warnings, line 663)
FAIL: gcc.dg/analyzer/data-model-1.c (test for warnings, line 705)
FAIL: gcc.dg/analyzer/data-model-1.c (test for warnings, line 706)
FAIL: gcc.dg/analyzer/data-model-1.c (test for warnings, line 710)
FAIL: gcc.dg/analyzer/data-model-1.c (test for warnings, line 711)
FAIL: gcc.dg/analyzer/data-model-1.c (test for warnings, line 753)
FAIL: gcc.dg/analyzer/data-model-1.c (test for warnings, line 754)
FAIL: gcc.dg/analyzer/data-model-1.c (test for warnings, line 758)
FAIL: gcc.dg/analyzer/data-model-1.c (test for warnings, line 759)
FAIL: gcc.dg/analyzer/data-model-1.c (test for excess errors)
FAIL: gcc.dg/analyzer/malloc-callbacks.c (test for warnings, line 27)
FAIL: gcc.dg/analyzer/malloc-callbacks.c (test for warnings, line 28)
FAIL: gcc.dg/analyzer/malloc-callbacks.c (test for warnings, line 34)
FAIL: gcc.dg/analyzer/malloc-callbacks.c (test for warnings, line 35)
FAIL: gcc.dg/analyzer/malloc-callbacks.c (test for warnings, line 41)
FAIL: gcc.dg/analyzer/malloc-callbacks.c (test for warnings, line 53)
FAIL: gcc.dg/analyzer/malloc-callbacks.c (test for warnings, line 54)
FAIL: gcc.dg/analyzer/malloc-callbacks.c (test for warnings, line 62)
FAIL: gcc.dg/analyzer/malloc-callbacks.c (test for warnings, line 64)
FAIL: gcc.dg/analyzer/malloc-callbacks.c (test for excess errors)
FAIL: gcc.dg/analyzer/pattern-test-2.c (test for warnings, line 21)
FAIL: gcc.dg/analyzer/pattern-test-2.c (test for warnings, line 21)
FAIL: gcc.dg/analyzer/pattern-test-2.c (test for excess errors)
FAIL: gcc.dg/analyzer/setjmp-2.c expected multiline pattern lines 38-82 not found: "\\s*NN \\| __analyzer_dump_path \\(\\);.*\\n \\| \\^~~~~~~~~~~~~~~~~~~~~~~\\n 'test_2': event 1.*\\n \\|.*\\n \\| NN \\| i = setjmp\\(env\\);.*\\n \\| \\| \\^~~~~~\\n \\| \\| \\|.*\\n \\| \\| \\(1\\) 'setjmp' called here.*\\n \\|.*\\n 'test_2': events 2-4.*\\n \\|.*\\n \\| NN \\| if \\(i != 0\\).*\\n \\| \\| \\^\\n \\| \\| \\|.*\\n \\| \\| \\(2\\) following 'false' branch \\(when 'i == 0'\\)\\.\\.\\..*\\n \\|\\.\\.\\.\\.\\.\\..*\\n \\| NN \\| longjmp \\(env, 1\\);.*\\n \\| \\| ~~~~~~~~~~~~~~~~\\n \\| \\| \\|.*\\n \\| \\| \\(3\\) \\.\\.\\.to here.*\\n \\| \\| \\(4\\) rewinding within 'test_2' from 'longjmp'\\.\\.\\..*\\n \\|.*\\n 'test_2': event 5.*\\n \\|.*\\n \\| NN \\| i = setjmp\\(env\\);.*\\n \\| \\| \\^~~~~~\\n \\| \\| \\|.*\\n \\| \\| \\(5\\) \\.\\.\\.to 'setjmp' \\(saved at \\(1\\)\\).*\\n \\|.*\\n 'test_2': events 6-8.*\\n \\|.*\\n \\| NN \\| if \\(i != 0\\).*\\n \\| \\| \\^\\n \\| \\| \\|.*\\n \\| \\| \\(6\\) following 'true' branch \\(when 'i != 0'\\)\\.\\.\\..*\\n \\| NN \\| \\{.*\\n \\| NN \\| foo \\(2\\);.*\\n \\| \\| ~~~~~~~\\n \\| \\| \\|.*\\n \\| \\| \\(7\\) \\.\\.\\.to here.*\\n \\| NN \\| __analyzer_dump_path \\(\\);.*\\n \\| \\| ~~~~~~~~~~~~~~~~~~~~~~~\\n \\| \\| \\|.*\\n \\| \\| \\(8\\) here.*\\n \\|.*\\n"
FAIL: gcc.dg/analyzer/setjmp-2.c (test for excess errors)
FAIL: gcc.dg/analyzer/setjmp-3.c expected multiline pattern lines 39-107 not found: "\\s*NN \\| __analyzer_dump_path \\(\\);.*\\n \\| \\^~~~~~~~~~~~~~~~~~~~~~~\\n 'outer': event 1.*\\n \\|.*\\n \\| NN \\| void outer \\(void\\).*\\n \\| \\| \\^~~~~\\n \\| \\| \\|.*\\n \\| \\| \\(1\\) entry to 'outer'.*\\n \\|.*\\n 'outer': event 2.*\\n \\|.*\\n \\| NN \\| i = setjmp\\(env\\);.*\\n \\| \\| \\^~~~~~\\n \\| \\| \\|.*\\n \\| \\| \\(2\\) 'setjmp' called here.*\\n \\|.*\\n 'outer': events 3-5.*\\n \\|.*\\n \\| NN \\| if \\(i != 0\\).*\\n \\| \\| \\^\\n \\| \\| \\|.*\\n \\| \\| \\(3\\) following 'false' branch \\(when 'i == 0'\\)\\.\\.\\..*\\n \\|\\.\\.\\.\\.\\.\\..*\\n \\| NN \\| foo \\(1\\);.*\\n \\| \\| ~~~~~~~\\n \\| \\| \\|.*\\n \\| \\| \\(4\\) \\.\\.\\.to here.*\\n \\| NN \\| inner \\(\\);.*\\n \\| \\| ~~~~~~~~\\n \\| \\| \\|.*\\n \\| \\| \\(5\\) calling 'inner' from 'outer'.*\\n \\|.*\\n \\+--> 'inner': events 6-7.*\\n \\|.*\\n \\| NN \\| static void inner \\(void\\).*\\n \\| \\| \\^~~~~\\n \\| \\| \\|.*\\n \\| \\| \\(6\\) entry to 'inner'.*\\n \\| NN \\| \\{.*\\n \\| NN \\| longjmp \\(env, 1\\);.*\\n \\| \\| ~~~~~~~~~~~~~~~~\\n \\| \\| \\|.*\\n \\| \\| \\(7\\) rewinding from 'longjmp' in 'inner'\\.\\.\\..*\\n \\|.*\\n <------\\+.*\\n \\|.*\\n 'outer': event 8.*\\n \\|.*\\n \\| NN \\| i = setjmp\\(env\\);.*\\n \\| \\| \\^~~~~~\\n \\| \\| \\|.*\\n \\| \\| \\(8\\) \\.\\.\\.to 'setjmp' in 'outer' \\(saved at \\(2\\)\\).*\\n \\|.*\\n 'outer': events 9-11.*\\n \\|.*\\n \\| NN \\| if \\(i != 0\\).*\\n \\| \\| \\^\\n \\| \\| \\|.*\\n \\| \\| \\(9\\) following 'true' branch \\(when 'i != 0'\\)\\.\\.\\..*\\n \\| NN \\| \\{.*\\n \\| NN \\| foo \\(2\\);.*\\n \\| \\| ~~~~~~~\\n \\| \\| \\|.*\\n \\| \\| \\(10\\) \\.\\.\\.to here.*\\n \\| NN \\| __analyzer_dump_path \\(\\);.*\\n \\| \\| ~~~~~~~~~~~~~~~~~~~~~~~\\n \\| \\| \\|.*\\n \\| \\| \\(11\\) here.*\\n \\|.*\\n"
FAIL: gcc.dg/analyzer/setjmp-3.c (test for excess errors)
FAIL: gcc.dg/analyzer/setjmp-4.c expected multiline pattern lines 34-107 not found: "\\s*NN \\| __analyzer_dump_path \\(\\);.*\\n \\| \\^~~~~~~~~~~~~~~~~~~~~~~\\n 'main': event 1.*\\n \\|.*\\n \\| NN \\| int main \\(void\\).*\\n \\| \\| \\^~~~\\n \\| \\| \\|.*\\n \\| \\| \\(1\\) entry to 'main'.*\\n \\|.*\\n 'main': event 2.*\\n \\|.*\\n \\| NN \\| if \\(!setjmp\\(buf\\)\\).*\\n \\| \\| \\^~~~~~\\n \\| \\| \\|.*\\n \\| \\| \\(2\\) 'setjmp' called here.*\\n \\|.*\\n 'main': events 3-5.*\\n \\|.*\\n \\| NN \\| if \\(!setjmp\\(buf\\)\\).*\\n \\| \\| \\^\\n \\| \\| \\|.*\\n \\| \\| \\(3\\) following 'true' branch\\.\\.\\..*\\n \\| NN \\| outer \\(42\\);.*\\n \\| \\| ~~~~~~~~~~\\n \\| \\| \\|.*\\n \\| \\| \\(4\\) \\.\\.\\.to here.*\\n \\| \\| \\(5\\) calling 'outer' from 'main'.*\\n \\|.*\\n \\+--> 'outer': events 6-7.*\\n \\|.*\\n \\| NN \\| void outer \\(int y\\).*\\n \\| \\| \\^~~~~\\n \\| \\| \\|.*\\n \\| \\| \\(6\\) entry to 'outer'.*\\n \\|\\.\\.\\.\\.\\.\\..*\\n \\| NN \\| inner \\(y\\);.*\\n \\| \\| ~~~~~~~~~\\n \\| \\| \\|.*\\n \\| \\| \\(7\\) calling 'inner' from 'outer'.*\\n \\|.*\\n \\+--> 'inner': events 8-9.*\\n \\|.*\\n \\| NN \\| void inner \\(int x\\).*\\n \\| \\| \\^~~~~\\n \\| \\| \\|.*\\n \\| \\| \\(8\\) entry to 'inner'.*\\n \\|\\.\\.\\.\\.\\.\\..*\\n \\| NN \\| longjmp \\(buf, 1\\);.*\\n \\| \\| ~~~~~~~~~~~~~~~~\\n \\| \\| \\|.*\\n \\| \\| \\(9\\) rewinding from 'longjmp' in 'inner'\\.\\.\\..*\\n \\|.*\\n <-------------\\+.*\\n \\|.*\\n 'main': event 10.*\\n \\|.*\\n \\| NN \\| if \\(!setjmp\\(buf\\)\\).*\\n \\| \\| \\^~~~~~\\n \\| \\| \\|.*\\n \\| \\| \\(10\\) \\.\\.\\.to 'setjmp' in 'main' \\(saved at \\(2\\)\\).*\\n \\|.*\\n 'main': events 11-13.*\\n \\|.*\\n \\| NN \\| if \\(!setjmp\\(buf\\)\\).*\\n \\| \\| \\^\\n \\| \\| \\|.*\\n \\| \\| \\(11\\) following 'false' branch\\.\\.\\..*\\n \\|\\.\\.\\.\\.\\.\\..*\\n \\| NN \\| __analyzer_dump_path \\(\\);.*\\n \\| \\| ~~~~~~~~~~~~~~~~~~~~~~~\\n \\| \\| \\|.*\\n \\| \\| \\(12\\) \\.\\.\\.to here.*\\n \\| \\| \\(13\\) here.*\\n \\|.*\\n"
FAIL: gcc.dg/analyzer/setjmp-4.c (test for excess errors)
FAIL: gcc.dg/analyzer/setjmp-5.c (test for warnings, line 21)
FAIL: gcc.dg/analyzer/setjmp-5.c expected multiline pattern lines 25-66 not found: "\\s*NN \\| longjmp \\(env, 42\\);.*\\n \\| \\^~~~~~~~~~~~~~~~~\\n 'outer': events 1-2.*\\n \\|.*\\n \\| NN \\| void outer \\(void\\).*\\n \\| \\| \\^~~~~\\n \\| \\| \\|.*\\n \\| \\| \\(1\\) entry to 'outer'.*\\n \\|\\.\\.\\.\\.\\.\\..*\\n \\| NN \\| inner \\(\\);.*\\n \\| \\| ~~~~~~~~\\n \\| \\| \\|.*\\n \\| \\| \\(2\\) calling 'inner' from 'outer'.*\\n \\|.*\\n \\+--> 'inner': event 3.*\\n \\|.*\\n \\| NN \\| static void inner \\(void\\).*\\n \\| \\| \\^~~~~\\n \\| \\| \\|.*\\n \\| \\| \\(3\\) entry to 'inner'.*\\n \\|.*\\n 'inner': event 4.*\\n \\|.*\\n \\| NN \\| setjmp \\(env\\);.*\\n \\| \\| \\^~~~~~\\n \\| \\| \\|.*\\n \\| \\| \\(4\\) 'setjmp' called here.*\\n \\|.*\\n <------\\+.*\\n \\|.*\\n 'outer': events 5-6.*\\n \\|.*\\n \\| NN \\| inner \\(\\);.*\\n \\| \\| \\^~~~~~~~\\n \\| \\| \\|.*\\n \\| \\| \\(5\\) returning to 'outer' from 'inner'.*\\n \\| NN \\| .*\\n \\| NN \\| longjmp \\(env, 42\\);.*\\n \\| \\| ~~~~~~~~~~~~~~~~~\\n \\| \\| \\|.*\\n \\| \\| \\(6\\) here.*\\n \\|.*\\n"
FAIL: gcc.dg/analyzer/setjmp-6.c (test for warnings, line 11)
FAIL: gcc.dg/analyzer/setjmp-6.c (test for warnings, line 12)
FAIL: gcc.dg/analyzer/setjmp-7.c (test for warnings, line 11)
FAIL: gcc.dg/analyzer/setjmp-7.c (test for warnings, line 16)
FAIL: gcc.dg/analyzer/setjmp-7a.c (test for warnings, line 13)
FAIL: gcc.dg/analyzer/setjmp-7a.c expected multiline pattern lines 41-110 not found: "\\s*NN \\| longjmp \\(env, 1\\);.*\\n \\| \\^~~~~~~~~~~~~~~~\\n 'outer': event 1.*\\n \\|.*\\n \\| NN \\| void outer \\(void\\).*\\n \\| \\| \\^~~~~\\n \\| \\| \\|.*\\n \\| \\| \\(1\\) entry to 'outer'.*\\n \\|.*\\n 'outer': event 2.*\\n \\|.*\\n \\| NN \\| i = setjmp\\(env\\);.*\\n \\| \\| \\^~~~~~\\n \\| \\| \\|.*\\n \\| \\| \\(2\\) 'setjmp' called here.*\\n \\|.*\\n 'outer': events 3-5.*\\n \\|.*\\n \\| NN \\| if \\(i == 0\\).*\\n \\| \\| \\^\\n \\| \\| \\|.*\\n \\| \\| \\(3\\) following 'true' branch \\(when 'i == 0'\\)\\.\\.\\..*\\n \\| NN \\| \\{.*\\n \\| NN \\| foo \\(1\\);.*\\n \\| \\| ~~~~~~~\\n \\| \\| \\|.*\\n \\| \\| \\(4\\) \\.\\.\\.to here.*\\n \\| NN \\| middle \\(\\);.*\\n \\| \\| ~~~~~~~~~\\n \\| \\| \\|.*\\n \\| \\| \\(5\\) calling 'middle' from 'outer'.*\\n \\|.*\\n \\+--> 'middle': events 6-8.*\\n \\|.*\\n \\| NN \\| static void middle \\(void\\).*\\n \\| \\| \\^~~~~~\\n \\| \\| \\|.*\\n \\| \\| \\(6\\) entry to 'middle'.*\\n \\| NN \\| \\{.*\\n \\| NN \\| void \\*ptr = malloc \\(1024\\);.*\\n \\| \\| ~~~~~~~~~~~~~\\n \\| \\| \\|.*\\n \\| \\| \\(7\\) allocated here.*\\n \\| NN \\| inner \\(\\);.*\\n \\| \\| ~~~~~~~~ .*\\n \\| \\| \\|.*\\n \\| \\| \\(8\\) calling 'inner' from 'middle'.*\\n \\|.*\\n \\+--> 'inner': events 9-11.*\\n \\|.*\\n \\| NN \\| static void inner \\(void\\).*\\n \\| \\| \\^~~~~\\n \\| \\| \\|.*\\n \\| \\| \\(9\\) entry to 'inner'.*\\n \\| NN \\| \\{.*\\n \\| NN \\| longjmp \\(env, 1\\);.*\\n \\| \\| ~~~~~~~~~~~~~~~~\\n \\| \\| \\|.*\\n \\| \\| \\(10\\) 'ptr' leaks here; was allocated at \\(7\\).*\\n \\| \\| \\(11\\) rewinding from 'longjmp' in 'inner'\\.\\.\\..*\\n \\|.*\\n <-------------\\+.*\\n \\|.*\\n 'outer': event 12.*\\n \\|.*\\n \\| NN \\| i = setjmp\\(env\\);.*\\n \\| \\| \\^~~~~~\\n \\| \\| \\|.*\\n \\| \\| \\(12\\) \\.\\.\\.to 'setjmp' in 'outer' \\(saved at \\(2\\)\\).*\\n \\|.*\\n"
FAIL: gcc.dg/analyzer/setjmp-8.c expected multiline pattern lines 40-108 not found: "\\s*NN \\| __analyzer_dump_path \\(\\);.*\\n \\| \\^~~~~~~~~~~~~~~~~~~~~~~\\n 'outer': event 1.*\\n \\|.*\\n \\| NN \\| void outer \\(void\\).*\\n \\| \\| \\^~~~~\\n \\| \\| \\|.*\\n \\| \\| \\(1\\) entry to 'outer'.*\\n \\|.*\\n 'outer': event 2.*\\n \\|.*\\n \\| NN \\| i = setjmp\\(env\\);.*\\n \\| \\| \\^~~~~~\\n \\| \\| \\|.*\\n \\| \\| \\(2\\) 'setjmp' called here.*\\n \\|.*\\n 'outer': events 3-5.*\\n \\|.*\\n \\| NN \\| if \\(i != 0\\).*\\n \\| \\| \\^\\n \\| \\| \\|.*\\n \\| \\| \\(3\\) following 'false' branch \\(when 'i == 0'\\)\\.\\.\\..*\\n \\|\\.\\.\\.\\.\\.\\..*\\n \\| NN \\| foo \\(1\\);.*\\n \\| \\| ~~~~~~~\\n \\| \\| \\|.*\\n \\| \\| \\(4\\) \\.\\.\\.to here.*\\n \\| NN \\| inner \\(\\);.*\\n \\| \\| ~~~~~~~~\\n \\| \\| \\|.*\\n \\| \\| \\(5\\) calling 'inner' from 'outer'.*\\n \\|.*\\n \\+--> 'inner': events 6-7.*\\n \\|.*\\n \\| NN \\| static void inner \\(void\\).*\\n \\| \\| \\^~~~~\\n \\| \\| \\|.*\\n \\| \\| \\(6\\) entry to 'inner'.*\\n \\|\\.\\.\\.\\.\\.\\..*\\n \\| NN \\| longjmp \\(env, 0\\);.*\\n \\| \\| ~~~~~~~~~~~~~~~~\\n \\| \\| \\|.*\\n \\| \\| \\(7\\) rewinding from 'longjmp' in 'inner'\\.\\.\\..*\\n \\|.*\\n <------\\+.*\\n \\|.*\\n 'outer': event 8.*\\n \\|.*\\n \\| NN \\| i = setjmp\\(env\\);.*\\n \\| \\| \\^~~~~~\\n \\| \\| \\|.*\\n \\| \\| \\(8\\) \\.\\.\\.to 'setjmp' in 'outer' \\(saved at \\(2\\)\\).*\\n \\|.*\\n 'outer': events 9-11.*\\n \\|.*\\n \\| NN \\| if \\(i != 0\\).*\\n \\| \\| \\^\\n \\| \\| \\|.*\\n \\| \\| \\(9\\) following 'true' branch \\(when 'i != 0'\\)\\.\\.\\..*\\n \\| NN \\| \\{.*\\n \\| NN \\| foo \\(2\\);.*\\n \\| \\| ~~~~~~~\\n \\| \\| \\|.*\\n \\| \\| \\(10\\) \\.\\.\\.to here.*\\n \\| NN \\| __analyzer_dump_path \\(\\);.*\\n \\| \\| ~~~~~~~~~~~~~~~~~~~~~~~\\n \\| \\| \\|.*\\n \\| \\| \\(11\\) here.*\\n \\|.*\\n"
FAIL: gcc.dg/analyzer/setjmp-8.c (test for excess errors)
FAIL: gcc.dg/analyzer/setjmp-9.c expected multiline pattern lines 42-110 not found: "\\s*NN \\| __analyzer_dump_path \\(\\);.*\\n \\| \\^~~~~~~~~~~~~~~~~~~~~~~\\n 'outer': event 1.*\\n \\|.*\\n \\| NN \\| void outer \\(void\\).*\\n \\| \\| \\^~~~~\\n \\| \\| \\|.*\\n \\| \\| \\(1\\) entry to 'outer'.*\\n \\|.*\\n 'outer': event 2.*\\n \\|.*\\n \\| NN \\| i = setjmp\\(env\\);.*\\n \\| \\| \\^~~~~~\\n \\| \\| \\|.*\\n \\| \\| \\(2\\) 'setjmp' called here.*\\n \\|.*\\n 'outer': events 3-5.*\\n \\|.*\\n \\| NN \\| if \\(i != 0\\).*\\n \\| \\| \\^\\n \\| \\| \\|.*\\n \\| \\| \\(3\\) following 'false' branch \\(when 'i == 0'\\)\\.\\.\\..*\\n \\|\\.\\.\\.\\.\\.\\..*\\n \\| NN \\| foo \\(1\\);.*\\n \\| \\| ~~~~~~~\\n \\| \\| \\|.*\\n \\| \\| \\(4\\) \\.\\.\\.to here.*\\n \\| NN \\| inner \\(\\);.*\\n \\| \\| ~~~~~~~~\\n \\| \\| \\|.*\\n \\| \\| \\(5\\) calling 'inner' from 'outer'.*\\n \\|.*\\n \\+--> 'inner': events 6-7.*\\n \\|.*\\n \\| NN \\| static void inner \\(void\\).*\\n \\| \\| \\^~~~~\\n \\| \\| \\|.*\\n \\| \\| \\(6\\) entry to 'inner'.*\\n \\|\\.\\.\\.\\.\\.\\..*\\n \\| NN \\| longjmp \\(env, unknown_val\\);.*\\n \\| \\| ~~~~~~~~~~~~~~~~~~~~~~~~~~\\n \\| \\| \\|.*\\n \\| \\| \\(7\\) rewinding from 'longjmp' in 'inner'\\.\\.\\..*\\n \\|.*\\n <------\\+.*\\n \\|.*\\n 'outer': event 8.*\\n \\|.*\\n \\| NN \\| i = setjmp\\(env\\);.*\\n \\| \\| \\^~~~~~\\n \\| \\| \\|.*\\n \\| \\| \\(8\\) \\.\\.\\.to 'setjmp' in 'outer' \\(saved at \\(2\\)\\).*\\n \\|.*\\n 'outer': events 9-11.*\\n \\|.*\\n \\| NN \\| if \\(i != 0\\).*\\n \\| \\| \\^\\n \\| \\| \\|.*\\n \\| \\| \\(9\\) following 'true' branch \\(when 'i != 0'\\)\\.\\.\\..*\\n \\| NN \\| \\{.*\\n \\| NN \\| foo \\(2\\);.*\\n \\| \\| ~~~~~~~\\n \\| \\| \\|.*\\n \\| \\| \\(10\\) \\.\\.\\.to here.*\\n \\| NN \\| __analyzer_dump_path \\(\\);.*\\n \\| \\| ~~~~~~~~~~~~~~~~~~~~~~~\\n \\| \\| \\|.*\\n \\| \\| \\(11\\) here.*\\n \\|.*\\n"
FAIL: gcc.dg/analyzer/setjmp-9.c (test for excess errors)
FAIL: gcc.dg/Wstringop-overflow-17.c (test for warnings, line 8)
FAIL: gcc.dg/Wstringop-overflow-25.c (test for warnings, line 317)
FAIL: gcc.dg/Wstringop-overflow-25.c (test for warnings, line 318)
FAIL: gcc.dg/Wstringop-overflow-25.c (test for warnings, line 319)
FAIL: gcc.dg/attr-vector_size.c (internal compiler error)
FAIL: gcc.dg/attr-vector_size.c ILP32 (test for errors, line 37)
FAIL: gcc.dg/attr-vector_size.c ILP32 (test for errors, line 39)
FAIL: gcc.dg/attr-vector_size.c ILP32 (test for errors, line 64)
FAIL: gcc.dg/attr-vector_size.c ILP32 (test for errors, line 66)
FAIL: gcc.dg/attr-vector_size.c (test for excess errors)
FAIL: gcc.dg/builtin-apply2.c execution test
FAIL: gcc.dg/cleanup-12.c execution test
FAIL: gcc.dg/cleanup-13.c execution test
FAIL: gcc.dg/cleanup-5.c execution test
FAIL: gcc.dg/ifcvt-4.c scan-rtl-dump ce1 "2 true changes made"
FAIL: gcc.dg/loop-8.c scan-rtl-dump-times loop2_invariant "Decided" 1
FAIL: gcc.dg/loop-8.c scan-rtl-dump-not loop2_invariant "without introducing a new temporary register"
FAIL: gcc.dg/pr69973.c (internal compiler error)
FAIL: gcc.dg/pr69973.c (test for excess errors)
FAIL: gcc.dg/pr84877.c execution test
FAIL: gcc.dg/sibcall-10.c execution test
FAIL: gcc.dg/sibcall-9.c execution test
FAIL: gcc.dg/strlenopt-81.c (test for excess errors)
UNRESOLVED: gcc.dg/strlenopt-81.c compilation failed to produce executable
FAIL: c-c++-common/spec-barrier-1.c -Wc++-compat (test for excess errors)
FAIL: gcc.dg/plugin/must-tail-call-1.c -fplugin=./must_tail_call_plugin.so (test for excess errors)
FAIL: gcc.dg/torture/pr37868.c -O0 execution test
FAIL: gcc.dg/torture/stackalign/builtin-apply-2.c -O0 execution test
FAIL: gcc.dg/torture/stackalign/builtin-apply-2.c -O0 -fpic execution test
FAIL: gcc.dg/torture/stackalign/builtin-apply-2.c -O1 execution test
FAIL: gcc.dg/torture/stackalign/builtin-apply-2.c -O1 -fpic execution test
FAIL: gcc.dg/torture/stackalign/builtin-apply-2.c -O2 execution test
FAIL: gcc.dg/torture/stackalign/builtin-apply-2.c -O2 -fpic execution test
FAIL: gcc.dg/torture/stackalign/builtin-apply-2.c -O3 -g execution test
FAIL: gcc.dg/torture/stackalign/builtin-apply-2.c -O3 -g -fpic execution test
FAIL: gcc.dg/torture/stackalign/builtin-apply-2.c -Os execution test
FAIL: gcc.dg/torture/stackalign/builtin-apply-2.c -Os -fpic execution test
FAIL: gcc.dg/torture/stackalign/builtin-apply-2.c -O2 -flto -fno-use-linker-plugin -flto-partition=none execution test
FAIL: gcc.dg/torture/stackalign/builtin-apply-2.c -O2 -flto -fno-use-linker-plugin -flto-partition=none -fpic execution test
FAIL: gcc.dg/torture/stackalign/builtin-apply-2.c -O2 -flto -fuse-linker-plugin -fno-fat-lto-objects execution test
FAIL: gcc.dg/torture/stackalign/builtin-apply-2.c -O2 -flto -fuse-linker-plugin -fno-fat-lto-objects -fpic execution test
FAIL: gcc.dg/tree-ssa/builtin-sprintf.c execution test
FAIL: gcc.dg/tree-ssa/loop-1.c scan-assembler-times foo 5
FAIL: gcc.dg/tree-ssa/loop-interchange-1.c execution test
FAIL: gcc.dg/tree-ssa/loop-interchange-1b.c execution test
UNRESOLVED: gcc.dg/tree-ssa/pr89430-1.c scan-tree-dump cselim "Conditional store replacement"
UNRESOLVED: gcc.dg/tree-ssa/pr89430-2.c scan-tree-dump cselim "Conditional store replacement"
UNRESOLVED: gcc.dg/tree-ssa/pr89430-3.c scan-tree-dump-not cselim "Conditional store replacement"
UNRESOLVED: gcc.dg/tree-ssa/pr89430-4.c scan-tree-dump-not cselim "Conditional store replacement"
UNRESOLVED: gcc.dg/tree-ssa/pr89430-5.c scan-tree-dump cselim "Conditional store replacement"
UNRESOLVED: gcc.dg/tree-ssa/pr89430-6.c scan-tree-dump cselim "Conditional store replacement"
FAIL: gcc.dg/tree-ssa/ssa-dom-thread-7.c scan-tree-dump-not dom3 "Jumps threaded"
FAIL: gcc.dg/tree-ssa/ssa-dom-thread-7.c scan-tree-dump-not vrp2 "Jumps threaded"
FAIL: compiler driver -Q --help=warnings option(s): "-Wabsolute-value[ \\t]+\\[available in C, ObjC\\]" present in output
=== gcc Summary ===
# of expected passes 103215
# of unexpected failures 95
# of expected failures 464
# of unresolved testcases 7
# of unsupported tests 3028
/root/build/gcc/xgcc version 10.0.0 20200115 (experimental) (GCC)
Compiler version: 10.0.0 20200115 (experimental) (GCC) gcc
Platform: moxie-unknown-elf
configure flags: --prefix=/opt/moxielogic --target=moxie-elf --enable-languages=c --disable-libquadmath --disable-libssp --with-newlib --with-headers=/opt/moxielogic/moxie-elf/include
More information about the Gcc-testresults
mailing list