Results for 10.0.0 20200103 (experimental) [trunk revision 279854] (GCC) testsuite on i386-pc-solaris2.11
Rainer Orth
ro@CeBiTec.Uni-Bielefeld.DE
Sat Jan 4 12:41:00 GMT 2020
LAST_UPDATED: Fri Jan 3 09:54:39 UTC 2020 (revision 279854)
=== acats tests ===
=== acats Summary ===
# of expected passes 2320
# of unexpected failures 0
Native configuration is i386-pc-solaris2.11
=== g++ tests ===
Running target unix
FAIL: c-c++-common/asan/pointer-subtract-3.c -O0 execution test
FAIL: c-c++-common/asan/pointer-subtract-3.c -O1 execution test
FAIL: c-c++-common/asan/pointer-subtract-3.c -O2 execution test
FAIL: c-c++-common/asan/pointer-subtract-3.c -O2 -flto -fno-use-linker-plugin -flto-partition=none execution test
FAIL: c-c++-common/asan/pointer-subtract-3.c -O2 -flto -fuse-linker-plugin -fno-fat-lto-objects execution test
FAIL: c-c++-common/asan/pointer-subtract-3.c -O3 -g execution test
FAIL: c-c++-common/asan/pointer-subtract-3.c -Os execution test
FAIL: c-c++-common/asan/swapcontext-test-1.c -O0 execution test
FAIL: c-c++-common/asan/swapcontext-test-1.c -O1 execution test
FAIL: c-c++-common/asan/swapcontext-test-1.c -O2 execution test
FAIL: c-c++-common/asan/swapcontext-test-1.c -O2 -flto -fno-use-linker-plugin -flto-partition=none execution test
FAIL: c-c++-common/asan/swapcontext-test-1.c -O2 -flto -fuse-linker-plugin -fno-fat-lto-objects execution test
FAIL: c-c++-common/asan/swapcontext-test-1.c -O3 -fomit-frame-pointer -funroll-loops -fpeel-loops -ftracer -finline-functions execution test
FAIL: c-c++-common/asan/swapcontext-test-1.c -O3 -g execution test
FAIL: c-c++-common/asan/swapcontext-test-1.c -Os execution test
FAIL: g++.dg/asan/deep-thread-stack-1.C -O0 output pattern test
FAIL: g++.dg/asan/deep-thread-stack-1.C -O1 output pattern test
FAIL: g++.dg/asan/deep-thread-stack-1.C -O2 output pattern test
FAIL: g++.dg/asan/deep-thread-stack-1.C -O2 -flto -fno-use-linker-plugin -flto-partition=none output pattern test
FAIL: g++.dg/asan/deep-thread-stack-1.C -O2 -flto -fuse-linker-plugin -fno-fat-lto-objects output pattern test
FAIL: g++.dg/asan/deep-thread-stack-1.C -O3 -g output pattern test
FAIL: g++.dg/asan/deep-thread-stack-1.C -Os output pattern test
FAIL: g++.dg/asan/default-options-1.C -O0 execution test
FAIL: g++.dg/asan/default-options-1.C -O1 execution test
FAIL: g++.dg/asan/default-options-1.C -O2 execution test
FAIL: g++.dg/asan/default-options-1.C -O2 -flto -fno-use-linker-plugin -flto-partition=none execution test
FAIL: g++.dg/asan/default-options-1.C -O2 -flto -fuse-linker-plugin -fno-fat-lto-objects execution test
FAIL: g++.dg/asan/default-options-1.C -O3 -g execution test
FAIL: g++.dg/asan/default-options-1.C -Os execution test
FAIL: g++.dg/gcov/pr16855-priority.C -std=gnu++14 gcov: 1 failures in line counts, 0 in branch percentages, 0 in return percentages, 0 in intermediate format
FAIL: g++.dg/gcov/pr16855-priority.C -std=gnu++14 line 22: is #####:should be 1
FAIL: g++.dg/gcov/pr16855-priority.C -std=gnu++17 gcov: 1 failures in line counts, 0 in branch percentages, 0 in return percentages, 0 in intermediate format
FAIL: g++.dg/gcov/pr16855-priority.C -std=gnu++17 line 22: is #####:should be 1
FAIL: g++.dg/gcov/pr16855-priority.C -std=gnu++2a gcov: 1 failures in line counts, 0 in branch percentages, 0 in return percentages, 0 in intermediate format
FAIL: g++.dg/gcov/pr16855-priority.C -std=gnu++2a line 22: is #####:should be 1
FAIL: g++.dg/gcov/pr16855-priority.C -std=gnu++98 gcov: 1 failures in line counts, 0 in branch percentages, 0 in return percentages, 0 in intermediate format
FAIL: g++.dg/gcov/pr16855-priority.C -std=gnu++98 line 22: is #####:should be 1
FAIL: g++.dg/gcov/pr16855.C -std=gnu++14 gcov: 1 failures in line counts, 0 in branch percentages, 0 in return percentages, 0 in intermediate format
FAIL: g++.dg/gcov/pr16855.C -std=gnu++14 line 24: is #####:should be 1
FAIL: g++.dg/gcov/pr16855.C -std=gnu++17 gcov: 1 failures in line counts, 0 in branch percentages, 0 in return percentages, 0 in intermediate format
FAIL: g++.dg/gcov/pr16855.C -std=gnu++17 line 24: is #####:should be 1
FAIL: g++.dg/gcov/pr16855.C -std=gnu++2a gcov: 1 failures in line counts, 0 in branch percentages, 0 in return percentages, 0 in intermediate format
FAIL: g++.dg/gcov/pr16855.C -std=gnu++2a line 24: is #####:should be 1
FAIL: g++.dg/gcov/pr16855.C -std=gnu++98 gcov: 1 failures in line counts, 0 in branch percentages, 0 in return percentages, 0 in intermediate format
FAIL: g++.dg/gcov/pr16855.C -std=gnu++98 line 24: is #####:should be 1
FAIL: g++.dg/ubsan/vptr-4.C -O0 (test for excess errors)
FAIL: g++.dg/ubsan/vptr-4.C -O1 (test for excess errors)
FAIL: g++.dg/ubsan/vptr-4.C -O2 (test for excess errors)
FAIL: g++.dg/ubsan/vptr-4.C -O2 -flto -fno-use-linker-plugin -flto-partition=none (test for excess errors)
FAIL: g++.dg/ubsan/vptr-4.C -O2 -flto -fuse-linker-plugin -fno-fat-lto-objects (test for excess errors)
FAIL: g++.dg/ubsan/vptr-4.C -O3 -g (test for excess errors)
FAIL: g++.dg/ubsan/vptr-4.C -Os (test for excess errors)
=== g++ Summary for unix ===
# of expected passes 181179
# of unexpected failures 52
# of expected failures 692
# of unsupported tests 7733
Running target unix/-m64
FAIL: g++.dg/pr80481.C -std=gnu++14 scan-assembler-not vmovaps
FAIL: g++.dg/pr80481.C -std=gnu++17 scan-assembler-not vmovaps
FAIL: g++.dg/pr80481.C -std=gnu++2a scan-assembler-not vmovaps
FAIL: g++.dg/pr80481.C -std=gnu++98 scan-assembler-not vmovaps
FAIL: g++.dg/tree-ssa/pr90883.C scan-tree-dump dse2 "Deleted redundant store: .*.a = {}"
FAIL: g++.dg/gcov/pr16855-priority.C -std=gnu++14 gcov: 1 failures in line counts, 0 in branch percentages, 0 in return percentages, 0 in intermediate format
FAIL: g++.dg/gcov/pr16855-priority.C -std=gnu++14 line 22: is #####:should be 1
FAIL: g++.dg/gcov/pr16855-priority.C -std=gnu++17 gcov: 1 failures in line counts, 0 in branch percentages, 0 in return percentages, 0 in intermediate format
FAIL: g++.dg/gcov/pr16855-priority.C -std=gnu++17 line 22: is #####:should be 1
FAIL: g++.dg/gcov/pr16855-priority.C -std=gnu++2a gcov: 1 failures in line counts, 0 in branch percentages, 0 in return percentages, 0 in intermediate format
FAIL: g++.dg/gcov/pr16855-priority.C -std=gnu++2a line 22: is #####:should be 1
FAIL: g++.dg/gcov/pr16855-priority.C -std=gnu++98 gcov: 1 failures in line counts, 0 in branch percentages, 0 in return percentages, 0 in intermediate format
FAIL: g++.dg/gcov/pr16855-priority.C -std=gnu++98 line 22: is #####:should be 1
FAIL: g++.dg/gcov/pr16855.C -std=gnu++14 gcov: 1 failures in line counts, 0 in branch percentages, 0 in return percentages, 0 in intermediate format
FAIL: g++.dg/gcov/pr16855.C -std=gnu++14 line 24: is #####:should be 1
FAIL: g++.dg/gcov/pr16855.C -std=gnu++17 gcov: 1 failures in line counts, 0 in branch percentages, 0 in return percentages, 0 in intermediate format
FAIL: g++.dg/gcov/pr16855.C -std=gnu++17 line 24: is #####:should be 1
FAIL: g++.dg/gcov/pr16855.C -std=gnu++2a gcov: 1 failures in line counts, 0 in branch percentages, 0 in return percentages, 0 in intermediate format
FAIL: g++.dg/gcov/pr16855.C -std=gnu++2a line 24: is #####:should be 1
FAIL: g++.dg/gcov/pr16855.C -std=gnu++98 gcov: 1 failures in line counts, 0 in branch percentages, 0 in return percentages, 0 in intermediate format
FAIL: g++.dg/gcov/pr16855.C -std=gnu++98 line 24: is #####:should be 1
FAIL: g++.dg/ubsan/vptr-4.C -O0 (test for excess errors)
FAIL: g++.dg/ubsan/vptr-4.C -O1 (test for excess errors)
FAIL: g++.dg/ubsan/vptr-4.C -O2 (test for excess errors)
FAIL: g++.dg/ubsan/vptr-4.C -O2 -flto -fno-use-linker-plugin -flto-partition=none (test for excess errors)
FAIL: g++.dg/ubsan/vptr-4.C -O2 -flto -fuse-linker-plugin -fno-fat-lto-objects (test for excess errors)
FAIL: g++.dg/ubsan/vptr-4.C -O3 -g (test for excess errors)
FAIL: g++.dg/ubsan/vptr-4.C -Os (test for excess errors)
=== g++ Summary for unix/-m64 ===
# of expected passes 181668
# of unexpected failures 28
# of expected failures 696
# of unsupported tests 7657
=== g++ Summary ===
# of expected passes 362847
# of unexpected failures 80
# of expected failures 1388
# of unsupported tests 15390
/var/gcc/regression/trunk/11-gcc-gas-gld/build/gcc/xg++ version 10.0.0 20200103 (experimental) [trunk revision 279854] (GCC)
=== gcc tests ===
Running target unix
FAIL: c-c++-common/asan/pointer-subtract-3.c -O0 execution test
FAIL: c-c++-common/asan/pointer-subtract-3.c -O1 execution test
FAIL: c-c++-common/asan/pointer-subtract-3.c -O2 execution test
FAIL: c-c++-common/asan/pointer-subtract-3.c -O2 -flto -fno-use-linker-plugin -flto-partition=none execution test
FAIL: c-c++-common/asan/pointer-subtract-3.c -O2 -flto -fuse-linker-plugin -fno-fat-lto-objects execution test
FAIL: c-c++-common/asan/pointer-subtract-3.c -O3 -g execution test
FAIL: c-c++-common/asan/pointer-subtract-3.c -Os execution test
FAIL: c-c++-common/asan/swapcontext-test-1.c -O0 execution test
FAIL: c-c++-common/asan/swapcontext-test-1.c -O1 execution test
FAIL: c-c++-common/asan/swapcontext-test-1.c -O2 execution test
FAIL: c-c++-common/asan/swapcontext-test-1.c -O2 -flto -fno-use-linker-plugin -flto-partition=none execution test
FAIL: c-c++-common/asan/swapcontext-test-1.c -O2 -flto -fuse-linker-plugin -fno-fat-lto-objects execution test
FAIL: c-c++-common/asan/swapcontext-test-1.c -O3 -fomit-frame-pointer -funroll-loops -fpeel-loops -ftracer -finline-functions execution test
FAIL: c-c++-common/asan/swapcontext-test-1.c -O3 -g execution test
FAIL: c-c++-common/asan/swapcontext-test-1.c -Os execution test
FAIL: gcc.dg/Wstringop-overflow-17.c (test for warnings, line 8)
XPASS: gcc.dg/graphite/scop-21.c scan-tree-dump-times graphite "number of SCoPs: 1" 1
FAIL: gcc.dg/ipa/iinline-attr.c scan-ipa-dump inline "hooray[^\\\\n]*inline copy in test"
FAIL: gcc.dg/torture/ftrapv-1.c -O2 -flto -fuse-linker-plugin -fno-fat-lto-objects execution test
FAIL: gcc.dg/vect/vect-epilogues.c -flto -ffat-lto-objects scan-tree-dump vect "LOOP EPILOGUE VECTORIZED"
FAIL: gcc.dg/vect/vect-epilogues.c scan-tree-dump vect "LOOP EPILOGUE VECTORIZED"
FAIL: gcc.target/i386/memcpy-strategy-1.c scan-assembler-times movdqa 4
FAIL: gcc.target/i386/memcpy-strategy-2.c scan-assembler-times movdqa 4
FAIL: gcc.target/i386/memcpy-vector_loop-1.c scan-assembler-times movdqa 4
FAIL: gcc.target/i386/pr57193.c scan-assembler-times movdqa 2
FAIL: gcc.target/i386/pr69052.c scan-assembler-not leal[ \\t]ind@GOTOFF\\\\(%[^,]*\\\\), %
=== gcc Summary for unix ===
# of expected passes 141550
# of unexpected failures 25
# of unexpected successes 1
# of expected failures 583
# of unsupported tests 3004
Running target unix/-m64
FAIL: gcc.dg/Wstringop-overflow-17.c (test for warnings, line 8)
FAIL: gcc.dg/strcmpopt_8.c (test for excess errors)
FAIL: gcc.dg/strcmpopt_8.c scan-tree-dump-not forwprop1 "strncmp"
XPASS: gcc.dg/graphite/scop-21.c scan-tree-dump-times graphite "number of SCoPs: 1" 1
FAIL: gcc.dg/ipa/iinline-attr.c scan-ipa-dump inline "hooray[^\\\\n]*inline copy in test"
FAIL: gcc.dg/torture/ftrapv-1.c -O2 -flto -fuse-linker-plugin -fno-fat-lto-objects execution test
XPASS: gcc.dg/tree-ssa/builtin-snprintf-6.c scan-tree-dump-times optimized "Function test_assign_aggregate" 1
FAIL: gcc.target/i386/pr57193.c scan-assembler-times movdqa 2
FAIL: gcc.target/i386/pr80969-1.c (internal compiler error)
FAIL: gcc.target/i386/pr80969-1.c (test for excess errors)
UNRESOLVED: gcc.target/i386/pr80969-1.c compilation failed to produce executable
FAIL: gcc.target/i386/pr80969-4.c (internal compiler error)
FAIL: gcc.target/i386/pr80969-4.c (test for excess errors)
=== gcc Summary for unix/-m64 ===
# of expected passes 142057
# of unexpected failures 10
# of unexpected successes 2
# of expected failures 572
# of unresolved testcases 1
# of unsupported tests 2440
=== gcc Summary ===
# of expected passes 283607
# of unexpected failures 35
# of unexpected successes 3
# of expected failures 1155
# of unresolved testcases 1
# of unsupported tests 5444
/var/gcc/regression/trunk/11-gcc-gas-gld/build/gcc/xgcc version 10.0.0 20200103 (experimental) [trunk revision 279854] (GCC)
=== gdc tests ===
Running target unix
FAIL: gdc.dg/lto/ltotests d_lto_ltotests_0.o-d_lto_ltotests_1.o link, -O0 -flto -flto-partition=1to1 -fno-use-linker-plugin (internal compiler error)
FAIL: gdc.dg/lto/ltotests d_lto_ltotests_0.o-d_lto_ltotests_1.o link, -O0 -flto -flto-partition=none -fuse-linker-plugin (internal compiler error)
FAIL: gdc.dg/lto/ltotests d_lto_ltotests_0.o-d_lto_ltotests_1.o link, -O0 -flto -fuse-linker-plugin -fno-fat-lto-objects (internal compiler error)
FAIL: gdc.dg/lto/ltotests d_lto_ltotests_0.o-d_lto_ltotests_1.o link, -O2 -flto -flto-partition=1to1 -fno-use-linker-plugin (internal compiler error)
FAIL: gdc.dg/lto/ltotests d_lto_ltotests_0.o-d_lto_ltotests_1.o link, -O2 -flto -flto-partition=none -fuse-linker-plugin -fno-fat-lto-objects (internal compiler error)
FAIL: gdc.dg/lto/ltotests d_lto_ltotests_0.o-d_lto_ltotests_1.o link, -O2 -flto -fuse-linker-plugin (internal compiler error)
=== gdc Summary for unix ===
# of expected passes 29841
# of unexpected failures 6
Running target unix/-m64
FAIL: gdc.dg/lto/ltotests d_lto_ltotests_0.o-d_lto_ltotests_1.o link, -O0 -flto -flto-partition=1to1 -fno-use-linker-plugin (internal compiler error)
FAIL: gdc.dg/lto/ltotests d_lto_ltotests_0.o-d_lto_ltotests_1.o link, -O0 -flto -flto-partition=none -fuse-linker-plugin (internal compiler error)
FAIL: gdc.dg/lto/ltotests d_lto_ltotests_0.o-d_lto_ltotests_1.o link, -O0 -flto -fuse-linker-plugin -fno-fat-lto-objects (internal compiler error)
FAIL: gdc.dg/lto/ltotests d_lto_ltotests_0.o-d_lto_ltotests_1.o link, -O2 -flto -flto-partition=1to1 -fno-use-linker-plugin (internal compiler error)
FAIL: gdc.dg/lto/ltotests d_lto_ltotests_0.o-d_lto_ltotests_1.o link, -O2 -flto -flto-partition=none -fuse-linker-plugin -fno-fat-lto-objects (internal compiler error)
FAIL: gdc.dg/lto/ltotests d_lto_ltotests_0.o-d_lto_ltotests_1.o link, -O2 -flto -fuse-linker-plugin (internal compiler error)
=== gdc Summary for unix/-m64 ===
# of expected passes 29841
# of unexpected failures 6
=== gdc Summary ===
# of expected passes 59682
# of unexpected failures 12
/var/gcc/regression/trunk/11-gcc-gas-gld/build/gcc/gdc version 10.0.0 20200103 (experimental) [trunk revision 279854] (GCC)
=== gfortran tests ===
Running target unix
FAIL: gfortran.dg/ISO_Fortran_binding_15.f90 -O0 execution test
FAIL: gfortran.dg/ISO_Fortran_binding_15.f90 -O1 execution test
FAIL: gfortran.dg/ISO_Fortran_binding_15.f90 -O2 execution test
FAIL: gfortran.dg/ISO_Fortran_binding_15.f90 -O3 -fomit-frame-pointer -funroll-loops -fpeel-loops -ftracer -finline-functions execution test
FAIL: gfortran.dg/ISO_Fortran_binding_15.f90 -O3 -g execution test
FAIL: gfortran.dg/ISO_Fortran_binding_15.f90 -Os execution test
=== gfortran Summary for unix ===
# of expected passes 52682
# of unexpected failures 6
# of expected failures 191
# of unsupported tests 206
Running target unix/-m64
FAIL: gfortran.dg/ISO_Fortran_binding_15.f90 -O1 execution test
FAIL: gfortran.dg/ISO_Fortran_binding_15.f90 -O2 execution test
FAIL: gfortran.dg/ISO_Fortran_binding_15.f90 -O3 -fomit-frame-pointer -funroll-loops -fpeel-loops -ftracer -finline-functions execution test
FAIL: gfortran.dg/ISO_Fortran_binding_15.f90 -O3 -g execution test
FAIL: gfortran.dg/ISO_Fortran_binding_15.f90 -Os execution test
=== gfortran Summary for unix/-m64 ===
# of expected passes 52914
# of unexpected failures 5
# of expected failures 189
# of unsupported tests 97
=== gfortran Summary ===
# of expected passes 105596
# of unexpected failures 11
# of expected failures 380
# of unsupported tests 303
/var/gcc/regression/trunk/11-gcc-gas-gld/build/gcc/gfortran version 10.0.0 20200103 (experimental) [trunk revision 279854] (GCC)
=== gnat tests ===
Running target unix
=== gnat Summary for unix ===
# of expected passes 3278
# of expected failures 23
# of unsupported tests 9
Running target unix/-m64
=== gnat Summary for unix/-m64 ===
# of expected passes 3278
# of expected failures 23
# of unsupported tests 9
=== gnat Summary ===
# of expected passes 6556
# of expected failures 46
# of unsupported tests 18
/var/gcc/regression/trunk/11-gcc-gas-gld/build/gcc/gnatmake version 10.0.0 20200103 (experimental) [trunk revision 279854]
=== go tests ===
Running target unix
FAIL: ./index0-out.go execution, -O0 -g -fno-var-tracking-assignments
FAIL: go.test/test/fixedbugs/issue4085b.go execution, -O2 -g
=== go Summary for unix ===
# of expected passes 7471
# of unexpected failures 2
# of expected failures 1
# of untested testcases 10
# of unsupported tests 2
Running target unix/-m64
FAIL: ./index0-out.go execution, -O0 -g -fno-var-tracking-assignments
=== go Summary for unix/-m64 ===
# of expected passes 7353
# of unexpected failures 1
# of expected failures 1
# of untested testcases 10
# of unsupported tests 1
=== go Summary ===
# of expected passes 14824
# of unexpected failures 3
# of expected failures 2
# of untested testcases 20
# of unsupported tests 3
/var/gcc/regression/trunk/11-gcc-gas-gld/build/gcc/gccgo version 10.0.0 20200103 (experimental) [trunk revision 279854] (GCC)
=== obj-c++ tests ===
Running target unix
=== obj-c++ Summary for unix ===
# of expected passes 1450
# of expected failures 2
# of unsupported tests 77
Running target unix/-m64
=== obj-c++ Summary for unix/-m64 ===
# of expected passes 1442
# of expected failures 10
# of unsupported tests 77
=== obj-c++ Summary ===
# of expected passes 2892
# of expected failures 12
# of unsupported tests 154
/var/gcc/regression/trunk/11-gcc-gas-gld/build/gcc/xg++ version 10.0.0 20200103 (experimental) [trunk revision 279854] (GCC)
=== objc tests ===
Running target unix
=== objc Summary for unix ===
# of expected passes 2777
# of expected failures 6
# of unsupported tests 68
Running target unix/-m64
=== objc Summary for unix/-m64 ===
# of expected passes 2777
# of expected failures 6
# of unsupported tests 68
=== objc Summary ===
# of expected passes 5554
# of expected failures 12
# of unsupported tests 136
/var/gcc/regression/trunk/11-gcc-gas-gld/build/gcc/xgcc version 10.0.0 20200103 (experimental) [trunk revision 279854] (GCC)
=== gotools tests ===
FAIL: TestAbort
FAIL: TestSelectStackAdjust
FAIL: go test runtime
FAIL: go test misc/cgo/test
=== gotools Summary ===
# of expected passes 348
# of unexpected failures 4
# of untested testcases 199
/var/gcc/regression/trunk/11-gcc-gas-gld/build/./gcc/gccgo version 10.0.0 20200103 (experimental) [trunk revision 279854] (GCC)
=== libatomic tests ===
Running target unix
=== libatomic Summary for unix ===
# of expected passes 44
# of unsupported tests 5
Running target unix/-m64
=== libatomic Summary for unix/-m64 ===
# of expected passes 54
=== libatomic Summary ===
# of expected passes 98
# of unsupported tests 5
=== libffi tests ===
Running target unix
=== libffi Summary for unix ===
# of expected passes 2799
Running target unix/-m64
=== libffi Summary for unix/-m64 ===
# of expected passes 2214
=== libffi Summary ===
# of expected passes 5013
=== libgo tests ===
Running target unix
FAIL: go/build
FAIL: runtime
=== libgo Summary for unix ===
# of expected passes 172
# of unexpected failures 2
Running target unix/-m64
FAIL: go/build
=== libgo Summary for unix/-m64 ===
# of expected passes 173
# of unexpected failures 1
=== libgo Summary ===
# of expected passes 345
# of unexpected failures 3
/var/gcc/regression/trunk/11-gcc-gas-gld/build/./gcc/gccgo version 10.0.0 20200103 (experimental) [trunk revision 279854] (GCC)
=== libgomp tests ===
Running target unix
WARNING: libgomp.c++/task-reduction-8.C execution test program timed out.
FAIL: libgomp.c++/task-reduction-8.C execution test
=== libgomp Summary for unix ===
# of expected passes 7649
# of unexpected failures 1
# of expected failures 4
# of unsupported tests 441
Running target unix/-m64
WARNING: libgomp.c++/task-reduction-11.C execution test program timed out.
FAIL: libgomp.c++/task-reduction-11.C execution test
=== libgomp Summary for unix/-m64 ===
# of expected passes 7649
# of unexpected failures 1
# of expected failures 4
# of unsupported tests 441
=== libgomp Summary ===
# of expected passes 15298
# of unexpected failures 2
# of expected failures 8
# of unsupported tests 882
=== libitm tests ===
Running target unix
=== libitm Summary for unix ===
# of expected passes 42
# of expected failures 3
# of unsupported tests 1
Running target unix/-m64
=== libitm Summary for unix/-m64 ===
# of expected passes 42
# of expected failures 3
# of unsupported tests 1
=== libitm Summary ===
# of expected passes 84
# of expected failures 6
# of unsupported tests 2
=== libphobos tests ===
Running target unix
FAIL: libphobos.phobos_shared/std/datetime/systime.d execution test
FAIL: libphobos.phobos_shared/std/datetime/timezone.d execution test
FAIL: libphobos.phobos_shared/std/format.d execution test
FAIL: libphobos.phobos_shared/std/math.d execution test
FAIL: libphobos.phobos_shared/std/parallelism.d execution test
FAIL: libphobos.shared/finalize.d -shared-libphobos -ldl execution test
FAIL: libphobos.shared/linkD.c lib.so -ldl -pthread execution test
FAIL: libphobos.shared/load.d -shared-libphobos -ldl execution test
FAIL: libphobos.shared/load_13414.d -shared-libphobos -ldl execution test
=== libphobos Summary for unix ===
# of expected passes 415
# of unexpected failures 9
Running target unix/-m64
FAIL: libphobos.phobos_shared/std/datetime/systime.d execution test
FAIL: libphobos.phobos_shared/std/datetime/timezone.d execution test
FAIL: libphobos.phobos_shared/std/format.d execution test
FAIL: libphobos.phobos_shared/std/math.d execution test
FAIL: libphobos.phobos_shared/std/parallelism.d execution test
FAIL: libphobos.shared/finalize.d -shared-libphobos -ldl execution test
FAIL: libphobos.shared/linkD.c lib.so -ldl -pthread execution test
FAIL: libphobos.shared/load.d -shared-libphobos -ldl execution test
FAIL: libphobos.shared/load_13414.d -shared-libphobos -ldl execution test
=== libphobos Summary for unix/-m64 ===
# of expected passes 415
# of unexpected failures 9
=== libphobos Summary ===
# of expected passes 830
# of unexpected failures 18
=== libstdc++ tests ===
Running target unix
=== libstdc++ Summary for unix ===
# of expected passes 12598
# of expected failures 93
# of unsupported tests 710
Running target unix/-m64
=== libstdc++ Summary for unix/-m64 ===
# of expected passes 12591
# of expected failures 92
# of unsupported tests 714
=== libstdc++ Summary ===
# of expected passes 25189
# of expected failures 185
# of unsupported tests 1424
Compiler version: 10.0.0 20200103 (experimental) [trunk revision 279854] (GCC)
Platform: i386-pc-solaris2.11
configure flags: --prefix=/vol/gcc --target=i386-pc-solaris2.11 --enable-objc-gc --with-target-bdw-gc-include=/vol/gcc/include --with-target-bdw-gc-lib=/vol/gcc/lib,amd64=/vol/gcc/lib/amd64 --with-as=/vol/gcc/bin/gas-2.33.1 --with-gnu-as --with-ld=/vol/gcc/bin/gld-2.33.1 --with-gnu-ld --with-gmp-include=/vol/gcc/include --with-gmp-lib=/vol/gcc/lib --with-mpfr-include=/vol/gcc/include --with-mpfr-lib=/vol/gcc/lib --with-mpc-include=/vol/gcc/include --with-mpc-lib=/vol/gcc/lib --enable-languages=all,ada,obj-c++,go --with-isl-include=/vol/gcc/include --with-isl-lib=/vol/gcc/lib --with-zstd-include=/vol/gcc/include --with-zstd-lib=/vol/gcc/lib --build=i386-pc-solaris2.11 --host=i386-pc-solaris2.11
BOOT_CFLAGS=-g -O2
More information about the Gcc-testresults
mailing list