Results for 10.0.0 20200103 (experimental) [trunk revision 279854] (GCC) testsuite on sparc-sun-solaris2.11
Rainer Orth
ro@CeBiTec.Uni-Bielefeld.DE
Sat Jan 4 08:32:00 GMT 2020
LAST_UPDATED: Fri Jan 3 09:54:39 UTC 2020 (revision 279854)
=== acats tests ===
=== acats Summary ===
# of expected passes 2320
# of unexpected failures 0
Native configuration is sparc-sun-solaris2.11
=== g++ tests ===
Running target unix
FAIL: c-c++-common/asan/pointer-subtract-3.c -O0 execution test
FAIL: c-c++-common/asan/pointer-subtract-3.c -O1 execution test
FAIL: c-c++-common/asan/pointer-subtract-3.c -O2 execution test
FAIL: c-c++-common/asan/pointer-subtract-3.c -O2 -flto -fno-use-linker-plugin -flto-partition=none execution test
FAIL: c-c++-common/asan/pointer-subtract-3.c -O2 -flto -fuse-linker-plugin -fno-fat-lto-objects execution test
FAIL: c-c++-common/asan/pointer-subtract-3.c -O3 -g execution test
FAIL: c-c++-common/asan/pointer-subtract-3.c -Os execution test
FAIL: g++.dg/asan/deep-thread-stack-1.C -O0 output pattern test
FAIL: g++.dg/asan/deep-thread-stack-1.C -O1 output pattern test
FAIL: g++.dg/asan/deep-thread-stack-1.C -O2 output pattern test
FAIL: g++.dg/asan/deep-thread-stack-1.C -O2 -flto -fno-use-linker-plugin -flto-partition=none output pattern test
FAIL: g++.dg/asan/deep-thread-stack-1.C -O2 -flto -fuse-linker-plugin -fno-fat-lto-objects output pattern test
FAIL: g++.dg/asan/deep-thread-stack-1.C -O3 -g output pattern test
FAIL: g++.dg/asan/deep-thread-stack-1.C -Os output pattern test
FAIL: g++.dg/asan/default-options-1.C -O0 execution test
FAIL: g++.dg/asan/default-options-1.C -O1 execution test
FAIL: g++.dg/asan/default-options-1.C -O2 execution test
FAIL: g++.dg/asan/default-options-1.C -O2 -flto -fno-use-linker-plugin -flto-partition=none execution test
FAIL: g++.dg/asan/default-options-1.C -O2 -flto -fuse-linker-plugin -fno-fat-lto-objects execution test
FAIL: g++.dg/asan/default-options-1.C -O3 -g execution test
FAIL: g++.dg/asan/default-options-1.C -Os execution test
FAIL: g++.dg/asan/pr78651.C -O0 execution test
FAIL: g++.dg/asan/pr78651.C -O1 execution test
FAIL: g++.dg/asan/pr78651.C -O2 execution test
FAIL: g++.dg/asan/pr78651.C -O2 -flto -fno-use-linker-plugin -flto-partition=none execution test
FAIL: g++.dg/asan/pr78651.C -O2 -flto -fuse-linker-plugin -fno-fat-lto-objects execution test
FAIL: g++.dg/asan/pr78651.C -O3 -g execution test
FAIL: g++.dg/asan/pr78651.C -Os execution test
FAIL: g++.dg/asan/pr81021.C -O0 execution test
FAIL: g++.dg/asan/pr81021.C -O1 execution test
FAIL: g++.dg/asan/pr81021.C -O2 execution test
FAIL: g++.dg/asan/pr81021.C -O2 -flto -fno-use-linker-plugin -flto-partition=none execution test
FAIL: g++.dg/asan/pr81021.C -O2 -flto -fuse-linker-plugin -fno-fat-lto-objects execution test
FAIL: g++.dg/asan/pr81021.C -O3 -g execution test
FAIL: g++.dg/asan/pr81021.C -Os execution test
FAIL: g++.dg/gcov/pr16855-priority.C -std=gnu++14 gcov: 1 failures in line counts, 0 in branch percentages, 0 in return percentages, 0 in intermediate format
FAIL: g++.dg/gcov/pr16855-priority.C -std=gnu++14 line 22: is #####:should be 1
FAIL: g++.dg/gcov/pr16855-priority.C -std=gnu++17 gcov: 1 failures in line counts, 0 in branch percentages, 0 in return percentages, 0 in intermediate format
FAIL: g++.dg/gcov/pr16855-priority.C -std=gnu++17 line 22: is #####:should be 1
FAIL: g++.dg/gcov/pr16855-priority.C -std=gnu++2a gcov: 1 failures in line counts, 0 in branch percentages, 0 in return percentages, 0 in intermediate format
FAIL: g++.dg/gcov/pr16855-priority.C -std=gnu++2a line 22: is #####:should be 1
FAIL: g++.dg/gcov/pr16855-priority.C -std=gnu++98 gcov: 1 failures in line counts, 0 in branch percentages, 0 in return percentages, 0 in intermediate format
FAIL: g++.dg/gcov/pr16855-priority.C -std=gnu++98 line 22: is #####:should be 1
FAIL: g++.dg/gcov/pr16855.C -std=gnu++14 gcov: 1 failures in line counts, 0 in branch percentages, 0 in return percentages, 0 in intermediate format
FAIL: g++.dg/gcov/pr16855.C -std=gnu++14 line 24: is #####:should be 1
FAIL: g++.dg/gcov/pr16855.C -std=gnu++17 gcov: 1 failures in line counts, 0 in branch percentages, 0 in return percentages, 0 in intermediate format
FAIL: g++.dg/gcov/pr16855.C -std=gnu++17 line 24: is #####:should be 1
FAIL: g++.dg/gcov/pr16855.C -std=gnu++2a gcov: 1 failures in line counts, 0 in branch percentages, 0 in return percentages, 0 in intermediate format
FAIL: g++.dg/gcov/pr16855.C -std=gnu++2a line 24: is #####:should be 1
FAIL: g++.dg/gcov/pr16855.C -std=gnu++98 gcov: 1 failures in line counts, 0 in branch percentages, 0 in return percentages, 0 in intermediate format
FAIL: g++.dg/gcov/pr16855.C -std=gnu++98 line 24: is #####:should be 1
FAIL: g++.dg/ubsan/vptr-4.C -O0 (test for excess errors)
FAIL: g++.dg/ubsan/vptr-4.C -O1 (test for excess errors)
FAIL: g++.dg/ubsan/vptr-4.C -O2 (test for excess errors)
FAIL: g++.dg/ubsan/vptr-4.C -O2 -flto -fno-use-linker-plugin -flto-partition=none (test for excess errors)
FAIL: g++.dg/ubsan/vptr-4.C -O2 -flto -fuse-linker-plugin -fno-fat-lto-objects (test for excess errors)
FAIL: g++.dg/ubsan/vptr-4.C -O3 -g (test for excess errors)
FAIL: g++.dg/ubsan/vptr-4.C -Os (test for excess errors)
=== g++ Summary for unix ===
# of expected passes 178959
# of unexpected failures 58
# of expected failures 676
# of unsupported tests 8344
Running target unix/-m64
FAIL: g++.dg/gcov/pr16855-priority.C -std=gnu++14 gcov: 1 failures in line counts, 0 in branch percentages, 0 in return percentages, 0 in intermediate format
FAIL: g++.dg/gcov/pr16855-priority.C -std=gnu++14 line 22: is #####:should be 1
FAIL: g++.dg/gcov/pr16855-priority.C -std=gnu++17 gcov: 1 failures in line counts, 0 in branch percentages, 0 in return percentages, 0 in intermediate format
FAIL: g++.dg/gcov/pr16855-priority.C -std=gnu++17 line 22: is #####:should be 1
FAIL: g++.dg/gcov/pr16855-priority.C -std=gnu++2a gcov: 1 failures in line counts, 0 in branch percentages, 0 in return percentages, 0 in intermediate format
FAIL: g++.dg/gcov/pr16855-priority.C -std=gnu++2a line 22: is #####:should be 1
FAIL: g++.dg/gcov/pr16855-priority.C -std=gnu++98 gcov: 1 failures in line counts, 0 in branch percentages, 0 in return percentages, 0 in intermediate format
FAIL: g++.dg/gcov/pr16855-priority.C -std=gnu++98 line 22: is #####:should be 1
FAIL: g++.dg/gcov/pr16855.C -std=gnu++14 gcov: 1 failures in line counts, 0 in branch percentages, 0 in return percentages, 0 in intermediate format
FAIL: g++.dg/gcov/pr16855.C -std=gnu++14 line 24: is #####:should be 1
FAIL: g++.dg/gcov/pr16855.C -std=gnu++17 gcov: 1 failures in line counts, 0 in branch percentages, 0 in return percentages, 0 in intermediate format
FAIL: g++.dg/gcov/pr16855.C -std=gnu++17 line 24: is #####:should be 1
FAIL: g++.dg/gcov/pr16855.C -std=gnu++2a gcov: 1 failures in line counts, 0 in branch percentages, 0 in return percentages, 0 in intermediate format
FAIL: g++.dg/gcov/pr16855.C -std=gnu++2a line 24: is #####:should be 1
FAIL: g++.dg/gcov/pr16855.C -std=gnu++98 gcov: 1 failures in line counts, 0 in branch percentages, 0 in return percentages, 0 in intermediate format
FAIL: g++.dg/gcov/pr16855.C -std=gnu++98 line 24: is #####:should be 1
FAIL: g++.dg/ubsan/vptr-4.C -O0 (test for excess errors)
FAIL: g++.dg/ubsan/vptr-4.C -O1 (test for excess errors)
FAIL: g++.dg/ubsan/vptr-4.C -O2 (test for excess errors)
FAIL: g++.dg/ubsan/vptr-4.C -O2 -flto -fno-use-linker-plugin -flto-partition=none (test for excess errors)
FAIL: g++.dg/ubsan/vptr-4.C -O2 -flto -fuse-linker-plugin -fno-fat-lto-objects (test for excess errors)
FAIL: g++.dg/ubsan/vptr-4.C -O3 -g (test for excess errors)
FAIL: g++.dg/ubsan/vptr-4.C -Os (test for excess errors)
=== g++ Summary for unix/-m64 ===
# of expected passes 179856
# of unexpected failures 23
# of expected failures 680
# of unsupported tests 8023
=== g++ Summary ===
# of expected passes 358815
# of unexpected failures 81
# of expected failures 1356
# of unsupported tests 16367
/var/gcc/regression/trunk/11.5-gcc-gas-gld/build/gcc/xg++ version 10.0.0 20200103 (experimental) [trunk revision 279854] (GCC)
=== gcc tests ===
Running target unix
FAIL: c-c++-common/asan/pointer-subtract-3.c -O0 execution test
FAIL: c-c++-common/asan/pointer-subtract-3.c -O1 execution test
FAIL: c-c++-common/asan/pointer-subtract-3.c -O2 execution test
FAIL: c-c++-common/asan/pointer-subtract-3.c -O2 -flto -fno-use-linker-plugin -flto-partition=none execution test
FAIL: c-c++-common/asan/pointer-subtract-3.c -O2 -flto -fuse-linker-plugin -fno-fat-lto-objects execution test
FAIL: c-c++-common/asan/pointer-subtract-3.c -O3 -g execution test
FAIL: c-c++-common/asan/pointer-subtract-3.c -Os execution test
FAIL: gcc.dg/Wstringop-overflow-17.c (test for warnings, line 8)
FAIL: gcc.dg/pr84877.c execution test
FAIL: gcc.dg/strlenopt-81.c (test for excess errors)
UNRESOLVED: gcc.dg/strlenopt-81.c compilation failed to produce executable
XPASS: gcc.dg/graphite/scop-21.c scan-tree-dump-times graphite "number of SCoPs: 1" 1
FAIL: gcc.dg/lto/pr88077 c_lto_pr88077_0.o-c_lto_pr88077_1.o link, -O0 -flto -flto-partition=1to1 -fno-use-linker-plugin
FAIL: gcc.dg/lto/pr88077 c_lto_pr88077_0.o-c_lto_pr88077_1.o link, -O2 -flto -flto-partition=1to1 -fno-use-linker-plugin
FAIL: gcc.dg/simulate-thread/atomic-other-int.c -O2 -g thread simulation test
FAIL: gcc.dg/simulate-thread/atomic-other-int.c -O3 -g thread simulation test
FAIL: gcc.dg/simulate-thread/speculative-store-4.c -O0 -g thread simulation test
FAIL: gcc.dg/simulate-thread/speculative-store-4.c -O2 -g thread simulation test
FAIL: gcc.dg/simulate-thread/speculative-store-4.c -O3 -g thread simulation test
FAIL: gcc.dg/simulate-thread/speculative-store.c -O0 -g thread simulation test
FAIL: gcc.dg/torture/ftrapv-1.c -O2 -flto -fuse-linker-plugin -fno-fat-lto-objects execution test
FAIL: gcc.dg/vect/bb-slp-22.c -flto -ffat-lto-objects scan-tree-dump-times slp2 "basic block vectorized" 1
FAIL: gcc.dg/vect/bb-slp-22.c scan-tree-dump-times slp2 "basic block vectorized" 1
FAIL: gcc.dg/vect/vect-epilogues.c -flto -ffat-lto-objects scan-tree-dump vect "LOOP EPILOGUE VECTORIZED"
FAIL: gcc.dg/vect/vect-epilogues.c scan-tree-dump vect "LOOP EPILOGUE VECTORIZED"
=== gcc Summary for unix ===
# of expected passes 119574
# of unexpected failures 23
# of unexpected successes 1
# of expected failures 646
# of unresolved testcases 1
# of unsupported tests 3599
Running target unix/-m64
FAIL: gcc.dg/Wstringop-overflow-17.c (test for warnings, line 8)
FAIL: gcc.dg/strcmpopt_8.c (test for excess errors)
FAIL: gcc.dg/strcmpopt_8.c scan-tree-dump-not forwprop1 "strncmp"
FAIL: gcc.dg/strlenopt-81.c (test for excess errors)
UNRESOLVED: gcc.dg/strlenopt-81.c compilation failed to produce executable
XPASS: gcc.dg/graphite/scop-21.c scan-tree-dump-times graphite "number of SCoPs: 1" 1
FAIL: gcc.dg/torture/ftrapv-1.c -O2 -flto -fuse-linker-plugin -fno-fat-lto-objects execution test
FAIL: gcc.dg/vect/bb-slp-22.c -flto -ffat-lto-objects scan-tree-dump-times slp2 "basic block vectorized" 1
FAIL: gcc.dg/vect/bb-slp-22.c scan-tree-dump-times slp2 "basic block vectorized" 1
FAIL: gcc.dg/vect/vect-epilogues.c -flto -ffat-lto-objects scan-tree-dump vect "LOOP EPILOGUE VECTORIZED"
FAIL: gcc.dg/vect/vect-epilogues.c scan-tree-dump vect "LOOP EPILOGUE VECTORIZED"
WARNING: gcc.target/sparc/ultrasp12.c (test for excess errors) program timed out.
FAIL: gcc.target/sparc/ultrasp12.c (test for excess errors)
=== gcc Summary for unix/-m64 ===
# of expected passes 119211
# of unexpected failures 10
# of unexpected successes 1
# of expected failures 636
# of unresolved testcases 1
# of unsupported tests 2951
=== gcc Summary ===
# of expected passes 238785
# of unexpected failures 33
# of unexpected successes 2
# of expected failures 1282
# of unresolved testcases 2
# of unsupported tests 6550
/var/gcc/regression/trunk/11.5-gcc-gas-gld/build/gcc/xgcc version 10.0.0 20200103 (experimental) [trunk revision 279854] (GCC)
=== gdc tests ===
Running target unix
=== gdc Summary for unix ===
# of expected passes 25155
# of unsupported tests 40
Running target unix/-m64
=== gdc Summary for unix/-m64 ===
# of expected passes 25155
# of unsupported tests 40
=== gdc Summary ===
# of expected passes 50310
# of unsupported tests 80
/var/gcc/regression/trunk/11.5-gcc-gas-gld/build/gcc/gdc version 10.0.0 20200103 (experimental) [trunk revision 279854] (GCC)
=== gfortran tests ===
Running target unix
FAIL: gfortran.dg/ISO_Fortran_binding_15.f90 -O1 execution test
FAIL: gfortran.dg/ISO_Fortran_binding_15.f90 -O2 execution test
FAIL: gfortran.dg/ISO_Fortran_binding_15.f90 -O3 -fomit-frame-pointer -funroll-loops -fpeel-loops -ftracer -finline-functions execution test
FAIL: gfortran.dg/ISO_Fortran_binding_15.f90 -O3 -g execution test
FAIL: gfortran.dg/ISO_Fortran_binding_15.f90 -Os execution test
=== gfortran Summary for unix ===
# of expected passes 52538
# of unexpected failures 5
# of expected failures 191
# of unsupported tests 277
Running target unix/-m64
FAIL: gfortran.dg/ISO_Fortran_binding_15.f90 -O1 execution test
FAIL: gfortran.dg/ISO_Fortran_binding_15.f90 -O2 execution test
FAIL: gfortran.dg/ISO_Fortran_binding_15.f90 -O3 -fomit-frame-pointer -funroll-loops -fpeel-loops -ftracer -finline-functions execution test
FAIL: gfortran.dg/ISO_Fortran_binding_15.f90 -O3 -g execution test
FAIL: gfortran.dg/ISO_Fortran_binding_15.f90 -Os execution test
=== gfortran Summary for unix/-m64 ===
# of expected passes 52799
# of unexpected failures 5
# of expected failures 189
# of unsupported tests 150
=== gfortran Summary ===
# of expected passes 105337
# of unexpected failures 10
# of expected failures 380
# of unsupported tests 427
/var/gcc/regression/trunk/11.5-gcc-gas-gld/build/gcc/gfortran version 10.0.0 20200103 (experimental) [trunk revision 279854] (GCC)
=== gnat tests ===
Running target unix
=== gnat Summary for unix ===
# of expected passes 3237
# of expected failures 23
# of unsupported tests 30
Running target unix/-m64
=== gnat Summary for unix/-m64 ===
# of expected passes 3237
# of expected failures 23
# of unsupported tests 30
=== gnat Summary ===
# of expected passes 6474
# of expected failures 46
# of unsupported tests 60
/var/gcc/regression/trunk/11.5-gcc-gas-gld/build/gcc/gnatmake version 10.0.0 20200103 (experimental) [trunk revision 279854]
=== go tests ===
Running target unix
FAIL: ./index0-out.go execution, -O0 -g -fno-var-tracking-assignments
FAIL: go.test/test/fixedbugs/issue4085b.go execution, -O2 -g
FAIL: go.test/test/fixedbugs/issue4562.go execution, -O2 -g
FAIL: go.test/test/nil.go execution, -O2 -g
=== go Summary for unix ===
# of expected passes 7466
# of unexpected failures 4
# of expected failures 1
# of untested testcases 11
# of unsupported tests 3
Running target unix/-m64
FAIL: ./index0-out.go execution, -O0 -g -fno-var-tracking-assignments
=== go Summary for unix/-m64 ===
# of expected passes 7349
# of unexpected failures 1
# of expected failures 1
# of untested testcases 11
# of unsupported tests 3
=== go Summary ===
# of expected passes 14815
# of unexpected failures 5
# of expected failures 2
# of untested testcases 22
# of unsupported tests 6
/var/gcc/regression/trunk/11.5-gcc-gas-gld/build/gcc/gccgo version 10.0.0 20200103 (experimental) [trunk revision 279854] (GCC)
=== obj-c++ tests ===
Running target unix
=== obj-c++ Summary for unix ===
# of expected passes 1450
# of expected failures 2
# of unsupported tests 77
Running target unix/-m64
=== obj-c++ Summary for unix/-m64 ===
# of expected passes 1442
# of expected failures 10
# of unsupported tests 77
=== obj-c++ Summary ===
# of expected passes 2892
# of expected failures 12
# of unsupported tests 154
/var/gcc/regression/trunk/11.5-gcc-gas-gld/build/gcc/xg++ version 10.0.0 20200103 (experimental) [trunk revision 279854] (GCC)
=== objc tests ===
Running target unix
=== objc Summary for unix ===
# of expected passes 2783
# of unsupported tests 68
Running target unix/-m64
=== objc Summary for unix/-m64 ===
# of expected passes 2783
# of unsupported tests 68
=== objc Summary ===
# of expected passes 5566
# of unsupported tests 136
/var/gcc/regression/trunk/11.5-gcc-gas-gld/build/gcc/xgcc version 10.0.0 20200103 (experimental) [trunk revision 279854] (GCC)
=== gotools tests ===
FAIL: go test cmd/go
FAIL: TestAbort
FAIL: TestBreakpoint
FAIL: TestCgoSignalDeadlock
FAIL: TestGccgoCrashTracebackNodebug
FAIL: TestPanicInlined
FAIL: TestSelectStackAdjust
FAIL: go test runtime
FAIL: go test misc/cgo/test
FAIL: TestCompileWithoutShared
FAIL: TestEarlySignalHandler
FAIL: TestOsSignal
FAIL: TestSigaltstack
FAIL: TestSignalForwarding
FAIL: TestSignalForwardingExternal
FAIL: go test misc/cgo/testcarchive
FAIL: TestTags
FAIL: TestVet
FAIL: go test cmd/vet
=== gotools Summary ===
# of expected passes 240
# of unexpected failures 19
# of untested testcases 178
/var/gcc/regression/trunk/11.5-gcc-gas-gld/build/./gcc/gccgo version 10.0.0 20200103 (experimental) [trunk revision 279854] (GCC)
=== libatomic tests ===
Running target unix
=== libatomic Summary for unix ===
# of expected passes 44
# of unsupported tests 5
Running target unix/-m64
=== libatomic Summary for unix/-m64 ===
# of expected passes 54
=== libatomic Summary ===
# of expected passes 98
# of unsupported tests 5
=== libffi tests ===
Running target unix
=== libffi Summary for unix ===
# of expected passes 2214
Running target unix/-m64
=== libffi Summary for unix/-m64 ===
# of expected passes 2214
=== libffi Summary ===
# of expected passes 4428
=== libgo tests ===
Running target unix
FAIL: go/build
FAIL: go/types
FAIL: net/http
FAIL: os/signal
FAIL: runtime
FAIL: runtime/pprof
FAIL: sync/atomic
=== libgo Summary for unix ===
# of expected passes 167
# of unexpected failures 7
Running target unix/-m64
FAIL: go/build
FAIL: net/http
FAIL: runtime
FAIL: runtime/pprof
FAIL: sync/atomic
=== libgo Summary for unix/-m64 ===
# of expected passes 169
# of unexpected failures 5
=== libgo Summary ===
# of expected passes 336
# of unexpected failures 12
/var/gcc/regression/trunk/11.5-gcc-gas-gld/build/./gcc/gccgo version 10.0.0 20200103 (experimental) [trunk revision 279854] (GCC)
=== libgomp tests ===
Running target unix
WARNING: libgomp.c++/task-reduction-11.C execution test program timed out.
FAIL: libgomp.c++/task-reduction-11.C execution test
=== libgomp Summary for unix ===
# of expected passes 7508
# of unexpected failures 1
# of expected failures 4
# of unsupported tests 503
Running target unix/-m64
WARNING: libgomp.c++/task-reduction-13.C execution test program timed out.
FAIL: libgomp.c++/task-reduction-13.C execution test
=== libgomp Summary for unix/-m64 ===
# of expected passes 7508
# of unexpected failures 1
# of expected failures 4
# of unsupported tests 503
=== libgomp Summary ===
# of expected passes 15016
# of unexpected failures 2
# of expected failures 8
# of unsupported tests 1006
=== libitm tests ===
Running target unix
=== libitm Summary for unix ===
# of expected passes 42
# of expected failures 3
# of unsupported tests 1
Running target unix/-m64
=== libitm Summary for unix/-m64 ===
# of expected passes 42
# of expected failures 3
# of unsupported tests 1
=== libitm Summary ===
# of expected passes 84
# of expected failures 6
# of unsupported tests 2
=== libphobos tests ===
Running target unix
FAIL: libphobos.aa/test_aa.d (test for excess errors)
FAIL: libphobos.aa/test_aa.d execution test
FAIL: libphobos.allocations/overflow_from_existing.d (test for excess errors)
FAIL: libphobos.allocations/overflow_from_existing.d output pattern test
FAIL: libphobos.allocations/overflow_from_zero.d (test for excess errors)
FAIL: libphobos.allocations/overflow_from_zero.d output pattern test
FAIL: libphobos.allocations/tls_gc_integration.d (test for excess errors)
FAIL: libphobos.allocations/tls_gc_integration.d execution test
FAIL: libphobos.cycles/mod1.d --DRT-oncycle=abort (test for excess errors)
FAIL: libphobos.cycles/mod1.d --DRT-oncycle=deprecate (test for excess errors)
FAIL: libphobos.cycles/mod1.d --DRT-oncycle=deprecate execution test
FAIL: libphobos.cycles/mod1.d --DRT-oncycle=ignore (test for excess errors)
FAIL: libphobos.cycles/mod1.d --DRT-oncycle=ignore execution test
FAIL: libphobos.cycles/mod1.d --DRT-oncycle=print (test for excess errors)
FAIL: libphobos.cycles/mod1.d --DRT-oncycle=print execution test
FAIL: libphobos.cycles/mod2.d --DRT-oncycle=abort (test for excess errors)
FAIL: libphobos.cycles/mod2.d --DRT-oncycle=deprecate (test for excess errors)
FAIL: libphobos.cycles/mod2.d --DRT-oncycle=deprecate execution test
FAIL: libphobos.cycles/mod2.d --DRT-oncycle=ignore (test for excess errors)
FAIL: libphobos.cycles/mod2.d --DRT-oncycle=ignore execution test
FAIL: libphobos.cycles/mod2.d --DRT-oncycle=print (test for excess errors)
FAIL: libphobos.cycles/mod2.d --DRT-oncycle=print execution test
FAIL: libphobos.cycles/mod3.d --DRT-oncycle=abort (test for excess errors)
FAIL: libphobos.cycles/mod3.d --DRT-oncycle=deprecate (test for excess errors)
FAIL: libphobos.cycles/mod3.d --DRT-oncycle=deprecate execution test
FAIL: libphobos.cycles/mod3.d --DRT-oncycle=ignore (test for excess errors)
FAIL: libphobos.cycles/mod3.d --DRT-oncycle=ignore execution test
FAIL: libphobos.cycles/mod3.d --DRT-oncycle=print (test for excess errors)
FAIL: libphobos.cycles/mod3.d --DRT-oncycle=print execution test
FAIL: libphobos.exceptions/chain.d (test for excess errors)
FAIL: libphobos.exceptions/chain.d execution test
FAIL: libphobos.exceptions/invalid_memory_operation.d (test for excess errors)
FAIL: libphobos.exceptions/invalid_memory_operation.d output pattern test
FAIL: libphobos.exceptions/line_trace.d (test for excess errors)
FAIL: libphobos.exceptions/line_trace.d execution test
FAIL: libphobos.exceptions/static_dtor.d (test for excess errors)
FAIL: libphobos.exceptions/static_dtor.d output pattern test
FAIL: libphobos.exceptions/stderr_msg.d (test for excess errors)
FAIL: libphobos.exceptions/stderr_msg.d output pattern test
FAIL: libphobos.exceptions/unittest_assert.d (test for excess errors)
FAIL: libphobos.exceptions/unittest_assert.d output pattern test
FAIL: libphobos.hash/test_hash.d (test for excess errors)
FAIL: libphobos.hash/test_hash.d execution test
FAIL: libphobos.init_fini/runtime_args.d (test for excess errors)
FAIL: libphobos.init_fini/runtime_args.d execution test
FAIL: libphobos.init_fini/thread_join.d (test for excess errors)
FAIL: libphobos.init_fini/thread_join.d execution test
FAIL: libphobos.phobos_shared/std/datetime/systime.d execution test
FAIL: libphobos.phobos_shared/std/datetime/timezone.d execution test
FAIL: libphobos.phobos_shared/std/digest/murmurhash.d execution test
FAIL: libphobos.phobos_shared/std/experimental/allocator/building_blocks/region.d execution test
FAIL: libphobos.phobos_shared/std/format.d execution test
FAIL: libphobos.phobos_shared/std/internal/math/errorfunction.d execution test
FAIL: libphobos.phobos_shared/std/internal/math/gammafunction.d execution test
FAIL: libphobos.phobos_shared/std/math.d execution test
WARNING: libphobos.phobos_shared/std/net/curl.d execution test program timed out.
FAIL: libphobos.phobos_shared/std/net/curl.d execution test
FAIL: libphobos.phobos_shared/std/net/isemail.d execution test
FAIL: libphobos.phobos_shared/std/numeric.d execution test
FAIL: libphobos.phobos_shared/std/parallelism.d execution test
FAIL: libphobos.phobos_shared/std/regex/internal/kickstart.d execution test
FAIL: libphobos.phobos_shared/std/regex/internal/tests.d execution test
FAIL: libphobos.phobos_shared/std/regex/package.d execution test
FAIL: libphobos.phobos_shared/std/socket.d execution test
FAIL: libphobos.phobos_shared/std/stdio.d execution test
FAIL: libphobos.phobos_shared/std/variant.d execution test
FAIL: libphobos.shared/finalize.d -shared-libphobos -ldl execution test
FAIL: libphobos.shared/linkD.c lib.so -ldl -pthread (test for excess errors)
FAIL: libphobos.shared/linkD.c lib.so -ldl -pthread execution test
FAIL: libphobos.shared/load.d -shared-libphobos -ldl execution test
FAIL: libphobos.shared/load_13414.d -shared-libphobos -ldl execution test
FAIL: libphobos.thread/fiber_guard_page.d (test for excess errors)
FAIL: libphobos.thread/tlsgc_sections.d (test for excess errors)
FAIL: libphobos.thread/tlsgc_sections.d execution test
FAIL: libphobos.typeinfo/comparison.d (test for excess errors)
FAIL: libphobos.typeinfo/comparison.d execution test
FAIL: libphobos.typeinfo/struct-align.d (test for excess errors)
FAIL: libphobos.typeinfo/struct-align.d execution test
=== libphobos Summary for unix ===
# of expected passes 346
# of unexpected failures 77
Running target unix/-m64
FAIL: libphobos.aa/test_aa.d (test for excess errors)
FAIL: libphobos.aa/test_aa.d execution test
FAIL: libphobos.allocations/overflow_from_existing.d (test for excess errors)
FAIL: libphobos.allocations/overflow_from_existing.d output pattern test
FAIL: libphobos.allocations/overflow_from_zero.d (test for excess errors)
FAIL: libphobos.allocations/overflow_from_zero.d output pattern test
FAIL: libphobos.allocations/tls_gc_integration.d (test for excess errors)
FAIL: libphobos.allocations/tls_gc_integration.d execution test
FAIL: libphobos.cycles/mod1.d --DRT-oncycle=abort (test for excess errors)
FAIL: libphobos.cycles/mod1.d --DRT-oncycle=deprecate (test for excess errors)
FAIL: libphobos.cycles/mod1.d --DRT-oncycle=deprecate execution test
FAIL: libphobos.cycles/mod1.d --DRT-oncycle=ignore (test for excess errors)
FAIL: libphobos.cycles/mod1.d --DRT-oncycle=ignore execution test
FAIL: libphobos.cycles/mod1.d --DRT-oncycle=print (test for excess errors)
FAIL: libphobos.cycles/mod1.d --DRT-oncycle=print execution test
FAIL: libphobos.cycles/mod2.d --DRT-oncycle=abort (test for excess errors)
FAIL: libphobos.cycles/mod2.d --DRT-oncycle=deprecate (test for excess errors)
FAIL: libphobos.cycles/mod2.d --DRT-oncycle=deprecate execution test
FAIL: libphobos.cycles/mod2.d --DRT-oncycle=ignore (test for excess errors)
FAIL: libphobos.cycles/mod2.d --DRT-oncycle=ignore execution test
FAIL: libphobos.cycles/mod2.d --DRT-oncycle=print (test for excess errors)
FAIL: libphobos.cycles/mod2.d --DRT-oncycle=print execution test
FAIL: libphobos.cycles/mod3.d --DRT-oncycle=abort (test for excess errors)
FAIL: libphobos.cycles/mod3.d --DRT-oncycle=deprecate (test for excess errors)
FAIL: libphobos.cycles/mod3.d --DRT-oncycle=deprecate execution test
FAIL: libphobos.cycles/mod3.d --DRT-oncycle=ignore (test for excess errors)
FAIL: libphobos.cycles/mod3.d --DRT-oncycle=ignore execution test
FAIL: libphobos.cycles/mod3.d --DRT-oncycle=print (test for excess errors)
FAIL: libphobos.cycles/mod3.d --DRT-oncycle=print execution test
FAIL: libphobos.exceptions/chain.d (test for excess errors)
FAIL: libphobos.exceptions/chain.d execution test
FAIL: libphobos.exceptions/invalid_memory_operation.d (test for excess errors)
FAIL: libphobos.exceptions/invalid_memory_operation.d output pattern test
FAIL: libphobos.exceptions/line_trace.d (test for excess errors)
FAIL: libphobos.exceptions/line_trace.d execution test
FAIL: libphobos.exceptions/static_dtor.d (test for excess errors)
FAIL: libphobos.exceptions/static_dtor.d output pattern test
FAIL: libphobos.exceptions/stderr_msg.d (test for excess errors)
FAIL: libphobos.exceptions/stderr_msg.d output pattern test
FAIL: libphobos.exceptions/unittest_assert.d (test for excess errors)
FAIL: libphobos.exceptions/unittest_assert.d output pattern test
FAIL: libphobos.hash/test_hash.d (test for excess errors)
FAIL: libphobos.hash/test_hash.d execution test
FAIL: libphobos.init_fini/runtime_args.d (test for excess errors)
FAIL: libphobos.init_fini/runtime_args.d execution test
FAIL: libphobos.init_fini/thread_join.d (test for excess errors)
FAIL: libphobos.init_fini/thread_join.d execution test
FAIL: libphobos.phobos_shared/std/datetime/systime.d execution test
FAIL: libphobos.phobos_shared/std/datetime/timezone.d execution test
FAIL: libphobos.phobos_shared/std/digest/murmurhash.d execution test
FAIL: libphobos.phobos_shared/std/format.d execution test
FAIL: libphobos.phobos_shared/std/internal/math/errorfunction.d execution test
FAIL: libphobos.phobos_shared/std/internal/math/gammafunction.d execution test
FAIL: libphobos.phobos_shared/std/math.d execution test
FAIL: libphobos.phobos_shared/std/numeric.d execution test
FAIL: libphobos.phobos_shared/std/parallelism.d execution test
FAIL: libphobos.phobos_shared/std/regex/internal/kickstart.d execution test
FAIL: libphobos.phobos_shared/std/regex/internal/tests.d execution test
FAIL: libphobos.phobos_shared/std/regex/package.d execution test
FAIL: libphobos.shared/finalize.d -shared-libphobos -ldl execution test
FAIL: libphobos.shared/linkD.c lib.so -ldl -pthread (test for excess errors)
FAIL: libphobos.shared/linkD.c lib.so -ldl -pthread execution test
FAIL: libphobos.shared/load.d -shared-libphobos -ldl execution test
FAIL: libphobos.shared/load_13414.d -shared-libphobos -ldl execution test
FAIL: libphobos.thread/fiber_guard_page.d (test for excess errors)
FAIL: libphobos.thread/tlsgc_sections.d (test for excess errors)
FAIL: libphobos.thread/tlsgc_sections.d execution test
FAIL: libphobos.typeinfo/comparison.d (test for excess errors)
FAIL: libphobos.typeinfo/comparison.d execution test
FAIL: libphobos.typeinfo/struct-align.d (test for excess errors)
FAIL: libphobos.typeinfo/struct-align.d execution test
=== libphobos Summary for unix/-m64 ===
# of expected passes 352
# of unexpected failures 71
=== libphobos Summary ===
# of expected passes 698
# of unexpected failures 148
=== libstdc++ tests ===
Running target unix
=== libstdc++ Summary for unix ===
# of expected passes 12564
# of expected failures 92
# of unsupported tests 729
Running target unix/-m64
=== libstdc++ Summary for unix/-m64 ===
# of expected passes 12564
# of expected failures 92
# of unsupported tests 729
=== libstdc++ Summary ===
# of expected passes 25128
# of expected failures 184
# of unsupported tests 1458
Compiler version: 10.0.0 20200103 (experimental) [trunk revision 279854] (GCC)
Platform: sparc-sun-solaris2.11
configure flags: --prefix=/vol/gcc --target=sparc-sun-solaris2.11 --enable-objc-gc --with-target-bdw-gc-include=/vol/gcc/include --with-target-bdw-gc-lib=/vol/gcc/lib,sparcv9=/vol/gcc/lib/sparcv9 --with-as=/vol/gcc/bin/gas-2.33.1 --with-gnu-as --with-ld=/vol/gcc/bin/gld-2.33.1 --with-gnu-ld --with-gmp-include=/vol/gcc/include --with-gmp-lib=/vol/gcc/lib --with-mpfr-include=/vol/gcc/include --with-mpfr-lib=/vol/gcc/lib --with-mpc-include=/vol/gcc/include --with-mpc-lib=/vol/gcc/lib --enable-languages=all,ada,obj-c++,go --with-isl-include=/vol/gcc/include --with-isl-lib=/vol/gcc/lib --with-zstd-include=/vol/gcc/include --with-zstd-lib=/vol/gcc/lib --build=sparc-sun-solaris2.11 --host=sparc-sun-solaris2.11
BOOT_CFLAGS=-g -O2
More information about the Gcc-testresults
mailing list