Results for 8.3.1 20200226 [releases/gcc-8 revision r8-10091-gf80c40f93f9e] (GCC) testsuite on i686-apple-darwin9
Iain Sandoe
iains.gcc@gmail.com
Sat Feb 29 20:08:00 GMT 2020
LAST_UPDATED: Wed Feb 26 23:58:01 UTC 2020 (revision r8-10091-gf80c40f93f9e)
=== acats tests ===
FAIL: cxa5015
FAIL: cxa5a01
FAIL: cxa5a02
FAIL: cxg2001
FAIL: cxg2004
FAIL: cxg2014
FAIL: cxg2021
=== acats Summary ===
# of expected passes 2313
# of unexpected failures 7
Native configuration is i686-apple-darwin9
=== g++ tests ===
Running target unix/-m32
FAIL: c-c++-common/pr43942.c -std=gnu++14 (test for excess errors)
XPASS: g++.dg/ext/sync-4.C -std=gnu++11 execution test
XPASS: g++.dg/ext/sync-4.C -std=gnu++14 execution test
XPASS: g++.dg/ext/sync-4.C -std=gnu++98 execution test
FAIL: g++.dg/ipa/pr67056.C scan-ipa-dump cp "Speculative outer type:struct CompositeClass"
FAIL: g++.dg/pr80481.C -std=gnu++11 scan-assembler-not vmovaps
FAIL: g++.dg/pr80481.C -std=gnu++14 scan-assembler-not vmovaps
FAIL: g++.dg/pr80481.C -std=gnu++98 scan-assembler-not vmovaps
FAIL: g++.dg/pr83239.C -std=gnu++98 (test for excess errors)
WARNING: program timed out.
WARNING: program timed out.
WARNING: program timed out.
FAIL: g++.dg/lto/20090311-1 cp_lto_20090311-1_1.o assemble, -O0 -flto
FAIL: g++.dg/lto/pr65276 cp_lto_pr65276_0.o-cp_lto_pr65276_1.o link, -flto -O0 -std=c++11
WARNING: program timed out.
FAIL: g++.dg/tls/thread_local-order2.C -std=c++11 execution test
FAIL: g++.dg/tls/thread_local-order2.C -std=c++14 execution test
FAIL: g++.old-deja/g++.brendan/template20.C -std=c++11 (test for excess errors)
FAIL: g++.old-deja/g++.law/bad-error4.C -std=c++98 (test for excess errors)
FAIL: g++.old-deja/g++.pt/overload12.C -std=c++14 (test for excess errors)
WARNING: program timed out.
WARNING: program timed out.
WARNING: program timed out.
=== g++ Summary for unix/-m32 ===
# of expected passes 115276
# of unexpected failures 13
# of unexpected successes 3
# of expected failures 515
# of unsupported tests 5012
Running target unix/-m64
FAIL: g++.dg/cpp0x/nullptr02.C -std=c++11 (test for excess errors)
FAIL: g++.dg/eh/spec10.C -std=gnu++11 (test for excess errors)
XPASS: g++.dg/ext/sync-4.C -std=gnu++11 execution test
XPASS: g++.dg/ext/sync-4.C -std=gnu++14 execution test
XPASS: g++.dg/ext/sync-4.C -std=gnu++98 execution test
FAIL: g++.dg/ipa/pr67056.C scan-ipa-dump cp "Speculative outer type:struct CompositeClass"
FAIL: g++.dg/opt/pr64411.C -std=gnu++11 (test for excess errors)
FAIL: g++.dg/pr83239.C -std=gnu++98 (test for excess errors)
FAIL: g++.dg/template/pr84694.C -std=c++14 (test for excess errors)
WARNING: program timed out.
WARNING: program timed out.
WARNING: program timed out.
WARNING: program timed out.
WARNING: program timed out.
WARNING: program timed out.
FAIL: c-c++-common/gomp/priority-1.c -std=c++98 (test for excess errors)
WARNING: program timed out.
FAIL: g++.dg/lto/pr65276 cp_lto_pr65276_0.o-cp_lto_pr65276_1.o link, -flto -O0 -std=c++11
FAIL: g++.dg/tls/thread_local-order2.C -std=c++11 execution test
FAIL: g++.dg/tls/thread_local-order2.C -std=c++14 execution test
FAIL: g++.old-deja/g++.pt/memtemp13.C -std=c++14 (test for excess errors)
FAIL: g++.old-deja/g++.pt/memtemp41.C -std=c++11 (test for excess errors)
WARNING: program timed out.
WARNING: program timed out.
WARNING: program timed out.
=== g++ Summary for unix/-m64 ===
# of expected passes 116772
# of unexpected failures 12
# of unexpected successes 3
# of expected failures 518
# of unsupported tests 5209
=== g++ Summary ===
# of expected passes 232048
# of unexpected failures 25
# of unexpected successes 6
# of expected failures 1033
# of unsupported tests 10221
/scratch/10-5-leo/gcc-8-wip/gcc/testsuite/g++/../../xg++ version 8.3.1 20200226 [releases/gcc-8 revision r8-10091-gf80c40f93f9e] (GCC)
=== gcc tests ===
Running target unix/-m32
FAIL: gcc.c-torture/compile/builtin_unreachable-1.c -O2 (test for excess errors)
FAIL: gcc.c-torture/compile/float.c -Os (test for excess errors)
FAIL: gcc.c-torture/compile/pr27282.c -O0 (test for excess errors)
FAIL: gcc.c-torture/compile/pr52773.c -O2 -flto (test for excess errors)
WARNING: program timed out.
WARNING: program timed out.
WARNING: program timed out.
WARNING: program timed out.
FAIL: gcc.c-torture/execute/pr64682.c -O2 (test for excess errors)
FAIL: gcc.c-torture/execute/vprintf-1.c -O3 -g (test for excess errors)
WARNING: program timed out.
WARNING: program timed out.
FAIL: gcc.dg/pr57438-2.c scan-assembler nop\\\\nLFE.*
FAIL: gcc.dg/pr77862.c (test for excess errors)
FAIL: gcc.dg/stack-layout-dynamic-1.c (test for excess errors)
UNRESOLVED: gcc.dg/stack-layout-dynamic-1.c scan-assembler-not cfi_def_cfa_register
WARNING: program timed out.
WARNING: program timed out.
FAIL: gcc.dg/graphite/scop-19.c scan-tree-dump-times graphite "number of SCoPs: 0" 1
FAIL: gcc.dg/ipa/ipcp-cstagg-2.c (test for excess errors)
WARNING: program timed out.
WARNING: program timed out.
FAIL: gcc.dg/tm/props-3.c (test for excess errors)
WARNING: program timed out.
FAIL: gcc.dg/torture/builtin-self.c -O0 scan-assembler-not \\tcall
FAIL: gcc.dg/torture/pr81900.c -O3 -g (test for excess errors)
WARNING: program timed out.
FAIL: gcc.dg/torture/stackalign/alloca-5.c -Os (test for excess errors)
WARNING: program timed out.
FAIL: gcc.dg/tree-ssa/loop-41.c (test for excess errors)
FAIL: gcc.dg/tree-ssa/ssa-fre-1.c (test for excess errors)
WARNING: program timed out.
WARNING: program timed out.
FAIL: gcc.target/i386/avx512f-kshiftrw-1.c (test for excess errors)
FAIL: gcc.target/i386/avx512vl-vpmovusdb-1.c (test for excess errors)
FAIL: gcc.target/i386/darwin-fpmath.c scan-assembler addsd
FAIL: gcc.target/i386/naked-1.c scan-assembler-not (?n)^\\\\s*ret\$
FAIL: gcc.target/i386/pad-3.c scan-assembler-not nop
FAIL: gcc.target/i386/pr36502.c scan-assembler-not esp
FAIL: gcc.target/i386/pr66334.c scan-assembler movl[ \\\\t].+, %ebx
FAIL: gcc.target/i386/pr71245-1.c scan-assembler-not (fistp|fild)
FAIL: gcc.target/i386/pr71245-2.c scan-assembler-not movlps
FAIL: gcc.target/i386/pr78035.c scan-assembler-times cmp 2
FAIL: gcc.target/i386/pr81736-5.c scan-assembler-not %[re]bp
FAIL: gcc.target/i386/pr84278.c scan-assembler-not \\\\(%.sp\\\\)
FAIL: gcc.target/i386/sse2-subsd-1.c (test for excess errors)
WARNING: program timed out.
WARNING: program timed out.
WARNING: program timed out.
=== gcc Summary for unix/-m32 ===
# of expected passes 118425
# of unexpected failures 30
# of expected failures 404
# of unresolved testcases 1
# of unsupported tests 4503
Running target unix/-m64
FAIL: gcc.c-torture/compile/20021120-2.c -O3 -g (test for excess errors)
FAIL: gcc.c-torture/compile/consec.c -Os (test for excess errors)
WARNING: program timed out.
WARNING: program timed out.
FAIL: gcc.c-torture/execute/20021024-1.c -O2 (test for excess errors)
FAIL: gcc.c-torture/execute/pr77718.c -O2 (test for excess errors)
WARNING: program timed out.
WARNING: program timed out.
FAIL: gcc.dg/atomic/c11-atomic-exec-5.c -O0 execution test
FAIL: gcc.dg/atomic/c11-atomic-exec-5.c -O1 execution test
FAIL: gcc.dg/atomic/c11-atomic-exec-5.c -O2 execution test
FAIL: gcc.dg/atomic/c11-atomic-exec-5.c -O2 -flto execution test
FAIL: gcc.dg/atomic/c11-atomic-exec-5.c -O2 -flto -flto-partition=none execution test
FAIL: gcc.dg/atomic/c11-atomic-exec-5.c -O3 -fomit-frame-pointer -funroll-loops -fpeel-loops -ftracer -finline-functions execution test
FAIL: gcc.dg/atomic/c11-atomic-exec-5.c -O3 -g execution test
FAIL: gcc.dg/atomic/c11-atomic-exec-5.c -Os execution test
FAIL: gcc.dg/attr-weakref-1.c execution test
FAIL: gcc.dg/pr57438-2.c scan-assembler nop\\\\nLFE.*
FAIL: gcc.dg/pr85257.c (test for excess errors)
WARNING: program timed out.
FAIL: gcc.dg/graphite/scop-19.c scan-tree-dump-times graphite "number of SCoPs: 0" 1
FAIL: gcc.dg/rtl/x86_64/final.c (internal compiler error)
FAIL: gcc.dg/rtl/x86_64/final.c (test for excess errors)
UNRESOLVED: gcc.dg/rtl/x86_64/final.c scan-assembler .cfi_endproc
UNRESOLVED: gcc.dg/rtl/x86_64/final.c scan-assembler .cfi_startproc
UNRESOLVED: gcc.dg/rtl/x86_64/final.c scan-assembler ret
UNRESOLVED: gcc.dg/rtl/x86_64/final.c scan-assembler test_1:
FAIL: c-c++-common/torture/pr79731.c -O0 (test for excess errors)
FAIL: gcc.dg/torture/float128-tg.c -O0 (test for excess errors)
FAIL: gcc.dg/torture/pr55964-2.c -O3 -g (test for excess errors)
FAIL: gcc.dg/torture/pr56349.c -O3 -g (test for excess errors)
WARNING: program timed out.
WARNING: program timed out.
WARNING: program timed out.
WARNING: program timed out.
FAIL: gcc.dg/vect/vect-122.c (test for excess errors)
FAIL: gcc.dg/vect/vect-outer-2-big-array.c -flto -ffat-lto-objects (test for excess errors)
WARNING: program timed out.
WARNING: program timed out.
FAIL: gcc.target/i386/avx2-vpmaskstored-1.c (test for excess errors)
FAIL: gcc.target/i386/pr68432-1.c (test for excess errors)
FAIL: gcc.target/i386/pr78035.c scan-assembler-times cmp 2
WARNING: program timed out.
WARNING: program timed out.
=== gcc Summary for unix/-m64 ===
# of expected passes 119970
# of unexpected failures 27
# of expected failures 397
# of unresolved testcases 4
# of unsupported tests 4459
=== gcc Summary ===
# of expected passes 238395
# of unexpected failures 57
# of expected failures 801
# of unresolved testcases 5
# of unsupported tests 8962
/scratch/10-5-leo/gcc-8-wip/gcc/xgcc version 8.3.1 20200226 [releases/gcc-8 revision r8-10091-gf80c40f93f9e] (GCC)
=== gfortran tests ===
Running target unix/-m32
FAIL: gfortran.dg/derived_comp_array_ref_1.f90 -O0 (test for excess errors)
FAIL: gfortran.dg/generic_3.f90 -O (test for excess errors)
FAIL: gfortran.dg/pdt_5.f03 -Os (test for excess errors)
FAIL: gfortran.dg/pr67900.f90 -O (test for excess errors)
FAIL: gfortran.dg/g77/f90-intrinsic-numeric.f -Os (test for excess errors)
WARNING: program timed out.
WARNING: program timed out.
WARNING: program timed out.
WARNING: program timed out.
WARNING: program timed out.
WARNING: program timed out.
WARNING: program timed out.
WARNING: program timed out.
=== gfortran Summary for unix/-m32 ===
# of expected passes 48061
# of unexpected failures 5
# of expected failures 99
# of unsupported tests 196
Running target unix/-m64
FAIL: gfortran.dg/coarray/event_1.f90 -fcoarray=single -O2 -latomic (test for excess errors)
WARNING: program timed out.
FAIL: gfortran.dg/backspace_4.f -O0 (test for excess errors)
FAIL: gfortran.dg/char_array_constructor.f90 -O3 -fomit-frame-pointer -funroll-loops -fpeel-loops -ftracer -finline-functions (test for excess errors)
FAIL: gfortran.dg/dec_bitwise_ops_2.f90 -Os (test for excess errors)
FAIL: gfortran.dg/dec_exp_3.f90 -O2 (test for excess errors)
FAIL: gfortran.dg/deferred_character_10.f90 -O0 (test for excess errors)
WARNING: program timed out.
WARNING: program timed out.
WARNING: program timed out.
WARNING: program timed out.
WARNING: program timed out.
WARNING: program timed out.
WARNING: program timed out.
WARNING: program timed out.
WARNING: program timed out.
=== gfortran Summary for unix/-m64 ===
# of expected passes 48277
# of unexpected failures 6
# of expected failures 99
# of unsupported tests 93
=== gfortran Summary ===
# of expected passes 96338
# of unexpected failures 11
# of expected failures 198
# of unsupported tests 289
/scratch/10-5-leo/gcc-8-wip/gcc/testsuite/gfortran/../../gfortran version 8.3.1 20200226 [releases/gcc-8 revision r8-10091-gf80c40f93f9e] (GCC)
=== gnat tests ===
Running target unix/-m32
FAIL: gnat.dg/sso/p13.adb -Og -g (test for excess errors)
WARNING: program timed out.
=== gnat Summary for unix/-m32 ===
# of expected passes 2719
# of unexpected failures 1
# of expected failures 24
# of unsupported tests 8
Running target unix/-m64
FAIL: gnat.dg/prot3_pkg.adb (test for excess errors)
WARNING: program timed out.
WARNING: program timed out.
=== gnat Summary for unix/-m64 ===
# of expected passes 2719
# of unexpected failures 1
# of expected failures 24
# of unsupported tests 8
=== gnat Summary ===
# of expected passes 5438
# of unexpected failures 2
# of expected failures 48
# of unsupported tests 16
/scratch/10-5-leo/gcc-8-wip/gcc/gnatmake version 8.3.1 20200226 [releases/gcc-8 revision r8-10091-gf80c40f93f9e]
=== obj-c++ tests ===
Running target unix/-m32
=== obj-c++ Summary for unix/-m32 ===
# of expected passes 3131
# of expected failures 2
# of unsupported tests 62
Running target unix/-m64
FAIL: obj-c++.dg/bitfield-2.mm -fnext-runtime execution test
FAIL: obj-c++.dg/property/synthesize-10.mm -fnext-runtime execution test
=== obj-c++ Summary for unix/-m64 ===
# of expected passes 3075
# of unexpected failures 2
# of expected failures 19
# of unsupported tests 67
=== obj-c++ Summary ===
# of expected passes 6206
# of unexpected failures 2
# of expected failures 21
# of unsupported tests 129
/scratch/10-5-leo/gcc-8-wip/gcc/testsuite/obj-c++/../../xg++ version 8.3.1 20200226 [releases/gcc-8 revision r8-10091-gf80c40f93f9e] (GCC)
=== objc tests ===
Running target unix/-m32
FAIL: objc.dg/ivar-scope-4.m -fnext-runtime execution test
=== objc Summary for unix/-m32 ===
# of expected passes 5677
# of unexpected failures 1
# of expected failures 6
# of unsupported tests 78
Running target unix/-m64
FAIL: objc.dg/ivar-scope-4.m -fnext-runtime execution test
FAIL: objc/execute/load-2.m compilation, -O3 -g -fgnu-runtime
UNRESOLVED: objc/execute/load-2.m execution, -O3 -g -fgnu-runtime
WARNING: program timed out.
=== objc Summary for unix/-m64 ===
# of expected passes 5623
# of unexpected failures 2
# of expected failures 12
# of unresolved testcases 1
# of unsupported tests 85
=== objc Summary ===
# of expected passes 11300
# of unexpected failures 3
# of expected failures 18
# of unresolved testcases 1
# of unsupported tests 163
/scratch/10-5-leo/gcc-8-wip/gcc/xgcc version 8.3.1 20200226 [releases/gcc-8 revision r8-10091-gf80c40f93f9e] (GCC)
=== libatomic tests ===
Running target unix/-m32
=== libatomic Summary for unix/-m32 ===
# of expected passes 44
# of unsupported tests 5
Running target unix/-m64
=== libatomic Summary for unix/-m64 ===
# of expected passes 54
=== libatomic Summary ===
# of expected passes 98
# of unsupported tests 5
=== libgomp tests ===
Running target unix/-m32
WARNING: program timed out.
FAIL: libgomp.c/pr24455-1.c (test for excess errors)
=== libgomp Summary for unix/-m32 ===
# of expected passes 5462
# of unexpected failures 1
# of expected failures 2
# of unsupported tests 365
Running target unix/-m64
WARNING: program timed out.
FAIL: libgomp.c/examples-4/array_sections-3.c (test for excess errors)
=== libgomp Summary for unix/-m64 ===
# of expected passes 5462
# of unexpected failures 1
# of expected failures 2
# of unsupported tests 365
=== libgomp Summary ===
# of expected passes 10924
# of unexpected failures 2
# of expected failures 4
# of unsupported tests 730
=== libitm tests ===
Running target unix/-m32
=== libitm Summary for unix/-m32 ===
# of expected passes 40
# of expected failures 3
# of unsupported tests 2
Running target unix/-m64
=== libitm Summary for unix/-m64 ===
# of expected passes 40
# of expected failures 3
# of unsupported tests 2
=== libitm Summary ===
# of expected passes 80
# of expected failures 6
# of unsupported tests 4
=== libstdc++ tests ===
Running target unix/-m32
FAIL: 22_locale/money_put/put/wchar_t/4.cc (test for excess errors)
FAIL: 27_io/basic_filebuf/open/char/2.cc execution test
FAIL: 30_threads/condition_variable/54185.cc execution test
FAIL: ext/mt_allocator/deallocate_global_thread-1.cc execution test
FAIL: ext/mt_allocator/deallocate_global_thread-3.cc execution test
FAIL: ext/stdio_filebuf/char/10063-2.cc execution test
FAIL: ext/stdio_filebuf/char/81751.cc execution test
WARNING: program timed out.
WARNING: program timed out.
WARNING: program timed out.
WARNING: program timed out.
=== libstdc++ Summary for unix/-m32 ===
# of expected passes 11381
# of unexpected failures 7
# of expected failures 71
# of unsupported tests 676
Running target unix/-m64
FAIL: 27_io/basic_filebuf/open/char/2.cc execution test
FAIL: 27_io/filesystem/operations/last_write_time.cc execution test
FAIL: 30_threads/condition_variable/54185.cc execution test
FAIL: experimental/filesystem/operations/last_write_time.cc execution test
FAIL: ext/mt_allocator/deallocate_global_thread-1.cc execution test
FAIL: ext/mt_allocator/deallocate_global_thread-3.cc execution test
FAIL: ext/stdio_filebuf/char/10063-2.cc execution test
FAIL: ext/stdio_filebuf/char/81751.cc execution test
WARNING: program timed out.
WARNING: program timed out.
WARNING: program timed out.
=== libstdc++ Summary for unix/-m64 ===
# of expected passes 11379
# of unexpected failures 8
# of expected failures 71
# of unsupported tests 676
=== libstdc++ Summary ===
# of expected passes 22760
# of unexpected failures 15
# of expected failures 142
# of unsupported tests 1352
Compiler version: 8.3.1 20200226 [releases/gcc-8 revision r8-10091-gf80c40f93f9e] (GCC)
Platform: i686-apple-darwin9
configure flags: --prefix=/opt/iains/i686-apple-darwin9/gcc-8-wip --target=i686-apple-darwin9 --host=i686-apple-darwin9 --build=i686-apple-darwin9 --enable-languages=all --with-ld=/usr/bin/ld --with-as=/usr/bin/as
More information about the Gcc-testresults
mailing list