Results for 8.3.1 20200226 [gcc-8-wip revision r8-10083-g8edd406bd751] (GCC) testsuite on i686-apple-darwin9
Iain Sandoe
iains.gcc@gmail.com
Thu Feb 27 01:09:00 GMT 2020
LAST_UPDATED: Wed Feb 26 11:02:49 UTC 2020 (revision r8-10083-g8edd406bd751)
=== acats tests ===
FAIL: cxa5015
FAIL: cxa5a01
FAIL: cxa5a02
FAIL: cxg2001
FAIL: cxg2004
FAIL: cxg2014
FAIL: cxg2021
=== acats Summary ===
# of expected passes 2313
# of unexpected failures 7
Native configuration is i686-apple-darwin9
=== g++ tests ===
Running target unix/-m32
WARNING: program timed out.
FAIL: g++.dg/debug/localclass1.C -gstabs3 (test for excess errors)
WARNING: program timed out.
FAIL: g++.dg/cpp0x/forw_enum9.C -std=gnu++11 (test for excess errors)
FAIL: g++.dg/expr/cond1.C -std=c++11 (test for excess errors)
XPASS: g++.dg/ext/sync-4.C -std=gnu++11 execution test
XPASS: g++.dg/ext/sync-4.C -std=gnu++14 execution test
XPASS: g++.dg/ext/sync-4.C -std=gnu++98 execution test
FAIL: g++.dg/ext/vector9.C -std=c++98 (test for excess errors)
FAIL: g++.dg/ipa/pr67056.C scan-ipa-dump cp "Speculative outer type:struct CompositeClass"
FAIL: g++.dg/other/crash-5.C -std=c++14 (test for excess errors)
FAIL: g++.dg/other/final2.C -std=gnu++11 (test for excess errors)
FAIL: g++.dg/pr80481.C -std=gnu++11 scan-assembler-not vmovaps
FAIL: g++.dg/pr80481.C -std=gnu++14 scan-assembler-not vmovaps
FAIL: g++.dg/pr80481.C -std=gnu++98 scan-assembler-not vmovaps
FAIL: g++.dg/pr83239.C -std=gnu++98 (test for excess errors)
FAIL: g++.dg/template/dependent-expr10.C -std=c++11 (test for excess errors)
FAIL: g++.dg/template/inherit.C -std=c++98 (test for excess errors)
FAIL: g++.dg/tree-ssa/ivopts-3.C -std=gnu++14 (test for excess errors)
WARNING: program timed out.
WARNING: program timed out.
WARNING: program timed out.
WARNING: program timed out.
WARNING: program timed out.
WARNING: program timed out.
WARNING: program timed out.
WARNING: program timed out.
WARNING: program timed out.
WARNING: program timed out.
FAIL: g++.dg/lto/20110311-1 cp_lto_20110311-1_0.o-cp_lto_20110311-1_0.o link, -O2 -flto -flto-partition=none
FAIL: g++.dg/lto/pr65276 cp_lto_pr65276_0.o-cp_lto_pr65276_1.o link, -flto -O0 -std=c++11
WARNING: program timed out.
FAIL: g++.dg/tls/thread_local-order2.C -std=c++11 execution test
FAIL: g++.dg/tls/thread_local-order2.C -std=c++14 execution test
FAIL: g++.old-deja/g++.mike/p9732b.C -std=c++98 (test for excess errors)
FAIL: g++.old-deja/g++.pt/virtual2.C -std=c++98 (test for excess errors)
WARNING: program timed out.
WARNING: program timed out.
WARNING: program timed out.
WARNING: program timed out.
WARNING: program timed out.
=== g++ Summary for unix/-m32 ===
# of expected passes 115269
# of unexpected failures 20
# of unexpected successes 3
# of expected failures 515
# of unsupported tests 5012
Running target unix/-m64
FAIL: g++.dg/abi/abi-tag9.C -std=c++11 (test for excess errors)
FAIL: g++.dg/cpp/c++_cmd_1.C -std=gnu++11 (test for excess errors)
FAIL: g++.dg/cpp0x/constexpr-ref7.C -std=c++11 (test for excess errors)
FAIL: g++.dg/ext/int128-2.C -std=c++14 (test for excess errors)
XPASS: g++.dg/ext/sync-4.C -std=gnu++11 execution test
XPASS: g++.dg/ext/sync-4.C -std=gnu++14 execution test
XPASS: g++.dg/ext/sync-4.C -std=gnu++98 execution test
FAIL: g++.dg/ipa/pr67056.C scan-ipa-dump cp "Speculative outer type:struct CompositeClass"
FAIL: g++.dg/pr83239.C -std=gnu++98 (test for excess errors)
WARNING: program timed out.
WARNING: program timed out.
WARNING: program timed out.
WARNING: program timed out.
WARNING: program timed out.
WARNING: program timed out.
WARNING: program timed out.
WARNING: program timed out.
FAIL: g++.dg/lto/pr65276 cp_lto_pr65276_0.o-cp_lto_pr65276_1.o link, -flto -O0 -std=c++11
FAIL: g++.dg/tls/thread_local-order2.C -std=c++11 execution test
FAIL: g++.dg/tls/thread_local-order2.C -std=c++14 execution test
FAIL: g++.dg/torture/pr34235.C -O2 -flto (test for excess errors)
FAIL: g++.dg/torture/pr64995.C -O1 (test for excess errors)
WARNING: program timed out.
WARNING: program timed out.
FAIL: g++.old-deja/g++.pt/explicit37.C -std=c++11 (test for excess errors)
FAIL: g++.old-deja/g++.pt/memtemp70.C -std=c++11 (test for excess errors)
WARNING: program timed out.
WARNING: program timed out.
=== g++ Summary for unix/-m64 ===
# of expected passes 116771
# of unexpected failures 13
# of unexpected successes 3
# of expected failures 518
# of unsupported tests 5209
=== g++ Summary ===
# of expected passes 232040
# of unexpected failures 33
# of unexpected successes 6
# of expected failures 1033
# of unsupported tests 10221
/scratch/10-5-leo/gcc-8-wip/gcc/testsuite/g++/../../xg++ version 8.3.1 20200226 [gcc-8-wip revision r8-10083-g8edd406bd751] (GCC)
=== gcc tests ===
Running target unix/-m32
FAIL: gcc.c-torture/compile/930506-1.c -O0 (test for excess errors)
FAIL: gcc.c-torture/compile/pr39648.c -O1 (test for excess errors)
FAIL: gcc.c-torture/compile/set386.c -O3 -g (test for excess errors)
WARNING: program timed out.
WARNING: program timed out.
WARNING: program timed out.
FAIL: gcc.c-torture/execute/pushpop_macro.c -Os (test for excess errors)
WARNING: program timed out.
FAIL: gcc.dg/debug/20000503-1.c -gstabs+3 -O (test for excess errors)
FAIL: gcc.dg/debug/pr36690-1.c -gstabs+1 (test for excess errors)
WARNING: program timed out.
WARNING: program timed out.
FAIL: gcc.dg/debug/dwarf2/pr88635.c (test for excess errors)
WARNING: program timed out.
FAIL: gcc.dg/pr57438-2.c scan-assembler nop\\\\nLFE.*
FAIL: gcc.dg/stack-layout-dynamic-1.c (test for excess errors)
UNRESOLVED: gcc.dg/stack-layout-dynamic-1.c scan-assembler-not cfi_def_cfa_register
FAIL: gcc.dg/graphite/scop-19.c scan-tree-dump-times graphite "number of SCoPs: 0" 1
WARNING: program timed out.
FAIL: gcc.dg/torture/builtin-self.c -O0 scan-assembler-not \\tcall
FAIL: gcc.dg/torture/float128-cmp-invalid.c -O0 (test for excess errors)
FAIL: gcc.dg/torture/float64x-tg-2.c -O2 -flto -flto-partition=none (test for excess errors)
FAIL: gcc.dg/torture/pr70370.c -O2 -flto -flto-partition=none (test for excess errors)
FAIL: gcc.dg/torture/pr83753.c -O3 -fomit-frame-pointer -funroll-loops -fpeel-loops -ftracer -finline-functions (test for excess errors)
WARNING: program timed out.
WARNING: program timed out.
WARNING: program timed out.
WARNING: program timed out.
FAIL: gcc.dg/tree-ssa/pr78153-1.c (test for excess errors)
WARNING: program timed out.
WARNING: program timed out.
FAIL: gcc.misc-tests/gcov-4b.c gcov failed: File '/src-local/gcc-git-8/gcc/testsuite/gcc.misc-tests/gcov-4b.c'
WARNING: program timed out.
FAIL: gcc.target/i386/darwin-fpmath.c scan-assembler addsd
FAIL: gcc.target/i386/naked-1.c scan-assembler-not (?n)^\\\\s*ret\$
FAIL: gcc.target/i386/pad-3.c scan-assembler-not nop
FAIL: gcc.target/i386/pr36502.c scan-assembler-not esp
FAIL: gcc.target/i386/pr66334.c scan-assembler movl[ \\\\t].+, %ebx
FAIL: gcc.target/i386/pr71245-1.c scan-assembler-not (fistp|fild)
FAIL: gcc.target/i386/pr71245-2.c scan-assembler-not movlps
FAIL: gcc.target/i386/pr78035.c scan-assembler-times cmp 2
FAIL: gcc.target/i386/pr81736-5.c scan-assembler-not %[re]bp
FAIL: gcc.target/i386/pr84278.c scan-assembler-not \\\\(%.sp\\\\)
=== gcc Summary for unix/-m32 ===
# of expected passes 118428
# of unexpected failures 27
# of expected failures 404
# of unresolved testcases 1
# of unsupported tests 4503
Running target unix/-m64
FAIL: gcc.c-torture/compile/20140816-1.c -O1 (test for excess errors)
FAIL: gcc.c-torture/compile/pr42237.c -Os (test for excess errors)
FAIL: gcc.c-torture/compile/pr43614.c -O2 (test for excess errors)
WARNING: program timed out.
WARNING: program timed out.
WARNING: program timed out.
FAIL: gcc.c-torture/execute/20061101-2.c -Os (test for excess errors)
FAIL: gcc.c-torture/execute/931004-6.c -O1 (test for excess errors)
FAIL: gcc.c-torture/execute/990531-1.c -O1 (test for excess errors)
FAIL: gcc.c-torture/execute/pr67929_1.c -O2 -flto (test for excess errors)
WARNING: program timed out.
WARNING: program timed out.
WARNING: program timed out.
WARNING: program timed out.
FAIL: gcc.dg/atomic/c11-atomic-exec-5.c -O0 execution test
FAIL: gcc.dg/atomic/c11-atomic-exec-5.c -O1 execution test
FAIL: gcc.dg/atomic/c11-atomic-exec-5.c -O2 execution test
FAIL: gcc.dg/atomic/c11-atomic-exec-5.c -O2 -flto execution test
FAIL: gcc.dg/atomic/c11-atomic-exec-5.c -O2 -flto -flto-partition=none execution test
FAIL: gcc.dg/atomic/c11-atomic-exec-5.c -O3 -fomit-frame-pointer -funroll-loops -fpeel-loops -ftracer -finline-functions execution test
FAIL: gcc.dg/atomic/c11-atomic-exec-5.c -O3 -g execution test
FAIL: gcc.dg/atomic/c11-atomic-exec-5.c -Os execution test
FAIL: gcc.dg/debug/20020104-2.c -gstabs+1 -O3 (test for excess errors)
WARNING: program timed out.
FAIL: gcc.dg/attr-weakref-1.c execution test
FAIL: gcc.dg/pr49948.c (test for excess errors)
FAIL: gcc.dg/pr51821.c (test for excess errors)
FAIL: gcc.dg/pr57438-2.c scan-assembler nop\\\\nLFE.*
WARNING: program timed out.
WARNING: program timed out.
FAIL: gcc.dg/graphite/scop-19.c scan-tree-dump-times graphite "number of SCoPs: 0" 1
FAIL: gcc.dg/params/blocksort-part.c -O3 --param iv-consider-all-candidates-bound=0 (test for excess errors)
WARNING: program timed out.
FAIL: gcc.dg/rtl/x86_64/final.c (internal compiler error)
FAIL: gcc.dg/rtl/x86_64/final.c (test for excess errors)
UNRESOLVED: gcc.dg/rtl/x86_64/final.c scan-assembler .cfi_endproc
UNRESOLVED: gcc.dg/rtl/x86_64/final.c scan-assembler .cfi_startproc
UNRESOLVED: gcc.dg/rtl/x86_64/final.c scan-assembler ret
UNRESOLVED: gcc.dg/rtl/x86_64/final.c scan-assembler test_1:
FAIL: gcc.dg/torture/pr61095.c -O2 -flto -flto-partition=none (test for excess errors)
FAIL: gcc.dg/torture/pr79188.c -Os (test for excess errors)
WARNING: program timed out.
WARNING: program timed out.
FAIL: gcc.dg/vect/pr87288-3.c (test for excess errors)
WARNING: program timed out.
FAIL: gcc.target/i386/force-indirect-call-3.c (test for excess errors)
FAIL: gcc.target/i386/pr78035.c scan-assembler-times cmp 2
WARNING: program timed out.
=== gcc Summary for unix/-m64 ===
# of expected passes 119968
# of unexpected failures 29
# of expected failures 397
# of unresolved testcases 4
# of unsupported tests 4459
=== gcc Summary ===
# of expected passes 238396
# of unexpected failures 56
# of expected failures 801
# of unresolved testcases 5
# of unsupported tests 8962
/scratch/10-5-leo/gcc-8-wip/gcc/xgcc version 8.3.1 20200226 [gcc-8-wip revision r8-10083-g8edd406bd751] (GCC)
=== gfortran tests ===
Running target unix/-m32
FAIL: gfortran.dg/pointer_array_7.f90 -O1 (test for excess errors)
WARNING: program timed out.
WARNING: program timed out.
FAIL: gfortran.dg/goacc/vector_length.f90 -O (test for excess errors)
WARNING: program timed out.
=== gfortran Summary for unix/-m32 ===
# of expected passes 48064
# of unexpected failures 2
# of expected failures 99
# of unsupported tests 196
Running target unix/-m64
FAIL: gfortran.dg/matmul_18.f90 -Os (test for excess errors)
FAIL: gfortran.dg/record_marker_3.f90 -O2 (test for excess errors)
FAIL: gfortran.dg/team_change_1.f90 -O3 -fomit-frame-pointer -funroll-loops -fpeel-loops -ftracer -finline-functions (test for excess errors)
FAIL: gfortran.dg/x_slash_1.f -O3 -fomit-frame-pointer -funroll-loops -fpeel-loops -ftracer -finline-functions (test for excess errors)
WARNING: program timed out.
WARNING: program timed out.
WARNING: program timed out.
WARNING: program timed out.
WARNING: program timed out.
WARNING: program timed out.
=== gfortran Summary for unix/-m64 ===
# of expected passes 48279
# of unexpected failures 4
# of expected failures 99
# of unsupported tests 93
=== gfortran Summary ===
# of expected passes 96343
# of unexpected failures 6
# of expected failures 198
# of unsupported tests 289
/scratch/10-5-leo/gcc-8-wip/gcc/testsuite/gfortran/../../gfortran version 8.3.1 20200226 [gcc-8-wip revision r8-10083-g8edd406bd751] (GCC)
=== gnat tests ===
Running target unix/-m32
WARNING: program timed out.
=== gnat Summary for unix/-m32 ===
# of expected passes 2720
# of expected failures 24
# of unsupported tests 8
Running target unix/-m64
WARNING: program timed out.
WARNING: program timed out.
=== gnat Summary for unix/-m64 ===
# of expected passes 2720
# of expected failures 24
# of unsupported tests 8
=== gnat Summary ===
# of expected passes 5440
# of expected failures 48
# of unsupported tests 16
/scratch/10-5-leo/gcc-8-wip/gcc/gnatmake version 8.3.1 20200226 [gcc-8-wip revision r8-10083-g8edd406bd751]
=== obj-c++ tests ===
Running target unix/-m32
=== obj-c++ Summary for unix/-m32 ===
# of expected passes 3131
# of expected failures 2
# of unsupported tests 62
Running target unix/-m64
FAIL: obj-c++.dg/bitfield-2.mm -fnext-runtime execution test
FAIL: obj-c++.dg/property/synthesize-10.mm -fnext-runtime execution test
=== obj-c++ Summary for unix/-m64 ===
# of expected passes 3075
# of unexpected failures 2
# of expected failures 19
# of unsupported tests 67
=== obj-c++ Summary ===
# of expected passes 6206
# of unexpected failures 2
# of expected failures 21
# of unsupported tests 129
/scratch/10-5-leo/gcc-8-wip/gcc/testsuite/obj-c++/../../xg++ version 8.3.1 20200226 [gcc-8-wip revision r8-10083-g8edd406bd751] (GCC)
=== objc tests ===
Running target unix/-m32
WARNING: program timed out.
FAIL: objc.dg/ivar-scope-4.m -fnext-runtime execution test
WARNING: program timed out.
=== objc Summary for unix/-m32 ===
# of expected passes 5677
# of unexpected failures 1
# of expected failures 6
# of unsupported tests 78
Running target unix/-m64
FAIL: objc.dg/ivar-scope-4.m -fnext-runtime execution test
FAIL: objc/execute/nested-1.m compilation, -O3 -g -fgnu-runtime
UNRESOLVED: objc/execute/nested-1.m execution, -O3 -g -fgnu-runtime
WARNING: program timed out.
=== objc Summary for unix/-m64 ===
# of expected passes 5623
# of unexpected failures 2
# of expected failures 12
# of unresolved testcases 1
# of unsupported tests 85
=== objc Summary ===
# of expected passes 11300
# of unexpected failures 3
# of expected failures 18
# of unresolved testcases 1
# of unsupported tests 163
/scratch/10-5-leo/gcc-8-wip/gcc/xgcc version 8.3.1 20200226 [gcc-8-wip revision r8-10083-g8edd406bd751] (GCC)
=== libatomic tests ===
Running target unix/-m32
=== libatomic Summary for unix/-m32 ===
# of expected passes 44
# of unsupported tests 5
Running target unix/-m64
=== libatomic Summary for unix/-m64 ===
# of expected passes 54
=== libatomic Summary ===
# of expected passes 98
# of unsupported tests 5
=== libgomp tests ===
Running target unix/-m32
WARNING: program timed out.
FAIL: libgomp.fortran/omp_atomic1.f90 -Os (test for excess errors)
=== libgomp Summary for unix/-m32 ===
# of expected passes 5462
# of unexpected failures 1
# of expected failures 2
# of unsupported tests 365
Running target unix/-m64
WARNING: program timed out.
FAIL: libgomp.oacc-c/../libgomp.oacc-c-c++-common/lib-57.c -DACC_DEVICE_TYPE_host=1 -DACC_MEM_SHARED=1 -O2 (test for excess errors)
=== libgomp Summary for unix/-m64 ===
# of expected passes 5462
# of unexpected failures 1
# of expected failures 2
# of unsupported tests 365
=== libgomp Summary ===
# of expected passes 10924
# of unexpected failures 2
# of expected failures 4
# of unsupported tests 730
=== libitm tests ===
Running target unix/-m32
=== libitm Summary for unix/-m32 ===
# of expected passes 40
# of expected failures 3
# of unsupported tests 2
Running target unix/-m64
=== libitm Summary for unix/-m64 ===
# of expected passes 40
# of expected failures 3
# of unsupported tests 2
=== libitm Summary ===
# of expected passes 80
# of expected failures 6
# of unsupported tests 4
=== libstdc++ tests ===
Running target unix/-m32
FAIL: 27_io/basic_filebuf/open/char/2.cc execution test
FAIL: 30_threads/condition_variable/54185.cc execution test
FAIL: 30_threads/future/cons/default.cc (test for excess errors)
FAIL: abi/demangle/abi_examples/17.cc (test for excess errors)
FAIL: ext/mt_allocator/deallocate_global_thread-1.cc execution test
FAIL: ext/mt_allocator/deallocate_global_thread-3.cc execution test
FAIL: ext/stdio_filebuf/char/10063-2.cc execution test
FAIL: ext/stdio_filebuf/char/81751.cc execution test
WARNING: program timed out.
WARNING: program timed out.
=== libstdc++ Summary for unix/-m32 ===
# of expected passes 11381
# of unexpected failures 8
# of expected failures 71
# of unsupported tests 674
Running target unix/-m64
FAIL: 27_io/basic_filebuf/open/char/2.cc execution test
FAIL: 27_io/filesystem/operations/last_write_time.cc execution test
FAIL: 30_threads/condition_variable/54185.cc execution test
FAIL: experimental/filesystem/operations/last_write_time.cc execution test
FAIL: ext/mt_allocator/deallocate_global_thread-1.cc execution test
FAIL: ext/mt_allocator/deallocate_global_thread-3.cc execution test
FAIL: ext/stdio_filebuf/char/10063-2.cc execution test
FAIL: ext/stdio_filebuf/char/81751.cc execution test
WARNING: program timed out.
=== libstdc++ Summary for unix/-m64 ===
# of expected passes 11379
# of unexpected failures 8
# of expected failures 71
# of unsupported tests 675
=== libstdc++ Summary ===
# of expected passes 22760
# of unexpected failures 16
# of expected failures 142
# of unsupported tests 1349
Compiler version: 8.3.1 20200226 [gcc-8-wip revision r8-10083-g8edd406bd751] (GCC)
Platform: i686-apple-darwin9
configure flags: --prefix=/opt/iains/i686-apple-darwin9/gcc-8-wip --target=i686-apple-darwin9 --host=i686-apple-darwin9 --build=i686-apple-darwin9 --enable-languages=all --with-ld=/usr/bin/ld --with-as=/usr/bin/as
More information about the Gcc-testresults
mailing list