Results for 10.0.1 20200221 (experimental) [master revision 6f83ceb8cf613d37d010a17b23ebc98cdb8dc89d] (GCC) testsuite on sparc-sun-solaris2.11
Rainer Orth
ro@CeBiTec.Uni-Bielefeld.DE
Fri Feb 21 21:11:00 GMT 2020
LAST_UPDATED: Fri Feb 21 09:48:20 UTC 2020 (revision 6f83ceb8cf613d37d010a17b23ebc98cdb8dc89d)
=== acats tests ===
=== acats Summary ===
# of expected passes 2320
# of unexpected failures 0
Native configuration is sparc-sun-solaris2.11
=== g++ tests ===
Running target unix
FAIL: g++.dg/analyzer/malloc.C -std=c++14 (test for warnings, line 17)
FAIL: g++.dg/analyzer/malloc.C -std=c++14 (test for warnings, line 23)
FAIL: g++.dg/analyzer/malloc.C -std=c++14 (test for warnings, line 24)
FAIL: g++.dg/analyzer/malloc.C -std=c++14 (test for warnings, line 8)
FAIL: g++.dg/analyzer/malloc.C -std=c++17 (test for warnings, line 17)
FAIL: g++.dg/analyzer/malloc.C -std=c++17 (test for warnings, line 23)
FAIL: g++.dg/analyzer/malloc.C -std=c++17 (test for warnings, line 24)
FAIL: g++.dg/analyzer/malloc.C -std=c++17 (test for warnings, line 8)
FAIL: g++.dg/analyzer/malloc.C -std=c++2a (test for warnings, line 17)
FAIL: g++.dg/analyzer/malloc.C -std=c++2a (test for warnings, line 23)
FAIL: g++.dg/analyzer/malloc.C -std=c++2a (test for warnings, line 24)
FAIL: g++.dg/analyzer/malloc.C -std=c++2a (test for warnings, line 8)
FAIL: g++.dg/analyzer/malloc.C -std=c++98 (test for warnings, line 17)
FAIL: g++.dg/analyzer/malloc.C -std=c++98 (test for warnings, line 23)
FAIL: g++.dg/analyzer/malloc.C -std=c++98 (test for warnings, line 24)
FAIL: g++.dg/analyzer/malloc.C -std=c++98 (test for warnings, line 8)
FAIL: g++.dg/asan/default-options-1.C -O0 execution test
FAIL: g++.dg/asan/default-options-1.C -O1 execution test
FAIL: g++.dg/asan/default-options-1.C -O2 execution test
FAIL: g++.dg/asan/default-options-1.C -O2 -flto execution test
FAIL: g++.dg/asan/default-options-1.C -O2 -flto -flto-partition=none execution test
FAIL: g++.dg/asan/default-options-1.C -O3 -g execution test
FAIL: g++.dg/asan/default-options-1.C -Os execution test
FAIL: g++.dg/gcov/pr16855-priority.C -std=gnu++14 gcov: 1 failures in line counts, 0 in branch percentages, 0 in return percentages, 0 in intermediate format
FAIL: g++.dg/gcov/pr16855-priority.C -std=gnu++14 line 22: is #####:should be 1
FAIL: g++.dg/gcov/pr16855-priority.C -std=gnu++17 gcov: 1 failures in line counts, 0 in branch percentages, 0 in return percentages, 0 in intermediate format
FAIL: g++.dg/gcov/pr16855-priority.C -std=gnu++17 line 22: is #####:should be 1
FAIL: g++.dg/gcov/pr16855-priority.C -std=gnu++2a gcov: 1 failures in line counts, 0 in branch percentages, 0 in return percentages, 0 in intermediate format
FAIL: g++.dg/gcov/pr16855-priority.C -std=gnu++2a line 22: is #####:should be 1
FAIL: g++.dg/gcov/pr16855-priority.C -std=gnu++98 gcov: 1 failures in line counts, 0 in branch percentages, 0 in return percentages, 0 in intermediate format
FAIL: g++.dg/gcov/pr16855-priority.C -std=gnu++98 line 22: is #####:should be 1
FAIL: g++.dg/gcov/pr16855.C -std=gnu++14 gcov: 1 failures in line counts, 0 in branch percentages, 0 in return percentages, 0 in intermediate format
FAIL: g++.dg/gcov/pr16855.C -std=gnu++14 line 24: is #####:should be 1
FAIL: g++.dg/gcov/pr16855.C -std=gnu++17 gcov: 1 failures in line counts, 0 in branch percentages, 0 in return percentages, 0 in intermediate format
FAIL: g++.dg/gcov/pr16855.C -std=gnu++17 line 24: is #####:should be 1
FAIL: g++.dg/gcov/pr16855.C -std=gnu++2a gcov: 1 failures in line counts, 0 in branch percentages, 0 in return percentages, 0 in intermediate format
FAIL: g++.dg/gcov/pr16855.C -std=gnu++2a line 24: is #####:should be 1
FAIL: g++.dg/gcov/pr16855.C -std=gnu++98 gcov: 1 failures in line counts, 0 in branch percentages, 0 in return percentages, 0 in intermediate format
FAIL: g++.dg/gcov/pr16855.C -std=gnu++98 line 24: is #####:should be 1
FAIL: g++.dg/lto/pr89335 cp_lto_pr89335_0.o assemble, -O2 -flto -Wsuggest-final-methods
=== g++ Summary for unix ===
# of expected passes 181690
# of unexpected failures 40
# of expected failures 695
# of unsupported tests 8458
Running target unix/-m64
FAIL: g++.dg/analyzer/malloc.C -std=c++14 (test for warnings, line 17)
FAIL: g++.dg/analyzer/malloc.C -std=c++14 (test for warnings, line 23)
FAIL: g++.dg/analyzer/malloc.C -std=c++14 (test for warnings, line 24)
FAIL: g++.dg/analyzer/malloc.C -std=c++14 (test for warnings, line 8)
FAIL: g++.dg/analyzer/malloc.C -std=c++17 (test for warnings, line 17)
FAIL: g++.dg/analyzer/malloc.C -std=c++17 (test for warnings, line 23)
FAIL: g++.dg/analyzer/malloc.C -std=c++17 (test for warnings, line 24)
FAIL: g++.dg/analyzer/malloc.C -std=c++17 (test for warnings, line 8)
FAIL: g++.dg/analyzer/malloc.C -std=c++2a (test for warnings, line 17)
FAIL: g++.dg/analyzer/malloc.C -std=c++2a (test for warnings, line 23)
FAIL: g++.dg/analyzer/malloc.C -std=c++2a (test for warnings, line 24)
FAIL: g++.dg/analyzer/malloc.C -std=c++2a (test for warnings, line 8)
FAIL: g++.dg/analyzer/malloc.C -std=c++98 (test for warnings, line 17)
FAIL: g++.dg/analyzer/malloc.C -std=c++98 (test for warnings, line 23)
FAIL: g++.dg/analyzer/malloc.C -std=c++98 (test for warnings, line 24)
FAIL: g++.dg/analyzer/malloc.C -std=c++98 (test for warnings, line 8)
FAIL: g++.dg/gcov/pr16855-priority.C -std=gnu++14 gcov: 1 failures in line counts, 0 in branch percentages, 0 in return percentages, 0 in intermediate format
FAIL: g++.dg/gcov/pr16855-priority.C -std=gnu++14 line 22: is #####:should be 1
FAIL: g++.dg/gcov/pr16855-priority.C -std=gnu++17 gcov: 1 failures in line counts, 0 in branch percentages, 0 in return percentages, 0 in intermediate format
FAIL: g++.dg/gcov/pr16855-priority.C -std=gnu++17 line 22: is #####:should be 1
FAIL: g++.dg/gcov/pr16855-priority.C -std=gnu++2a gcov: 1 failures in line counts, 0 in branch percentages, 0 in return percentages, 0 in intermediate format
FAIL: g++.dg/gcov/pr16855-priority.C -std=gnu++2a line 22: is #####:should be 1
FAIL: g++.dg/gcov/pr16855-priority.C -std=gnu++98 gcov: 1 failures in line counts, 0 in branch percentages, 0 in return percentages, 0 in intermediate format
FAIL: g++.dg/gcov/pr16855-priority.C -std=gnu++98 line 22: is #####:should be 1
FAIL: g++.dg/gcov/pr16855.C -std=gnu++14 gcov: 1 failures in line counts, 0 in branch percentages, 0 in return percentages, 0 in intermediate format
FAIL: g++.dg/gcov/pr16855.C -std=gnu++14 line 24: is #####:should be 1
FAIL: g++.dg/gcov/pr16855.C -std=gnu++17 gcov: 1 failures in line counts, 0 in branch percentages, 0 in return percentages, 0 in intermediate format
FAIL: g++.dg/gcov/pr16855.C -std=gnu++17 line 24: is #####:should be 1
FAIL: g++.dg/gcov/pr16855.C -std=gnu++2a gcov: 1 failures in line counts, 0 in branch percentages, 0 in return percentages, 0 in intermediate format
FAIL: g++.dg/gcov/pr16855.C -std=gnu++2a line 24: is #####:should be 1
FAIL: g++.dg/gcov/pr16855.C -std=gnu++98 gcov: 1 failures in line counts, 0 in branch percentages, 0 in return percentages, 0 in intermediate format
FAIL: g++.dg/gcov/pr16855.C -std=gnu++98 line 24: is #####:should be 1
FAIL: g++.dg/lto/pr89335 cp_lto_pr89335_0.o assemble, -O2 -flto -Wsuggest-final-methods
=== g++ Summary for unix/-m64 ===
# of expected passes 182524
# of unexpected failures 33
# of expected failures 699
# of unsupported tests 8158
=== g++ Summary ===
# of expected passes 364214
# of unexpected failures 73
# of expected failures 1394
# of unsupported tests 16616
/var/gcc/regression/master/11-gcc-gas/build/gcc/xg++ version 10.0.1 20200221 (experimental) [master revision 6f83ceb8cf613d37d010a17b23ebc98cdb8dc89d] (GCC)
=== gcc tests ===
Running target unix
FAIL: gcc.dg/pr84877.c execution test
FAIL: gcc.dg/ipa/iinline-attr.c scan-ipa-dump inline "hooray[^\\\\n]*inline copy in test"
FAIL: gcc.dg/ipa/ipa-icf-38.c scan-ltrans-tree-dump-not optimized "Function bar"
FAIL: gcc.dg/simulate-thread/atomic-other-int.c -O2 -g thread simulation test
FAIL: gcc.dg/simulate-thread/atomic-other-int.c -O3 -g thread simulation test
FAIL: gcc.dg/simulate-thread/speculative-store-4.c -O0 -g thread simulation test
FAIL: gcc.dg/simulate-thread/speculative-store-4.c -O2 -g thread simulation test
FAIL: gcc.dg/simulate-thread/speculative-store-4.c -O3 -g thread simulation test
FAIL: gcc.dg/simulate-thread/speculative-store.c -O0 -g thread simulation test
FAIL: gcc.dg/vect/bb-slp-22.c -flto -ffat-lto-objects scan-tree-dump-times slp2 "basic block vectorized" 1
FAIL: gcc.dg/vect/bb-slp-22.c scan-tree-dump-times slp2 "basic block vectorized" 1
FAIL: gcc.dg/vect/vect-epilogues.c -flto -ffat-lto-objects scan-tree-dump vect "LOOP EPILOGUE VECTORIZED"
FAIL: gcc.dg/vect/vect-epilogues.c scan-tree-dump vect "LOOP EPILOGUE VECTORIZED"
=== gcc Summary for unix ===
# of expected passes 121796
# of unexpected failures 13
# of expected failures 756
# of unsupported tests 3581
Running target unix/-m64
FAIL: gcc.dg/strcmpopt_8.c (test for excess errors)
FAIL: gcc.dg/strcmpopt_8.c scan-tree-dump-not forwprop1 "strncmp"
FAIL: gcc.dg/ipa/ipa-icf-38.c scan-ltrans-tree-dump-not optimized "Function bar"
FAIL: gcc.dg/vect/bb-slp-22.c -flto -ffat-lto-objects scan-tree-dump-times slp2 "basic block vectorized" 1
FAIL: gcc.dg/vect/bb-slp-22.c scan-tree-dump-times slp2 "basic block vectorized" 1
FAIL: gcc.dg/vect/vect-epilogues.c -flto -ffat-lto-objects scan-tree-dump vect "LOOP EPILOGUE VECTORIZED"
FAIL: gcc.dg/vect/vect-epilogues.c scan-tree-dump vect "LOOP EPILOGUE VECTORIZED"
WARNING: gcc.target/sparc/ultrasp12.c (test for excess errors) program timed out.
FAIL: gcc.target/sparc/ultrasp12.c (test for excess errors)
=== gcc Summary for unix/-m64 ===
# of expected passes 121430
# of unexpected failures 8
# of expected failures 746
# of unsupported tests 2930
=== gcc Summary ===
# of expected passes 243226
# of unexpected failures 21
# of expected failures 1502
# of unsupported tests 6511
/var/gcc/regression/master/11-gcc-gas/build/gcc/xgcc version 10.0.1 20200221 (experimental) [master revision 6f83ceb8cf613d37d010a17b23ebc98cdb8dc89d] (GCC)
=== gdc tests ===
Running target unix
FAIL: gdc.dg/lto/ltotests d_lto_ltotests_0.o-d_lto_ltotests_1.o link, -O0 -flto (internal compiler error)
FAIL: gdc.dg/lto/ltotests d_lto_ltotests_0.o-d_lto_ltotests_1.o link, -O0 -flto -flto-partition=1to1 (internal compiler error)
FAIL: gdc.dg/lto/ltotests d_lto_ltotests_0.o-d_lto_ltotests_1.o link, -O0 -flto -flto-partition=none (internal compiler error)
FAIL: gdc.dg/lto/ltotests d_lto_ltotests_0.o-d_lto_ltotests_1.o link, -O2 -flto (internal compiler error)
FAIL: gdc.dg/lto/ltotests d_lto_ltotests_0.o-d_lto_ltotests_1.o link, -O2 -flto -flto-partition=1to1 (internal compiler error)
FAIL: gdc.dg/lto/ltotests d_lto_ltotests_0.o-d_lto_ltotests_1.o link, -O2 -flto -flto-partition=none (internal compiler error)
FAIL: gdc.test/runnable/cpp_abi_tests.d -O2 execution test
FAIL: gdc.test/runnable/cpp_abi_tests.d -O2 -g execution test
FAIL: gdc.test/runnable/cpp_abi_tests.d -O2 -g -shared-libphobos execution test
FAIL: gdc.test/runnable/cpp_abi_tests.d -O2 -shared-libphobos execution test
FAIL: gdc.test/runnable/eh.d -fPIC -shared-libphobos execution test
FAIL: gdc.test/runnable/eh.d -shared-libphobos execution test
FAIL: gdc.test/runnable/test42.d execution test
FAIL: gdc.test/runnable/test42.d -g execution test
FAIL: gdc.test/runnable/test42.d -g -shared-libphobos execution test
FAIL: gdc.test/runnable/test42.d -shared-libphobos execution test
=== gdc Summary for unix ===
# of expected passes 29832
# of unexpected failures 16
Running target unix/-m64
FAIL: gdc.dg/runnable.d -O0 execution test
FAIL: gdc.dg/runnable.d -O0 -g execution test
FAIL: gdc.dg/runnable.d -O1 execution test
FAIL: gdc.dg/runnable.d -O1 -g execution test
FAIL: gdc.dg/runnable.d -O2 execution test
FAIL: gdc.dg/runnable.d -O2 -g execution test
FAIL: gdc.dg/runnable.d -O3 execution test
FAIL: gdc.dg/runnable.d -O3 -g execution test
FAIL: gdc.dg/runnable.d -Os execution test
FAIL: gdc.dg/runnable.d -Os -g execution test
FAIL: gdc.dg/lto/ltotests d_lto_ltotests_0.o-d_lto_ltotests_1.o link, -O0 -flto (internal compiler error)
FAIL: gdc.dg/lto/ltotests d_lto_ltotests_0.o-d_lto_ltotests_1.o link, -O0 -flto -flto-partition=1to1 (internal compiler error)
FAIL: gdc.dg/lto/ltotests d_lto_ltotests_0.o-d_lto_ltotests_1.o link, -O0 -flto -flto-partition=none (internal compiler error)
FAIL: gdc.dg/lto/ltotests d_lto_ltotests_0.o-d_lto_ltotests_1.o link, -O2 -flto (internal compiler error)
FAIL: gdc.dg/lto/ltotests d_lto_ltotests_0.o-d_lto_ltotests_1.o link, -O2 -flto -flto-partition=1to1 (internal compiler error)
FAIL: gdc.dg/lto/ltotests d_lto_ltotests_0.o-d_lto_ltotests_1.o link, -O2 -flto -flto-partition=none (internal compiler error)
FAIL: gdc.test/runnable/cpp_abi_tests.d -O2 execution test
FAIL: gdc.test/runnable/cpp_abi_tests.d -O2 -g execution test
FAIL: gdc.test/runnable/cpp_abi_tests.d -O2 -g -shared-libphobos execution test
FAIL: gdc.test/runnable/cpp_abi_tests.d -O2 -shared-libphobos execution test
FAIL: gdc.test/runnable/foreach5.d execution test
FAIL: gdc.test/runnable/foreach5.d -frelease execution test
FAIL: gdc.test/runnable/foreach5.d -frelease -g execution test
FAIL: gdc.test/runnable/foreach5.d -frelease -g -shared-libphobos execution test
FAIL: gdc.test/runnable/foreach5.d -frelease -shared-libphobos execution test
FAIL: gdc.test/runnable/foreach5.d -g execution test
FAIL: gdc.test/runnable/foreach5.d -g -shared-libphobos execution test
FAIL: gdc.test/runnable/foreach5.d -shared-libphobos execution test
FAIL: gdc.test/runnable/inline.d execution test
FAIL: gdc.test/runnable/inline.d -O2 execution test
FAIL: gdc.test/runnable/inline.d -O2 -g execution test
FAIL: gdc.test/runnable/inline.d -O2 -g -shared-libphobos execution test
FAIL: gdc.test/runnable/inline.d -O2 -shared-libphobos execution test
FAIL: gdc.test/runnable/inline.d -g execution test
FAIL: gdc.test/runnable/inline.d -g -shared-libphobos execution test
FAIL: gdc.test/runnable/inline.d -shared-libphobos execution test
FAIL: gdc.test/runnable/test42.d execution test
FAIL: gdc.test/runnable/test42.d -g execution test
FAIL: gdc.test/runnable/test42.d -g -shared-libphobos execution test
FAIL: gdc.test/runnable/test42.d -shared-libphobos execution test
=== gdc Summary for unix/-m64 ===
# of expected passes 29808
# of unexpected failures 40
=== gdc Summary ===
# of expected passes 59640
# of unexpected failures 56
/var/gcc/regression/master/11-gcc-gas/build/gcc/gdc version 10.0.1 20200221 (experimental) [master revision 6f83ceb8cf613d37d010a17b23ebc98cdb8dc89d] (GCC)
=== gfortran tests ===
Running target unix
=== gfortran Summary for unix ===
# of expected passes 52798
# of expected failures 191
# of unsupported tests 277
Running target unix/-m64
=== gfortran Summary for unix/-m64 ===
# of expected passes 53059
# of expected failures 189
# of unsupported tests 150
=== gfortran Summary ===
# of expected passes 105857
# of expected failures 380
# of unsupported tests 427
/var/gcc/regression/master/11-gcc-gas/build/gcc/gfortran version 10.0.1 20200221 (experimental) [master revision 6f83ceb8cf613d37d010a17b23ebc98cdb8dc89d] (GCC)
=== gnat tests ===
Running target unix
=== gnat Summary for unix ===
# of expected passes 3237
# of expected failures 23
# of unsupported tests 30
Running target unix/-m64
=== gnat Summary for unix/-m64 ===
# of expected passes 3237
# of expected failures 23
# of unsupported tests 30
=== gnat Summary ===
# of expected passes 6474
# of expected failures 46
# of unsupported tests 60
/var/gcc/regression/master/11-gcc-gas/build/gcc/gnatmake version 10.0.1 20200221 (experimental) [master revision 6f83ceb8cf613d37d010a17b23ebc98cdb8dc89d]
=== go tests ===
Running target unix
FAIL: ./index0-out.go execution, -O0 -g -fno-var-tracking-assignments
FAIL: go.test/test/fixedbugs/issue4085b.go execution, -O2 -g
FAIL: go.test/test/fixedbugs/issue4562.go execution, -O2 -g
FAIL: go.test/test/nil.go execution, -O2 -g
=== go Summary for unix ===
# of expected passes 7464
# of unexpected failures 4
# of expected failures 1
# of untested testcases 11
# of unsupported tests 3
Running target unix/-m64
FAIL: ./index0-out.go execution, -O0 -g -fno-var-tracking-assignments
=== go Summary for unix/-m64 ===
# of expected passes 7347
# of unexpected failures 1
# of expected failures 1
# of untested testcases 11
# of unsupported tests 3
=== go Summary ===
# of expected passes 14811
# of unexpected failures 5
# of expected failures 2
# of untested testcases 22
# of unsupported tests 6
=== obj-c++ tests ===
Running target unix
=== obj-c++ Summary for unix ===
# of expected passes 1450
# of expected failures 2
# of unsupported tests 77
Running target unix/-m64
=== obj-c++ Summary for unix/-m64 ===
# of expected passes 1442
# of expected failures 10
# of unsupported tests 77
=== obj-c++ Summary ===
# of expected passes 2892
# of expected failures 12
# of unsupported tests 154
/var/gcc/regression/master/11-gcc-gas/build/gcc/xg++ version 10.0.1 20200221 (experimental) [master revision 6f83ceb8cf613d37d010a17b23ebc98cdb8dc89d] (GCC)
=== objc tests ===
Running target unix
=== objc Summary for unix ===
# of expected passes 2783
# of unsupported tests 68
Running target unix/-m64
=== objc Summary for unix/-m64 ===
# of expected passes 2783
# of unsupported tests 68
=== objc Summary ===
# of expected passes 5566
# of unsupported tests 136
/var/gcc/regression/master/11-gcc-gas/build/gcc/xgcc version 10.0.1 20200221 (experimental) [master revision 6f83ceb8cf613d37d010a17b23ebc98cdb8dc89d] (GCC)
=== gotools tests ===
FAIL: go test cmd/go
FAIL: TestAbort
FAIL: TestBreakpoint
FAIL: TestCgoSignalDeadlock
FAIL: TestGccgoCrashTracebackNodebug
FAIL: TestMemmoveAtomicity
FAIL: TestPanicInlined
FAIL: TestSelectStackAdjust
FAIL: go test runtime
FAIL: go test misc/cgo/test
FAIL: TestCompileWithoutShared
FAIL: TestEarlySignalHandler
FAIL: TestOsSignal
FAIL: TestSigaltstack
FAIL: TestSignalForwarding
FAIL: TestSignalForwardingExternal
FAIL: go test misc/cgo/testcarchive
FAIL: TestVet
FAIL: go test cmd/vet
=== gotools Summary ===
# of expected passes 191
# of unexpected failures 19
# of untested testcases 56
/var/gcc/regression/master/11-gcc-gas/build/./gcc/gccgo version 10.0.1 20200221 (experimental) [master revision 6f83ceb8cf613d37d010a17b23ebc98cdb8dc89d] (GCC)
=== libatomic tests ===
Running target unix
=== libatomic Summary for unix ===
# of expected passes 44
# of unsupported tests 5
Running target unix/-m64
=== libatomic Summary for unix/-m64 ===
# of expected passes 54
=== libatomic Summary ===
# of expected passes 98
# of unsupported tests 5
=== libffi tests ===
Running target unix
=== libffi Summary for unix ===
# of expected passes 2214
Running target unix/-m64
=== libffi Summary for unix/-m64 ===
# of expected passes 2214
=== libffi Summary ===
# of expected passes 4428
=== libgo tests ===
Running target unix
FAIL: go/build
FAIL: os/signal
FAIL: runtime
FAIL: runtime/pprof
FAIL: sync/atomic
=== libgo Summary for unix ===
# of expected passes 168
# of unexpected failures 5
Running target unix/-m64
FAIL: go/build
FAIL: runtime
FAIL: sync/atomic
=== libgo Summary for unix/-m64 ===
# of expected passes 170
# of unexpected failures 3
=== libgo Summary ===
# of expected passes 338
# of unexpected failures 8
/var/gcc/regression/master/11-gcc-gas/build/./gcc/gccgo version 10.0.1 20200221 (experimental) [master revision 6f83ceb8cf613d37d010a17b23ebc98cdb8dc89d] (GCC)
=== libgomp tests ===
Running target unix
=== libgomp Summary for unix ===
# of expected passes 7527
# of expected failures 4
# of unsupported tests 497
Running target unix/-m64
=== libgomp Summary for unix/-m64 ===
# of expected passes 7527
# of expected failures 4
# of unsupported tests 497
=== libgomp Summary ===
# of expected passes 15054
# of expected failures 8
# of unsupported tests 994
=== libitm tests ===
Running target unix
=== libitm Summary for unix ===
# of expected passes 42
# of expected failures 3
# of unsupported tests 1
Running target unix/-m64
=== libitm Summary for unix/-m64 ===
# of expected passes 42
# of expected failures 3
# of unsupported tests 1
=== libitm Summary ===
# of expected passes 84
# of expected failures 6
# of unsupported tests 2
=== libphobos tests ===
Running target unix
FAIL: libphobos.phobos_shared/std/datetime/systime.d execution test
FAIL: libphobos.phobos_shared/std/datetime/timezone.d execution test
FAIL: libphobos.phobos_shared/std/digest/murmurhash.d execution test
FAIL: libphobos.phobos_shared/std/experimental/allocator/building_blocks/region.d execution test
FAIL: libphobos.phobos_shared/std/format.d execution test
FAIL: libphobos.phobos_shared/std/internal/math/errorfunction.d execution test
FAIL: libphobos.phobos_shared/std/internal/math/gammafunction.d execution test
FAIL: libphobos.phobos_shared/std/math.d execution test
WARNING: libphobos.phobos_shared/std/net/curl.d execution test program timed out.
FAIL: libphobos.phobos_shared/std/net/curl.d execution test
FAIL: libphobos.phobos_shared/std/net/isemail.d execution test
FAIL: libphobos.phobos_shared/std/numeric.d execution test
FAIL: libphobos.phobos_shared/std/parallelism.d execution test
FAIL: libphobos.phobos_shared/std/regex/internal/kickstart.d execution test
FAIL: libphobos.phobos_shared/std/regex/internal/tests.d execution test
FAIL: libphobos.phobos_shared/std/regex/package.d execution test
FAIL: libphobos.phobos_shared/std/socket.d execution test
FAIL: libphobos.phobos_shared/std/stdio.d execution test
FAIL: libphobos.phobos_shared/std/variant.d execution test
FAIL: libphobos.shared/finalize.d -shared-libphobos -ldl execution test
FAIL: libphobos.shared/linkD.c lib.so -ldl -pthread execution test
FAIL: libphobos.shared/load.d -shared-libphobos -ldl execution test
FAIL: libphobos.shared/load_13414.d -shared-libphobos -ldl execution test
FAIL: libphobos.thread/fiber_guard_page.d execution test
=== libphobos Summary for unix ===
# of expected passes 401
# of unexpected failures 23
Running target unix/-m64
FAIL: libphobos.phobos_shared/std/datetime/systime.d execution test
FAIL: libphobos.phobos_shared/std/datetime/timezone.d execution test
FAIL: libphobos.phobos_shared/std/digest/murmurhash.d execution test
FAIL: libphobos.phobos_shared/std/format.d execution test
FAIL: libphobos.phobos_shared/std/internal/math/errorfunction.d execution test
FAIL: libphobos.phobos_shared/std/internal/math/gammafunction.d execution test
FAIL: libphobos.phobos_shared/std/math.d execution test
FAIL: libphobos.phobos_shared/std/numeric.d execution test
FAIL: libphobos.phobos_shared/std/parallelism.d execution test
FAIL: libphobos.phobos_shared/std/regex/internal/kickstart.d execution test
FAIL: libphobos.phobos_shared/std/regex/internal/tests.d execution test
FAIL: libphobos.phobos_shared/std/regex/package.d execution test
FAIL: libphobos.shared/finalize.d -shared-libphobos -ldl execution test
FAIL: libphobos.shared/linkD.c lib.so -ldl -pthread execution test
FAIL: libphobos.shared/load.d -shared-libphobos -ldl execution test
FAIL: libphobos.shared/load_13414.d -shared-libphobos -ldl execution test
FAIL: libphobos.thread/fiber_guard_page.d execution test
=== libphobos Summary for unix/-m64 ===
# of expected passes 407
# of unexpected failures 17
=== libphobos Summary ===
# of expected passes 808
# of unexpected failures 40
=== libstdc++ tests ===
Running target unix
=== libstdc++ Summary for unix ===
# of expected passes 13717
# of expected failures 92
# of unsupported tests 727
Running target unix/-m64
=== libstdc++ Summary for unix/-m64 ===
# of expected passes 13717
# of expected failures 92
# of unsupported tests 727
=== libstdc++ Summary ===
# of expected passes 27434
# of expected failures 184
# of unsupported tests 1454
Compiler version: 10.0.1 20200221 (experimental) [master revision 6f83ceb8cf613d37d010a17b23ebc98cdb8dc89d] (GCC)
Platform: sparc-sun-solaris2.11
configure flags: --prefix=/vol/gcc --target=sparc-sun-solaris2.11 --enable-objc-gc --with-target-bdw-gc-include=/vol/gcc/include --with-target-bdw-gc-lib=/vol/gcc/lib,sparcv9=/vol/gcc/lib/sparcv9 --with-as=/vol/gcc/bin/gas-2.34 --with-gnu-as --with-gmp-include=/vol/gcc/include --with-gmp-lib=/vol/gcc/lib --with-mpfr-include=/vol/gcc/include --with-mpfr-lib=/vol/gcc/lib --with-mpc-include=/vol/gcc/include --with-mpc-lib=/vol/gcc/lib --enable-languages=all,ada,obj-c++,go --with-isl-include=/vol/gcc/include --with-isl-lib=/vol/gcc/lib --with-zstd-include=/vol/gcc/include --with-zstd-lib=/vol/gcc/lib --build=sparc-sun-solaris2.11 --host=sparc-sun-solaris2.11
BOOT_CFLAGS=-g -O2
More information about the Gcc-testresults
mailing list