Results for 4.7.4 (GCC) testsuite on ia64-hp-hpux11.31
Peter Bisroev
peter.bisroev@groundlabs.com
Sun Feb 2 22:10:00 GMT 2020
LAST_UPDATED: Obtained from SVN: tags/gcc_4_7_4_release revision 211579
Native configuration is ia64-hp-hpux11.31
=== g++ tests ===
Running target unix
FAIL: g++.dg/inherit/covariant7.C -std=gnu++98 scan-tree-dump class
"24 .*c6::_ZTcv0_n16_v0_n12_NV2c62f2Ev"
FAIL: g++.dg/inherit/covariant7.C -std=gnu++98 scan-tree-dump class
"28 .*c6::f2"
FAIL: g++.dg/inherit/covariant7.C -std=gnu++98 scan-tree-dump class
"84 .*c6::_ZTv0_n16_NV2c62f2Ev"
FAIL: g++.dg/inherit/covariant7.C -std=gnu++11 scan-tree-dump class
"24 .*c6::_ZTcv0_n16_v0_n12_NV2c62f2Ev"
FAIL: g++.dg/inherit/covariant7.C -std=gnu++11 scan-tree-dump class
"28 .*c6::f2"
FAIL: g++.dg/inherit/covariant7.C -std=gnu++11 scan-tree-dump class
"84 .*c6::_ZTv0_n16_NV2c62f2Ev"
FAIL: g++.dg/tree-ssa/pr45605.C -std=gnu++98 scan-tree-dump-times
fre1 "D::Run \\\\(" 1
FAIL: g++.dg/tree-ssa/pr45605.C -std=gnu++11 scan-tree-dump-times
fre1 "D::Run \\\\(" 1
FAIL: c-c++-common/simulate-thread/bitfields-3.c -O2 -g -std=c++98
thread simulation test
FAIL: c-c++-common/simulate-thread/bitfields-3.c -O3 -g -std=c++11
thread simulation test
FAIL: c-c++-common/simulate-thread/bitfields-3.c -Os -g thread simulation test
FAIL: g++.dg/torture/pr31863.C -O2 -flto -flto-partition=none (test
for excess errors)
FAIL: g++.dg/torture/pr31863.C -O2 -flto (test for excess errors)
FAIL: g++.old-deja/g++.pt/const2.C -std=c++98 (test for excess errors)
FAIL: g++.old-deja/g++.pt/const2.C -std=c++11 (test for excess errors)
=== g++ Summary ===
# of expected passes 47008
# of unexpected failures 15
# of expected failures 298
# of unsupported tests 720
/home/pbisroev/src/build/gcc/g++ version 4.7.4 (GCC)
=== gcc tests ===
Running target unix
FAIL: gcc.c-torture/compile/limits-exprparen.c -O0 (internal compiler error)
FAIL: gcc.c-torture/compile/limits-exprparen.c -O0 (test for excess errors)
FAIL: gcc.c-torture/compile/limits-exprparen.c -O1 (internal compiler error)
FAIL: gcc.c-torture/compile/limits-exprparen.c -O1 (test for excess errors)
FAIL: gcc.c-torture/compile/limits-exprparen.c -O2 (internal compiler error)
FAIL: gcc.c-torture/compile/limits-exprparen.c -O2 (test for excess errors)
FAIL: gcc.c-torture/compile/limits-exprparen.c -O3
-fomit-frame-pointer (internal compiler error)
FAIL: gcc.c-torture/compile/limits-exprparen.c -O3
-fomit-frame-pointer (test for excess errors)
FAIL: gcc.c-torture/compile/limits-exprparen.c -O3 -g (internal
compiler error)
FAIL: gcc.c-torture/compile/limits-exprparen.c -O3 -g (test for excess errors)
FAIL: gcc.c-torture/compile/limits-exprparen.c -Os (internal compiler error)
FAIL: gcc.c-torture/compile/limits-exprparen.c -Os (test for excess errors)
FAIL: gcc.c-torture/compile/limits-exprparen.c -O2 -flto
-flto-partition=none (internal compiler error)
FAIL: gcc.c-torture/compile/limits-exprparen.c -O2 -flto
-flto-partition=none (test for excess errors)
FAIL: gcc.c-torture/compile/limits-exprparen.c -O2 -flto (internal
compiler error)
FAIL: gcc.c-torture/compile/limits-exprparen.c -O2 -flto (test for
excess errors)
FAIL: gcc.c-torture/compile/pr53410-1.c -O3 -fomit-frame-pointer
(internal compiler error)
FAIL: gcc.c-torture/compile/pr53410-1.c -O3 -fomit-frame-pointer
(test for excess errors)
FAIL: gcc.c-torture/compile/pr53410-1.c -O3 -fomit-frame-pointer
-funroll-loops (internal compiler error)
FAIL: gcc.c-torture/compile/pr53410-1.c -O3 -fomit-frame-pointer
-funroll-loops (test for excess errors)
FAIL: gcc.c-torture/compile/pr53410-1.c -O3 -fomit-frame-pointer
-funroll-all-loops -finline-functions (internal compiler error)
FAIL: gcc.c-torture/compile/pr53410-1.c -O3 -fomit-frame-pointer
-funroll-all-loops -finline-functions (test for excess errors)
FAIL: gcc.c-torture/compile/pr53410-1.c -O3 -g (internal compiler error)
FAIL: gcc.c-torture/compile/pr53410-1.c -O3 -g (test for excess errors)
FAIL: gcc.dg/20020425-1.c (internal compiler error)
FAIL: gcc.dg/20020425-1.c (test for excess errors)
FAIL: gcc.dg/lto/20081201-2 c_lto_20081201-2_0.o-c_lto_20081201-2_1.o
execute -O3 -flto -flto-partition=1to1
FAIL: gcc.dg/lto/ipareference2
c_lto_ipareference2_0.o-c_lto_ipareference2_1.o execute -O1 -flto
-flto-partition=1to1 -fwhole-program
FAIL: gcc.dg/simulate-thread/speculative-store.c -O0 -g thread simulation test
FAIL: c-c++-common/simulate-thread/bitfields-3.c -O2 -g thread simulation test
FAIL: c-c++-common/simulate-thread/bitfields-3.c -O3 -g thread simulation test
FAIL: gcc.dg/torture/pr52028.c -O3 -fomit-frame-pointer execution test
FAIL: gcc.dg/torture/pr52028.c -O3 -fomit-frame-pointer
-funroll-loops execution test
FAIL: gcc.dg/torture/pr52028.c -O3 -fomit-frame-pointer
-funroll-all-loops -finline-functions execution test
FAIL: gcc.dg/torture/pr52028.c -O3 -g execution test
FAIL: gcc.dg/torture/pr60183.c -O3 -fomit-frame-pointer (test for
excess errors)
UNRESOLVED: gcc.dg/torture/pr60183.c -O3 -fomit-frame-pointer
compilation failed to produce executable
FAIL: gcc.dg/torture/pr60183.c -O3 -fomit-frame-pointer
-funroll-loops (test for excess errors)
UNRESOLVED: gcc.dg/torture/pr60183.c -O3 -fomit-frame-pointer
-funroll-loops compilation failed to produce executable
FAIL: gcc.dg/torture/pr60183.c -O3 -fomit-frame-pointer
-funroll-all-loops -finline-functions (test for excess errors)
UNRESOLVED: gcc.dg/torture/pr60183.c -O3 -fomit-frame-pointer
-funroll-all-loops -finline-functions compilation failed to produce
executable
FAIL: gcc.dg/torture/pr60183.c -O3 -g (test for excess errors)
UNRESOLVED: gcc.dg/torture/pr60183.c -O3 -g compilation failed to
produce executable
FAIL: gcc.dg/torture/vshuf-v2sf.c -O2 execution test
FAIL: gcc.dg/torture/vshuf-v2si.c -O2 execution test
FAIL: gcc.dg/torture/vshuf-v4hi.c -O2 execution test
FAIL: gcc.dg/torture/vshuf-v8qi.c -O2 execution test
XPASS: gcc.dg/tree-ssa/20040204-1.c scan-tree-dump-times optimized
"link_error" 0
FAIL: gcc.dg/vect/vec-scal-opt.c scan-tree-dump-times veclower2 ">> k.[0-9_]*" 1
FAIL: gcc.dg/vect/vec-scal-opt1.c scan-tree-dump-times veclower2 ">> 2" 1
FAIL: gcc.dg/vect/vec-scal-opt2.c scan-tree-dump-times veclower2 ">> 2" 1
XPASS: gcc.dg/vect/pr33804.c scan-tree-dump-times vect "vectorized 1 loops" 1
XPASS: gcc.dg/vect/pr33804.c scan-tree-dump-times vect "vectorizing
stmts using SLP" 1
XPASS: gcc.dg/vect/pr33953.c scan-tree-dump-times vect "vectorized 1 loops" 1
XPASS: gcc.dg/vect/pr33953.c scan-tree-dump-times vect "vectorizing
stmts using SLP" 1
FAIL: gcc.dg/vect/pr37539.c execution test
FAIL: gcc.dg/vect/pr51074.c execution test
FAIL: gcc.dg/vect/vect-107.c execution test
XPASS: gcc.dg/vect/vect-35-big-array.c scan-tree-dump-times vect
"vectorized 2 loops" 1
XPASS: gcc.dg/vect/vect-35.c scan-tree-dump-times vect "vectorized 2 loops" 1
XPASS: gcc.dg/vect/vect-outer-5.c scan-tree-dump vect "zero step in outer loop."
FAIL: gcc.dg/vect/vect-sdivmod-1.c scan-tree-dump-times vect
"vectorized 1 loops" 4
FAIL: gcc.dg/vect/vect-strided-a-mult.c execution test
FAIL: gcc.dg/vect/vect-strided-a-u16-i2.c execution test
FAIL: gcc.dg/vect/vect-strided-a-u16-i4.c execution test
FAIL: gcc.dg/vect/vect-strided-a-u16-mult.c execution test
FAIL: gcc.dg/vect/vect-strided-a-u32-mult.c execution test
FAIL: gcc.dg/vect/vect-strided-a-u8-i2-gap.c execution test
FAIL: gcc.dg/vect/vect-strided-a-u8-i8-gap2-big-array.c execution test
FAIL: gcc.dg/vect/vect-strided-a-u8-i8-gap2.c execution test
FAIL: gcc.dg/vect/vect-strided-a-u8-i8-gap7-big-array.c execution test
FAIL: gcc.dg/vect/vect-strided-a-u8-i8-gap7.c execution test
FAIL: gcc.dg/vect/vect-strided-float.c execution test
FAIL: gcc.dg/vect/vect-strided-mult-char-ls.c execution test
FAIL: gcc.dg/vect/vect-strided-mult.c execution test
FAIL: gcc.dg/vect/vect-strided-same-dr.c execution test
FAIL: gcc.dg/vect/vect-strided-store-a-u8-i2.c execution test
FAIL: gcc.dg/vect/vect-strided-store-u16-i4.c execution test
FAIL: gcc.dg/vect/vect-strided-store-u32-i2.c execution test
FAIL: gcc.dg/vect/vect-strided-u16-i2.c execution test
FAIL: gcc.dg/vect/vect-strided-u16-i4.c execution test
FAIL: gcc.dg/vect/vect-strided-u32-i4.c execution test
FAIL: gcc.dg/vect/vect-strided-u32-i8.c execution test
FAIL: gcc.dg/vect/vect-strided-u32-mult.c execution test
FAIL: gcc.dg/vect/vect-strided-u8-i2.c execution test
FAIL: gcc.dg/vect/vect-strided-u8-i8-gap7-big-array.c execution test
FAIL: gcc.dg/vect/vect-strided-u8-i8-gap7.c execution test
FAIL: gcc.dg/vect/vect-strided-u8-i8.c execution test
FAIL: gcc.dg/vect/vect-vfa-03.c execution test
FAIL: gcc.dg/vect/vect-widen-shift-s16.c execution test
FAIL: gcc.dg/vect/slp-11a.c execution test
FAIL: gcc.dg/vect/slp-11b.c execution test
FAIL: gcc.dg/vect/slp-12a.c execution test
FAIL: gcc.dg/vect/slp-13-big-array.c execution test
FAIL: gcc.dg/vect/slp-13.c execution test
FAIL: gcc.dg/vect/slp-19a.c execution test
FAIL: gcc.dg/vect/slp-19b.c execution test
FAIL: gcc.dg/vect/slp-21.c execution test
FAIL: gcc.dg/vect/slp-23.c execution test
XPASS: gcc.dg/vect/slp-24-big-array.c scan-tree-dump-times vect
"vectorized 1 loops" 1
XPASS: gcc.dg/vect/slp-24-big-array.c scan-tree-dump-times vect
"vectorizing stmts using SLP" 2
XPASS: gcc.dg/vect/slp-24.c scan-tree-dump-times vect "vectorized 1 loops" 1
XPASS: gcc.dg/vect/slp-24.c scan-tree-dump-times vect "vectorizing
stmts using SLP" 2
FAIL: gcc.dg/vect/slp-perm-2.c execution test
FAIL: gcc.dg/vect/slp-perm-3.c execution test
FAIL: gcc.dg/vect/slp-perm-9.c execution test
FAIL: gcc.dg/vect/slp-perm-9.c scan-tree-dump-times vect "vectorized 1 loops" 1
FAIL: gcc.dg/vect/slp-perm-9.c scan-tree-dump-times vect "vectorizing
stmts using SLP" 0
FAIL: gcc.dg/vect/slp-reduc-6.c execution test
XPASS: gcc.dg/vect/pr33804.c -flto scan-tree-dump-times vect
"vectorized 1 loops" 1
XPASS: gcc.dg/vect/pr33804.c -flto scan-tree-dump-times vect
"vectorizing stmts using SLP" 1
XPASS: gcc.dg/vect/pr33953.c -flto scan-tree-dump-times vect
"vectorized 1 loops" 1
XPASS: gcc.dg/vect/pr33953.c -flto scan-tree-dump-times vect
"vectorizing stmts using SLP" 1
FAIL: gcc.dg/vect/pr37539.c -flto execution test
FAIL: gcc.dg/vect/pr51074.c -flto execution test
FAIL: gcc.dg/vect/vect-107.c -flto execution test
XPASS: gcc.dg/vect/vect-35-big-array.c -flto scan-tree-dump-times
vect "vectorized 2 loops" 1
XPASS: gcc.dg/vect/vect-35.c -flto scan-tree-dump-times vect
"vectorized 2 loops" 1
XPASS: gcc.dg/vect/vect-outer-5.c -flto scan-tree-dump vect "zero
step in outer loop."
FAIL: gcc.dg/vect/vect-sdivmod-1.c -flto scan-tree-dump-times vect
"vectorized 1 loops" 4
FAIL: gcc.dg/vect/vect-strided-a-mult.c -flto execution test
FAIL: gcc.dg/vect/vect-strided-a-u16-i2.c -flto execution test
FAIL: gcc.dg/vect/vect-strided-a-u16-i4.c -flto execution test
FAIL: gcc.dg/vect/vect-strided-a-u16-mult.c -flto execution test
FAIL: gcc.dg/vect/vect-strided-a-u32-mult.c -flto execution test
FAIL: gcc.dg/vect/vect-strided-a-u8-i2-gap.c -flto execution test
FAIL: gcc.dg/vect/vect-strided-a-u8-i8-gap2-big-array.c -flto execution test
FAIL: gcc.dg/vect/vect-strided-a-u8-i8-gap2.c -flto execution test
FAIL: gcc.dg/vect/vect-strided-a-u8-i8-gap7-big-array.c -flto execution test
FAIL: gcc.dg/vect/vect-strided-a-u8-i8-gap7.c -flto execution test
FAIL: gcc.dg/vect/vect-strided-float.c -flto execution test
FAIL: gcc.dg/vect/vect-strided-mult-char-ls.c -flto execution test
FAIL: gcc.dg/vect/vect-strided-mult.c -flto execution test
FAIL: gcc.dg/vect/vect-strided-store-a-u8-i2.c -flto execution test
FAIL: gcc.dg/vect/vect-strided-store-u16-i4.c -flto execution test
FAIL: gcc.dg/vect/vect-strided-store-u32-i2.c -flto execution test
FAIL: gcc.dg/vect/vect-strided-u16-i2.c -flto execution test
FAIL: gcc.dg/vect/vect-strided-u16-i4.c -flto execution test
FAIL: gcc.dg/vect/vect-strided-u32-i4.c -flto execution test
FAIL: gcc.dg/vect/vect-strided-u32-i8.c -flto execution test
FAIL: gcc.dg/vect/vect-strided-u32-mult.c -flto execution test
FAIL: gcc.dg/vect/vect-strided-u8-i2.c -flto execution test
FAIL: gcc.dg/vect/vect-strided-u8-i8-gap7-big-array.c -flto execution test
FAIL: gcc.dg/vect/vect-strided-u8-i8-gap7.c -flto execution test
FAIL: gcc.dg/vect/vect-strided-u8-i8.c -flto execution test
FAIL: gcc.dg/vect/vect-vfa-03.c -flto execution test
FAIL: gcc.dg/vect/vect-widen-shift-s16.c -flto execution test
FAIL: gcc.dg/vect/slp-11a.c -flto execution test
FAIL: gcc.dg/vect/slp-11b.c -flto execution test
FAIL: gcc.dg/vect/slp-12a.c -flto execution test
FAIL: gcc.dg/vect/slp-13-big-array.c -flto execution test
FAIL: gcc.dg/vect/slp-13.c -flto execution test
FAIL: gcc.dg/vect/slp-19a.c -flto execution test
FAIL: gcc.dg/vect/slp-19b.c -flto execution test
FAIL: gcc.dg/vect/slp-21.c -flto execution test
FAIL: gcc.dg/vect/slp-23.c -flto execution test
XPASS: gcc.dg/vect/slp-24-big-array.c -flto scan-tree-dump-times vect
"vectorized 1 loops" 1
XPASS: gcc.dg/vect/slp-24-big-array.c -flto scan-tree-dump-times vect
"vectorizing stmts using SLP" 2
XPASS: gcc.dg/vect/slp-24.c -flto scan-tree-dump-times vect
"vectorized 1 loops" 1
XPASS: gcc.dg/vect/slp-24.c -flto scan-tree-dump-times vect
"vectorizing stmts using SLP" 2
FAIL: gcc.dg/vect/slp-perm-2.c -flto execution test
FAIL: gcc.dg/vect/slp-perm-3.c -flto execution test
FAIL: gcc.dg/vect/slp-perm-9.c -flto execution test
FAIL: gcc.dg/vect/slp-perm-9.c -flto scan-tree-dump-times vect
"vectorized 1 loops" 1
FAIL: gcc.dg/vect/slp-perm-9.c -flto scan-tree-dump-times vect
"vectorizing stmts using SLP" 0
FAIL: gcc.dg/vect/slp-reduc-6.c -flto execution test
FAIL: gcc.dg/vect/fast-math-vect-complex-3.c execution test
FAIL: gcc.dg/vect/no-scevccp-outer-10a.c execution test
FAIL: gcc.dg/vect/no-scevccp-outer-10b.c execution test
FAIL: gcc.dg/vect/no-scevccp-outer-20.c execution test
XPASS: gcc.dg/vect/no-scevccp-outer-21.c scan-tree-dump-times vect
"OUTER LOOP VECTORIZED." 1
FAIL: gcc.dg/vect/if-cvt-stores-vect-ifcvt-18.c execution test
XPASS: gcc.dg/vect/if-cvt-stores-vect-ifcvt-18.c scan-tree-dump-times
vect "vectorized 1 loops" 1
=== gcc Summary ===
# of expected passes 76693
# of unexpected failures 144
# of unexpected successes 25
# of expected failures 341
# of unresolved testcases 4
# of unsupported tests 1236
/home/pbisroev/src/build/gcc/xgcc version 4.7.4 (GCC)
=== libstdc++ tests ===
Running target unix
FAIL: 30_threads/condition_variable/members/53841.cc (test for excess errors)
=== libstdc++ Summary ===
# of expected passes 3560
# of unexpected failures 1
# of expected failures 30
# of unsupported tests 689
Compiler version: 4.7.4 (GCC)
Platform: ia64-hp-hpux11.31
configure flags: --prefix=/home/pbisroev/local/aCC/32/gcc-4.7.4
--with-gmp=/home/pbisroev/local/aCC/32
--with-mpfr=/home/pbisroev/local/aCC/32
--with-mpc=/home/pbisroev/local/aCC/32 --enable-languages=c,c++
--enable-version-specific-runtime-libs --disable-nls --with-gnu-as
--with-as=/home/pbisroev/local/aCC/32/binutils/bin/as --without-gnu-ld
--with-ld=/usr/bin/ld AWK=/usr/local/bin/awk CC='cc +DD32' CXX='aCC
+DD32'
--
Important Notice The contents of this email and its
attachment(s) are confidential and intended strictly for business
communications with the named recipient(s) only. If they have come to you
in error, kindly reply to this email and highlight the mistake, and do not
copy, use or otherwise retransmit it for any purpose. Registered Office:
Ground Labs Pte Ltd, #29-01 Suntec Tower Two, 9 Temasek Boulevard,
Registration 201106727H. Singapore.
Other Notices (1) No license to use
software is granted without acceptance of End User License Agreement
located at https://www.groundlabs.com/eula
<https://www.groundlabs.com/eula> (2) Any contract or consent on behalf of
company or alteration to any term requires the authority of a Registered
Office Director. (3) Although this email and any attachments are believed
to be free of any virus or any other defect which may cause damage or loss,
it is the responsibility of the recipient to ensure that they are
virus‐free (4) Never send any personal or sensitive data to Ground Labs
without our explicit consent and instructions for secure transmission. If
you are unsure, consult us.
More information about the Gcc-testresults
mailing list