Results for 10.0.1 20200201 (experimental) [master revision r10-6390-gd1a803038660] (GCC) testsuite on i686-apple-darwin9
Iain Sandoe
iains.gcc@gmail.com
Sat Feb 1 19:04:00 GMT 2020
LAST_UPDATED: Sat Feb 1 00:29:02 UTC 2020 (revision r10-6390-gd1a803038660)
=== acats tests ===
=== acats Summary ===
# of expected passes 2320
# of unexpected failures 0
Native configuration is i686-apple-darwin9
=== g++ tests ===
Running target unix/-m32
WARNING: g++.dg/coroutines/torture/local-var-4.C -O1 (test for excess errors) program timed out.
FAIL: g++.dg/coroutines/torture/local-var-4.C -O1 (test for excess errors)
WARNING: g++.dg/cpp0x/alias-decl-51.C -std=c++17 (test for excess errors) program timed out.
FAIL: g++.dg/cpp0x/alias-decl-51.C -std=c++17 (test for excess errors)
WARNING: g++.dg/cpp0x/noexcept55.C -std=c++17 (test for excess errors) program timed out.
FAIL: g++.dg/cpp0x/noexcept55.C -std=c++17 (test for excess errors)
WARNING: g++.dg/cpp1z/inh-ctor23.C -std=gnu++17 (test for excess errors) program timed out.
FAIL: g++.dg/cpp1z/inh-ctor23.C -std=gnu++17 (test for excess errors)
WARNING: g++.dg/eh/template2.C -std=gnu++14 (test for excess errors) program timed out.
FAIL: g++.dg/eh/template2.C -std=gnu++14 (test for excess errors)
FAIL: g++.dg/ext/pr84828.C -std=gnu++14 (internal compiler error)
FAIL: g++.dg/ext/pr84828.C -std=gnu++14 (test for excess errors)
FAIL: g++.dg/ext/pr84828.C -std=gnu++17 (internal compiler error)
FAIL: g++.dg/ext/pr84828.C -std=gnu++17 (test for excess errors)
FAIL: g++.dg/ext/pr84828.C -std=gnu++2a (internal compiler error)
FAIL: g++.dg/ext/pr84828.C -std=gnu++2a (test for excess errors)
FAIL: g++.dg/ext/pr84828.C -std=gnu++98 (internal compiler error)
FAIL: g++.dg/ext/pr84828.C -std=gnu++98 (test for excess errors)
XPASS: g++.dg/ext/sync-4.C -std=gnu++14 execution test
XPASS: g++.dg/ext/sync-4.C -std=gnu++17 execution test
XPASS: g++.dg/ext/sync-4.C -std=gnu++2a execution test
XPASS: g++.dg/ext/sync-4.C -std=gnu++98 execution test
WARNING: g++.dg/init/enum1.C -std=gnu++2a (test for errors, line 12) program timed out.
FAIL: g++.dg/ipa/pr67056.C scan-ipa-dump cp "Speculative outer type:struct CompositeClass"
WARNING: g++.dg/opt/pr18968.C -std=gnu++14 (test for excess errors) program timed out.
FAIL: g++.dg/opt/pr18968.C -std=gnu++14 (test for excess errors)
WARNING: g++.dg/opt/pr87360.C -std=gnu++14 (test for excess errors) program timed out.
FAIL: g++.dg/opt/pr87360.C -std=gnu++14 (test for excess errors)
WARNING: g++.dg/overload/using1.C -std=c++17 (test for excess errors) program timed out.
FAIL: g++.dg/overload/using1.C -std=c++17 (test for excess errors)
WARNING: g++.dg/parse/decl-specifier-1.C -std=c++14 (test for errors, line 11) program timed out.
WARNING: g++.dg/parse/mutable1.C -std=c++2a (test for excess errors) program timed out.
FAIL: g++.dg/parse/mutable1.C -std=c++2a (test for excess errors)
FAIL: g++.dg/pr80481.C -std=gnu++14 scan-assembler-not vmovaps
FAIL: g++.dg/pr80481.C -std=gnu++17 scan-assembler-not vmovaps
FAIL: g++.dg/pr80481.C -std=gnu++2a scan-assembler-not vmovaps
FAIL: g++.dg/pr80481.C -std=gnu++98 scan-assembler-not vmovaps
WARNING: g++.dg/tree-ssa/pr31146-2.C -std=gnu++98 (test for excess errors) program timed out.
FAIL: g++.dg/tree-ssa/pr31146-2.C -std=gnu++98 (test for excess errors)
WARNING: g++.dg/gomp/pr34607.C -std=gnu++98 (test for errors, line 9) program timed out.
FAIL: g++.dg/gomp/pr88182.C -std=gnu++14 (test for excess errors)
UNRESOLVED: g++.dg/gomp/pr88182.C -std=gnu++14 compilation failed to produce executable
FAIL: g++.dg/gomp/pr88182.C -std=gnu++17 (test for excess errors)
UNRESOLVED: g++.dg/gomp/pr88182.C -std=gnu++17 compilation failed to produce executable
FAIL: g++.dg/gomp/pr88182.C -std=gnu++2a (test for excess errors)
UNRESOLVED: g++.dg/gomp/pr88182.C -std=gnu++2a compilation failed to produce executable
FAIL: g++.dg/gomp/pr88182.C -std=gnu++98 (test for excess errors)
UNRESOLVED: g++.dg/gomp/pr88182.C -std=gnu++98 compilation failed to produce executable
FAIL: g++.dg/lto/pr65276 cp_lto_pr65276_0.o-cp_lto_pr65276_1.o link, -flto -O0 -std=c++11
FAIL: g++.dg/lto/pr89335 cp_lto_pr89335_0.o assemble, -O2 -flto -Wsuggest-final-methods
FAIL: g++.dg/tls/thread_local-order2.C -std=c++14 execution test
FAIL: g++.dg/tls/thread_local-order2.C -std=c++17 execution test
FAIL: g++.dg/tls/thread_local-order2.C -std=c++2a execution test
WARNING: g++.dg/torture/pr34241.C -O2 -flto -flto-partition=none (test for excess errors) program timed out.
FAIL: g++.dg/torture/pr34241.C -O2 -flto -flto-partition=none (test for excess errors)
WARNING: g++.dg/torture/pr55260-1.C -O1 (test for excess errors) program timed out.
FAIL: g++.dg/torture/pr55260-1.C -O1 (test for excess errors)
WARNING: g++.dg/torture/pr78750.C -O2 -flto -flto-partition=none (test for excess errors) program timed out.
FAIL: g++.dg/torture/pr78750.C -O2 -flto -flto-partition=none (test for excess errors)
=== g++ Summary for unix/-m32 ===
# of expected passes 175956
# of unexpected failures 35
# of unexpected successes 4
# of expected failures 706
# of unresolved testcases 4
# of unsupported tests 7545
Running target unix/-m64
WARNING: g++.dg/debug/pr70271.C -gstabs+1 -O3 (test for excess errors) program timed out.
FAIL: g++.dg/debug/pr70271.C -gstabs+1 -O3 (test for excess errors)
WARNING: c-c++-common/attr-may-alias-2.c -std=c++98 (test for excess errors) program timed out.
FAIL: c-c++-common/attr-may-alias-2.c -std=c++98 (test for excess errors)
WARNING: g++.dg/cpp0x/auto3.C -std=c++17 (test for errors, line 6) program timed out.
WARNING: g++.dg/cpp1y/lambda-generic-dep.C -std=gnu++14 (test for warnings, line 30) program timed out.
WARNING: g++.dg/cpp1z/inh-ctor26.C -std=gnu++17 (test for excess errors) program timed out.
FAIL: g++.dg/cpp1z/inh-ctor26.C -std=gnu++17 (test for excess errors)
WARNING: g++.dg/cpp1z/nodiscard1.C -std=c++14 (test for warnings, line 7) program timed out.
WARNING: g++.dg/diagnostic/pr58979.C -std=c++17 (test for errors, line 4) program timed out.
FAIL: g++.dg/eh/weak1.C -std=gnu++14 execution test
FAIL: g++.dg/eh/weak1.C -std=gnu++17 execution test
FAIL: g++.dg/eh/weak1.C -std=gnu++2a execution test
FAIL: g++.dg/eh/weak1.C -std=gnu++98 execution test
WARNING: g++.dg/ext/pretty3.C -std=gnu++17 (test for excess errors) program timed out.
FAIL: g++.dg/ext/pretty3.C -std=gnu++17 (test for excess errors)
XPASS: g++.dg/ext/sync-4.C -std=gnu++14 execution test
XPASS: g++.dg/ext/sync-4.C -std=gnu++17 execution test
XPASS: g++.dg/ext/sync-4.C -std=gnu++2a execution test
XPASS: g++.dg/ext/sync-4.C -std=gnu++98 execution test
FAIL: g++.dg/ipa/pr67056.C scan-ipa-dump cp "Speculative outer type:struct CompositeClass"
WARNING: g++.dg/lookup/pr84804.C -std=c++14 (test for excess errors) program timed out.
FAIL: g++.dg/lookup/pr84804.C -std=c++14 (test for excess errors)
WARNING: g++.dg/opt/pr83608.C -std=gnu++98 (test for excess errors) program timed out.
FAIL: g++.dg/opt/pr83608.C -std=gnu++98 (test for excess errors)
WARNING: g++.dg/other/pr82032.C -std=gnu++98 (test for excess errors) program timed out.
FAIL: g++.dg/other/pr82032.C -std=gnu++98 (test for excess errors)
FAIL: g++.dg/pr80481.C -std=gnu++14 scan-assembler-not vmovaps
FAIL: g++.dg/pr80481.C -std=gnu++17 scan-assembler-not vmovaps
FAIL: g++.dg/pr80481.C -std=gnu++2a scan-assembler-not vmovaps
FAIL: g++.dg/pr80481.C -std=gnu++98 scan-assembler-not vmovaps
WARNING: g++.dg/template/memclass3.C -std=c++2a (test for excess errors) program timed out.
FAIL: g++.dg/template/memclass3.C -std=c++2a (test for excess errors)
FAIL: g++.dg/tree-ssa/pr90883.C scan-tree-dump dse2 "Deleted redundant store: .*.a = {}"
FAIL: g++.dg/gomp/pr88182.C -std=gnu++14 (test for excess errors)
UNRESOLVED: g++.dg/gomp/pr88182.C -std=gnu++14 compilation failed to produce executable
FAIL: g++.dg/gomp/pr88182.C -std=gnu++17 (test for excess errors)
UNRESOLVED: g++.dg/gomp/pr88182.C -std=gnu++17 compilation failed to produce executable
FAIL: g++.dg/gomp/pr88182.C -std=gnu++2a (test for excess errors)
UNRESOLVED: g++.dg/gomp/pr88182.C -std=gnu++2a compilation failed to produce executable
FAIL: g++.dg/gomp/pr88182.C -std=gnu++98 (test for excess errors)
UNRESOLVED: g++.dg/gomp/pr88182.C -std=gnu++98 compilation failed to produce executable
WARNING: g++.dg/lto/odr-1 cp_lto_odr-1_1.o assemble, -O0 -flto program timed out.
FAIL: g++.dg/lto/odr-1 cp_lto_odr-1_1.o assemble, -O0 -flto
FAIL: g++.dg/lto/pr65276 cp_lto_pr65276_0.o-cp_lto_pr65276_1.o link, -flto -O0 -std=c++11
FAIL: g++.dg/lto/pr89335 cp_lto_pr89335_0.o assemble, -O2 -flto -Wsuggest-final-methods
FAIL: g++.dg/tls/thread_local-order2.C -std=c++14 execution test
FAIL: g++.dg/tls/thread_local-order2.C -std=c++17 execution test
FAIL: g++.dg/tls/thread_local-order2.C -std=c++2a execution test
WARNING: g++.dg/torture/pr51903.C -O0 (test for excess errors) program timed out.
FAIL: g++.dg/torture/pr51903.C -O0 (test for excess errors)
WARNING: g++.old-deja/g++.jason/binding.C -std=c++14 (test for warnings, line 9) program timed out.
WARNING: g++.old-deja/g++.jason/dtor4.C -std=c++2a (test for excess errors) program timed out.
FAIL: g++.old-deja/g++.jason/dtor4.C -std=c++2a (test for excess errors)
WARNING: g++.old-deja/g++.mike/eh49.C -std=gnu++98 (test for excess errors) program timed out.
FAIL: g++.old-deja/g++.mike/eh49.C -std=gnu++98 (test for excess errors)
WARNING: g++.old-deja/g++.other/virtual6.C -std=gnu++2a (test for excess errors) program timed out.
FAIL: g++.old-deja/g++.other/virtual6.C -std=gnu++2a (test for excess errors)
WARNING: g++.old-deja/g++.pt/memtemp74.C -std=c++2a (test for warnings, line 8) program timed out.
=== g++ Summary for unix/-m64 ===
# of expected passes 178135
# of unexpected failures 32
# of unexpected successes 4
# of expected failures 710
# of unresolved testcases 4
# of unsupported tests 7741
=== g++ Summary ===
# of expected passes 354091
# of unexpected failures 67
# of unexpected successes 8
# of expected failures 1416
# of unresolved testcases 8
# of unsupported tests 15286
/scratch/10-5-leo/gcc-trunk-wip/gcc/testsuite/g++/../../xg++ version 10.0.1 20200201 (experimental) [master revision r10-6390-gd1a803038660] (GCC)
=== gcc tests ===
Running target unix/-m32
WARNING: gcc.c-torture/compile/20050210-1.c -Os (test for excess errors) program timed out.
FAIL: gcc.c-torture/compile/20050210-1.c -Os (test for excess errors)
WARNING: gcc.c-torture/compile/aaa.c -Os (test for excess errors) program timed out.
FAIL: gcc.c-torture/compile/aaa.c -Os (test for excess errors)
WARNING: gcc.c-torture/compile/parms.c -Os (test for excess errors) program timed out.
FAIL: gcc.c-torture/compile/parms.c -Os (test for excess errors)
WARNING: gcc.c-torture/compile/pr54925.c -O2 (test for excess errors) program timed out.
FAIL: gcc.c-torture/compile/pr54925.c -O2 (test for excess errors)
WARNING: gcc.c-torture/compile/pr71872.c -Os (test for excess errors) program timed out.
FAIL: gcc.c-torture/compile/pr71872.c -Os (test for excess errors)
WARNING: gcc.c-torture/execute/20000113-1.c -O0 (test for excess errors) program timed out.
FAIL: gcc.c-torture/execute/20000113-1.c -O0 (test for excess errors)
WARNING: gcc.c-torture/execute/int-compare.c -O2 -flto -flto-partition=none (test for excess errors) program timed out.
FAIL: gcc.c-torture/execute/int-compare.c -O2 -flto -flto-partition=none (test for excess errors)
WARNING: gcc.c-torture/execute/pr59413.c -O1 (test for excess errors) program timed out.
FAIL: gcc.c-torture/execute/pr59413.c -O1 (test for excess errors)
FAIL: gcc.dg/analyzer/dot-output.c dg-check-dot dot-output.c.state-purge.dot
WARNING: gcc.dg/atomic/stdatomic-compare-exchange-1.c -O1 (test for excess errors) program timed out.
FAIL: gcc.dg/atomic/stdatomic-compare-exchange-1.c -O1 (test for excess errors)
WARNING: gcc.dg/compat/struct-by-value-4 c_compat_x_tst.o compile program timed out.
FAIL: gcc.dg/compat/struct-by-value-4 c_compat_x_tst.o compile
WARNING: gcc.dg/cpp/19951025-1.c include (test for errors, line 4) program timed out.
FAIL: gcc.dg/debug/dwarf2/inline4.c scan-assembler DW_TAG_inlined_subroutine[^\\\\(]*\\\\([^\\\\)]*\\\\)[^\\\\(]*\\\\(DIE \\\\(0x[0-9a-f]*\\\\) DW_TAG_formal_parameter[^\\\\(]*\\\\(DIE \\\\(0x[0-9a-f]*\\\\) DW_TAG_variable
FAIL: gcc.dg/debug/dwarf2/inline5.c scan-assembler-not \\\\(DIE \\\\(0x([0-9a-f]*)\\\\) DW_TAG_lexical_block\\\\)[^#/!@;\\\\|]*[#/!@;\\\\|]+ +[^(].*DW_TAG_lexical_block\\\\)[^#/!@;\\\\|x]*x\\\\1[^#/!@;\\\\|]*[#/!@;\\\\|] +DW_AT_abstract_origin
WARNING: c-c++-common/pr59037.c -Wc++-compat (test for excess errors) program timed out.
FAIL: c-c++-common/pr59037.c -Wc++-compat (test for excess errors)
WARNING: gcc.dg/Warray-bounds-11.c (test for warnings, line 60) program timed out.
FAIL: gcc.dg/pr68766.c (internal compiler error)
FAIL: gcc.dg/pr68766.c (test for excess errors)
FAIL: gcc.dg/stack-layout-dynamic-1.c (test for excess errors)
UNRESOLVED: gcc.dg/stack-layout-dynamic-1.c scan-assembler-not cfi_def_cfa_register
FAIL: c-c++-common/goacc/firstprivate-mappings-1.c scan-tree-dump omplower "(?n)#pragma omp target oacc_parallel map\\\\(from:array_so \\\\[len: 4\\\\]\\\\) firstprivate\\\\(array_li.[0-9]+\\\\) map\\\\(tofrom:\\\\(\\\\*array.[0-9]+\\\\) \\\\[len: D\\\\.[0-9]+\\\\]\\\\) map\\\\(firstprivate:array \\\\[pointer assign, bias: 0\\\\]\\\\) \\\\["
FAIL: gcc.dg/graphite/scop-19.c scan-tree-dump-times graphite "number of SCoPs: 0" 1
FAIL: gcc.dg/ipa/ipa-icf-38.c scan-ltrans-tree-dump-not optimized "Function bar"
WARNING: gcc.dg/sso/p13.c -O3 -finline-functions (test for excess errors) program timed out.
FAIL: gcc.dg/sso/p13.c -O3 -finline-functions (test for excess errors)
FAIL: gcc.dg/torture/builtin-self.c -O0 scan-assembler-not \\tcall
WARNING: gcc.dg/torture/pr56034.c -Os (test for excess errors) program timed out.
FAIL: gcc.dg/torture/pr56034.c -Os (test for excess errors)
WARNING: gcc.dg/torture/pr66949-1.c -O2 -flto (test for excess errors) program timed out.
FAIL: gcc.dg/torture/pr66949-1.c -O2 -flto (test for excess errors)
WARNING: gcc.dg/torture/pr67121.c -O2 (test for excess errors) program timed out.
FAIL: gcc.dg/torture/pr67121.c -O2 (test for excess errors)
WARNING: gcc.dg/torture/pr91656-1.c -O1 (test for excess errors) program timed out.
FAIL: gcc.dg/torture/pr91656-1.c -O1 (test for excess errors)
WARNING: gcc.dg/torture/stackalign/alloca-5.c -O3 -g -mforce-drap -fpic (test for excess errors) program timed out.
FAIL: gcc.dg/torture/stackalign/alloca-5.c -O3 -g -mforce-drap -fpic (test for excess errors)
FAIL: gcc.dg/vect/vect-epilogues.c -flto -ffat-lto-objects scan-tree-dump vect "LOOP EPILOGUE VECTORIZED"
FAIL: gcc.dg/vect/vect-epilogues.c scan-tree-dump vect "LOOP EPILOGUE VECTORIZED"
XPASS: gcc.dg/vect/vect-reduc-in-order-1.c -flto -ffat-lto-objects execution test
XPASS: gcc.dg/vect/vect-reduc-in-order-1.c execution test
XPASS: gcc.dg/vect/vect-reduc-in-order-2.c -flto -ffat-lto-objects execution test
XPASS: gcc.dg/vect/vect-reduc-in-order-2.c execution test
XPASS: gcc.dg/vect/vect-reduc-in-order-3.c -flto -ffat-lto-objects execution test
XPASS: gcc.dg/vect/vect-reduc-in-order-3.c execution test
XPASS: gcc.dg/vect/vect-reduc-in-order-4.c -flto -ffat-lto-objects execution test
XPASS: gcc.dg/vect/vect-reduc-in-order-4.c execution test
WARNING: gcc.target/i386/20020426-1.c program timed out.
FAIL: gcc.target/i386/fuse-caller-save-xmm.c scan-assembler-times movapd\\\\t\\\\.?[Ll]C0.*, %xmm1 1
FAIL: gcc.target/i386/indirect-thunk-1.c scan-assembler movl[ \\\\t]*[Ll]_dispatch\\\\\$non_lazy_ptr-L[0-9]+\\\\\$pb
FAIL: gcc.target/i386/indirect-thunk-2.c scan-assembler movl[ \\\\t]*[Ll]_dispatch\\\\\$non_lazy_ptr-L[0-9]+\\\\\$pb
FAIL: gcc.target/i386/indirect-thunk-3.c scan-assembler movl[ \\\\t]*[Ll]_dispatch\\\\\$non_lazy_ptr-L[0-9]+\\\\\$pb
FAIL: gcc.target/i386/indirect-thunk-4.c scan-assembler movl[ \\\\t]*[Ll]_dispatch\\\\\$non_lazy_ptr-L[0-9]+\\\\\$pb
FAIL: gcc.target/i386/indirect-thunk-attr-1.c scan-assembler movl[ \\\\t]*[Ll]_dispatch\\\\\$non_lazy_ptr-L[0-9]+\\\\\$pb
FAIL: gcc.target/i386/indirect-thunk-attr-2.c scan-assembler movl[ \\\\t]*[Ll]_dispatch\\\\\$non_lazy_ptr-L[0-9]+\\\\\$pb
FAIL: gcc.target/i386/indirect-thunk-attr-3.c scan-assembler movl[ \\\\t]*[Ll]_dispatch\\\\\$non_lazy_ptr-L[0-9]+\\\\\$pb
FAIL: gcc.target/i386/indirect-thunk-attr-4.c scan-assembler movl[ \\\\t]*[Ll]_dispatch\\\\\$non_lazy_ptr-L[0-9]+\\\\\$pb
FAIL: gcc.target/i386/indirect-thunk-attr-5.c scan-assembler movl[ \\\\t]*[Ll]_dispatch\\\\\$non_lazy_ptr-L[0-9]+\\\\\$pb
FAIL: gcc.target/i386/indirect-thunk-attr-6.c scan-assembler movl[ \\\\t]*[Ll]_dispatch\\\\\$non_lazy_ptr-L[0-9]+\\\\\$pb
FAIL: gcc.target/i386/indirect-thunk-extern-1.c scan-assembler movl[ \\\\t]*[Ll]_dispatch\\\\\$non_lazy_ptr-L[0-9]+\\\\\$pb
FAIL: gcc.target/i386/indirect-thunk-extern-2.c scan-assembler movl[ \\\\t]*[Ll]_dispatch\\\\\$non_lazy_ptr-L[0-9]+\\\\\$pb
FAIL: gcc.target/i386/indirect-thunk-extern-3.c scan-assembler movl[ \\\\t]*[Ll]_dispatch\\\\\$non_lazy_ptr-L[0-9]+\\\\\$pb
FAIL: gcc.target/i386/indirect-thunk-extern-4.c scan-assembler movl[ \\\\t]*[Ll]_dispatch\\\\\$non_lazy_ptr-L[0-9]+\\\\\$pb
FAIL: gcc.target/i386/indirect-thunk-inline-1.c scan-assembler movl[ \\\\t]*[Ll]_dispatch\\\\\$non_lazy_ptr-L[0-9]+\\\\\$pb
FAIL: gcc.target/i386/indirect-thunk-inline-2.c scan-assembler movl[ \\\\t]*[Ll]_dispatch\\\\\$non_lazy_ptr-L[0-9]+\\\\\$pb
FAIL: gcc.target/i386/indirect-thunk-inline-3.c scan-assembler movl[ \\\\t]*[Ll]_dispatch\\\\\$non_lazy_ptr-L[0-9]+\\\\\$pb
FAIL: gcc.target/i386/indirect-thunk-inline-4.c scan-assembler movl[ \\\\t]*[Ll]_dispatch\\\\\$non_lazy_ptr-L[0-9]+\\\\\$pb
FAIL: gcc.target/i386/memcpy-strategy-1.c scan-assembler-times movdqa 4
FAIL: gcc.target/i386/memcpy-strategy-2.c scan-assembler-times movdqa 4
FAIL: gcc.target/i386/memcpy-vector_loop-1.c scan-assembler-times movdqa 4
FAIL: gcc.target/i386/pad-3.c scan-assembler-not nop
FAIL: gcc.target/i386/pr15184-1.c scan-assembler-times movb[ \\\\t]+%al 4
FAIL: gcc.target/i386/pr15184-2.c scan-assembler-times movb[ \\\\t]+%al 2
FAIL: gcc.target/i386/pr54855-3.c scan-assembler-not movsd
FAIL: gcc.target/i386/pr54855-7.c scan-assembler-not movss
FAIL: gcc.target/i386/pr57193.c scan-assembler-times movdqa 2
FAIL: gcc.target/i386/pr66334.c scan-assembler movl[ \\\\t].+, %ebx
FAIL: gcc.target/i386/pr71245-1.c scan-assembler-not (fistp|fild)
FAIL: gcc.target/i386/pr71245-2.c scan-assembler-not movlps
FAIL: gcc.target/i386/pr78035.c scan-assembler-times cmp 2
FAIL: gcc.target/i386/pr81736-5.c scan-assembler-not %[re]bp
FAIL: gcc.target/i386/pr84278.c scan-assembler-not \\\\(%.sp\\\\)
FAIL: gcc.target/i386/pr85667-6.c scan-assembler-times flds[^\\n\\r]* 1
FAIL: gcc.target/i386/pr88414.c (internal compiler error)
FAIL: gcc.target/i386/pr88414.c (test for excess errors)
FAIL: gcc.target/i386/pr92651.c scan-assembler-times sub 2
=== gcc Summary for unix/-m32 ===
# of expected passes 132788
# of unexpected failures 67
# of unexpected successes 8
# of expected failures 663
# of unresolved testcases 1
# of unsupported tests 4878
Running target unix/-m64
WARNING: gcc.c-torture/compile/930421-1.c -O1 (test for excess errors) program timed out.
FAIL: gcc.c-torture/compile/930421-1.c -O1 (test for excess errors)
WARNING: gcc.c-torture/compile/pr54103-6.c -O2 (test for excess errors) program timed out.
FAIL: gcc.c-torture/compile/pr54103-6.c -O2 (test for excess errors)
WARNING: gcc.c-torture/compile/pr84383.c -O2 (test for excess errors) program timed out.
FAIL: gcc.c-torture/compile/pr84383.c -O2 (test for excess errors)
WARNING: gcc.c-torture/execute/20001130-2.c -O2 -flto -flto-partition=none (test for excess errors) program timed out.
FAIL: gcc.c-torture/execute/20001130-2.c -O2 -flto -flto-partition=none (test for excess errors)
WARNING: gcc.c-torture/execute/loop-2d.c -O1 (test for excess errors) program timed out.
FAIL: gcc.c-torture/execute/loop-2d.c -O1 (test for excess errors)
FAIL: gcc.dg/analyzer/dot-output.c dg-check-dot dot-output.c.state-purge.dot
FAIL: gcc.dg/atomic/c11-atomic-exec-5.c -O0 execution test
FAIL: gcc.dg/atomic/c11-atomic-exec-5.c -O1 execution test
FAIL: gcc.dg/atomic/c11-atomic-exec-5.c -O2 execution test
FAIL: gcc.dg/atomic/c11-atomic-exec-5.c -O2 -flto execution test
FAIL: gcc.dg/atomic/c11-atomic-exec-5.c -O2 -flto -flto-partition=none execution test
FAIL: gcc.dg/atomic/c11-atomic-exec-5.c -O3 -fomit-frame-pointer -funroll-loops -fpeel-loops -ftracer -finline-functions execution test
FAIL: gcc.dg/atomic/c11-atomic-exec-5.c -O3 -g execution test
FAIL: gcc.dg/atomic/c11-atomic-exec-5.c -Os execution test
WARNING: gcc.dg/debug/pr66432.c -gstabs+ -O (test for excess errors) program timed out.
FAIL: gcc.dg/debug/pr66432.c -gstabs+ -O (test for excess errors)
FAIL: gcc.dg/debug/dwarf2/inline4.c scan-assembler DW_TAG_inlined_subroutine[^\\\\(]*\\\\([^\\\\)]*\\\\)[^\\\\(]*\\\\(DIE \\\\(0x[0-9a-f]*\\\\) DW_TAG_formal_parameter[^\\\\(]*\\\\(DIE \\\\(0x[0-9a-f]*\\\\) DW_TAG_variable
FAIL: gcc.dg/debug/dwarf2/inline5.c scan-assembler-not \\\\(DIE \\\\(0x([0-9a-f]*)\\\\) DW_TAG_lexical_block\\\\)[^#/!@;\\\\|]*[#/!@;\\\\|]+ +[^(].*DW_TAG_lexical_block\\\\)[^#/!@;\\\\|x]*x\\\\1[^#/!@;\\\\|]*[#/!@;\\\\|] +DW_AT_abstract_origin
FAIL: gcc.dg/attr-weakref-1.c execution test
FAIL: gcc.dg/pr68766.c (internal compiler error)
FAIL: gcc.dg/pr68766.c (test for excess errors)
FAIL: gcc.dg/stack-layout-dynamic-1.c (test for excess errors)
UNRESOLVED: gcc.dg/stack-layout-dynamic-1.c scan-assembler-not cfi_def_cfa_register
FAIL: gcc.dg/strcmpopt_8.c (test for excess errors)
FAIL: gcc.dg/strcmpopt_8.c scan-tree-dump-not forwprop1 "strncmp"
FAIL: gcc.dg/strlenopt-82.c scan-tree-dump-times optimized "call_in_true_branch_not_eliminated_" 0
WARNING: c-c++-common/goacc/kernels-alias-4.c (test for excess errors) program timed out.
FAIL: c-c++-common/goacc/kernels-alias-4.c (test for excess errors)
FAIL: gcc.dg/graphite/scop-19.c scan-tree-dump-times graphite "number of SCoPs: 0" 1
FAIL: gcc.dg/ipa/ipa-icf-38.c scan-ltrans-tree-dump-not optimized "Function bar"
WARNING: ./cpp-2.h -O2 (test for excess errors) program timed out.
FAIL: ./cpp-2.h -O2 (test for excess errors)
FAIL: gcc.dg/rtl/x86_64/final.c (internal compiler error)
FAIL: gcc.dg/rtl/x86_64/final.c (test for excess errors)
UNRESOLVED: gcc.dg/rtl/x86_64/final.c scan-assembler .cfi_endproc
UNRESOLVED: gcc.dg/rtl/x86_64/final.c scan-assembler .cfi_startproc
UNRESOLVED: gcc.dg/rtl/x86_64/final.c scan-assembler ret
UNRESOLVED: gcc.dg/rtl/x86_64/final.c scan-assembler test_1:
WARNING: gcc.dg/torture/float32x-nan.c -O3 -g (test for excess errors) program timed out.
FAIL: gcc.dg/torture/float32x-nan.c -O3 -g (test for excess errors)
XPASS: gcc.dg/tree-ssa/builtin-snprintf-6.c scan-tree-dump-times optimized "Function test_assign_aggregate" 1
XPASS: gcc.dg/tree-ssa/pr91091-2.c scan-tree-dump-times fre1 " = [^;]*x;" 1
XPASS: gcc.dg/tree-ssa/pr91091-2.c scan-tree-dump-times fre1 "x = " 1
XPASS: gcc.dg/tree-ssa/ssa-fre-77.c scan-tree-dump fre1 "return 1;"
FAIL: gcc.target/i386/indirect-thunk-2.c scan-assembler movq[ \\\\t]*_dispatch
FAIL: gcc.target/i386/indirect-thunk-4.c scan-assembler movq[ \\\\t]*_dispatch
FAIL: gcc.target/i386/indirect-thunk-attr-2.c scan-assembler movq[ \\\\t]*_dispatch
FAIL: gcc.target/i386/indirect-thunk-attr-4.c scan-assembler movq[ \\\\t]*_dispatch
FAIL: gcc.target/i386/indirect-thunk-attr-6.c scan-assembler movq[ \\\\t]*_dispatch
FAIL: gcc.target/i386/indirect-thunk-extern-2.c scan-assembler movq[ \\\\t]*_dispatch
FAIL: gcc.target/i386/indirect-thunk-extern-4.c scan-assembler movq[ \\\\t]*_dispatch
FAIL: gcc.target/i386/indirect-thunk-inline-2.c scan-assembler movq[ \\\\t]*_dispatch
FAIL: gcc.target/i386/indirect-thunk-inline-4.c scan-assembler movq[ \\\\t]*_dispatch
FAIL: gcc.target/i386/pr34256.c scan-assembler-times mov 5
FAIL: gcc.target/i386/pr57193.c scan-assembler-times movdqa 2
FAIL: gcc.target/i386/pr78035.c scan-assembler-times cmp 2
FAIL: gcc.target/i386/pr90178.c scan-assembler-times xorl[\\\\t ]*\\\\%eax,[\\\\t ]*%eax 1
FAIL: gcc.target/i386/pr92651.c scan-assembler (cltd|cdq|shr)
FAIL: gcc.target/i386/pr92651.c scan-assembler-times sub 2
FAIL: gcc.target/i386/stackalign/pr88483-1.c -mno-stackrealign scan-assembler-not and[lq]?[^\\\\n]*-[0-9]+,[^\\\\n]*sp
FAIL: gcc.target/i386/stackalign/pr88483-1.c -mstackrealign scan-assembler-not and[lq]?[^\\\\n]*-[0-9]+,[^\\\\n]*sp
FAIL: gcc.target/i386/stackalign/pr88483-2.c -mno-stackrealign scan-assembler-not (sub|add)(l|q)[\\\\t ]*\\\\\$[0-9]*,[\\\\t ]*%[re]?sp
FAIL: gcc.target/i386/stackalign/pr88483-2.c -mno-stackrealign scan-assembler-not and[lq]?[^\\\\n]*-[0-9]+,[^\\\\n]*sp
FAIL: gcc.target/i386/stackalign/pr88483-2.c -mstackrealign scan-assembler-not (sub|add)(l|q)[\\\\t ]*\\\\\$[0-9]*,[\\\\t ]*%[re]?sp
FAIL: gcc.target/i386/stackalign/pr88483-2.c -mstackrealign scan-assembler-not and[lq]?[^\\\\n]*-[0-9]+,[^\\\\n]*sp
=== gcc Summary for unix/-m64 ===
# of expected passes 134731
# of unexpected failures 52
# of unexpected successes 4
# of expected failures 664
# of unresolved testcases 5
# of unsupported tests 4666
=== gcc Summary ===
# of expected passes 267519
# of unexpected failures 119
# of unexpected successes 12
# of expected failures 1327
# of unresolved testcases 6
# of unsupported tests 9544
/scratch/10-5-leo/gcc-trunk-wip/gcc/xgcc version 10.0.1 20200201 (experimental) [master revision r10-6390-gd1a803038660] (GCC)
=== gfortran tests ===
Running target unix/-m32
WARNING: gfortran.dg/c_loc_test.f90 -O1 (test for excess errors) program timed out.
FAIL: gfortran.dg/c_loc_test.f90 -O1 (test for excess errors)
WARNING: gfortran.dg/include_7.f90 -O missing directory (test for warnings, line ) program timed out.
WARNING: gfortran.dg/pr39865.f90 -O2 (test for excess errors) program timed out.
FAIL: gfortran.dg/pr39865.f90 -O2 (test for excess errors)
=== gfortran Summary for unix/-m32 ===
# of expected passes 52893
# of unexpected failures 2
# of expected failures 197
# of unsupported tests 208
Running target unix/-m64
WARNING: gfortran.dg/auto_in_equiv_1.f90 -O3 -g (test for excess errors) program timed out.
FAIL: gfortran.dg/auto_in_equiv_1.f90 -O3 -g (test for excess errors)
WARNING: gfortran.dg/missing_optional_dummy_6.f90 -O1 (test for excess errors) program timed out.
FAIL: gfortran.dg/missing_optional_dummy_6.f90 -O1 (test for excess errors)
WARNING: gfortran.dg/proc_ptr_comp_34.f90 -O2 (test for excess errors) program timed out.
FAIL: gfortran.dg/proc_ptr_comp_34.f90 -O2 (test for excess errors)
WARNING: gfortran.fortran-torture/execute/in-pack.f90 compilation, -O2 -fomit-frame-pointer -finline-functions -funroll-loops program timed out.
=== gfortran Summary for unix/-m64 ===
# of expected passes 53123
# of unexpected failures 3
# of expected failures 195
# of unsupported tests 99
=== gfortran Summary ===
# of expected passes 106016
# of unexpected failures 5
# of expected failures 392
# of unsupported tests 307
/scratch/10-5-leo/gcc-trunk-wip/gcc/testsuite/gfortran/../../gfortran version 10.0.1 20200201 (experimental) [master revision r10-6390-gd1a803038660] (GCC)
=== gnat tests ===
Running target unix/-m32
FAIL: gnat.dg/bias1.adb scan-assembler DW_AT_GNU_bias
WARNING: gnat.dg/lto17.adb (test for excess errors) program timed out.
FAIL: gnat.dg/lto17.adb (test for excess errors)
=== gnat Summary for unix/-m32 ===
# of expected passes 3268
# of unexpected failures 2
# of expected failures 23
# of unsupported tests 13
Running target unix/-m64
FAIL: gnat.dg/bias1.adb scan-assembler DW_AT_GNU_bias
WARNING: gnat.dg/stack_usage5.adb (test for excess errors) program timed out.
FAIL: gnat.dg/stack_usage5.adb (test for excess errors)
=== gnat Summary for unix/-m64 ===
# of expected passes 3268
# of unexpected failures 2
# of expected failures 23
# of unsupported tests 13
=== gnat Summary ===
# of expected passes 6536
# of unexpected failures 4
# of expected failures 46
# of unsupported tests 26
/scratch/10-5-leo/gcc-trunk-wip/gcc/gnatmake version 10.0.1 20200201 (experimental) [master revision r10-6390-gd1a803038660]
=== obj-c++ tests ===
Running target unix/-m32
=== obj-c++ Summary for unix/-m32 ===
# of expected passes 3103
# of expected failures 2
# of unsupported tests 62
Running target unix/-m64
FAIL: obj-c++.dg/bitfield-2.mm -fnext-runtime execution test
FAIL: obj-c++.dg/property/synthesize-10.mm -fnext-runtime execution test
=== obj-c++ Summary for unix/-m64 ===
# of expected passes 3047
# of unexpected failures 2
# of expected failures 19
# of unsupported tests 67
=== obj-c++ Summary ===
# of expected passes 6150
# of unexpected failures 2
# of expected failures 21
# of unsupported tests 129
/scratch/10-5-leo/gcc-trunk-wip/gcc/testsuite/obj-c++/../../xg++ version 10.0.1 20200201 (experimental) [master revision r10-6390-gd1a803038660] (GCC)
=== objc tests ===
Running target unix/-m32
FAIL: objc.dg/ivar-scope-4.m -fnext-runtime execution test
WARNING: objc.dg/property/dotsyntax-11.m -fgnu-runtime (test for errors, line 48) program timed out.
WARNING: objc/execute/bf-7.m compilation, -O1 -fnext-runtime program timed out.
FAIL: objc/execute/bf-7.m compilation, -O1 -fnext-runtime
UNRESOLVED: objc/execute/bf-7.m execution, -O1 -fnext-runtime
=== objc Summary for unix/-m32 ===
# of expected passes 5633
# of unexpected failures 2
# of expected failures 6
# of unresolved testcases 1
# of unsupported tests 78
Running target unix/-m64
FAIL: objc.dg/ivar-scope-4.m -fnext-runtime execution test
WARNING: objc.dg/proto-lossage-1.m -fgnu-runtime (test for bogus messages, line 32) program timed out.
=== objc Summary for unix/-m64 ===
# of expected passes 5583
# of unexpected failures 1
# of expected failures 12
# of unsupported tests 85
=== objc Summary ===
# of expected passes 11216
# of unexpected failures 3
# of expected failures 18
# of unresolved testcases 1
# of unsupported tests 163
/scratch/10-5-leo/gcc-trunk-wip/gcc/xgcc version 10.0.1 20200201 (experimental) [master revision r10-6390-gd1a803038660] (GCC)
=== libatomic tests ===
Running target unix/-m32
=== libatomic Summary for unix/-m32 ===
# of expected passes 44
# of unsupported tests 5
Running target unix/-m64
=== libatomic Summary for unix/-m64 ===
# of expected passes 54
=== libatomic Summary ===
# of expected passes 98
# of unsupported tests 5
=== libgomp tests ===
Running target unix/-m32
WARNING: program timed out.
WARNING: program timed out.
FAIL: libgomp.c++/task-reduction-10.C execution test
WARNING: program timed out.
FAIL: libgomp.c++/task-reduction-8.C execution test
WARNING: program timed out.
FAIL: libgomp.fortran/examples-4/async_target-1.f90 -O3 -g (test for excess errors)
=== libgomp Summary for unix/-m32 ===
# of expected passes 7539
# of unexpected failures 3
# of expected failures 4
# of unsupported tests 495
Running target unix/-m64
WARNING: program timed out.
FAIL: libgomp.c++/scan-11.C (test for excess errors)
WARNING: program timed out.
FAIL: libgomp.c++/task-reduction-10.C execution test
WARNING: program timed out.
FAIL: libgomp.c++/task-reduction-8.C execution test
=== libgomp Summary for unix/-m64 ===
# of expected passes 7539
# of unexpected failures 3
# of expected failures 4
# of unsupported tests 495
=== libgomp Summary ===
# of expected passes 15078
# of unexpected failures 6
# of expected failures 8
# of unsupported tests 990
=== libitm tests ===
Running target unix/-m32
=== libitm Summary for unix/-m32 ===
# of expected passes 40
# of expected failures 3
# of unsupported tests 2
Running target unix/-m64
=== libitm Summary for unix/-m64 ===
# of expected passes 40
# of expected failures 3
# of unsupported tests 2
=== libitm Summary ===
# of expected passes 80
# of expected failures 6
# of unsupported tests 4
=== libstdc++ tests ===
Running target unix/-m32
WARNING: 23_containers/forward_list/requirements/explicit_instantiation/5.cc (test for excess errors) program timed out.
FAIL: 23_containers/forward_list/requirements/explicit_instantiation/5.cc (test for excess errors)
WARNING: 27_io/basic_filebuf/close/char/12790-1.cc (test for excess errors) program timed out.
FAIL: 27_io/basic_filebuf/close/char/12790-1.cc (test for excess errors)
FAIL: 27_io/basic_filebuf/open/char/2.cc execution test
WARNING: 27_io/basic_stringbuf/seekpos/char/29354.cc (test for excess errors) program timed out.
FAIL: 27_io/basic_stringbuf/seekpos/char/29354.cc (test for excess errors)
WARNING: 30_threads/condition_variable/54185.cc execution test program timed out.
FAIL: 30_threads/condition_variable/54185.cc execution test
WARNING: 30_threads/shared_future/members/wait_for.cc (test for excess errors) program timed out.
FAIL: 30_threads/shared_future/members/wait_for.cc (test for excess errors)
FAIL: experimental/net/internet/resolver/ops/reverse.cc execution test
FAIL: ext/mt_allocator/deallocate_global_thread-1.cc execution test
FAIL: ext/mt_allocator/deallocate_global_thread-3.cc execution test
FAIL: ext/stdio_filebuf/char/10063-2.cc execution test
FAIL: ext/stdio_filebuf/char/81751.cc execution test
=== libstdc++ Summary for unix/-m32 ===
# of expected passes 12543
# of unexpected failures 11
# of expected failures 92
# of unsupported tests 762
Running target unix/-m64
WARNING: 22_locale/moneypunct/requirements/false/explicit_instantiation.cc (test for excess errors) program timed out.
FAIL: 22_locale/moneypunct/requirements/false/explicit_instantiation.cc (test for excess errors)
WARNING: 23_containers/deque/requirements/partial_specialization/1.cc (test for excess errors) program timed out.
FAIL: 23_containers/deque/requirements/partial_specialization/1.cc (test for excess errors)
FAIL: 27_io/basic_filebuf/open/char/2.cc execution test
FAIL: 27_io/filesystem/operations/last_write_time.cc execution test
WARNING: 30_threads/condition_variable/54185.cc execution test program timed out.
FAIL: 30_threads/condition_variable/54185.cc execution test
FAIL: experimental/filesystem/operations/last_write_time.cc execution test
FAIL: experimental/net/internet/resolver/ops/reverse.cc execution test
FAIL: ext/mt_allocator/deallocate_global_thread-1.cc execution test
FAIL: ext/mt_allocator/deallocate_global_thread-3.cc execution test
FAIL: ext/stdio_filebuf/char/10063-2.cc execution test
FAIL: ext/stdio_filebuf/char/81751.cc execution test
=== libstdc++ Summary for unix/-m64 ===
# of expected passes 12541
# of unexpected failures 11
# of expected failures 92
# of unsupported tests 763
=== libstdc++ Summary ===
# of expected passes 25084
# of unexpected failures 22
# of expected failures 184
# of unsupported tests 1525
Compiler version: 10.0.1 20200201 (experimental) [master revision r10-6390-gd1a803038660] (GCC)
Platform: i686-apple-darwin9
configure flags: --prefix=/opt/iains/i686-apple-darwin9/gcc-10-0-0 --target=i686-apple-darwin9 --host=i686-apple-darwin9 --build=i686-apple-darwin9 --disable-nls --enable-version-specific-runtime-libs --enable-languages=all --with-ld=/usr/bin/ld --with-as=/usr/bin/as --with-libiconv-prefix=/usr CC=gcc CXX=g++
More information about the Gcc-testresults
mailing list