Results for 10.0.1 20200131 (experimental) [master revision 42f36563ef655db48d5fda60cd7f3eac9650dade] (GCC) testsuite on sparcv9-sun-solaris2.11
Rainer Orth
ro@CeBiTec.Uni-Bielefeld.DE
Sat Feb 1 14:33:00 GMT 2020
LAST_UPDATED: Fri Jan 31 10:00:59 UTC 2020 (revision 42f36563ef655db48d5fda60cd7f3eac9650dade)
=== acats tests ===
=== acats Summary ===
# of expected passes 2320
# of unexpected failures 0
Native configuration is sparcv9-sun-solaris2.11
=== g++ tests ===
Running target unix
FAIL: g++.dg/gcov/pr16855-priority.C -std=gnu++14 gcov: 1 failures in line counts, 0 in branch percentages, 0 in return percentages, 0 in intermediate format
FAIL: g++.dg/gcov/pr16855-priority.C -std=gnu++14 line 22: is #####:should be 1
FAIL: g++.dg/gcov/pr16855-priority.C -std=gnu++17 gcov: 1 failures in line counts, 0 in branch percentages, 0 in return percentages, 0 in intermediate format
FAIL: g++.dg/gcov/pr16855-priority.C -std=gnu++17 line 22: is #####:should be 1
FAIL: g++.dg/gcov/pr16855-priority.C -std=gnu++2a gcov: 1 failures in line counts, 0 in branch percentages, 0 in return percentages, 0 in intermediate format
FAIL: g++.dg/gcov/pr16855-priority.C -std=gnu++2a line 22: is #####:should be 1
FAIL: g++.dg/gcov/pr16855-priority.C -std=gnu++98 gcov: 1 failures in line counts, 0 in branch percentages, 0 in return percentages, 0 in intermediate format
FAIL: g++.dg/gcov/pr16855-priority.C -std=gnu++98 line 22: is #####:should be 1
FAIL: g++.dg/gcov/pr16855.C -std=gnu++14 gcov: 1 failures in line counts, 0 in branch percentages, 0 in return percentages, 0 in intermediate format
FAIL: g++.dg/gcov/pr16855.C -std=gnu++14 line 24: is #####:should be 1
FAIL: g++.dg/gcov/pr16855.C -std=gnu++17 gcov: 1 failures in line counts, 0 in branch percentages, 0 in return percentages, 0 in intermediate format
FAIL: g++.dg/gcov/pr16855.C -std=gnu++17 line 24: is #####:should be 1
FAIL: g++.dg/gcov/pr16855.C -std=gnu++2a gcov: 1 failures in line counts, 0 in branch percentages, 0 in return percentages, 0 in intermediate format
FAIL: g++.dg/gcov/pr16855.C -std=gnu++2a line 24: is #####:should be 1
FAIL: g++.dg/gcov/pr16855.C -std=gnu++98 gcov: 1 failures in line counts, 0 in branch percentages, 0 in return percentages, 0 in intermediate format
FAIL: g++.dg/gcov/pr16855.C -std=gnu++98 line 24: is #####:should be 1
FAIL: g++.dg/lto/pr89335 cp_lto_pr89335_0.o assemble, -O2 -flto -Wsuggest-final-methods
=== g++ Summary for unix ===
# of expected passes 181905
# of unexpected failures 17
# of expected failures 684
# of unsupported tests 8105
Running target unix/-m32
FAIL: g++.dg/asan/default-options-1.C -O0 execution test
FAIL: g++.dg/asan/default-options-1.C -O1 execution test
FAIL: g++.dg/asan/default-options-1.C -O2 execution test
FAIL: g++.dg/asan/default-options-1.C -O2 -flto execution test
FAIL: g++.dg/asan/default-options-1.C -O2 -flto -flto-partition=none execution test
FAIL: g++.dg/asan/default-options-1.C -O3 -g execution test
FAIL: g++.dg/asan/default-options-1.C -Os execution test
UNRESOLVED: tmpdir-g++.dg-struct-layout-1/t002 cp_compat_x_tst.o-cp_compat_y_tst.o execute
UNRESOLVED: tmpdir-g++.dg-struct-layout-1/t002 cp_compat_x_tst.o-cp_compat_y_tst.o link
WARNING: tmpdir-g++.dg-struct-layout-1/t002 cp_compat_y_tst.o compile program timed out.
FAIL: tmpdir-g++.dg-struct-layout-1/t002 cp_compat_y_tst.o compile
UNRESOLVED: tmpdir-g++.dg-struct-layout-1/t025 cp_compat_x_tst.o-cp_compat_y_tst.o execute
UNRESOLVED: tmpdir-g++.dg-struct-layout-1/t025 cp_compat_x_tst.o-cp_compat_y_tst.o link
WARNING: tmpdir-g++.dg-struct-layout-1/t025 cp_compat_y_tst.o compile program timed out.
FAIL: tmpdir-g++.dg-struct-layout-1/t025 cp_compat_y_tst.o compile
FAIL: g++.dg/gcov/pr16855-priority.C -std=gnu++14 gcov: 1 failures in line counts, 0 in branch percentages, 0 in return percentages, 0 in intermediate format
FAIL: g++.dg/gcov/pr16855-priority.C -std=gnu++14 line 22: is #####:should be 1
FAIL: g++.dg/gcov/pr16855-priority.C -std=gnu++17 gcov: 1 failures in line counts, 0 in branch percentages, 0 in return percentages, 0 in intermediate format
FAIL: g++.dg/gcov/pr16855-priority.C -std=gnu++17 line 22: is #####:should be 1
FAIL: g++.dg/gcov/pr16855-priority.C -std=gnu++2a gcov: 1 failures in line counts, 0 in branch percentages, 0 in return percentages, 0 in intermediate format
FAIL: g++.dg/gcov/pr16855-priority.C -std=gnu++2a line 22: is #####:should be 1
FAIL: g++.dg/gcov/pr16855-priority.C -std=gnu++98 gcov: 1 failures in line counts, 0 in branch percentages, 0 in return percentages, 0 in intermediate format
FAIL: g++.dg/gcov/pr16855-priority.C -std=gnu++98 line 22: is #####:should be 1
FAIL: g++.dg/gcov/pr16855.C -std=gnu++14 gcov: 1 failures in line counts, 0 in branch percentages, 0 in return percentages, 0 in intermediate format
FAIL: g++.dg/gcov/pr16855.C -std=gnu++14 line 24: is #####:should be 1
FAIL: g++.dg/gcov/pr16855.C -std=gnu++17 gcov: 1 failures in line counts, 0 in branch percentages, 0 in return percentages, 0 in intermediate format
FAIL: g++.dg/gcov/pr16855.C -std=gnu++17 line 24: is #####:should be 1
FAIL: g++.dg/gcov/pr16855.C -std=gnu++2a gcov: 1 failures in line counts, 0 in branch percentages, 0 in return percentages, 0 in intermediate format
FAIL: g++.dg/gcov/pr16855.C -std=gnu++2a line 24: is #####:should be 1
FAIL: g++.dg/gcov/pr16855.C -std=gnu++98 gcov: 1 failures in line counts, 0 in branch percentages, 0 in return percentages, 0 in intermediate format
FAIL: g++.dg/gcov/pr16855.C -std=gnu++98 line 24: is #####:should be 1
FAIL: g++.dg/lto/pr89335 cp_lto_pr89335_0.o assemble, -O2 -flto -Wsuggest-final-methods
=== g++ Summary for unix/-m32 ===
# of expected passes 181065
# of unexpected failures 26
# of expected failures 680
# of unresolved testcases 4
# of unsupported tests 8405
=== g++ Summary ===
# of expected passes 362970
# of unexpected failures 43
# of expected failures 1364
# of unresolved testcases 4
# of unsupported tests 16510
/var/gcc/regression/master/11.5-gcc-64/build/gcc/xg++ version 10.0.1 20200131 (experimental) [master revision 42f36563ef655db48d5fda60cd7f3eac9650dade] (GCC)
=== gcc tests ===
Running target unix
FAIL: gcc.dg/analyzer/pr93375.c (test for warnings, line 14)
FAIL: gcc.dg/analyzer/pr93375.c (test for excess errors)
FAIL: gcc.dg/strlenopt-81.c (test for excess errors)
UNRESOLVED: gcc.dg/strlenopt-81.c compilation failed to produce executable
FAIL: gcc.dg/ipa/ipa-icf-38.c scan-ltrans-tree-dump-not optimized "Function bar"
FAIL: gcc.dg/vect/bb-slp-22.c -flto -ffat-lto-objects scan-tree-dump-times slp2 "basic block vectorized" 1
FAIL: gcc.dg/vect/bb-slp-22.c scan-tree-dump-times slp2 "basic block vectorized" 1
FAIL: gcc.dg/vect/vect-epilogues.c -flto -ffat-lto-objects scan-tree-dump vect "LOOP EPILOGUE VECTORIZED"
FAIL: gcc.dg/vect/vect-epilogues.c scan-tree-dump vect "LOOP EPILOGUE VECTORIZED"
WARNING: gcc.target/sparc/ultrasp12.c (test for excess errors) program timed out.
FAIL: gcc.target/sparc/ultrasp12.c (test for excess errors)
=== gcc Summary for unix ===
# of expected passes 121048
# of unexpected failures 9
# of expected failures 730
# of unresolved testcases 1
# of unsupported tests 2949
Running target unix/-m32
FAIL: gcc.dg/analyzer/pr93375.c (test for warnings, line 14)
FAIL: gcc.dg/analyzer/pr93375.c (test for excess errors)
UNRESOLVED: tmpdir-gcc.dg-struct-layout-1/t002 c_compat_x_tst.o-c_compat_y_tst.o execute
UNRESOLVED: tmpdir-gcc.dg-struct-layout-1/t002 c_compat_x_tst.o-c_compat_y_tst.o link
WARNING: tmpdir-gcc.dg-struct-layout-1/t002 c_compat_y_tst.o compile program timed out.
FAIL: tmpdir-gcc.dg-struct-layout-1/t002 c_compat_y_tst.o compile
WARNING: gcc.dg/c11-atomic-2.c (test for excess errors) program timed out.
FAIL: gcc.dg/c11-atomic-2.c (test for excess errors)
FAIL: gcc.dg/strlenopt-81.c (test for excess errors)
UNRESOLVED: gcc.dg/strlenopt-81.c compilation failed to produce executable
FAIL: gcc.dg/ipa/iinline-attr.c scan-ipa-dump inline "hooray[^\\\\n]*inline copy in test"
FAIL: gcc.dg/ipa/ipa-icf-38.c scan-ltrans-tree-dump-not optimized "Function bar"
WARNING: gcc.dg/plugin/poly-int-03_plugin.c compilation program timed out.
FAIL: gcc.dg/plugin/poly-int-03_plugin.c compilation
WARNING: gcc.dg/plugin/poly-int-04_plugin.c compilation program timed out.
FAIL: gcc.dg/plugin/poly-int-04_plugin.c compilation
FAIL: gcc.dg/simulate-thread/atomic-other-int.c -O2 -g thread simulation test
FAIL: gcc.dg/simulate-thread/atomic-other-int.c -O3 -g thread simulation test
FAIL: gcc.dg/simulate-thread/speculative-store-4.c -O0 -g thread simulation test
FAIL: gcc.dg/simulate-thread/speculative-store-4.c -O2 -g thread simulation test
FAIL: gcc.dg/simulate-thread/speculative-store-4.c -O3 -g thread simulation test
FAIL: gcc.dg/simulate-thread/speculative-store.c -O0 -g thread simulation test
FAIL: gcc.dg/vect/bb-slp-22.c -flto -ffat-lto-objects scan-tree-dump-times slp2 "basic block vectorized" 1
FAIL: gcc.dg/vect/bb-slp-22.c scan-tree-dump-times slp2 "basic block vectorized" 1
FAIL: gcc.dg/vect/vect-epilogues.c -flto -ffat-lto-objects scan-tree-dump vect "LOOP EPILOGUE VECTORIZED"
FAIL: gcc.dg/vect/vect-epilogues.c scan-tree-dump vect "LOOP EPILOGUE VECTORIZED"
=== gcc Summary for unix/-m32 ===
# of expected passes 121405
# of unexpected failures 19
# of expected failures 740
# of unresolved testcases 3
# of unsupported tests 3600
=== gcc Summary ===
# of expected passes 242453
# of unexpected failures 28
# of expected failures 1470
# of unresolved testcases 4
# of unsupported tests 6549
/var/gcc/regression/master/11.5-gcc-64/build/gcc/xgcc version 10.0.1 20200131 (experimental) [master revision 42f36563ef655db48d5fda60cd7f3eac9650dade] (GCC)
=== gdc tests ===
Running target unix
WARNING: gdc.test/runnable/test17338.d (test for excess errors) program timed out.
WARNING: gdc.test/runnable/test42.d -O2 (test for excess errors) program timed out.
=== gdc Summary for unix ===
# of expected passes 22867
# of unsupported tests 40
Running target unix/-m32
=== gdc Summary for unix/-m32 ===
# of expected passes 22867
# of unsupported tests 40
=== gdc Summary ===
# of expected passes 45734
# of unsupported tests 80
/var/gcc/regression/master/11.5-gcc-64/build/gcc/gdc version 10.0.1 20200131 (experimental) [master revision 42f36563ef655db48d5fda60cd7f3eac9650dade] (GCC)
=== gfortran tests ===
Running target unix
=== gfortran Summary for unix ===
# of expected passes 53024
# of expected failures 189
# of unsupported tests 150
Running target unix/-m32
=== gfortran Summary for unix/-m32 ===
# of expected passes 52763
# of expected failures 191
# of unsupported tests 277
=== gfortran Summary ===
# of expected passes 105787
# of expected failures 380
# of unsupported tests 427
/var/gcc/regression/master/11.5-gcc-64/build/gcc/gfortran version 10.0.1 20200131 (experimental) [master revision 42f36563ef655db48d5fda60cd7f3eac9650dade] (GCC)
=== gnat tests ===
Running target unix
=== gnat Summary for unix ===
# of expected passes 3233
# of expected failures 23
# of unsupported tests 32
Running target unix/-m32
=== gnat Summary for unix/-m32 ===
# of expected passes 3233
# of expected failures 23
# of unsupported tests 32
=== gnat Summary ===
# of expected passes 6466
# of expected failures 46
# of unsupported tests 64
/var/gcc/regression/master/11.5-gcc-64/build/gcc/gnatmake version 10.0.1 20200131 (experimental) [master revision 42f36563ef655db48d5fda60cd7f3eac9650dade]
=== go tests ===
Running target unix
WARNING: ./index0-out.go compilation, -O0 -g -fno-var-tracking-assignments program timed out.
FAIL: ./index0-out.go compilation, -O0 -g -fno-var-tracking-assignments
FAIL: go.test/test/fixedbugs/issue4348.go -O (test for excess errors)
=== go Summary for unix ===
# of expected passes 7345
# of unexpected failures 2
# of expected failures 1
# of untested testcases 12
# of unsupported tests 3
Running target unix/-m32
FAIL: ./index0-out.go execution, -O0 -g -fno-var-tracking-assignments
FAIL: go.test/test/fixedbugs/issue4085b.go execution, -O2 -g
FAIL: go.test/test/fixedbugs/issue4562.go execution, -O2 -g
FAIL: go.test/test/nil.go execution, -O2 -g
=== go Summary for unix/-m32 ===
# of expected passes 7464
# of unexpected failures 4
# of expected failures 1
# of untested testcases 11
# of unsupported tests 3
=== go Summary ===
# of expected passes 14809
# of unexpected failures 6
# of expected failures 2
# of untested testcases 23
# of unsupported tests 6
=== obj-c++ tests ===
Running target unix/-m32
=== obj-c++ Summary for unix/-m32 ===
# of expected passes 1450
# of expected failures 2
# of unsupported tests 77
Running target unix
=== obj-c++ Summary for unix ===
# of expected passes 1442
# of expected failures 10
# of unsupported tests 77
=== obj-c++ Summary ===
# of expected passes 2892
# of expected failures 12
# of unsupported tests 154
/var/gcc/regression/master/11.5-gcc-64/build/gcc/xg++ version 10.0.1 20200131 (experimental) [master revision 42f36563ef655db48d5fda60cd7f3eac9650dade] (GCC)
=== objc tests ===
Running target unix
=== objc Summary for unix ===
# of expected passes 2783
# of unsupported tests 68
Running target unix/-m32
=== objc Summary for unix/-m32 ===
# of expected passes 2783
# of unsupported tests 68
=== objc Summary ===
# of expected passes 5566
# of unsupported tests 136
/var/gcc/regression/master/11.5-gcc-64/build/gcc/xgcc version 10.0.1 20200131 (experimental) [master revision 42f36563ef655db48d5fda60cd7f3eac9650dade] (GCC)
=== gotools tests ===
FAIL: go test cmd/go
FAIL: TestAbort
FAIL: TestArenaCollision
FAIL: TestGccgoCrashTracebackNodebug
FAIL: go test runtime
=== gotools Summary ===
# of expected passes 324
# of unexpected failures 5
# of untested testcases 139
/var/gcc/regression/master/11.5-gcc-64/build/./gcc/gccgo version 10.0.1 20200131 (experimental) [master revision 42f36563ef655db48d5fda60cd7f3eac9650dade] (GCC)
=== libatomic tests ===
Running target unix/-m32
=== libatomic Summary for unix/-m32 ===
# of expected passes 44
# of unsupported tests 5
Running target unix
=== libatomic Summary for unix ===
# of expected passes 54
=== libatomic Summary ===
# of expected passes 98
# of unsupported tests 5
=== libffi tests ===
Running target unix/-m32
=== libffi Summary for unix/-m32 ===
# of expected passes 2214
Running target unix
=== libffi Summary for unix ===
# of expected passes 2214
=== libffi Summary ===
# of expected passes 4428
=== libgo tests ===
Running target unix
FAIL: go/build
FAIL: net/http
FAIL: runtime
FAIL: runtime/pprof
FAIL: sync/atomic
=== libgo Summary for unix ===
# of expected passes 168
# of unexpected failures 5
Running target unix/-m32
FAIL: go/build
FAIL: net/http
FAIL: os/signal
FAIL: runtime
FAIL: runtime/pprof
FAIL: sync/atomic
=== libgo Summary for unix/-m32 ===
# of expected passes 167
# of unexpected failures 6
=== libgo Summary ===
# of expected passes 335
# of unexpected failures 11
/var/gcc/regression/master/11.5-gcc-64/build/./gcc/gccgo version 10.0.1 20200131 (experimental) [master revision 42f36563ef655db48d5fda60cd7f3eac9650dade] (GCC)
=== libgomp tests ===
Running target unix
WARNING: libgomp.c++/task-reduction-10.C execution test program timed out.
FAIL: libgomp.c++/task-reduction-10.C execution test
WARNING: libgomp.c++/task-reduction-13.C execution test program timed out.
FAIL: libgomp.c++/task-reduction-13.C execution test
WARNING: libgomp.c++/task-reduction-8.C execution test program timed out.
FAIL: libgomp.c++/task-reduction-8.C execution test
=== libgomp Summary for unix ===
# of expected passes 7518
# of unexpected failures 3
# of expected failures 4
# of unsupported tests 497
Running target unix/-m32
WARNING: libgomp.c++/../libgomp.c-c++-common/for-11.c (test for excess errors) program timed out.
FAIL: libgomp.c++/../libgomp.c-c++-common/for-11.c (test for excess errors)
UNRESOLVED: libgomp.c++/../libgomp.c-c++-common/for-11.c compilation failed to produce executable
WARNING: libgomp.c++/../libgomp.c-c++-common/for-12.c (test for excess errors) program timed out.
FAIL: libgomp.c++/../libgomp.c-c++-common/for-12.c (test for excess errors)
UNRESOLVED: libgomp.c++/../libgomp.c-c++-common/for-12.c compilation failed to produce executable
WARNING: libgomp.c++/../libgomp.c-c++-common/for-3.c (test for excess errors) program timed out.
FAIL: libgomp.c++/../libgomp.c-c++-common/for-3.c (test for excess errors)
UNRESOLVED: libgomp.c++/../libgomp.c-c++-common/for-3.c compilation failed to produce executable
WARNING: libgomp.c++/task-reduction-13.C execution test program timed out.
FAIL: libgomp.c++/task-reduction-13.C execution test
WARNING: libgomp.c++/task-reduction-8.C execution test program timed out.
FAIL: libgomp.c++/task-reduction-8.C execution test
WARNING: libgomp.c/../libgomp.c-c++-common/for-11.c (test for excess errors) program timed out.
FAIL: libgomp.c/../libgomp.c-c++-common/for-11.c (test for excess errors)
UNRESOLVED: libgomp.c/../libgomp.c-c++-common/for-11.c compilation failed to produce executable
WARNING: libgomp.c/../libgomp.c-c++-common/for-5.c (test for excess errors) program timed out.
FAIL: libgomp.c/../libgomp.c-c++-common/for-5.c (test for excess errors)
UNRESOLVED: libgomp.c/../libgomp.c-c++-common/for-5.c compilation failed to produce executable
=== libgomp Summary for unix/-m32 ===
# of expected passes 7509
# of unexpected failures 7
# of expected failures 4
# of unresolved testcases 5
# of unsupported tests 497
=== libgomp Summary ===
# of expected passes 15027
# of unexpected failures 10
# of expected failures 8
# of unresolved testcases 5
# of unsupported tests 994
=== libitm tests ===
Running target unix/-m32
=== libitm Summary for unix/-m32 ===
# of expected passes 42
# of expected failures 3
# of unsupported tests 1
Running target unix
=== libitm Summary for unix ===
# of expected passes 42
# of expected failures 3
# of unsupported tests 1
=== libitm Summary ===
# of expected passes 84
# of expected failures 6
# of unsupported tests 2
=== libstdc++ tests ===
Running target unix
=== libstdc++ Summary for unix ===
# of expected passes 12617
# of expected failures 92
# of unsupported tests 729
Running target unix/-m32
=== libstdc++ Summary for unix/-m32 ===
# of expected passes 12617
# of expected failures 92
# of unsupported tests 729
=== libstdc++ Summary ===
# of expected passes 25234
# of expected failures 184
# of unsupported tests 1458
Compiler version: 10.0.1 20200131 (experimental) [master revision 42f36563ef655db48d5fda60cd7f3eac9650dade] (GCC)
Platform: sparcv9-sun-solaris2.11
configure flags: --prefix=/vol/gcc --target=sparcv9-sun-solaris2.11 --enable-objc-gc --with-target-bdw-gc-include=/vol/gcc/include --with-target-bdw-gc-lib=/vol/gcc/lib/sparcv9,sparcv8plus=/vol/gcc/lib --with-as=/usr/ccs/bin/as --without-gnu-as --with-gmp-include=/vol/gcc/include --with-gmp-lib=/vol/gcc/lib/sparcv9 --with-mpfr-include=/vol/gcc/include --with-mpfr-lib=/vol/gcc/lib/sparcv9 --with-mpc-include=/vol/gcc/include --with-mpc-lib=/vol/gcc/lib/sparcv9 --enable-languages=all,ada,obj-c++,go --with-isl-include=/vol/gcc/include --with-isl-lib=/vol/gcc/lib/sparcv9 --with-zstd-include=/vol/gcc/include --with-zstd-lib=/vol/gcc/lib/sparcv9 --build=sparcv9-sun-solaris2.11 --host=sparcv9-sun-solaris2.11
BOOT_CFLAGS=-g -O2
More information about the Gcc-testresults
mailing list