Results for 11.0.0 20201217 (experimental) [c++-modules revision 20201219-1618] (GCC) testsuite on x86_64-pc-l inux-gnu
Marian Klein
mkleinsoft@gmail.com
Sun Dec 20 20:45:22 GMT 2020
I cloned commit d34124b256d985ae207451c2832a8f1cdfaa48fa like this:
git clone --branch devel/c++-modules git://gcc.gnu.org/git/gcc.git ./
on (K)Ubuntu 20.10 (groovy), libc-bin is 2.32-0ubuntu3 and native
compiler is g++-10 10.2.0-13ubuntu1
Native configuration is x86_64-pc-linux-gnu
=== g++ tests ===
Running target unix
FAIL: g++.dg/coroutines/torture/pr95519-05-gro.C execution test
FAIL: g++.dg/coroutines/torture/pr95519-05-gro.C -O0 execution test
FAIL: g++.dg/coroutines/torture/pr95519-05-gro.C -O1 execution test
FAIL: g++.dg/coroutines/torture/pr95519-05-gro.C -O2 execution test
FAIL: g++.dg/coroutines/torture/pr95519-05-gro.C -O3 -g execution test
FAIL: g++.dg/coroutines/torture/pr95519-05-gro.C -Os execution test
FAIL: g++.dg/coroutines/torture/pr95519-05-gro.C -O2 -flto
-fno-use-linker-plugin -flto-partition=none execution tes
t
FAIL: g++.dg/coroutines/torture/pr95519-05-gro.C -O2 -flto
-fuse-linker-plugin -fno-fat-lto-objects execution test
FAIL: g++.dg/guality/pr55665.C -O2 -flto -fno-use-linker-plugin
-flto-partition=none line 23 p == 40
=== g++ Summary ===
# of expected passes 203041
# of unexpected failures 9
# of expected failures 988
# of unsupported tests 8630
/home/marian/gcc/obj2/gcc/xg++ version 11.0.0 20201217 (experimental)
[c++-modules revision 20201219-1618] (GCC)
=== gcc tests ===
Running target unix
XPASS: gcc.dg/analyzer/pr94851-1.c bogus leak (test for bogus messages, line 43)
FAIL: gcc.dg/atomic/pr65345-4.c -O2 -flto -fno-use-linker-plugin
-flto-partition=none (internal compiler error)
FAIL: gcc.dg/atomic/pr65345-4.c -O2 -flto -fno-use-linker-plugin
-flto-partition=none (test for excess errors)
FAIL: gcc.dg/atomic/pr65345-4.c -O2 -flto -fuse-linker-plugin
-fno-fat-lto-objects (internal compiler error)
FAIL: gcc.dg/atomic/pr65345-4.c -O2 -flto -fuse-linker-plugin
-fno-fat-lto-objects (test for excess errors)
XPASS: gcc.dg/guality/example.c -O0 execution test
XPASS: gcc.dg/guality/example.c -O1 -DPREVENT_OPTIMIZATION execution test
XPASS: gcc.dg/guality/example.c -Og -DPREVENT_OPTIMIZATION execution test
XPASS: gcc.dg/guality/guality.c -O0 execution test
XPASS: gcc.dg/guality/guality.c -O1 -DPREVENT_OPTIMIZATION execution test
XPASS: gcc.dg/guality/guality.c -O2 -DPREVENT_OPTIMIZATION execution test
XPASS: gcc.dg/guality/guality.c -O3 -g -DPREVENT_OPTIMIZATION execution test
XPASS: gcc.dg/guality/guality.c -Os -DPREVENT_OPTIMIZATION execution test
XPASS: gcc.dg/guality/guality.c -Og -DPREVENT_OPTIMIZATION execution test
XPASS: gcc.dg/guality/guality.c -O2 -flto -fno-use-linker-plugin
-flto-partition=none -DPREVENT_OPTIMIZATION executi
on test
XPASS: gcc.dg/guality/guality.c -O2 -flto -fuse-linker-plugin
-fno-fat-lto-objects -DPREVENT_OPTIMIZATION execution
test
XPASS: gcc.dg/guality/inline-params.c -O2 -DPREVENT_OPTIMIZATION
execution test
XPASS: gcc.dg/guality/inline-params.c -O3 -g -DPREVENT_OPTIMIZATION
execution test
XPASS: gcc.dg/guality/inline-params.c -Os -DPREVENT_OPTIMIZATION
execution test
XPASS: gcc.dg/guality/inline-params.c -O2 -flto
-fno-use-linker-plugin -flto-partition=none -DPREVENT_OPTIMIZATION e
xecution test
XPASS: gcc.dg/guality/inline-params.c -O2 -flto -fuse-linker-plugin
-fno-fat-lto-objects -DPREVENT_OPTIMIZATION exec
ution test
FAIL: gcc.dg/guality/loop-1.c -O3 -fomit-frame-pointer
-funroll-loops -fpeel-loops -ftracer -finline-functions -DPRE
VENT_OPTIMIZATION line 20 i == 1
FAIL: gcc.dg/guality/pr36728-2.c -O3 -g -DPREVENT_OPTIMIZATION
line 16 arg1 == 1
FAIL: gcc.dg/guality/pr36728-2.c -O3 -g -DPREVENT_OPTIMIZATION
line 16 arg2 == 2
FAIL: gcc.dg/guality/pr36728-2.c -O3 -g -DPREVENT_OPTIMIZATION
line 16 arg3 == 3
FAIL: gcc.dg/guality/pr36728-2.c -O3 -g -DPREVENT_OPTIMIZATION
line 16 arg4 == 4
FAIL: gcc.dg/guality/pr36728-2.c -O3 -g -DPREVENT_OPTIMIZATION
line 16 arg5 == 5
FAIL: gcc.dg/guality/pr36728-2.c -O3 -g -DPREVENT_OPTIMIZATION
line 16 arg6 == 6
FAIL: gcc.dg/guality/pr36728-2.c -O3 -g -DPREVENT_OPTIMIZATION
line 16 arg7 == 30
FAIL: gcc.dg/guality/pr36728-2.c -O3 -g -DPREVENT_OPTIMIZATION
line 18 arg1 == 1
FAIL: gcc.dg/guality/pr36728-2.c -O3 -g -DPREVENT_OPTIMIZATION
line 18 arg2 == 2
FAIL: gcc.dg/guality/pr36728-2.c -O3 -g -DPREVENT_OPTIMIZATION
line 18 arg3 == 3
FAIL: gcc.dg/guality/pr36728-2.c -O3 -g -DPREVENT_OPTIMIZATION
line 18 arg4 == 4
FAIL: gcc.dg/guality/pr36728-2.c -O3 -g -DPREVENT_OPTIMIZATION
line 18 arg5 == 5
FAIL: gcc.dg/guality/pr36728-2.c -O3 -g -DPREVENT_OPTIMIZATION
line 18 arg6 == 6
FAIL: gcc.dg/guality/pr36728-2.c -O3 -g -DPREVENT_OPTIMIZATION
line 18 arg7 == 30
FAIL: gcc.dg/guality/pr36728-2.c -O2 -flto -fuse-linker-plugin
-fno-fat-lto-objects -DPREVENT_OPTIMIZATION line 16 a
rg1 == 1
FAIL: gcc.dg/guality/pr36728-2.c -O2 -flto -fuse-linker-plugin
-fno-fat-lto-objects -DPREVENT_OPTIMIZATION line 16 a
rg2 == 2
FAIL: gcc.dg/guality/pr36728-2.c -O2 -flto -fuse-linker-plugin
-fno-fat-lto-objects -DPREVENT_OPTIMIZATION line 16 a
rg3 == 3
FAIL: gcc.dg/guality/pr36728-2.c -O2 -flto -fuse-linker-plugin
-fno-fat-lto-objects -DPREVENT_OPTIMIZATION line 16 a
rg4 == 4
FAIL: gcc.dg/guality/pr36728-2.c -O2 -flto -fuse-linker-plugin
-fno-fat-lto-objects -DPREVENT_OPTIMIZATION line 16 a
rg5 == 5
FAIL: gcc.dg/guality/pr36728-2.c -O2 -flto -fuse-linker-plugin
-fno-fat-lto-objects -DPREVENT_OPTIMIZATION line 16 a
rg6 == 6
FAIL: gcc.dg/guality/pr36728-2.c -O2 -flto -fuse-linker-plugin
-fno-fat-lto-objects -DPREVENT_OPTIMIZATION line 16 a
rg7 == 30
FAIL: gcc.dg/guality/pr36728-2.c -O2 -flto -fuse-linker-plugin
-fno-fat-lto-objects -DPREVENT_OPTIMIZATION line 18 a
rg1 == 1
FAIL: gcc.dg/guality/pr36728-2.c -O2 -flto -fuse-linker-plugin
-fno-fat-lto-objects -DPREVENT_OPTIMIZATION line 18 a
rg2 == 2
FAIL: gcc.dg/guality/pr36728-2.c -O2 -flto -fuse-linker-plugin
-fno-fat-lto-objects -DPREVENT_OPTIMIZATION line 18 a
rg3 == 3
FAIL: gcc.dg/guality/pr36728-2.c -O2 -flto -fuse-linker-plugin
-fno-fat-lto-objects -DPREVENT_OPTIMIZATION line 18 a
rg4 == 4
FAIL: gcc.dg/guality/pr36728-2.c -O2 -flto -fuse-linker-plugin
-fno-fat-lto-objects -DPREVENT_OPTIMIZATION line 18 a
rg5 == 5
FAIL: gcc.dg/guality/pr36728-2.c -O2 -flto -fuse-linker-plugin
-fno-fat-lto-objects -DPREVENT_OPTIMIZATION line 18 a
rg6 == 6
FAIL: gcc.dg/guality/pr36728-2.c -O2 -flto -fuse-linker-plugin
-fno-fat-lto-objects -DPREVENT_OPTIMIZATION line 18 a
rg7 == 30
FAIL: gcc.dg/guality/pr36728-4.c -O3 -g -DPREVENT_OPTIMIZATION
line 14 y == 2
FAIL: gcc.dg/guality/pr36728-4.c -O3 -g -DPREVENT_OPTIMIZATION
line 16 y == 2
FAIL: gcc.dg/guality/pr36728-4.c -O2 -flto -fuse-linker-plugin
-fno-fat-lto-objects -DPREVENT_OPTIMIZATION line 14 y
== 2
FAIL: gcc.dg/guality/pr36728-4.c -O2 -flto -fuse-linker-plugin
-fno-fat-lto-objects -DPREVENT_OPTIMIZATION line 16 y
== 2
XPASS: gcc.dg/guality/pr41353-1.c -O0 line 28 j == 28 + 37
XPASS: gcc.dg/guality/pr41353-1.c -Og -DPREVENT_OPTIMIZATION line 28
j == 28 + 37
FAIL: gcc.dg/guality/pr41616-1.c -O2 -DPREVENT_OPTIMIZATION execution test
FAIL: gcc.dg/guality/pr41616-1.c -O3 -g -DPREVENT_OPTIMIZATION
execution test
FAIL: gcc.dg/guality/pr41616-1.c -O2 -flto -fno-use-linker-plugin
-flto-partition=none -DPREVENT_OPTIMIZATION execut
ion test
FAIL: gcc.dg/guality/pr54519-1.c -O2 -flto -fno-use-linker-plugin
-flto-partition=none -DPREVENT_OPTIMIZATION line 2
0 y == 25
FAIL: gcc.dg/guality/pr54519-1.c -O2 -flto -fno-use-linker-plugin
-flto-partition=none -DPREVENT_OPTIMIZATION line 2
0 z == 6
FAIL: gcc.dg/guality/pr54519-1.c -O2 -flto -fno-use-linker-plugin
-flto-partition=none -DPREVENT_OPTIMIZATION line 2
3 y == 117
FAIL: gcc.dg/guality/pr54519-1.c -O2 -flto -fno-use-linker-plugin
-flto-partition=none -DPREVENT_OPTIMIZATION line 2
3 z == 8
FAIL: gcc.dg/guality/pr54519-1.c -O2 -flto -fuse-linker-plugin
-fno-fat-lto-objects -DPREVENT_OPTIMIZATION line 20 y
== 25
FAIL: gcc.dg/guality/pr54519-1.c -O2 -flto -fuse-linker-plugin
-fno-fat-lto-objects -DPREVENT_OPTIMIZATION line 20 z
== 6
FAIL: gcc.dg/guality/pr54519-1.c -O2 -flto -fuse-linker-plugin
-fno-fat-lto-objects -DPREVENT_OPTIMIZATION line 23 y
== 117
FAIL: gcc.dg/guality/pr54519-1.c -O2 -flto -fuse-linker-plugin
-fno-fat-lto-objects -DPREVENT_OPTIMIZATION line 23 z
== 8
FAIL: gcc.dg/guality/pr54519-2.c -O2 -flto -fno-use-linker-plugin
-flto-partition=none -DPREVENT_OPTIMIZATION line 1
7 y == 25
FAIL: gcc.dg/guality/pr54519-2.c -O2 -flto -fuse-linker-plugin
-fno-fat-lto-objects -DPREVENT_OPTIMIZATION line 17 y
== 25
FAIL: gcc.dg/guality/pr54519-3.c -O2 -flto -fno-use-linker-plugin
-flto-partition=none -DPREVENT_OPTIMIZATION line 2
0 y == 25
FAIL: gcc.dg/guality/pr54519-3.c -O2 -flto -fno-use-linker-plugin
-flto-partition=none -DPREVENT_OPTIMIZATION line 2
0 z == 6
FAIL: gcc.dg/guality/pr54519-3.c -O2 -flto -fno-use-linker-plugin
-flto-partition=none -DPREVENT_OPTIMIZATION line 2
3 y == 117
FAIL: gcc.dg/guality/pr54519-3.c -O2 -flto -fno-use-linker-plugin
-flto-partition=none -DPREVENT_OPTIMIZATION line 2
3 z == 8
FAIL: gcc.dg/guality/pr54519-3.c -O2 -flto -fuse-linker-plugin
-fno-fat-lto-objects -DPREVENT_OPTIMIZATION line 20 y
== 25
FAIL: gcc.dg/guality/pr54519-3.c -O2 -flto -fuse-linker-plugin
-fno-fat-lto-objects -DPREVENT_OPTIMIZATION line 20 z
== 6
FAIL: gcc.dg/guality/pr54519-3.c -O2 -flto -fuse-linker-plugin
-fno-fat-lto-objects -DPREVENT_OPTIMIZATION line 23 y
== 117
FAIL: gcc.dg/guality/pr54519-3.c -O2 -flto -fuse-linker-plugin
-fno-fat-lto-objects -DPREVENT_OPTIMIZATION line 23 z
== 8
FAIL: gcc.dg/guality/pr54519-4.c -O2 -flto -fno-use-linker-plugin
-flto-partition=none -DPREVENT_OPTIMIZATION line 1
7 y == 25
FAIL: gcc.dg/guality/pr54519-4.c -O2 -flto -fuse-linker-plugin
-fno-fat-lto-objects -DPREVENT_OPTIMIZATION line 17 y
== 25
FAIL: gcc.dg/guality/pr54519-5.c -O2 -flto -fno-use-linker-plugin
-flto-partition=none -DPREVENT_OPTIMIZATION line 1
7 y == 25
FAIL: gcc.dg/guality/pr54519-5.c -O2 -flto -fuse-linker-plugin
-fno-fat-lto-objects -DPREVENT_OPTIMIZATION line 17 y
== 25
FAIL: gcc.dg/guality/pr54519-6.c -Os -DPREVENT_OPTIMIZATION line 11 x == 2
XPASS: gcc.dg/guality/pr54970.c -O0 line 15 a[0] == 1
XPASS: gcc.dg/guality/pr54970.c -O0 line 20 a[0] == 1
XPASS: gcc.dg/guality/pr54970.c -O0 line 25 a[0] == 1
XPASS: gcc.dg/guality/pr54970.c -O0 line 31 a[0] == 4
XPASS: gcc.dg/guality/pr54970.c -O0 line 36 a[0] == 4
XPASS: gcc.dg/guality/pr54970.c -O0 line 45 a[0] == 4
XPASS: gcc.dg/guality/pr54970.c -O0 line 45 p[-2] == 4
XPASS: gcc.dg/guality/pr54970.c -O0 line 45 q[-1] == 4
XPASS: gcc.dg/guality/pr54970.c -Og -DPREVENT_OPTIMIZATION line 15 a[0] == 1
XPASS: gcc.dg/guality/pr54970.c -Og -DPREVENT_OPTIMIZATION line 20 a[0] == 1
XPASS: gcc.dg/guality/pr54970.c -Og -DPREVENT_OPTIMIZATION line 25 a[0] == 1
XPASS: gcc.dg/guality/pr54970.c -Og -DPREVENT_OPTIMIZATION line 31 a[0] == 4
XPASS: gcc.dg/guality/pr54970.c -Og -DPREVENT_OPTIMIZATION line 36 a[0] == 4
XPASS: gcc.dg/guality/pr54970.c -Og -DPREVENT_OPTIMIZATION line 45 a[0] == 4
XPASS: gcc.dg/guality/pr54970.c -Og -DPREVENT_OPTIMIZATION line 45 p[-2] == 4
XPASS: gcc.dg/guality/pr54970.c -Og -DPREVENT_OPTIMIZATION line 45 q[-1] == 4
FAIL: gcc.dg/guality/pr56154-1.c -Og -DPREVENT_OPTIMIZATION line
pr56154-1.c:20 x.a == 6
XPASS: gcc.dg/guality/pr59776.c -O0 line pr59776.c:17 s2.g == 6.0
XPASS: gcc.dg/guality/pr59776.c -O0 line pr59776.c:20 s2.g == 6.0
FAIL: gcc.dg/guality/pr59776.c -Og -DPREVENT_OPTIMIZATION line
pr59776.c:17 s1.f == 5.0
FAIL: gcc.dg/guality/pr59776.c -Og -DPREVENT_OPTIMIZATION line
pr59776.c:17 s1.g == 6.0
FAIL: gcc.dg/guality/pr59776.c -Og -DPREVENT_OPTIMIZATION line
pr59776.c:17 s2.f == 0.0
FAIL: gcc.dg/guality/pr59776.c -Og -DPREVENT_OPTIMIZATION line
pr59776.c:20 s1.f == 5.0
FAIL: gcc.dg/guality/pr59776.c -Og -DPREVENT_OPTIMIZATION line
pr59776.c:20 s1.g == 6.0
FAIL: gcc.dg/guality/pr59776.c -Og -DPREVENT_OPTIMIZATION line
pr59776.c:20 s2.f == 5.0
FAIL: gcc.dg/guality/pr90074.c -O2 -flto -fuse-linker-plugin
-fno-fat-lto-objects -DPREVENT_OPTIMIZATION line 28 i +
1 == 8
FAIL: gcc.dg/guality/pr90074.c -O2 -flto -fuse-linker-plugin
-fno-fat-lto-objects -DPREVENT_OPTIMIZATION line 28 c +
1 == 2
FAIL: gcc.dg/guality/pr90716.c -O2 -flto -fuse-linker-plugin
-fno-fat-lto-objects -DPREVENT_OPTIMIZATION line 23 j +
1 == 9
FAIL: gcc.dg/guality/sra-1.c -O2 -DPREVENT_OPTIMIZATION line 43 a.j == 14
FAIL: gcc.dg/guality/sra-1.c -O3 -g -DPREVENT_OPTIMIZATION line 43 a.j == 14
FAIL: gcc.dg/guality/sra-1.c -Os -DPREVENT_OPTIMIZATION line 43 a.j == 14
FAIL: gcc.dg/guality/sra-1.c -Og -DPREVENT_OPTIMIZATION line 21 a.i == 4
FAIL: gcc.dg/guality/sra-1.c -Og -DPREVENT_OPTIMIZATION line 21 a.j == 14
FAIL: gcc.dg/guality/sra-1.c -Og -DPREVENT_OPTIMIZATION line 32 a[0] == 4
FAIL: gcc.dg/guality/sra-1.c -Og -DPREVENT_OPTIMIZATION line 32 a[1] == 14
FAIL: gcc.dg/guality/sra-1.c -Og -DPREVENT_OPTIMIZATION line 43 a.i == 4
FAIL: gcc.dg/guality/sra-1.c -Og -DPREVENT_OPTIMIZATION line 43 a.j == 14
FAIL: gcc.dg/guality/sra-1.c -O2 -flto -fno-use-linker-plugin
-flto-partition=none -DPREVENT_OPTIMIZATION line 43 a.
j == 14
FAIL: gcc.dg/guality/sra-1.c -O2 -flto -fuse-linker-plugin
-fno-fat-lto-objects -DPREVENT_OPTIMIZATION line 21 a.i =
= 4
FAIL: gcc.dg/guality/sra-1.c -O2 -flto -fuse-linker-plugin
-fno-fat-lto-objects -DPREVENT_OPTIMIZATION line 21 a.j =
= 14
FAIL: gcc.dg/guality/sra-1.c -O2 -flto -fuse-linker-plugin
-fno-fat-lto-objects -DPREVENT_OPTIMIZATION line 32 a[0]
== 4
FAIL: gcc.dg/guality/sra-1.c -O2 -flto -fuse-linker-plugin
-fno-fat-lto-objects -DPREVENT_OPTIMIZATION line 32 a[1]
== 14
FAIL: gcc.dg/guality/sra-1.c -O2 -flto -fuse-linker-plugin
-fno-fat-lto-objects -DPREVENT_OPTIMIZATION line 43 a.i =
= 4
FAIL: gcc.dg/guality/sra-1.c -O2 -flto -fuse-linker-plugin
-fno-fat-lto-objects -DPREVENT_OPTIMIZATION line 43 a.j =
= 14
FAIL: gcc.dg/guality/vla-1.c -O2 -flto -fuse-linker-plugin
-fno-fat-lto-objects -DPREVENT_OPTIMIZATION line 24 i ==
5
FAIL: gcc.dg/guality/vla-1.c -O2 -flto -fuse-linker-plugin
-fno-fat-lto-objects -DPREVENT_OPTIMIZATION line 24 sizeo
f (a) == 17 * sizeof (short)
=== gcc Summary ===
# of expected passes 163287
# of unexpected failures 91
# of unexpected successes 37
# of expected failures 911
# of unsupported tests 2530
/home/marian/gcc/obj2/gcc/xgcc version 11.0.0 20201217 (experimental)
[c++-modules revision 20201219-1618] (GCC)
=== libatomic tests ===
Running target unix
=== libatomic Summary ===
# of expected passes 54
=== libgomp tests ===
Running target unix
WARNING: program timed out
=== libgomp Summary ===
# of expected passes 2838
# of expected failures 6
# of unsupported tests 308
=== libitm tests ===
Running target unix
=== libitm Summary ===
# of expected passes 42
# of expected failures 3
# of unsupported tests 1
=== libstdc++ tests ===
Running target unix
=== libstdc++ Summary ===
# of expected passes 14845
# of expected failures 104
# of unsupported tests 686
Compiler version: 11.0.0 20201217 (experimental) [c++-modules revision
20201219-1618] (GCC)
Platform: x86_64-pc-linux-gnu
configure flags: --prefix=/home/marian/gcc/ --disable-multilib
--enable-languages=c++
More information about the Gcc-testresults
mailing list