Results for 11.0.0 20201217 (experimental) [master revision r11-6192-g6f8486523f61] (GCC) testsuite on x86_64-apple-darwin16
Iain Sandoe
iains.gcc@gmail.com
Sat Dec 19 09:55:18 GMT 2020
LAST_UPDATED: Thu Dec 17 08:09:50 UTC 2020 (revision r11-6192-g6f8486523f61)
=== acats tests ===
=== acats Summary ===
# of expected passes 2328
# of unexpected failures 0
Native configuration is x86_64-apple-darwin16
=== g++ tests ===
Running target unix/-m32
FAIL: c-c++-common/asan/alloca_big_alignment.c -Os output pattern test
FAIL: c-c++-common/asan/alloca_detect_custom_size.c -Os output pattern test
FAIL: c-c++-common/asan/alloca_overflow_partial.c -Os output pattern test
FAIL: c-c++-common/asan/alloca_overflow_right.c -Os output pattern test
FAIL: c-c++-common/asan/alloca_underflow_left.c -Os output pattern test
FAIL: c-c++-common/asan/memcmp-1.c -O0 output pattern test
FAIL: c-c++-common/asan/memcmp-1.c -O1 output pattern test
FAIL: c-c++-common/asan/memcmp-1.c -O2 output pattern test
FAIL: c-c++-common/asan/memcmp-1.c -O2 -flto output pattern test
FAIL: c-c++-common/asan/memcmp-1.c -O2 -flto -flto-partition=none output pattern test
FAIL: c-c++-common/asan/memcmp-1.c -O3 -g output pattern test
FAIL: c-c++-common/asan/memcmp-1.c -Os output pattern test
FAIL: g++.dg/asan/pr69276.C -O0 output pattern test
FAIL: c-c++-common/attr-used-9.c -std=gnu++14 scan-assembler-not __libc_freeres_fn\\n
FAIL: c-c++-common/attr-used-9.c -std=gnu++17 scan-assembler-not __libc_freeres_fn\\n
FAIL: c-c++-common/attr-used-9.c -std=gnu++2a scan-assembler-not __libc_freeres_fn\\n
FAIL: c-c++-common/attr-used-9.c -std=gnu++98 scan-assembler-not __libc_freeres_fn\\n
FAIL: g++.dg/ext/pr84828.C -std=gnu++14 (internal compiler error)
FAIL: g++.dg/ext/pr84828.C -std=gnu++14 (test for excess errors)
FAIL: g++.dg/ext/pr84828.C -std=gnu++17 (internal compiler error)
FAIL: g++.dg/ext/pr84828.C -std=gnu++17 (test for excess errors)
FAIL: g++.dg/ext/pr84828.C -std=gnu++2a (internal compiler error)
FAIL: g++.dg/ext/pr84828.C -std=gnu++2a (test for excess errors)
FAIL: g++.dg/ext/pr84828.C -std=gnu++98 (internal compiler error)
FAIL: g++.dg/ext/pr84828.C -std=gnu++98 (test for excess errors)
FAIL: g++.dg/ipa/pr67056.C scan-ipa-dump cp "Speculative outer type:struct CompositeClass"
FAIL: g++.dg/lto/pr65276 cp_lto_pr65276_0.o-cp_lto_pr65276_1.o link, -flto -O0 -std=c++11
FAIL: g++.dg/lto/pr89335 cp_lto_pr89335_0.o assemble, -O2 -flto -Wsuggest-final-methods
=== g++ Summary for unix/-m32 ===
# of expected passes 190771
# of unexpected failures 28
# of expected failures 998
# of unsupported tests 9034
Running target unix/-m64
FAIL: c-c++-common/asan/alloca_big_alignment.c -Os output pattern test
FAIL: c-c++-common/asan/alloca_detect_custom_size.c -Os output pattern test
FAIL: c-c++-common/asan/alloca_overflow_partial.c -Os output pattern test
FAIL: c-c++-common/asan/alloca_overflow_right.c -Os output pattern test
FAIL: c-c++-common/asan/alloca_underflow_left.c -Os output pattern test
FAIL: c-c++-common/asan/memcmp-1.c -O0 output pattern test
FAIL: c-c++-common/asan/memcmp-1.c -O1 output pattern test
FAIL: c-c++-common/asan/memcmp-1.c -O2 output pattern test
FAIL: c-c++-common/asan/memcmp-1.c -O2 -flto output pattern test
FAIL: c-c++-common/asan/memcmp-1.c -O2 -flto -flto-partition=none output pattern test
FAIL: c-c++-common/asan/memcmp-1.c -O3 -g output pattern test
FAIL: c-c++-common/asan/memcmp-1.c -Os output pattern test
FAIL: g++.dg/asan/pr69276.C -O0 output pattern test
FAIL: c-c++-common/attr-used-9.c -std=gnu++14 scan-assembler-not __libc_freeres_fn\\n
FAIL: c-c++-common/attr-used-9.c -std=gnu++17 scan-assembler-not __libc_freeres_fn\\n
FAIL: c-c++-common/attr-used-9.c -std=gnu++2a scan-assembler-not __libc_freeres_fn\\n
FAIL: c-c++-common/attr-used-9.c -std=gnu++98 scan-assembler-not __libc_freeres_fn\\n
FAIL: g++.dg/ipa/pr67056.C scan-ipa-dump cp "Speculative outer type:struct CompositeClass"
FAIL: g++.dg/lto/pr65276 cp_lto_pr65276_0.o-cp_lto_pr65276_1.o link, -flto -O0 -std=c++11
FAIL: g++.dg/lto/pr89335 cp_lto_pr89335_0.o assemble, -O2 -flto -Wsuggest-final-methods
=== g++ Summary for unix/-m64 ===
# of expected passes 193043
# of unexpected failures 20
# of expected failures 1002
# of unsupported tests 9204
=== g++ Summary ===
# of expected passes 383814
# of unexpected failures 48
# of expected failures 2000
# of unsupported tests 18238
/scratch/10-12-Sie/gcc-master/gcc/xg++ version 11.0.0 20201217 (experimental) [master revision r11-6192-g6f8486523f61] (GCC)
=== gcc tests ===
Running target unix/-m32
XPASS: gcc.dg/analyzer/feasibility-1.c (test for warnings, line 58)
FAIL: gcc.dg/analyzer/malloc-vs-local-1b.c (test for bogus messages, line 170)
XPASS: gcc.dg/analyzer/pr94851-1.c bogus leak (test for bogus messages, line 43)
FAIL: gcc.dg/analyzer/write-to-string-literal-1.c (test for warnings, line 15)
FAIL: c-c++-common/asan/alloca_big_alignment.c -Os output pattern test
FAIL: c-c++-common/asan/alloca_detect_custom_size.c -Os output pattern test
FAIL: c-c++-common/asan/alloca_overflow_partial.c -Os output pattern test
FAIL: c-c++-common/asan/alloca_overflow_right.c -Os output pattern test
FAIL: c-c++-common/asan/alloca_underflow_left.c -Os output pattern test
FAIL: c-c++-common/asan/memcmp-1.c -O0 output pattern test
FAIL: c-c++-common/asan/memcmp-1.c -O1 output pattern test
FAIL: c-c++-common/asan/memcmp-1.c -O2 output pattern test
FAIL: c-c++-common/asan/memcmp-1.c -O2 -flto output pattern test
FAIL: c-c++-common/asan/memcmp-1.c -O2 -flto -flto-partition=none output pattern test
FAIL: c-c++-common/asan/memcmp-1.c -O3 -g output pattern test
FAIL: c-c++-common/asan/memcmp-1.c -Os output pattern test
FAIL: c-c++-common/asan/strncpy-overflow-1.c -O0 output pattern test
FAIL: gcc.dg/atomic/pr65345-4.c -O2 -flto (internal compiler error)
FAIL: gcc.dg/atomic/pr65345-4.c -O2 -flto (test for excess errors)
FAIL: gcc.dg/atomic/pr65345-4.c -O2 -flto -flto-partition=none (internal compiler error)
FAIL: gcc.dg/atomic/pr65345-4.c -O2 -flto -flto-partition=none (test for excess errors)
FAIL: gcc.dg/debug/dwarf2/inline4.c scan-assembler DW_TAG_inlined_subroutine[^\\\\(]*\\\\([^\\\\)]*\\\\)[^\\\\(]*\\\\(DIE \\\\(0x[0-9a-f]*\\\\) DW_TAG_formal_parameter[^\\\\(]*\\\\(DIE \\\\(0x[0-9a-f]*\\\\) DW_TAG_variable
FAIL: c-c++-common/attr-used-9.c -Wc++-compat scan-assembler-not __libc_freeres_fn\\n
XPASS: gcc.dg/Walloca-2.c (test for bogus messages, line 16)
XPASS: gcc.dg/pr78973.c pr79073 (test for warnings, line 12)
FAIL: gcc.dg/stack-layout-dynamic-1.c (test for excess errors)
UNRESOLVED: gcc.dg/stack-layout-dynamic-1.c scan-assembler-not cfi_def_cfa_register
FAIL: c-c++-common/goacc/firstprivate-mappings-1.c scan-tree-dump omplower "(?n)#pragma omp target oacc_parallel map\\\\(from:array_so \\\\[len: 4\\\\]\\\\) firstprivate\\\\(array_li.[0-9]+\\\\) map\\\\(tofrom:\\\\(\\\\*array.[0-9]+\\\\) \\\\[len: D\\\\.[0-9]+\\\\]\\\\) map\\\\(firstprivate:array \\\\[pointer assign, bias: 0\\\\]\\\\) \\\\["
FAIL: gcc.dg/graphite/scop-19.c scan-tree-dump-times graphite "number of SCoPs: 0" 1
FAIL: gcc.dg/ipa/ipa-icf-38.c scan-ltrans-tree-dump-not optimized "Function bar"
FAIL: gcc-dg-lto-modref-3-01.exe scan-wpa-ipa-dump modref "parm 1 flags: nodirectescape"
FAIL: gcc-dg-lto-modref-4-01.exe scan-wpa-ipa-dump modref "parm 1 flags: nodirectescape"
FAIL: gcc.dg/lto/modref-3 c_lto_modref-3_0.o-c_lto_modref-3_1.o execute -O2 -flto-partition=max -fdump-ipa-modref -fno-ipa-sra -fno-ipa-cp -flto
FAIL: gcc.dg/lto/modref-4 c_lto_modref-4_0.o-c_lto_modref-4_1.o execute -O2 -flto-partition=max -fdump-ipa-modref -fno-ipa-sra -flto
FAIL: gcc.dg/lto/save-temps c_lto_save-temps_0.o-c_lto_save-temps_0.o link, -O -flto -save-temps
FAIL: gcc.dg/torture/builtin-self.c -O0 scan-assembler-not \\tcall
FAIL: gcc.dg/torture/pr71522.c -O1 execution test
FAIL: gcc.dg/torture/pr71522.c -O2 execution test
FAIL: gcc.dg/torture/pr71522.c -O2 -flto execution test
FAIL: gcc.dg/torture/pr71522.c -O2 -flto -flto-partition=none execution test
FAIL: gcc.dg/torture/pr71522.c -O3 -g execution test
FAIL: gcc.dg/torture/pr71522.c -Os execution test
FAIL: gcc.dg/tree-ssa/scev-3.c scan-tree-dump-times ivopts "&a" 1
FAIL: gcc.dg/tree-ssa/scev-5.c scan-tree-dump-times ivopts "&a" 1
XPASS: gcc.dg/vect/vect-reduc-in-order-1.c -flto -ffat-lto-objects execution test
XPASS: gcc.dg/vect/vect-reduc-in-order-1.c execution test
XPASS: gcc.dg/vect/vect-reduc-in-order-2.c -flto -ffat-lto-objects execution test
XPASS: gcc.dg/vect/vect-reduc-in-order-2.c execution test
XPASS: gcc.dg/vect/vect-reduc-in-order-3.c -flto -ffat-lto-objects execution test
XPASS: gcc.dg/vect/vect-reduc-in-order-3.c execution test
XPASS: gcc.dg/vect/vect-reduc-in-order-4.c -flto -ffat-lto-objects execution test
XPASS: gcc.dg/vect/vect-reduc-in-order-4.c execution test
FAIL: outputs lto st mult dumpdir empty dumpbase named: dir/outputs-1.ltrans0.ltrans_args
FAIL: outputs lto st mult dumpdir named: dir/outputs-ltrans0.ltrans_args
FAIL: outputs lto st mult empty dumpbase namedb: dir/outputs.ltrans0.ltrans_args
FAIL: outputs lto st mult empty dumpbase unnamed: a.ltrans0.ltrans_args
FAIL: outputs lto st mult namedb: dir/outputs.ltrans0.ltrans_args
FAIL: outputs lto st mult unnamed: a.ltrans0.ltrans_args
FAIL: outputs lto st sing dumpdir empty dumpbase named: dir/outputs-0.ltrans0.ltrans_args
FAIL: outputs lto st sing dumpdir named: dir/outputs-ltrans0.ltrans_args
FAIL: outputs lto st sing empty dumpbase namedb: dir/outputs.ltrans0.ltrans_args
FAIL: outputs lto st sing empty dumpbase unnamed: a.ltrans0.ltrans_args
FAIL: outputs lto st sing namedb: dir/outputs.ltrans0.ltrans_args
FAIL: outputs lto st sing unnamed: a.ltrans0.ltrans_args
FAIL: gcc.target/i386/avx2-shiftqihi-constant-2.c (test for excess errors)
UNRESOLVED: gcc.target/i386/avx2-shiftqihi-constant-2.c compilation failed to produce executable
FAIL: gcc.target/i386/pad-3.c scan-assembler-not nop
FAIL: gcc.target/i386/pr15184-1.c scan-assembler-times movb[ \\\\t]+%al 4
FAIL: gcc.target/i386/pr15184-2.c scan-assembler-times movb[ \\\\t]+%al 2
FAIL: gcc.target/i386/pr36502.c scan-assembler-not esp
FAIL: gcc.target/i386/pr54855-3.c scan-assembler-not movsd
FAIL: gcc.target/i386/pr54855-7.c scan-assembler-not movss
FAIL: gcc.target/i386/pr66334.c scan-assembler movl[ \\\\t].+, %ebx
FAIL: gcc.target/i386/pr71245-1.c scan-assembler-not (fistp|fild)
FAIL: gcc.target/i386/pr71245-2.c scan-assembler-not movlps
FAIL: gcc.target/i386/pr71321.c scan-assembler-not lea.*0
FAIL: gcc.target/i386/pr78035.c scan-assembler-times cmp 2
FAIL: gcc.target/i386/pr81736-5.c scan-assembler-not %[re]bp
XPASS: gcc.target/i386/pr84101.c scan-tree-dump-not slp2 "optimized: basic block"
FAIL: gcc.target/i386/pr84278.c scan-assembler-not \\\\(%.sp\\\\)
FAIL: gcc.target/i386/pr85667-6.c scan-assembler-times flds[^\\n\\r]* 1
FAIL: gcc.target/i386/pr92651.c scan-assembler-times sub 2
FAIL: gcc.target/i386/pr97873-1.c scan-assembler pabsq
FAIL: gcc.target/i386/ret-thunk-22.c scan-assembler call[ \\\\t]*___x86.get_pc_thunk.cx
FAIL: gcc.target/i386/ret-thunk-23.c scan-assembler call[ \\\\t]*___x86.get_pc_thunk.cx
FAIL: gcc.target/i386/ret-thunk-24.c scan-assembler call[ \\\\t]*___x86.get_pc_thunk.cx
FAIL: gcc.target/i386/vect8-ret.c scan-assembler-times movq 1
=== gcc Summary for unix/-m32 ===
# of expected passes 148049
# of unexpected failures 72
# of unexpected successes 13
# of expected failures 837
# of unresolved testcases 2
# of unsupported tests 4859
Running target unix/-m64
XPASS: gcc.dg/analyzer/feasibility-1.c (test for warnings, line 58)
FAIL: gcc.dg/analyzer/malloc-vs-local-1b.c (test for bogus messages, line 170)
XPASS: gcc.dg/analyzer/pr94851-1.c bogus leak (test for bogus messages, line 43)
FAIL: gcc.dg/analyzer/write-to-string-literal-1.c (test for warnings, line 15)
FAIL: c-c++-common/asan/alloca_big_alignment.c -Os output pattern test
FAIL: c-c++-common/asan/alloca_detect_custom_size.c -Os output pattern test
FAIL: c-c++-common/asan/alloca_overflow_partial.c -Os output pattern test
FAIL: c-c++-common/asan/alloca_overflow_right.c -Os output pattern test
FAIL: c-c++-common/asan/alloca_underflow_left.c -Os output pattern test
FAIL: c-c++-common/asan/memcmp-1.c -O0 output pattern test
FAIL: c-c++-common/asan/memcmp-1.c -O1 output pattern test
FAIL: c-c++-common/asan/memcmp-1.c -O2 output pattern test
FAIL: c-c++-common/asan/memcmp-1.c -O2 -flto output pattern test
FAIL: c-c++-common/asan/memcmp-1.c -O2 -flto -flto-partition=none output pattern test
FAIL: c-c++-common/asan/memcmp-1.c -O3 -g output pattern test
FAIL: c-c++-common/asan/memcmp-1.c -Os output pattern test
FAIL: c-c++-common/asan/strncpy-overflow-1.c -O0 output pattern test
FAIL: gcc.dg/atomic/pr65345-4.c -O2 -flto (internal compiler error)
FAIL: gcc.dg/atomic/pr65345-4.c -O2 -flto (test for excess errors)
FAIL: gcc.dg/atomic/pr65345-4.c -O2 -flto -flto-partition=none (internal compiler error)
FAIL: gcc.dg/atomic/pr65345-4.c -O2 -flto -flto-partition=none (test for excess errors)
FAIL: gcc.dg/debug/dwarf2/inline4.c scan-assembler DW_TAG_inlined_subroutine[^\\\\(]*\\\\([^\\\\)]*\\\\)[^\\\\(]*\\\\(DIE \\\\(0x[0-9a-f]*\\\\) DW_TAG_formal_parameter[^\\\\(]*\\\\(DIE \\\\(0x[0-9a-f]*\\\\) DW_TAG_variable
FAIL: c-c++-common/attr-used-9.c -Wc++-compat scan-assembler-not __libc_freeres_fn\\n
FAIL: gcc.dg/stack-layout-dynamic-1.c (test for excess errors)
UNRESOLVED: gcc.dg/stack-layout-dynamic-1.c scan-assembler-not cfi_def_cfa_register
FAIL: gcc.dg/strlenopt-82.c scan-tree-dump-times optimized "call_in_true_branch_not_eliminated_" 0
FAIL: gcc.dg/graphite/scop-19.c scan-tree-dump-times graphite "number of SCoPs: 0" 1
FAIL: gcc.dg/ipa/ipa-icf-38.c scan-ltrans-tree-dump-not optimized "Function bar"
FAIL: gcc-dg-lto-modref-3-01.exe scan-wpa-ipa-dump modref "parm 1 flags: nodirectescape"
FAIL: gcc-dg-lto-modref-4-01.exe scan-wpa-ipa-dump modref "parm 1 flags: nodirectescape"
FAIL: gcc.dg/lto/modref-3 c_lto_modref-3_0.o-c_lto_modref-3_1.o execute -O2 -flto-partition=max -fdump-ipa-modref -fno-ipa-sra -fno-ipa-cp -flto
FAIL: gcc.dg/lto/modref-4 c_lto_modref-4_0.o-c_lto_modref-4_1.o execute -O2 -flto-partition=max -fdump-ipa-modref -fno-ipa-sra -flto
XPASS: gcc.dg/tree-ssa/pr91091-2.c scan-tree-dump-times fre1 " = [^;]*x;" 1
XPASS: gcc.dg/tree-ssa/pr91091-2.c scan-tree-dump-times fre1 "x = " 1
XPASS: gcc.dg/tree-ssa/ssa-fre-77.c scan-tree-dump fre1 "return 1;"
FAIL: outputs lto st mult dumpdir empty dumpbase named: dir/outputs-1.ltrans0.ltrans_args
FAIL: outputs lto st mult dumpdir named: dir/outputs-ltrans0.ltrans_args
FAIL: outputs lto st mult empty dumpbase namedb: dir/outputs.ltrans0.ltrans_args
FAIL: outputs lto st mult empty dumpbase unnamed: a.ltrans0.ltrans_args
FAIL: outputs lto st mult namedb: dir/outputs.ltrans0.ltrans_args
FAIL: outputs lto st mult unnamed: a.ltrans0.ltrans_args
FAIL: outputs lto st sing dumpdir empty dumpbase named: dir/outputs-0.ltrans0.ltrans_args
FAIL: outputs lto st sing dumpdir named: dir/outputs-ltrans0.ltrans_args
FAIL: outputs lto st sing empty dumpbase namedb: dir/outputs.ltrans0.ltrans_args
FAIL: outputs lto st sing empty dumpbase unnamed: a.ltrans0.ltrans_args
FAIL: outputs lto st sing namedb: dir/outputs.ltrans0.ltrans_args
FAIL: outputs lto st sing unnamed: a.ltrans0.ltrans_args
FAIL: gcc.target/i386/avx2-shiftqihi-constant-2.c (test for excess errors)
UNRESOLVED: gcc.target/i386/avx2-shiftqihi-constant-2.c compilation failed to produce executable
FAIL: gcc.target/i386/avx512bw-pr88465.c scan-assembler-times kxnor[dq][ \\t] 2
FAIL: gcc.target/i386/avx512dq-pr88465.c scan-assembler-times kxnorb[ \\t] 1
FAIL: gcc.target/i386/avx512f-pr88465.c scan-assembler-times kxnorw[ \\t] 1
FAIL: gcc.target/i386/pr34256.c scan-assembler-times mov 5
FAIL: gcc.target/i386/pr71321.c scan-assembler-not lea.*0
FAIL: gcc.target/i386/pr78035.c scan-assembler-times cmp 2
FAIL: gcc.target/i386/pr92651.c scan-assembler-times sub 2
FAIL: gcc.target/i386/pr94650.c scan-assembler-not movabs
FAIL: gcc.target/i386/pr94650.c scan-assembler-times shr 3
FAIL: gcc.target/i386/stackalign/pr88483-1.c -mno-stackrealign scan-assembler-not and[lq]?[^\\\\n]*-[0-9]+,[^\\\\n]*sp
FAIL: gcc.target/i386/stackalign/pr88483-1.c -mstackrealign scan-assembler-not and[lq]?[^\\\\n]*-[0-9]+,[^\\\\n]*sp
FAIL: gcc.target/i386/stackalign/pr88483-2.c -mno-stackrealign scan-assembler-not (sub|add)(l|q)[\\\\t ]*\\\\\$[0-9]*,[\\\\t ]*%[re]?sp
FAIL: gcc.target/i386/stackalign/pr88483-2.c -mno-stackrealign scan-assembler-not and[lq]?[^\\\\n]*-[0-9]+,[^\\\\n]*sp
FAIL: gcc.target/i386/stackalign/pr88483-2.c -mstackrealign scan-assembler-not (sub|add)(l|q)[\\\\t ]*\\\\\$[0-9]*,[\\\\t ]*%[re]?sp
FAIL: gcc.target/i386/stackalign/pr88483-2.c -mstackrealign scan-assembler-not and[lq]?[^\\\\n]*-[0-9]+,[^\\\\n]*sp
=== gcc Summary for unix/-m64 ===
# of expected passes 150540
# of unexpected failures 57
# of unexpected successes 5
# of expected failures 851
# of unresolved testcases 2
# of unsupported tests 4439
=== gcc Summary ===
# of expected passes 298589
# of unexpected failures 129
# of unexpected successes 18
# of expected failures 1688
# of unresolved testcases 4
# of unsupported tests 9298
/scratch/10-12-Sie/gcc-master/gcc/xgcc version 11.0.0 20201217 (experimental) [master revision r11-6192-g6f8486523f61] (GCC)
=== gdc tests ===
Running target unix/-m32
=== gdc Summary for unix/-m32 ===
# of expected passes 3640
# of unsupported tests 1075
Running target unix/-m64
=== gdc Summary for unix/-m64 ===
# of expected passes 3640
# of unsupported tests 1075
=== gdc Summary ===
# of expected passes 7280
# of unsupported tests 2150
/scratch/10-12-Sie/gcc-master/gcc/gdc version 11.0.0 20201217 (experimental) [master revision r11-6192-g6f8486523f61] (GCC)
=== gfortran tests ===
Running target unix/-m32
=== gfortran Summary for unix/-m32 ===
# of expected passes 55505
# of expected failures 234
# of unsupported tests 197
Running target unix/-m64
=== gfortran Summary for unix/-m64 ===
# of expected passes 55754
# of expected failures 232
# of unsupported tests 82
=== gfortran Summary ===
# of expected passes 111259
# of expected failures 466
# of unsupported tests 279
/scratch/10-12-Sie/gcc-master/gcc/gfortran version 11.0.0 20201217 (experimental) [master revision r11-6192-g6f8486523f61] (GCC)
=== gnat tests ===
Running target unix/-m32
FAIL: gnat.dg/bias1.adb scan-assembler DW_AT_GNU_bias
=== gnat Summary for unix/-m32 ===
# of expected passes 3332
# of unexpected failures 1
# of expected failures 23
# of unsupported tests 13
Running target unix/-m64
FAIL: gnat.dg/bias1.adb scan-assembler DW_AT_GNU_bias
=== gnat Summary for unix/-m64 ===
# of expected passes 3330
# of unexpected failures 1
# of expected failures 23
# of unsupported tests 13
=== gnat Summary ===
# of expected passes 6662
# of unexpected failures 2
# of expected failures 46
# of unsupported tests 26
/scratch/10-12-Sie/gcc-master/gcc/gnatmake version 11.0.0 20201217 (experimental) [master revision r11-6192-g6f8486523f61]
=== obj-c++ tests ===
Running target unix/-m64
=== obj-c++ Summary for unix/-m64 ===
# of expected passes 3152
# of expected failures 22
# of unsupported tests 69
Running target unix/-m32
=== obj-c++ Summary for unix/-m32 ===
# of expected passes 3190
# of expected failures 4
# of unsupported tests 65
=== obj-c++ Summary ===
# of expected passes 6342
# of expected failures 26
# of unsupported tests 134
/scratch/10-12-Sie/gcc-master/gcc/xg++ version 11.0.0 20201217 (experimental) [master revision r11-6192-g6f8486523f61] (GCC)
=== objc tests ===
Running target unix/-m32
=== objc Summary for unix/-m32 ===
# of expected passes 5728
# of expected failures 7
# of unsupported tests 82
Running target unix/-m64
=== objc Summary for unix/-m64 ===
# of expected passes 5700
# of expected failures 13
# of unsupported tests 87
=== objc Summary ===
# of expected passes 11428
# of expected failures 20
# of unsupported tests 169
/scratch/10-12-Sie/gcc-master/gcc/xgcc version 11.0.0 20201217 (experimental) [master revision r11-6192-g6f8486523f61] (GCC)
=== libatomic tests ===
Running target unix/-m64
=== libatomic Summary for unix/-m64 ===
# of expected passes 54
Running target unix/-m32
=== libatomic Summary for unix/-m32 ===
# of expected passes 44
# of unsupported tests 5
=== libatomic Summary ===
# of expected passes 98
# of unsupported tests 5
=== libgomp tests ===
Running target unix/-m64
FAIL: libgomp.c/../libgomp.c-c++-common/pr96390.c (test for excess errors)
UNRESOLVED: libgomp.c/../libgomp.c-c++-common/pr96390.c compilation failed to produce executable
FAIL: libgomp.c/../libgomp.c-c++-common/pr96390.c scan-tree-dump-times omplower "__attribute__..omp declare target" 1
FAIL: libgomp.c++/../libgomp.c-c++-common/pr96390.c (test for excess errors)
UNRESOLVED: libgomp.c++/../libgomp.c-c++-common/pr96390.c compilation failed to produce executable
FAIL: libgomp.c++/../libgomp.c-c++-common/pr96390.c scan-tree-dump-times omplower "__attribute__..omp declare target" 1
=== libgomp Summary for unix/-m64 ===
# of expected passes 8059
# of unexpected failures 4
# of expected failures 6
# of unresolved testcases 2
# of unsupported tests 595
Running target unix/-m32
FAIL: libgomp.c/../libgomp.c-c++-common/pr96390.c (test for excess errors)
UNRESOLVED: libgomp.c/../libgomp.c-c++-common/pr96390.c compilation failed to produce executable
FAIL: libgomp.c/../libgomp.c-c++-common/pr96390.c scan-tree-dump-times omplower "__attribute__..omp declare target" 1
FAIL: libgomp.c++/../libgomp.c-c++-common/pr96390.c (test for excess errors)
UNRESOLVED: libgomp.c++/../libgomp.c-c++-common/pr96390.c compilation failed to produce executable
FAIL: libgomp.c++/../libgomp.c-c++-common/pr96390.c scan-tree-dump-times omplower "__attribute__..omp declare target" 1
=== libgomp Summary for unix/-m32 ===
# of expected passes 8058
# of unexpected failures 4
# of expected failures 6
# of unresolved testcases 2
# of unsupported tests 596
=== libgomp Summary ===
# of expected passes 16117
# of unexpected failures 8
# of expected failures 12
# of unresolved testcases 4
# of unsupported tests 1191
=== libitm tests ===
Running target unix/-m64
=== libitm Summary for unix/-m64 ===
# of expected passes 40
# of expected failures 3
# of unsupported tests 2
Running target unix/-m32
=== libitm Summary for unix/-m32 ===
# of expected passes 40
# of expected failures 3
# of unsupported tests 2
=== libitm Summary ===
# of expected passes 80
# of expected failures 6
# of unsupported tests 4
=== libstdc++ tests ===
Running target unix/-m32
WARNING: 30_threads/future/members/93456.cc execution test program timed out.
FAIL: 30_threads/future/members/93456.cc execution test
FAIL: 30_threads/future/members/poll.cc execution test
FAIL: 30_threads/recursive_timed_mutex/native_handle/1.cc (test for excess errors)
UNRESOLVED: 30_threads/recursive_timed_mutex/native_handle/1.cc compilation failed to produce executable
FAIL: 30_threads/recursive_timed_mutex/native_handle/typesizes.cc (test for excess errors)
UNRESOLVED: 30_threads/recursive_timed_mutex/native_handle/typesizes.cc compilation failed to produce executable
FAIL: 30_threads/recursive_timed_mutex/requirements/typedefs.cc (test for excess errors)
FAIL: 30_threads/timed_mutex/native_handle/1.cc (test for excess errors)
UNRESOLVED: 30_threads/timed_mutex/native_handle/1.cc compilation failed to produce executable
FAIL: 30_threads/timed_mutex/native_handle/typesizes.cc (test for excess errors)
UNRESOLVED: 30_threads/timed_mutex/native_handle/typesizes.cc compilation failed to produce executable
FAIL: 30_threads/timed_mutex/requirements/typedefs.cc (test for excess errors)
=== libstdc++ Summary for unix/-m32 ===
# of expected passes 13696
# of unexpected failures 8
# of expected failures 104
# of unresolved testcases 4
# of unsupported tests 751
Running target unix/-m64
FAIL: 30_threads/future/members/poll.cc execution test
FAIL: 30_threads/recursive_timed_mutex/native_handle/1.cc (test for excess errors)
UNRESOLVED: 30_threads/recursive_timed_mutex/native_handle/1.cc compilation failed to produce executable
FAIL: 30_threads/recursive_timed_mutex/native_handle/typesizes.cc (test for excess errors)
UNRESOLVED: 30_threads/recursive_timed_mutex/native_handle/typesizes.cc compilation failed to produce executable
FAIL: 30_threads/recursive_timed_mutex/requirements/typedefs.cc (test for excess errors)
FAIL: 30_threads/timed_mutex/native_handle/1.cc (test for excess errors)
UNRESOLVED: 30_threads/timed_mutex/native_handle/1.cc compilation failed to produce executable
FAIL: 30_threads/timed_mutex/native_handle/typesizes.cc (test for excess errors)
UNRESOLVED: 30_threads/timed_mutex/native_handle/typesizes.cc compilation failed to produce executable
FAIL: 30_threads/timed_mutex/requirements/typedefs.cc (test for excess errors)
=== libstdc++ Summary for unix/-m64 ===
# of expected passes 13691
# of unexpected failures 7
# of expected failures 104
# of unresolved testcases 4
# of unsupported tests 754
=== libstdc++ Summary ===
# of expected passes 27387
# of unexpected failures 15
# of expected failures 208
# of unresolved testcases 8
# of unsupported tests 1505
Compiler version: 11.0.0 20201217 (experimental) [master revision r11-6192-g6f8486523f61] (GCC)
Platform: x86_64-apple-darwin16
configure flags: --prefix=/opt/iains/x86_64-apple-darwin16/gcc-11-0-0 --target=x86_64-apple-darwin16 --host=x86_64-apple-darwin16 --build=x86_64-apple-darwin16 --with-sysroot=/Library/Developer/CommandLineTools/SDKs/MacOSX.sdk --enable-languages=all CC=x86_64-apple-darwin16-gcc CXX=x86_64-apple-darwin16-g++
More information about the Gcc-testresults
mailing list