Results for 11.0.0 20201210 (experimental) [master revision fa4a8b6463e0dbc2a072fca835d28ae7a57849d5] (GCC) testsuite on i386-pc-solaris2.11

Rainer Orth ro@CeBiTec.Uni-Bielefeld.DE
Sat Dec 12 15:51:34 GMT 2020


LAST_UPDATED: Fri Dec 11 09:54:29 UTC 2020 (revision fa4a8b6463e0dbc2a072fca835d28ae7a57849d5)

		=== acats tests ===

		=== acats Summary ===
# of expected passes		2328
# of unexpected failures	0
Native configuration is i386-pc-solaris2.11

		=== g++ tests ===


Running target unix
FAIL: c-c++-common/asan/pointer-subtract-3.c   -O0  execution test
FAIL: c-c++-common/asan/pointer-subtract-3.c   -O1  execution test
FAIL: c-c++-common/asan/pointer-subtract-3.c   -O2  execution test
FAIL: c-c++-common/asan/pointer-subtract-3.c   -O2 -flto -fno-use-linker-plugin -flto-partition=none  execution test
FAIL: c-c++-common/asan/pointer-subtract-3.c   -O2 -flto -fuse-linker-plugin -fno-fat-lto-objects  execution test
FAIL: c-c++-common/asan/pointer-subtract-3.c   -O3 -g  execution test
FAIL: c-c++-common/asan/pointer-subtract-3.c   -Os  execution test
FAIL: c-c++-common/asan/swapcontext-test-1.c   -O0  execution test
FAIL: c-c++-common/asan/swapcontext-test-1.c   -O1  execution test
FAIL: c-c++-common/asan/swapcontext-test-1.c   -O2  execution test
FAIL: c-c++-common/asan/swapcontext-test-1.c   -O2 -flto -fno-use-linker-plugin -flto-partition=none  execution test
FAIL: c-c++-common/asan/swapcontext-test-1.c   -O2 -flto -fuse-linker-plugin -fno-fat-lto-objects  execution test
FAIL: c-c++-common/asan/swapcontext-test-1.c   -O3 -fomit-frame-pointer -funroll-loops -fpeel-loops -ftracer -finline-functions  execution test
FAIL: c-c++-common/asan/swapcontext-test-1.c   -O3 -g  execution test
FAIL: c-c++-common/asan/swapcontext-test-1.c   -Os  execution test
FAIL: g++.dg/asan/deep-thread-stack-1.C   -O0  output pattern test
FAIL: g++.dg/asan/deep-thread-stack-1.C   -O1  output pattern test
FAIL: g++.dg/asan/deep-thread-stack-1.C   -O2  output pattern test
FAIL: g++.dg/asan/deep-thread-stack-1.C   -O2 -flto -fno-use-linker-plugin -flto-partition=none  output pattern test
FAIL: g++.dg/asan/deep-thread-stack-1.C   -O2 -flto -fuse-linker-plugin -fno-fat-lto-objects  output pattern test
FAIL: g++.dg/asan/deep-thread-stack-1.C   -O3 -g  output pattern test
FAIL: g++.dg/asan/deep-thread-stack-1.C   -Os  output pattern test
FAIL: g++.dg/asan/default-options-1.C   -O0  execution test
FAIL: g++.dg/asan/default-options-1.C   -O1  execution test
FAIL: g++.dg/asan/default-options-1.C   -O2  execution test
FAIL: g++.dg/asan/default-options-1.C   -O2 -flto -fno-use-linker-plugin -flto-partition=none  execution test
FAIL: g++.dg/asan/default-options-1.C   -O2 -flto -fuse-linker-plugin -fno-fat-lto-objects  execution test
FAIL: g++.dg/asan/default-options-1.C   -O3 -g  execution test
FAIL: g++.dg/asan/default-options-1.C   -Os  execution test
FAIL: g++.dg/gcov/pr16855-priority.C  -std=gnu++14  gcov: 1 failures in line counts, 0 in branch percentages, 0 in return percentages, 0 in intermediate format
FAIL: g++.dg/gcov/pr16855-priority.C  -std=gnu++14  line 22: is #####:should be 1
FAIL: g++.dg/gcov/pr16855-priority.C  -std=gnu++17  gcov: 1 failures in line counts, 0 in branch percentages, 0 in return percentages, 0 in intermediate format
FAIL: g++.dg/gcov/pr16855-priority.C  -std=gnu++17  line 22: is #####:should be 1
FAIL: g++.dg/gcov/pr16855-priority.C  -std=gnu++2a  gcov: 1 failures in line counts, 0 in branch percentages, 0 in return percentages, 0 in intermediate format
FAIL: g++.dg/gcov/pr16855-priority.C  -std=gnu++2a  line 22: is #####:should be 1
FAIL: g++.dg/gcov/pr16855-priority.C  -std=gnu++98  gcov: 1 failures in line counts, 0 in branch percentages, 0 in return percentages, 0 in intermediate format
FAIL: g++.dg/gcov/pr16855-priority.C  -std=gnu++98  line 22: is #####:should be 1
FAIL: g++.dg/gcov/pr16855.C  -std=gnu++14  gcov: 1 failures in line counts, 0 in branch percentages, 0 in return percentages, 0 in intermediate format
FAIL: g++.dg/gcov/pr16855.C  -std=gnu++14  line 24: is #####:should be 1
FAIL: g++.dg/gcov/pr16855.C  -std=gnu++17  gcov: 1 failures in line counts, 0 in branch percentages, 0 in return percentages, 0 in intermediate format
FAIL: g++.dg/gcov/pr16855.C  -std=gnu++17  line 24: is #####:should be 1
FAIL: g++.dg/gcov/pr16855.C  -std=gnu++2a  gcov: 1 failures in line counts, 0 in branch percentages, 0 in return percentages, 0 in intermediate format
FAIL: g++.dg/gcov/pr16855.C  -std=gnu++2a  line 24: is #####:should be 1
FAIL: g++.dg/gcov/pr16855.C  -std=gnu++98  gcov: 1 failures in line counts, 0 in branch percentages, 0 in return percentages, 0 in intermediate format
FAIL: g++.dg/gcov/pr16855.C  -std=gnu++98  line 24: is #####:should be 1

		=== g++ Summary for unix ===

# of expected passes		192791
# of unexpected failures	45
# of expected failures		980
# of unsupported tests		8808

Running target unix/-m64
FAIL: g++.dg/gcov/pr16855-priority.C  -std=gnu++14  gcov: 1 failures in line counts, 0 in branch percentages, 0 in return percentages, 0 in intermediate format
FAIL: g++.dg/gcov/pr16855-priority.C  -std=gnu++14  line 22: is #####:should be 1
FAIL: g++.dg/gcov/pr16855-priority.C  -std=gnu++17  gcov: 1 failures in line counts, 0 in branch percentages, 0 in return percentages, 0 in intermediate format
FAIL: g++.dg/gcov/pr16855-priority.C  -std=gnu++17  line 22: is #####:should be 1
FAIL: g++.dg/gcov/pr16855-priority.C  -std=gnu++2a  gcov: 1 failures in line counts, 0 in branch percentages, 0 in return percentages, 0 in intermediate format
FAIL: g++.dg/gcov/pr16855-priority.C  -std=gnu++2a  line 22: is #####:should be 1
FAIL: g++.dg/gcov/pr16855-priority.C  -std=gnu++98  gcov: 1 failures in line counts, 0 in branch percentages, 0 in return percentages, 0 in intermediate format
FAIL: g++.dg/gcov/pr16855-priority.C  -std=gnu++98  line 22: is #####:should be 1
FAIL: g++.dg/gcov/pr16855.C  -std=gnu++14  gcov: 1 failures in line counts, 0 in branch percentages, 0 in return percentages, 0 in intermediate format
FAIL: g++.dg/gcov/pr16855.C  -std=gnu++14  line 24: is #####:should be 1
FAIL: g++.dg/gcov/pr16855.C  -std=gnu++17  gcov: 1 failures in line counts, 0 in branch percentages, 0 in return percentages, 0 in intermediate format
FAIL: g++.dg/gcov/pr16855.C  -std=gnu++17  line 24: is #####:should be 1
FAIL: g++.dg/gcov/pr16855.C  -std=gnu++2a  gcov: 1 failures in line counts, 0 in branch percentages, 0 in return percentages, 0 in intermediate format
FAIL: g++.dg/gcov/pr16855.C  -std=gnu++2a  line 24: is #####:should be 1
FAIL: g++.dg/gcov/pr16855.C  -std=gnu++98  gcov: 1 failures in line counts, 0 in branch percentages, 0 in return percentages, 0 in intermediate format
FAIL: g++.dg/gcov/pr16855.C  -std=gnu++98  line 24: is #####:should be 1

		=== g++ Summary for unix/-m64 ===

# of expected passes		193182
# of unexpected failures	16
# of expected failures		984
# of unsupported tests		8761

		=== g++ Summary ===

# of expected passes		385973
# of unexpected failures	61
# of expected failures		1964
# of unsupported tests		17569
/var/gcc/regression/master/11-gcc-gas-gld/build/gcc/xg++  version 11.0.0 20201210 (experimental) [master revision fa4a8b6463e0dbc2a072fca835d28ae7a57849d5] (GCC) 

		=== gcc tests ===


Running target unix
FAIL: gcc.dg/analyzer/malloc-vs-local-1b.c  (test for bogus messages, line 170)
XPASS: gcc.dg/analyzer/pr94851-1.c bogus leak (test for bogus messages, line 43)
XPASS: gcc.dg/analyzer/unknown-fns-4.c  (test for warnings, line 13)
FAIL: c-c++-common/asan/pointer-subtract-3.c   -O0  execution test
FAIL: c-c++-common/asan/pointer-subtract-3.c   -O1  execution test
FAIL: c-c++-common/asan/pointer-subtract-3.c   -O2  execution test
FAIL: c-c++-common/asan/pointer-subtract-3.c   -O2 -flto -fno-use-linker-plugin -flto-partition=none  execution test
FAIL: c-c++-common/asan/pointer-subtract-3.c   -O2 -flto -fuse-linker-plugin -fno-fat-lto-objects  execution test
FAIL: c-c++-common/asan/pointer-subtract-3.c   -O3 -g  execution test
FAIL: c-c++-common/asan/pointer-subtract-3.c   -Os  execution test
FAIL: c-c++-common/asan/swapcontext-test-1.c   -O0  execution test
FAIL: c-c++-common/asan/swapcontext-test-1.c   -O1  execution test
FAIL: c-c++-common/asan/swapcontext-test-1.c   -O2  execution test
FAIL: c-c++-common/asan/swapcontext-test-1.c   -O2 -flto -fno-use-linker-plugin -flto-partition=none  execution test
FAIL: c-c++-common/asan/swapcontext-test-1.c   -O2 -flto -fuse-linker-plugin -fno-fat-lto-objects  execution test
FAIL: c-c++-common/asan/swapcontext-test-1.c   -O3 -fomit-frame-pointer -funroll-loops -fpeel-loops -ftracer -finline-functions  execution test
FAIL: c-c++-common/asan/swapcontext-test-1.c   -O3 -g  execution test
FAIL: c-c++-common/asan/swapcontext-test-1.c   -Os  execution test
FAIL: gcc.dg/atomic/pr65345-4.c   -O2 -flto -fno-use-linker-plugin -flto-partition=none  (internal compiler error)
FAIL: gcc.dg/atomic/pr65345-4.c   -O2 -flto -fno-use-linker-plugin -flto-partition=none  (test for excess errors)
FAIL: gcc.dg/atomic/pr65345-4.c   -O2 -flto -fuse-linker-plugin -fno-fat-lto-objects  (internal compiler error)
FAIL: gcc.dg/atomic/pr65345-4.c   -O2 -flto -fuse-linker-plugin -fno-fat-lto-objects  (test for excess errors)
XPASS: gcc.dg/Walloca-2.c  (test for bogus messages, line 16)
XPASS: gcc.dg/pr78973.c pr79073 (test for warnings, line 12)
FAIL: gcc.dg/ipa/iinline-attr.c scan-ipa-dump inline "hooray[^\\\\n]*inline copy in test"
FAIL: gcc.dg/tree-ssa/scev-3.c scan-tree-dump-times ivopts "&a" 1
FAIL: gcc.dg/tree-ssa/scev-4.c scan-tree-dump-times ivopts "&a" 1
FAIL: gcc.dg/tree-ssa/scev-5.c scan-tree-dump-times ivopts "&a" 1
FAIL: outputs lto st mult dumpdir empty dumpbase named: dir/outputs-1.ltrans0.ltrans_args
FAIL: outputs lto st mult dumpdir named: dir/outputs-ltrans0.ltrans_args
FAIL: outputs lto st mult empty dumpbase namedb: dir/outputs.ltrans0.ltrans_args
FAIL: outputs lto st mult empty dumpbase unnamed: a.ltrans0.ltrans_args
FAIL: outputs lto st mult namedb: dir/outputs.ltrans0.ltrans_args
FAIL: outputs lto st mult unnamed: a.ltrans0.ltrans_args
FAIL: outputs lto st sing dumpdir empty dumpbase named: dir/outputs-0.ltrans0.ltrans_args
FAIL: outputs lto st sing dumpdir named: dir/outputs-ltrans0.ltrans_args
FAIL: outputs lto st sing empty dumpbase namedb: dir/outputs.ltrans0.ltrans_args
FAIL: outputs lto st sing empty dumpbase unnamed: a.ltrans0.ltrans_args
FAIL: outputs lto st sing namedb: dir/outputs.ltrans0.ltrans_args
FAIL: outputs lto st sing unnamed: a.ltrans0.ltrans_args
FAIL: gcc.target/i386/pr78102.c scan-assembler-times pcmpeqq 3
FAIL: gcc.target/i386/pr95021-1.c scan-assembler movq[ \\t]%xmm[0-9]+, \\\\(%esp\\\\)
FAIL: gcc.target/i386/pr95021-3.c scan-assembler movq[ \\t]+[^\\n]*, %xmm

		=== gcc Summary for unix ===

# of expected passes		152795
# of unexpected failures	39
# of unexpected successes	4
# of expected failures		847
# of unsupported tests		3332

Running target unix/-m64
XPASS: gcc.dg/analyzer/pr94851-1.c bogus leak (test for bogus messages, line 43)
FAIL: gcc.dg/atomic/pr65345-4.c   -O2 -flto -fno-use-linker-plugin -flto-partition=none  (internal compiler error)
FAIL: gcc.dg/atomic/pr65345-4.c   -O2 -flto -fno-use-linker-plugin -flto-partition=none  (test for excess errors)
FAIL: gcc.dg/atomic/pr65345-4.c   -O2 -flto -fuse-linker-plugin -fno-fat-lto-objects  (internal compiler error)
FAIL: gcc.dg/atomic/pr65345-4.c   -O2 -flto -fuse-linker-plugin -fno-fat-lto-objects  (test for excess errors)
FAIL: gcc.dg/strcmpopt_8.c scan-tree-dump-not forwprop1 "strncmp"
FAIL: gcc.dg/ipa/iinline-attr.c scan-ipa-dump inline "hooray[^\\\\n]*inline copy in test"
XPASS: gcc.dg/tree-ssa/builtin-snprintf-6.c scan-tree-dump-times optimized "Function test_assign_aggregate" 1
FAIL: outputs lto st mult dumpdir empty dumpbase named: dir/outputs-1.ltrans0.ltrans_args
FAIL: outputs lto st mult dumpdir named: dir/outputs-ltrans0.ltrans_args
FAIL: outputs lto st mult empty dumpbase namedb: dir/outputs.ltrans0.ltrans_args
FAIL: outputs lto st mult empty dumpbase unnamed: a.ltrans0.ltrans_args
FAIL: outputs lto st mult namedb: dir/outputs.ltrans0.ltrans_args
FAIL: outputs lto st mult unnamed: a.ltrans0.ltrans_args
FAIL: outputs lto st sing dumpdir empty dumpbase named: dir/outputs-0.ltrans0.ltrans_args
FAIL: outputs lto st sing dumpdir named: dir/outputs-ltrans0.ltrans_args
FAIL: outputs lto st sing empty dumpbase namedb: dir/outputs.ltrans0.ltrans_args
FAIL: outputs lto st sing empty dumpbase unnamed: a.ltrans0.ltrans_args
FAIL: outputs lto st sing namedb: dir/outputs.ltrans0.ltrans_args
FAIL: outputs lto st sing unnamed: a.ltrans0.ltrans_args
FAIL: gcc.target/i386/pr78102.c scan-assembler-times pcmpeqq 3

		=== gcc Summary for unix/-m64 ===

# of expected passes		153561
# of unexpected failures	19
# of unexpected successes	2
# of expected failures		836
# of unsupported tests		2651

		=== gcc Summary ===

# of expected passes		306356
# of unexpected failures	58
# of unexpected successes	6
# of expected failures		1683
# of unsupported tests		5983
/var/gcc/regression/master/11-gcc-gas-gld/build/gcc/xgcc  version 11.0.0 20201210 (experimental) [master revision fa4a8b6463e0dbc2a072fca835d28ae7a57849d5] (GCC) 

		=== gdc tests ===


Running target unix

		=== gdc Summary for unix ===

# of expected passes		9768
# of unsupported tests		331

Running target unix/-m64

		=== gdc Summary for unix/-m64 ===

# of expected passes		9767
# of unsupported tests		331

		=== gdc Summary ===

# of expected passes		19535
# of unsupported tests		662
/var/gcc/regression/master/11-gcc-gas-gld/build/gcc/gdc  version 11.0.0 20201210 (experimental) [master revision fa4a8b6463e0dbc2a072fca835d28ae7a57849d5] (GCC) 

		=== gfortran tests ===


Running target unix
FAIL: gfortran.dg/default_format_1.f90   -O0  execution test
FAIL: gfortran.dg/default_format_1.f90   -O1  execution test
FAIL: gfortran.dg/default_format_1.f90   -O2  execution test
FAIL: gfortran.dg/default_format_1.f90   -O3 -fomit-frame-pointer -funroll-loops -fpeel-loops -ftracer -finline-functions  execution test
FAIL: gfortran.dg/default_format_1.f90   -O3 -g  execution test
FAIL: gfortran.dg/default_format_1.f90   -Os  execution test
FAIL: gfortran.dg/fmt_g0_1.f08   -O0  execution test
FAIL: gfortran.dg/fmt_g0_1.f08   -O1  execution test
FAIL: gfortran.dg/fmt_g0_1.f08   -O2  execution test
FAIL: gfortran.dg/fmt_g0_1.f08   -O3 -fomit-frame-pointer -funroll-loops -fpeel-loops -ftracer -finline-functions  execution test
FAIL: gfortran.dg/fmt_g0_1.f08   -O3 -g  execution test
FAIL: gfortran.dg/fmt_g0_1.f08   -Os  execution test
FAIL: gfortran.dg/round_4.f90   -O0  execution test
FAIL: gfortran.dg/round_4.f90   -O1  execution test
FAIL: gfortran.dg/round_4.f90   -O2  execution test
FAIL: gfortran.dg/round_4.f90   -O3 -fomit-frame-pointer -funroll-loops -fpeel-loops -ftracer -finline-functions  execution test
FAIL: gfortran.dg/round_4.f90   -O3 -g  execution test
FAIL: gfortran.dg/round_4.f90   -Os  execution test

		=== gfortran Summary for unix ===

# of expected passes		55544
# of unexpected failures	18
# of expected failures		234
# of unsupported tests		212

Running target unix/-m64

		=== gfortran Summary for unix/-m64 ===

# of expected passes		55799
# of expected failures		232
# of unsupported tests		97

		=== gfortran Summary ===

# of expected passes		111343
# of unexpected failures	18
# of expected failures		466
# of unsupported tests		309
/var/gcc/regression/master/11-gcc-gas-gld/build/gcc/gfortran  version 11.0.0 20201210 (experimental) [master revision fa4a8b6463e0dbc2a072fca835d28ae7a57849d5] (GCC) 

		=== gnat tests ===


Running target unix

		=== gnat Summary for unix ===

# of expected passes		3341
# of expected failures		23
# of unsupported tests		9

Running target unix/-m64

		=== gnat Summary for unix/-m64 ===

# of expected passes		3339
# of expected failures		23
# of unsupported tests		9

		=== gnat Summary ===

# of expected passes		6680
# of expected failures		46
# of unsupported tests		18
/var/gcc/regression/master/11-gcc-gas-gld/build/gcc/gnatmake version 11.0.0 20201210 (experimental) [master revision fa4a8b6463e0dbc2a072fca835d28ae7a57849d5]

		=== go tests ===


Running target unix
FAIL: ./index0-out.go execution,  -O0 -g -fno-var-tracking-assignments 
FAIL: issue4458.go   -O   (test for errors, line 19)
FAIL: issue4458.go   -O  (test for excess errors)

		=== go Summary for unix ===

# of expected passes		7598
# of unexpected failures	3
# of untested testcases		10
# of unsupported tests		7

Running target unix/-m64
FAIL: ./index0-out.go execution,  -O0 -g -fno-var-tracking-assignments 
WARNING: go.test/test/cmplxdivide.go program timed out.
FAIL: go.test/test/cmplxdivide.go
FAIL: issue4458.go   -O   (test for errors, line 19)
FAIL: issue4458.go   -O  (test for excess errors)

		=== go Summary for unix/-m64 ===

# of expected passes		7477
# of unexpected failures	4
# of untested testcases		10
# of unsupported tests		7

		=== go Summary ===

# of expected passes		15075
# of unexpected failures	7
# of untested testcases		20
# of unsupported tests		14
/var/gcc/regression/master/11-gcc-gas-gld/build/gcc/gccgo  version 11.0.0 20201210 (experimental) [master revision fa4a8b6463e0dbc2a072fca835d28ae7a57849d5] (GCC) 

		=== obj-c++ tests ===


Running target unix

		=== obj-c++ Summary for unix ===

# of expected passes		1489
# of expected failures		2
# of unsupported tests		77

Running target unix/-m64

		=== obj-c++ Summary for unix/-m64 ===

# of expected passes		1481
# of expected failures		10
# of unsupported tests		77

		=== obj-c++ Summary ===

# of expected passes		2970
# of expected failures		12
# of unsupported tests		154
/var/gcc/regression/master/11-gcc-gas-gld/build/gcc/xg++  version 11.0.0 20201210 (experimental) [master revision fa4a8b6463e0dbc2a072fca835d28ae7a57849d5] (GCC) 

		=== objc tests ===


Running target unix

		=== objc Summary for unix ===

# of expected passes		2819
# of expected failures		6
# of unsupported tests		68

Running target unix/-m64

		=== objc Summary for unix/-m64 ===

# of expected passes		2819
# of expected failures		6
# of unsupported tests		68

		=== objc Summary ===

# of expected passes		5638
# of expected failures		12
# of unsupported tests		136
/var/gcc/regression/master/11-gcc-gas-gld/build/gcc/xgcc  version 11.0.0 20201210 (experimental) [master revision fa4a8b6463e0dbc2a072fca835d28ae7a57849d5] (GCC) 

		=== gotools tests ===

FAIL: TestScript
FAIL: go test cmd/go
FAIL: TestAbort
FAIL: TestMemmoveAtomicity
FAIL: TestSelectStackAdjust
FAIL: go test runtime
FAIL: Test4029
FAIL: go test misc/cgo/test

		=== gotools Summary ===
# of expected passes		369
# of unexpected failures	8
# of untested testcases		122
/var/gcc/regression/master/11-gcc-gas-gld/build/./gcc/gccgo version 11.0.0 20201210 (experimental) [master revision fa4a8b6463e0dbc2a072fca835d28ae7a57849d5] (GCC)

		=== libatomic tests ===


Running target unix

		=== libatomic Summary for unix ===

# of expected passes		44
# of unsupported tests		5

Running target unix/-m64

		=== libatomic Summary for unix/-m64 ===

# of expected passes		54

		=== libatomic Summary ===

# of expected passes		98
# of unsupported tests		5
		=== libffi tests ===


Running target unix

		=== libffi Summary for unix ===

# of expected passes		2799

Running target unix/-m64

		=== libffi Summary for unix/-m64 ===

# of expected passes		2214

		=== libffi Summary ===

# of expected passes		5013
		=== libgo tests ===


Running target unix
FAIL: runtime
FAIL: time

		=== libgo Summary for unix ===

# of expected passes		174
# of unexpected failures	2

Running target unix/-m64

		=== libgo Summary for unix/-m64 ===

# of expected passes		176

		=== libgo Summary ===

# of expected passes		350
# of unexpected failures	2
/var/gcc/regression/master/11-gcc-gas-gld/build/./gcc/gccgo version 11.0.0 20201210 (experimental) [master revision fa4a8b6463e0dbc2a072fca835d28ae7a57849d5] (GCC)

		=== libgomp tests ===


Running target unix

		=== libgomp Summary for unix ===

# of expected passes		8155
# of expected failures		6
# of unsupported tests		549

Running target unix/-m64

		=== libgomp Summary for unix/-m64 ===

# of expected passes		8156
# of expected failures		6
# of unsupported tests		548

		=== libgomp Summary ===

# of expected passes		16311
# of expected failures		12
# of unsupported tests		1097
		=== libitm tests ===


Running target unix

		=== libitm Summary for unix ===

# of expected passes		42
# of expected failures		3
# of unsupported tests		1

Running target unix/-m64

		=== libitm Summary for unix/-m64 ===

# of expected passes		42
# of expected failures		3
# of unsupported tests		1

		=== libitm Summary ===

# of expected passes		84
# of expected failures		6
# of unsupported tests		2
		=== libphobos tests ===


Running target unix
FAIL: libphobos.druntime_shared/core/thread.d execution test
FAIL: libphobos.phobos_shared/std/datetime/systime.d execution test
FAIL: libphobos.phobos_shared/std/datetime/timezone.d execution test
FAIL: libphobos.phobos_shared/std/format.d execution test
FAIL: libphobos.phobos_shared/std/math.d execution test
FAIL: libphobos.phobos_shared/std/parallelism.d execution test
FAIL: libphobos.shared/finalize.d -shared-libphobos -ldl execution test
FAIL: libphobos.shared/linkD.c lib.so -ldl -pthread execution test
FAIL: libphobos.shared/load.d -shared-libphobos -ldl execution test
FAIL: libphobos.shared/load_13414.d -shared-libphobos -ldl execution test

		=== libphobos Summary for unix ===

# of expected passes		414
# of unexpected failures	10

Running target unix/-m64
FAIL: libphobos.druntime_shared/core/thread.d execution test
FAIL: libphobos.phobos_shared/std/datetime/systime.d execution test
FAIL: libphobos.phobos_shared/std/datetime/timezone.d execution test
FAIL: libphobos.phobos_shared/std/format.d execution test
FAIL: libphobos.phobos_shared/std/math.d execution test
FAIL: libphobos.phobos_shared/std/parallelism.d execution test
FAIL: libphobos.shared/finalize.d -shared-libphobos -ldl execution test
FAIL: libphobos.shared/load.d -shared-libphobos -ldl execution test
FAIL: libphobos.shared/load_13414.d -shared-libphobos -ldl execution test

		=== libphobos Summary for unix/-m64 ===

# of expected passes		415
# of unexpected failures	9

		=== libphobos Summary ===

# of expected passes		829
# of unexpected failures	19
		=== libstdc++ tests ===


Running target unix
FAIL: 30_threads/future/members/poll.cc execution test
FAIL: ext/random/k_distribution/operators/serialize.cc execution test

		=== libstdc++ Summary for unix ===

# of expected passes		14585
# of unexpected failures	2
# of expected failures		104
# of unsupported tests		712

Running target unix/-m64
FAIL: 30_threads/future/members/poll.cc execution test

		=== libstdc++ Summary for unix/-m64 ===

# of expected passes		14574
# of unexpected failures	1
# of expected failures		104
# of unsupported tests		718

		=== libstdc++ Summary ===

# of expected passes		29159
# of unexpected failures	3
# of expected failures		208
# of unsupported tests		1430

Compiler version: 11.0.0 20201210 (experimental) [master revision fa4a8b6463e0dbc2a072fca835d28ae7a57849d5] (GCC) 
Platform: i386-pc-solaris2.11
configure flags: --prefix=/vol/gcc --target=i386-pc-solaris2.11 --enable-objc-gc --with-target-bdw-gc-include=/vol/gcc/include --with-target-bdw-gc-lib=/vol/gcc/lib,amd64=/vol/gcc/lib/amd64 --with-as=/vol/gcc/bin/gas-2.35 --with-gnu-as --with-ld=/vol/gcc/bin/gld-2.35 --with-gnu-ld --with-gmp-include=/vol/gcc/include --with-gmp-lib=/vol/gcc/lib --with-mpfr-include=/vol/gcc/include --with-mpfr-lib=/vol/gcc/lib --with-mpc-include=/vol/gcc/include --with-mpc-lib=/vol/gcc/lib --enable-languages=all,ada,obj-c++,go --with-isl-include=/vol/gcc/include --with-isl-lib=/vol/gcc/lib --with-zstd-include=/vol/gcc/include --with-zstd-lib=/vol/gcc/lib --build=i386-pc-solaris2.11 --host=i386-pc-solaris2.11
BOOT_CFLAGS=-g -O2


More information about the Gcc-testresults mailing list