Results for 11.0.0 (DEFMODE=default DEFCPU=default DEFFPU=default TESTFLAGS=) [r11-5949] (GCC) testsuite on aarch64-none-elf

Christophe LYON christophe.lyon@st.com
Sat Dec 12 13:22:20 GMT 2020


LAST_UPDATED: Sat Dec 12 11:39:37 UTC 2020 (revision r11-5949-g35af87784e02c8c89f020092d91858fe066788f0) TARGET=aarch64-none-elf CPU=default FPU=default MODE=default

Target is aarch64-none-elf
Host   is aarch64-none-elf

		=== libstdc++ tests ===


Running target aarch64-none-elf-foundation
XPASS: 21_strings/basic_string/numeric_conversions/char/stod.cc execution test
XPASS: 21_strings/basic_string/numeric_conversions/wchar_t/stod.cc execution test
FAIL: 22_locale/money_get/get/char/5.cc execution test
FAIL: 22_locale/money_get/get/wchar_t/5.cc execution test
FAIL: 22_locale/num_get/get/char/39168.cc execution test
FAIL: 22_locale/num_get/get/char/4.cc execution test
FAIL: 22_locale/num_get/get/wchar_t/39168.cc execution test
FAIL: 22_locale/num_get/get/wchar_t/4.cc execution test
FAIL: 26_numerics/complex/inserters_extractors/char/1.cc execution test
FAIL: 26_numerics/complex/inserters_extractors/wchar_t/1.cc execution test
FAIL: 26_numerics/complex/proj.cc execution test
FAIL: 27_io/basic_istream/extractors_arithmetic/char/01.cc execution test
FAIL: 27_io/basic_istream/extractors_arithmetic/char/12.cc execution test
FAIL: 27_io/basic_istream/extractors_arithmetic/wchar_t/01.cc execution test
FAIL: 27_io/basic_istream/extractors_arithmetic/wchar_t/12.cc execution test
FAIL: experimental/net/headers.cc (test for excess errors)
FAIL: experimental/net/internet/address/v4/comparisons.cc (test for excess errors)
UNRESOLVED: experimental/net/internet/address/v4/comparisons.cc compilation failed to produce executable
FAIL: experimental/net/internet/address/v4/cons.cc (test for excess errors)
UNRESOLVED: experimental/net/internet/address/v4/cons.cc compilation failed to produce executable
FAIL: experimental/net/internet/address/v4/creation.cc (test for excess errors)
UNRESOLVED: experimental/net/internet/address/v4/creation.cc compilation failed to produce executable
FAIL: experimental/net/internet/address/v4/members.cc (test for excess errors)
UNRESOLVED: experimental/net/internet/address/v4/members.cc compilation failed to produce executable
FAIL: experimental/net/internet/resolver/base.cc (test for excess errors)
UNRESOLVED: experimental/net/internet/resolver/base.cc compilation failed to produce executable
FAIL: experimental/net/internet/resolver/ops/lookup.cc (test for excess errors)
UNRESOLVED: experimental/net/internet/resolver/ops/lookup.cc compilation failed to produce executable
FAIL: experimental/net/internet/resolver/ops/reverse.cc (test for excess errors)
UNRESOLVED: experimental/net/internet/resolver/ops/reverse.cc compilation failed to produce executable
FAIL: experimental/net/socket/basic_socket.cc (test for excess errors)
FAIL: experimental/net/timer/waitable/cons.cc (test for excess errors)
UNRESOLVED: experimental/net/timer/waitable/cons.cc compilation failed to produce executable
FAIL: experimental/net/timer/waitable/dest.cc (test for excess errors)
UNRESOLVED: experimental/net/timer/waitable/dest.cc compilation failed to produce executable
FAIL: experimental/net/timer/waitable/ops.cc (test for excess errors)
UNRESOLVED: experimental/net/timer/waitable/ops.cc compilation failed to produce executable

		=== libstdc++ Summary ===

# of expected passes		12564
# of unexpected failures	25
# of unexpected successes	2
# of expected failures		107
# of unresolved testcases	10
# of unsupported tests		907
Host   is x86_64-pc-linux-gnu

		=== gcc tests ===


Running target aarch64-none-elf-foundation
FAIL: gcc.c-torture/execute/alias-2.c   -O1  execution test
FAIL: gcc.c-torture/execute/alias-2.c   -O2  execution test
FAIL: gcc.c-torture/execute/alias-2.c   -O2 -flto -fno-use-linker-plugin -flto-partition=none  execution test
FAIL: gcc.c-torture/execute/alias-2.c   -O3 -g  execution test
FAIL: gcc.c-torture/execute/alias-2.c   -Os  execution test
XPASS: gcc.dg/analyzer/feasibility-1.c  (test for warnings, line 58)
FAIL: gcc.dg/analyzer/malloc-vs-local-1b.c  (test for bogus messages, line 170)
XPASS: gcc.dg/analyzer/pr94851-1.c bogus leak (test for bogus messages, line 43)
FAIL: gcc.dg/Wstringop-overflow-47.c  (test for warnings, line 32)
FAIL: gcc.dg/Wstringop-overflow-47.c  (test for warnings, line 37)
FAIL: gcc.dg/Wstringop-overflow-47.c note (test for warnings, line 29)
FAIL: gcc.target/aarch64/insv_1.c scan-assembler bfi\\tx[0-9]+, x[0-9]+, 0, 8
FAIL: gcc.target/aarch64/insv_1.c scan-assembler bfi\\tx[0-9]+, x[0-9]+, 16, 5
UNRESOLVED: gcc.target/aarch64/pr70044.c scan-lto-assembler (mov|add)\\tx29, sp
FAIL: gcc.target/aarch64/sve/slp_perm_1.c -march=armv8.2-a+sve  scan-assembler-times \\\\trevb\\\\tz[0-9]+\\\\.d, p[0-7]/m, z[0-9]+\\\\.d\\\\n 1
FAIL: gcc.target/aarch64/sve/slp_perm_2.c -march=armv8.2-a+sve  scan-assembler-times \\\\trevb\\\\tz[0-9]+\\\\.s, p[0-7]/m, z[0-9]+\\\\.s\\\\n 1
FAIL: gcc.target/aarch64/sve/slp_perm_3.c -march=armv8.2-a+sve  scan-assembler-times \\\\trevb\\\\tz[0-9]+\\\\.h, p[0-7]/m, z[0-9]+\\\\.h\\\\n 1
FAIL: gcc.target/aarch64/sve/slp_perm_6.c -march=armv8.2-a+sve  scan-assembler-times \\\\ttbl\\\\tz[0-9]+\\\\.b, z[0-9]+\\\\.b, z[0-9]+\\\\.b\\\\n 1
FAIL: gcc.target/aarch64/sve/vcond_3.c -march=armv8.2-a+sve  scan-assembler-times \\\\tmov\\\\tz[0-9]+\\\\.[hsd], p[0-7]/z, #-32768\\\\n 3
FAIL: gcc.target/aarch64/sve/vcond_3.c -march=armv8.2-a+sve  scan-assembler-times \\\\tmov\\\\tz[0-9]+\\\\.[hsd], p[0-7]/z, #256\\\\n 3
FAIL: gcc.target/aarch64/sve/vcond_3.c -march=armv8.2-a+sve  scan-assembler-times \\\\tmov\\\\tz[0-9]+\\\\.[hsd], p[0-7]/z, #2\\\\n 3
FAIL: gcc.target/aarch64/sve/vcond_3.c -march=armv8.2-a+sve  scan-assembler-times \\\\tmov\\\\tz[0-9]+\\\\.b, p[0-7]/z, #-128\\\\n 1
FAIL: gcc.target/aarch64/sve/vcond_3.c -march=armv8.2-a+sve  scan-assembler-times \\\\tmov\\\\tz[0-9]+\\\\.b, p[0-7]/z, #2\\\\n 1
FAIL: gcc.target/aarch64/sve/acle/asm/cvt_bf16.c  -std=c11 -O3 -g -DTEST_FULL (test for excess errors)
FAIL: gcc.target/aarch64/sve/acle/asm/cvt_bf16.c  -std=c11 -O3 -g -DTEST_OVERLOADS (test for excess errors)
FAIL: gcc.target/aarch64/sve/acle/asm/cvt_bf16.c  -std=c90 -O0 -g -DTEST_FULL (test for excess errors)
FAIL: gcc.target/aarch64/sve/acle/asm/cvt_bf16.c  -std=c90 -O0 -g -DTEST_OVERLOADS (test for excess errors)
FAIL: gcc.target/aarch64/sve/acle/asm/cvt_bf16.c  -std=c90 -O1 -g -DTEST_FULL (test for excess errors)
FAIL: gcc.target/aarch64/sve/acle/asm/cvt_bf16.c  -std=c90 -O1 -g -DTEST_OVERLOADS (test for excess errors)
FAIL: gcc.target/aarch64/sve/acle/asm/cvt_bf16.c  -std=c99 -O2 -g -DTEST_FULL (test for excess errors)
FAIL: gcc.target/aarch64/sve/acle/asm/cvt_bf16.c  -std=c99 -O2 -g -DTEST_OVERLOADS (test for excess errors)
FAIL: gcc.target/aarch64/sve/acle/asm/cvt_bf16.c  -std=gnu11 -Os -g -DTEST_FULL (test for excess errors)
FAIL: gcc.target/aarch64/sve/acle/asm/cvt_bf16.c  -std=gnu11 -Os -g -DTEST_OVERLOADS (test for excess errors)
FAIL: gcc.target/aarch64/sve/acle/asm/cvt_bf16.c  -std=gnu90 -O2 -fno-schedule-insns -DCHECK_ASM --save-temps -DTEST_FULL (test for excess errors)
FAIL: gcc.target/aarch64/sve/acle/asm/cvt_bf16.c  -std=gnu90 -O2 -fno-schedule-insns -DCHECK_ASM --save-temps -DTEST_OVERLOADS (test for excess errors)
FAIL: gcc.target/aarch64/sve/acle/asm/cvt_bf16.c  -std=gnu99 -Ofast -g -DTEST_FULL (test for excess errors)
FAIL: gcc.target/aarch64/sve/acle/asm/cvt_bf16.c  -std=gnu99 -Ofast -g -DTEST_OVERLOADS (test for excess errors)

		=== gcc Summary ===

# of expected passes		242641
# of unexpected failures	34
# of unexpected successes	2
# of expected failures		1901
# of unresolved testcases	1
# of unsupported tests		4045
/tmp/964652_39.tmpdir/aci-gcc-fsf/builds/gcc-fsf-gccsrc/obj-aarch64-none-elf/gcc3/gcc/xgcc  version 11.0.0  (DEFMODE=default DEFCPU=default DEFFPU=default TESTFLAGS=) [r11-5949] (GCC) 

Host   is x86_64-pc-linux-gnu

		=== g++ tests ===


Running target aarch64-none-elf-foundation
UNRESOLVED: c-c++-common/restrict-1.c  -std=gnu++14  scan-tree-dump-not optimized "link_error"
UNRESOLVED: c-c++-common/restrict-1.c  -std=gnu++17  scan-tree-dump-not optimized "link_error"
UNRESOLVED: c-c++-common/restrict-1.c  -std=gnu++2a  scan-tree-dump-not optimized "link_error"
UNRESOLVED: c-c++-common/restrict-1.c  -std=gnu++98  scan-tree-dump-not optimized "link_error"
FAIL: g++.dg/abi/pure-virtual1.C  -std=c++14 (test for excess errors)
FAIL: g++.dg/abi/pure-virtual1.C  -std=c++17 (test for excess errors)
FAIL: g++.dg/abi/pure-virtual1.C  -std=c++2a (test for excess errors)
FAIL: g++.dg/abi/pure-virtual1.C  -std=c++98 (test for excess errors)
XPASS: g++.dg/cpp0x/constexpr-52830.C  -std=c++14 (internal compiler error)
XPASS: g++.dg/cpp0x/constexpr-52830.C  -std=c++17 (internal compiler error)
XPASS: g++.dg/cpp0x/constexpr-52830.C  -std=c++2a (internal compiler error)
UNRESOLVED: g++.dg/cpp0x/constexpr-static.C  -std=gnu++14  scan-assembler-not static_initialization
UNRESOLVED: g++.dg/cpp0x/constexpr-static.C  -std=gnu++17  scan-assembler-not static_initialization
UNRESOLVED: g++.dg/cpp0x/constexpr-static.C  -std=gnu++2a  scan-assembler-not static_initialization
UNRESOLVED: g++.dg/cpp0x/constexpr-static3.C  -std=gnu++14  scan-assembler-not static_initialization
UNRESOLVED: g++.dg/cpp0x/constexpr-static3.C  -std=gnu++17  scan-assembler-not static_initialization
UNRESOLVED: g++.dg/cpp0x/constexpr-static3.C  -std=gnu++2a  scan-assembler-not static_initialization
UNRESOLVED: g++.dg/cpp0x/explicit12.C  -std=gnu++14  scan-assembler-not _ZN1AIiEC1Ev
UNRESOLVED: g++.dg/cpp0x/explicit12.C  -std=gnu++17  scan-assembler-not _ZN1AIiEC1Ev
UNRESOLVED: g++.dg/cpp0x/explicit12.C  -std=gnu++2a  scan-assembler-not _ZN1AIiEC1Ev
UNRESOLVED: g++.dg/cpp0x/pr77907.C  -std=gnu++14  scan-assembler-not static_initialization
UNRESOLVED: g++.dg/cpp0x/pr77907.C  -std=gnu++17  scan-assembler-not static_initialization
UNRESOLVED: g++.dg/cpp0x/pr77907.C  -std=gnu++2a  scan-assembler-not static_initialization
UNRESOLVED: g++.dg/ext/label13a.C  -std=gnu++14  scan-assembler _ZN1CC4Ev
UNRESOLVED: g++.dg/ext/label13a.C  -std=gnu++17  scan-assembler _ZN1CC4Ev
UNRESOLVED: g++.dg/ext/label13a.C  -std=gnu++2a  scan-assembler _ZN1CC4Ev
UNRESOLVED: g++.dg/ext/label13a.C  -std=gnu++98  scan-assembler _ZN1CC4Ev
UNRESOLVED: g++.dg/ipa/devirt-1.C  -std=gnu++14  scan-ipa-dump cp "Discovered a virtual call to a known target.*B::foo"
UNRESOLVED: g++.dg/ipa/devirt-1.C  -std=gnu++14  scan-tree-dump-times optimized "OBJ_TYPE_REF" 0
UNRESOLVED: g++.dg/ipa/devirt-1.C  -std=gnu++17  scan-ipa-dump cp "Discovered a virtual call to a known target.*B::foo"
UNRESOLVED: g++.dg/ipa/devirt-1.C  -std=gnu++17  scan-tree-dump-times optimized "OBJ_TYPE_REF" 0
UNRESOLVED: g++.dg/ipa/devirt-1.C  -std=gnu++2a  scan-ipa-dump cp "Discovered a virtual call to a known target.*B::foo"
UNRESOLVED: g++.dg/ipa/devirt-1.C  -std=gnu++2a  scan-tree-dump-times optimized "OBJ_TYPE_REF" 0
UNRESOLVED: g++.dg/ipa/devirt-1.C  -std=gnu++98  scan-ipa-dump cp "Discovered a virtual call to a known target.*B::foo"
UNRESOLVED: g++.dg/ipa/devirt-1.C  -std=gnu++98  scan-tree-dump-times optimized "OBJ_TYPE_REF" 0
UNRESOLVED: g++.dg/ipa/devirt-13.C  -std=gnu++14  scan-tree-dump-times ssa "OBJ_TYPE_REF" 0
UNRESOLVED: g++.dg/ipa/devirt-13.C  -std=gnu++17  scan-tree-dump-times ssa "OBJ_TYPE_REF" 0
UNRESOLVED: g++.dg/ipa/devirt-13.C  -std=gnu++2a  scan-tree-dump-times ssa "OBJ_TYPE_REF" 0
UNRESOLVED: g++.dg/ipa/devirt-13.C  -std=gnu++98  scan-tree-dump-times ssa "OBJ_TYPE_REF" 0
UNRESOLVED: g++.dg/ipa/devirt-14.C  -std=gnu++14  scan-tree-dump-not ssa "A::foo"
UNRESOLVED: g++.dg/ipa/devirt-14.C  -std=gnu++17  scan-tree-dump-not ssa "A::foo"
UNRESOLVED: g++.dg/ipa/devirt-14.C  -std=gnu++2a  scan-tree-dump-not ssa "A::foo"
UNRESOLVED: g++.dg/ipa/devirt-14.C  -std=gnu++98  scan-tree-dump-not ssa "A::foo"
UNRESOLVED: g++.dg/ipa/devirt-2.C  -std=gnu++14  scan-ipa-dump cp "Discovered a virtual call to a known target.*B::foo"
UNRESOLVED: g++.dg/ipa/devirt-2.C  -std=gnu++17  scan-ipa-dump cp "Discovered a virtual call to a known target.*B::foo"
UNRESOLVED: g++.dg/ipa/devirt-2.C  -std=gnu++2a  scan-ipa-dump cp "Discovered a virtual call to a known target.*B::foo"
UNRESOLVED: g++.dg/ipa/devirt-2.C  -std=gnu++98  scan-ipa-dump cp "Discovered a virtual call to a known target.*B::foo"
UNRESOLVED: g++.dg/ipa/devirt-21.C  -std=gnu++14  scan-ipa-dump cp "Discovered a virtual call to"
UNRESOLVED: g++.dg/ipa/devirt-21.C  -std=gnu++17  scan-ipa-dump cp "Discovered a virtual call to"
UNRESOLVED: g++.dg/ipa/devirt-21.C  -std=gnu++2a  scan-ipa-dump cp "Discovered a virtual call to"
UNRESOLVED: g++.dg/ipa/devirt-21.C  -std=gnu++98  scan-ipa-dump cp "Discovered a virtual call to"
UNRESOLVED: g++.dg/ipa/devirt-23.C  -std=gnu++14  scan-ipa-dump cp "Discovered a virtual call to"
UNRESOLVED: g++.dg/ipa/devirt-23.C  -std=gnu++17  scan-ipa-dump cp "Discovered a virtual call to"
UNRESOLVED: g++.dg/ipa/devirt-23.C  -std=gnu++2a  scan-ipa-dump cp "Discovered a virtual call to"
UNRESOLVED: g++.dg/ipa/devirt-23.C  -std=gnu++98  scan-ipa-dump cp "Discovered a virtual call to"
UNRESOLVED: g++.dg/ipa/devirt-3.C  -std=gnu++14  scan-ipa-dump cp "Discovered a virtual call to a known target.*B::foo"
UNRESOLVED: g++.dg/ipa/devirt-3.C  -std=gnu++14  scan-tree-dump-times optimized "OBJ_TYPE_REF" 0
UNRESOLVED: g++.dg/ipa/devirt-3.C  -std=gnu++17  scan-ipa-dump cp "Discovered a virtual call to a known target.*B::foo"
UNRESOLVED: g++.dg/ipa/devirt-3.C  -std=gnu++17  scan-tree-dump-times optimized "OBJ_TYPE_REF" 0
UNRESOLVED: g++.dg/ipa/devirt-3.C  -std=gnu++2a  scan-ipa-dump cp "Discovered a virtual call to a known target.*B::foo"
UNRESOLVED: g++.dg/ipa/devirt-3.C  -std=gnu++2a  scan-tree-dump-times optimized "OBJ_TYPE_REF" 0
UNRESOLVED: g++.dg/ipa/devirt-3.C  -std=gnu++98  scan-ipa-dump cp "Discovered a virtual call to a known target.*B::foo"
UNRESOLVED: g++.dg/ipa/devirt-3.C  -std=gnu++98  scan-tree-dump-times optimized "OBJ_TYPE_REF" 0
UNRESOLVED: g++.dg/ipa/devirt-4.C  -std=gnu++14  scan-ipa-dump cp "Discovered a virtual call to a known target.*B::foo"
UNRESOLVED: g++.dg/ipa/devirt-4.C  -std=gnu++14  scan-tree-dump-times optimized "OBJ_TYPE_REF" 0
UNRESOLVED: g++.dg/ipa/devirt-4.C  -std=gnu++17  scan-ipa-dump cp "Discovered a virtual call to a known target.*B::foo"
UNRESOLVED: g++.dg/ipa/devirt-4.C  -std=gnu++17  scan-tree-dump-times optimized "OBJ_TYPE_REF" 0
UNRESOLVED: g++.dg/ipa/devirt-4.C  -std=gnu++2a  scan-ipa-dump cp "Discovered a virtual call to a known target.*B::foo"
UNRESOLVED: g++.dg/ipa/devirt-4.C  -std=gnu++2a  scan-tree-dump-times optimized "OBJ_TYPE_REF" 0
UNRESOLVED: g++.dg/ipa/devirt-4.C  -std=gnu++98  scan-ipa-dump cp "Discovered a virtual call to a known target.*B::foo"
UNRESOLVED: g++.dg/ipa/devirt-4.C  -std=gnu++98  scan-tree-dump-times optimized "OBJ_TYPE_REF" 0
UNRESOLVED: g++.dg/ipa/devirt-5.C  -std=gnu++14  scan-ipa-dump cp "Discovered a virtual call to a known target.*B::foo"
UNRESOLVED: g++.dg/ipa/devirt-5.C  -std=gnu++14  scan-tree-dump-times optimized "OBJ_TYPE_REF" 0
UNRESOLVED: g++.dg/ipa/devirt-5.C  -std=gnu++17  scan-ipa-dump cp "Discovered a virtual call to a known target.*B::foo"
UNRESOLVED: g++.dg/ipa/devirt-5.C  -std=gnu++17  scan-tree-dump-times optimized "OBJ_TYPE_REF" 0
UNRESOLVED: g++.dg/ipa/devirt-5.C  -std=gnu++2a  scan-ipa-dump cp "Discovered a virtual call to a known target.*B::foo"
UNRESOLVED: g++.dg/ipa/devirt-5.C  -std=gnu++2a  scan-tree-dump-times optimized "OBJ_TYPE_REF" 0
UNRESOLVED: g++.dg/ipa/devirt-5.C  -std=gnu++98  scan-ipa-dump cp "Discovered a virtual call to a known target.*B::foo"
UNRESOLVED: g++.dg/ipa/devirt-5.C  -std=gnu++98  scan-tree-dump-times optimized "OBJ_TYPE_REF" 0
UNRESOLVED: g++.dg/ipa/devirt-7.C  -std=gnu++14  scan-ipa-dump cp "Discovered a virtual call to a known target.*B::foo"
UNRESOLVED: g++.dg/ipa/devirt-7.C  -std=gnu++17  scan-ipa-dump cp "Discovered a virtual call to a known target.*B::foo"
UNRESOLVED: g++.dg/ipa/devirt-7.C  -std=gnu++2a  scan-ipa-dump cp "Discovered a virtual call to a known target.*B::foo"
UNRESOLVED: g++.dg/ipa/devirt-7.C  -std=gnu++98  scan-ipa-dump cp "Discovered a virtual call to a known target.*B::foo"
UNRESOLVED: g++.dg/ipa/devirt-c-1.C  -std=gnu++14  scan-ipa-dump cp "Discovered a virtual call to a known target.*A::foo"
UNRESOLVED: g++.dg/ipa/devirt-c-1.C  -std=gnu++14  scan-tree-dump-times optimized "OBJ_TYPE_REF" 0
UNRESOLVED: g++.dg/ipa/devirt-c-1.C  -std=gnu++17  scan-ipa-dump cp "Discovered a virtual call to a known target.*A::foo"
UNRESOLVED: g++.dg/ipa/devirt-c-1.C  -std=gnu++17  scan-tree-dump-times optimized "OBJ_TYPE_REF" 0
UNRESOLVED: g++.dg/ipa/devirt-c-1.C  -std=gnu++2a  scan-ipa-dump cp "Discovered a virtual call to a known target.*A::foo"
UNRESOLVED: g++.dg/ipa/devirt-c-1.C  -std=gnu++2a  scan-tree-dump-times optimized "OBJ_TYPE_REF" 0
UNRESOLVED: g++.dg/ipa/devirt-c-1.C  -std=gnu++98  scan-ipa-dump cp "Discovered a virtual call to a known target.*A::foo"
UNRESOLVED: g++.dg/ipa/devirt-c-1.C  -std=gnu++98  scan-tree-dump-times optimized "OBJ_TYPE_REF" 0
UNRESOLVED: g++.dg/ipa/devirt-c-2.C  -std=gnu++14  scan-ipa-dump cp "Discovered a virtual call to a known target.*A::foo"
UNRESOLVED: g++.dg/ipa/devirt-c-2.C  -std=gnu++14  scan-tree-dump-times optimized "OBJ_TYPE_REF" 0
UNRESOLVED: g++.dg/ipa/devirt-c-2.C  -std=gnu++17  scan-ipa-dump cp "Discovered a virtual call to a known target.*A::foo"
UNRESOLVED: g++.dg/ipa/devirt-c-2.C  -std=gnu++17  scan-tree-dump-times optimized "OBJ_TYPE_REF" 0
UNRESOLVED: g++.dg/ipa/devirt-c-2.C  -std=gnu++2a  scan-ipa-dump cp "Discovered a virtual call to a known target.*A::foo"
UNRESOLVED: g++.dg/ipa/devirt-c-2.C  -std=gnu++2a  scan-tree-dump-times optimized "OBJ_TYPE_REF" 0
UNRESOLVED: g++.dg/ipa/devirt-c-2.C  -std=gnu++98  scan-ipa-dump cp "Discovered a virtual call to a known target.*A::foo"
UNRESOLVED: g++.dg/ipa/devirt-c-2.C  -std=gnu++98  scan-tree-dump-times optimized "OBJ_TYPE_REF" 0
UNRESOLVED: g++.dg/ipa/devirt-c-8.C  -std=gnu++14  scan-ipa-dump cp "Discovered a virtual call to a known target.*A::foo"
UNRESOLVED: g++.dg/ipa/devirt-c-8.C  -std=gnu++14  scan-tree-dump-times optimized "OBJ_TYPE_REF" 0
UNRESOLVED: g++.dg/ipa/devirt-c-8.C  -std=gnu++17  scan-ipa-dump cp "Discovered a virtual call to a known target.*A::foo"
UNRESOLVED: g++.dg/ipa/devirt-c-8.C  -std=gnu++17  scan-tree-dump-times optimized "OBJ_TYPE_REF" 0
UNRESOLVED: g++.dg/ipa/devirt-c-8.C  -std=gnu++2a  scan-ipa-dump cp "Discovered a virtual call to a known target.*A::foo"
UNRESOLVED: g++.dg/ipa/devirt-c-8.C  -std=gnu++2a  scan-tree-dump-times optimized "OBJ_TYPE_REF" 0
UNRESOLVED: g++.dg/ipa/devirt-c-8.C  -std=gnu++98  scan-ipa-dump cp "Discovered a virtual call to a known target.*A::foo"
UNRESOLVED: g++.dg/ipa/devirt-c-8.C  -std=gnu++98  scan-tree-dump-times optimized "OBJ_TYPE_REF" 0
UNRESOLVED: g++.dg/ipa/imm-devirt-1.C  -std=gnu++14  scan-tree-dump einline "B::foo \\\\("
UNRESOLVED: g++.dg/ipa/imm-devirt-1.C  -std=gnu++14  scan-tree-dump einline "Inlining int middleman_1"
UNRESOLVED: g++.dg/ipa/imm-devirt-1.C  -std=gnu++14  scan-tree-dump einline "Inlining int middleman_2"
UNRESOLVED: g++.dg/ipa/imm-devirt-1.C  -std=gnu++14  scan-tree-dump-times einline "OBJ_TYPE_REF" 2
UNRESOLVED: g++.dg/ipa/imm-devirt-1.C  -std=gnu++17  scan-tree-dump einline "B::foo \\\\("
UNRESOLVED: g++.dg/ipa/imm-devirt-1.C  -std=gnu++17  scan-tree-dump einline "Inlining int middleman_1"
UNRESOLVED: g++.dg/ipa/imm-devirt-1.C  -std=gnu++17  scan-tree-dump einline "Inlining int middleman_2"
UNRESOLVED: g++.dg/ipa/imm-devirt-1.C  -std=gnu++17  scan-tree-dump-times einline "OBJ_TYPE_REF" 2
UNRESOLVED: g++.dg/ipa/imm-devirt-1.C  -std=gnu++2a  scan-tree-dump einline "B::foo \\\\("
UNRESOLVED: g++.dg/ipa/imm-devirt-1.C  -std=gnu++2a  scan-tree-dump einline "Inlining int middleman_1"
UNRESOLVED: g++.dg/ipa/imm-devirt-1.C  -std=gnu++2a  scan-tree-dump einline "Inlining int middleman_2"
UNRESOLVED: g++.dg/ipa/imm-devirt-1.C  -std=gnu++2a  scan-tree-dump-times einline "OBJ_TYPE_REF" 2
UNRESOLVED: g++.dg/ipa/imm-devirt-1.C  -std=gnu++98  scan-tree-dump einline "B::foo \\\\("
UNRESOLVED: g++.dg/ipa/imm-devirt-1.C  -std=gnu++98  scan-tree-dump einline "Inlining int middleman_1"
UNRESOLVED: g++.dg/ipa/imm-devirt-1.C  -std=gnu++98  scan-tree-dump einline "Inlining int middleman_2"
UNRESOLVED: g++.dg/ipa/imm-devirt-1.C  -std=gnu++98  scan-tree-dump-times einline "OBJ_TYPE_REF" 2
UNRESOLVED: g++.dg/ipa/imm-devirt-2.C  -std=gnu++14  scan-tree-dump einline "C::_ZThn[0-9]+_N1C3fooEi \\\\("
UNRESOLVED: g++.dg/ipa/imm-devirt-2.C  -std=gnu++17  scan-tree-dump einline "C::_ZThn[0-9]+_N1C3fooEi \\\\("
UNRESOLVED: g++.dg/ipa/imm-devirt-2.C  -std=gnu++2a  scan-tree-dump einline "C::_ZThn[0-9]+_N1C3fooEi \\\\("
UNRESOLVED: g++.dg/ipa/imm-devirt-2.C  -std=gnu++98  scan-tree-dump einline "C::_ZThn[0-9]+_N1C3fooEi \\\\("
UNRESOLVED: g++.dg/ipa/ipa-icf-6.C  -std=gnu++14  scan-ipa-dump-times icf "Unified; Wrapper has been created" 1
UNRESOLVED: g++.dg/ipa/ipa-icf-6.C  -std=gnu++17  scan-ipa-dump-times icf "Unified; Wrapper has been created" 1
UNRESOLVED: g++.dg/ipa/ipa-icf-6.C  -std=gnu++2a  scan-ipa-dump-times icf "Unified; Wrapper has been created" 1
UNRESOLVED: g++.dg/ipa/ipa-icf-6.C  -std=gnu++98  scan-ipa-dump-times icf "Unified; Wrapper has been created" 1
UNRESOLVED: g++.dg/ipa/ivinline-1.C  -std=gnu++14  scan-ipa-dump inline "B::foo[^\\\\n]*inline copy in int main"
UNRESOLVED: g++.dg/ipa/ivinline-1.C  -std=gnu++17  scan-ipa-dump inline "B::foo[^\\\\n]*inline copy in int main"
UNRESOLVED: g++.dg/ipa/ivinline-1.C  -std=gnu++2a  scan-ipa-dump inline "B::foo[^\\\\n]*inline copy in int main"
UNRESOLVED: g++.dg/ipa/ivinline-1.C  -std=gnu++98  scan-ipa-dump inline "B::foo[^\\\\n]*inline copy in int main"
UNRESOLVED: g++.dg/ipa/ivinline-2.C  -std=gnu++14  scan-ipa-dump inline "B::foo[^\\\\n]*inline copy in int main"
UNRESOLVED: g++.dg/ipa/ivinline-2.C  -std=gnu++17  scan-ipa-dump inline "B::foo[^\\\\n]*inline copy in int main"
UNRESOLVED: g++.dg/ipa/ivinline-2.C  -std=gnu++2a  scan-ipa-dump inline "B::foo[^\\\\n]*inline copy in int main"
UNRESOLVED: g++.dg/ipa/ivinline-2.C  -std=gnu++98  scan-ipa-dump inline "B::foo[^\\\\n]*inline copy in int main"
UNRESOLVED: g++.dg/ipa/ivinline-3.C  -std=gnu++14  scan-ipa-dump inline "B::foo[^\\\\n]*inline copy in int main"
UNRESOLVED: g++.dg/ipa/ivinline-3.C  -std=gnu++17  scan-ipa-dump inline "B::foo[^\\\\n]*inline copy in int main"
UNRESOLVED: g++.dg/ipa/ivinline-3.C  -std=gnu++2a  scan-ipa-dump inline "B::foo[^\\\\n]*inline copy in int main"
UNRESOLVED: g++.dg/ipa/ivinline-3.C  -std=gnu++98  scan-ipa-dump inline "B::foo[^\\\\n]*inline copy in int main"
UNRESOLVED: g++.dg/ipa/ivinline-4.C  -std=gnu++14  scan-ipa-dump inline "B::foo[^\\\\n]*inline copy in int main"
UNRESOLVED: g++.dg/ipa/ivinline-4.C  -std=gnu++17  scan-ipa-dump inline "B::foo[^\\\\n]*inline copy in int main"
UNRESOLVED: g++.dg/ipa/ivinline-4.C  -std=gnu++2a  scan-ipa-dump inline "B::foo[^\\\\n]*inline copy in int main"
UNRESOLVED: g++.dg/ipa/ivinline-4.C  -std=gnu++98  scan-ipa-dump inline "B::foo[^\\\\n]*inline copy in int main"
UNRESOLVED: g++.dg/ipa/ivinline-5.C  -std=gnu++14  scan-ipa-dump inline "A::foo[^\\\\n]*inline copy in int main"
UNRESOLVED: g++.dg/ipa/ivinline-5.C  -std=gnu++14  scan-ipa-dump inline "B::foo[^\\\\n]*inline copy in int main"
UNRESOLVED: g++.dg/ipa/ivinline-5.C  -std=gnu++17  scan-ipa-dump inline "A::foo[^\\\\n]*inline copy in int main"
UNRESOLVED: g++.dg/ipa/ivinline-5.C  -std=gnu++17  scan-ipa-dump inline "B::foo[^\\\\n]*inline copy in int main"
UNRESOLVED: g++.dg/ipa/ivinline-5.C  -std=gnu++2a  scan-ipa-dump inline "A::foo[^\\\\n]*inline copy in int main"
UNRESOLVED: g++.dg/ipa/ivinline-5.C  -std=gnu++2a  scan-ipa-dump inline "B::foo[^\\\\n]*inline copy in int main"
UNRESOLVED: g++.dg/ipa/ivinline-5.C  -std=gnu++98  scan-ipa-dump inline "A::foo[^\\\\n]*inline copy in int main"
UNRESOLVED: g++.dg/ipa/ivinline-5.C  -std=gnu++98  scan-ipa-dump inline "B::foo[^\\\\n]*inline copy in int main"
UNRESOLVED: g++.dg/ipa/ivinline-7.C  -std=gnu++14  scan-ipa-dump inline "B::foo[^\\\\n]*inline copy in int main"
UNRESOLVED: g++.dg/ipa/ivinline-7.C  -std=gnu++14  scan-ipa-dump inline "Discovered a virtual call to a known target.*B::.*foo"
UNRESOLVED: g++.dg/ipa/ivinline-7.C  -std=gnu++17  scan-ipa-dump inline "B::foo[^\\\\n]*inline copy in int main"
UNRESOLVED: g++.dg/ipa/ivinline-7.C  -std=gnu++17  scan-ipa-dump inline "Discovered a virtual call to a known target.*B::.*foo"
UNRESOLVED: g++.dg/ipa/ivinline-7.C  -std=gnu++2a  scan-ipa-dump inline "B::foo[^\\\\n]*inline copy in int main"
UNRESOLVED: g++.dg/ipa/ivinline-7.C  -std=gnu++2a  scan-ipa-dump inline "Discovered a virtual call to a known target.*B::.*foo"
UNRESOLVED: g++.dg/ipa/ivinline-7.C  -std=gnu++98  scan-ipa-dump inline "B::foo[^\\\\n]*inline copy in int main"
UNRESOLVED: g++.dg/ipa/ivinline-7.C  -std=gnu++98  scan-ipa-dump inline "Discovered a virtual call to a known target.*B::.*foo"
UNRESOLVED: g++.dg/ipa/ivinline-8.C  -std=gnu++14  scan-ipa-dump inline "B::bar[^\\\\n]*inline copy in int main"
UNRESOLVED: g++.dg/ipa/ivinline-8.C  -std=gnu++14  scan-ipa-dump inline "B::foo[^\\\\n]*inline copy in int main"
UNRESOLVED: g++.dg/ipa/ivinline-8.C  -std=gnu++17  scan-ipa-dump inline "B::bar[^\\\\n]*inline copy in int main"
UNRESOLVED: g++.dg/ipa/ivinline-8.C  -std=gnu++17  scan-ipa-dump inline "B::foo[^\\\\n]*inline copy in int main"
UNRESOLVED: g++.dg/ipa/ivinline-8.C  -std=gnu++2a  scan-ipa-dump inline "B::bar[^\\\\n]*inline copy in int main"
UNRESOLVED: g++.dg/ipa/ivinline-8.C  -std=gnu++2a  scan-ipa-dump inline "B::foo[^\\\\n]*inline copy in int main"
UNRESOLVED: g++.dg/ipa/ivinline-8.C  -std=gnu++98  scan-ipa-dump inline "B::bar[^\\\\n]*inline copy in int main"
UNRESOLVED: g++.dg/ipa/ivinline-8.C  -std=gnu++98  scan-ipa-dump inline "B::foo[^\\\\n]*inline copy in int main"
UNRESOLVED: g++.dg/ipa/ivinline-9.C  -std=gnu++14  scan-ipa-dump inline "B::foo[^\\\\n]*inline copy in int main"
UNRESOLVED: g++.dg/ipa/ivinline-9.C  -std=gnu++14  scan-ipa-dump inline "Discovered a virtual call to a known target.*B::.*foo"
UNRESOLVED: g++.dg/ipa/ivinline-9.C  -std=gnu++17  scan-ipa-dump inline "B::foo[^\\\\n]*inline copy in int main"
UNRESOLVED: g++.dg/ipa/ivinline-9.C  -std=gnu++17  scan-ipa-dump inline "Discovered a virtual call to a known target.*B::.*foo"
UNRESOLVED: g++.dg/ipa/ivinline-9.C  -std=gnu++2a  scan-ipa-dump inline "B::foo[^\\\\n]*inline copy in int main"
UNRESOLVED: g++.dg/ipa/ivinline-9.C  -std=gnu++2a  scan-ipa-dump inline "Discovered a virtual call to a known target.*B::.*foo"
UNRESOLVED: g++.dg/ipa/ivinline-9.C  -std=gnu++98  scan-ipa-dump inline "B::foo[^\\\\n]*inline copy in int main"
UNRESOLVED: g++.dg/ipa/ivinline-9.C  -std=gnu++98  scan-ipa-dump inline "Discovered a virtual call to a known target.*B::.*foo"
UNRESOLVED: g++.dg/ipa/pr60640-4.C  -std=gnu++14  scan-ipa-dump-times cp "Thunk fixed offset" 2
UNRESOLVED: g++.dg/ipa/pr60640-4.C  -std=gnu++17  scan-ipa-dump-times cp "Thunk fixed offset" 2
UNRESOLVED: g++.dg/ipa/pr60640-4.C  -std=gnu++2a  scan-ipa-dump-times cp "Thunk fixed offset" 2
UNRESOLVED: g++.dg/ipa/pr60640-4.C  -std=gnu++98  scan-ipa-dump-times cp "Thunk fixed offset" 2
UNRESOLVED: g++.dg/ipa/pr63838.C  -std=gnu++14  scan-ipa-dump-not pure-const "Function found to be nothrow: void bar"
UNRESOLVED: g++.dg/ipa/pr63838.C  -std=gnu++14  scan-ipa-dump-not pure-const "Function found to be nothrow: void foo"
UNRESOLVED: g++.dg/ipa/pr63838.C  -std=gnu++17  scan-ipa-dump-not pure-const "Function found to be nothrow: void bar"
UNRESOLVED: g++.dg/ipa/pr63838.C  -std=gnu++17  scan-ipa-dump-not pure-const "Function found to be nothrow: void foo"
UNRESOLVED: g++.dg/ipa/pr63838.C  -std=gnu++2a  scan-ipa-dump-not pure-const "Function found to be nothrow: void bar"
UNRESOLVED: g++.dg/ipa/pr63838.C  -std=gnu++2a  scan-ipa-dump-not pure-const "Function found to be nothrow: void foo"
UNRESOLVED: g++.dg/ipa/pr63838.C  -std=gnu++98  scan-ipa-dump-not pure-const "Function found to be nothrow: void bar"
UNRESOLVED: g++.dg/ipa/pr63838.C  -std=gnu++98  scan-ipa-dump-not pure-const "Function found to be nothrow: void foo"
UNRESOLVED: g++.dg/ipa/pr67056.C   scan-ipa-dump cp "Speculative outer type:struct CompositeClass"
UNRESOLVED: g++.dg/pr94314-2.C  -std=gnu++14  scan-tree-dump-times cddce1 "Deleting : operator delete" 2
UNRESOLVED: g++.dg/pr94314-2.C  -std=gnu++17  scan-tree-dump-times cddce1 "Deleting : operator delete" 2
UNRESOLVED: g++.dg/pr94314-2.C  -std=gnu++2a  scan-tree-dump-times cddce1 "Deleting : operator delete" 2
UNRESOLVED: g++.dg/pr94314-2.C  -std=gnu++98  scan-tree-dump-times cddce1 "Deleting : operator delete" 2
UNRESOLVED: g++.dg/pr94314-3.C  -std=gnu++14  scan-tree-dump-not cddce1 "Deleting : operator delete"
UNRESOLVED: g++.dg/pr94314-3.C  -std=gnu++17  scan-tree-dump-not cddce1 "Deleting : operator delete"
UNRESOLVED: g++.dg/pr94314-3.C  -std=gnu++2a  scan-tree-dump-not cddce1 "Deleting : operator delete"
UNRESOLVED: g++.dg/pr94314-3.C  -std=gnu++98  scan-tree-dump-not cddce1 "Deleting : operator delete"
UNRESOLVED: g++.dg/pr94314-4.C  -std=gnu++14  scan-tree-dump-not cddce1 "Deleting : operator delete"
UNRESOLVED: g++.dg/pr94314-4.C  -std=gnu++17  scan-tree-dump-not cddce1 "Deleting : operator delete"
UNRESOLVED: g++.dg/pr94314-4.C  -std=gnu++2a  scan-tree-dump-not cddce1 "Deleting : operator delete"
UNRESOLVED: g++.dg/pr94314.C  -std=gnu++14  scan-tree-dump-not cddce1 "Deleting : B::operator delete"
UNRESOLVED: g++.dg/pr94314.C  -std=gnu++14  scan-tree-dump-not cddce1 "Deleting : operator delete"
UNRESOLVED: g++.dg/pr94314.C  -std=gnu++17  scan-tree-dump-not cddce1 "Deleting : B::operator delete"
UNRESOLVED: g++.dg/pr94314.C  -std=gnu++17  scan-tree-dump-not cddce1 "Deleting : operator delete"
UNRESOLVED: g++.dg/pr94314.C  -std=gnu++2a  scan-tree-dump-not cddce1 "Deleting : B::operator delete"
UNRESOLVED: g++.dg/pr94314.C  -std=gnu++2a  scan-tree-dump-not cddce1 "Deleting : operator delete"
UNRESOLVED: g++.dg/pr94314.C  -std=gnu++98  scan-tree-dump-not cddce1 "Deleting : B::operator delete"
UNRESOLVED: g++.dg/pr94314.C  -std=gnu++98  scan-tree-dump-not cddce1 "Deleting : operator delete"
UNRESOLVED: g++.dg/tree-ssa/pr33604.C  -std=gnu++14  scan-tree-dump-times optimized ".MEM_[0-9]*\\\\(D\\\\)" 2
UNRESOLVED: g++.dg/tree-ssa/pr33604.C  -std=gnu++17  scan-tree-dump-times optimized ".MEM_[0-9]*\\\\(D\\\\)" 2
UNRESOLVED: g++.dg/tree-ssa/pr33604.C  -std=gnu++2a  scan-tree-dump-times optimized ".MEM_[0-9]*\\\\(D\\\\)" 2
UNRESOLVED: g++.dg/tree-ssa/pr33604.C  -std=gnu++98  scan-tree-dump-times optimized ".MEM_[0-9]*\\\\(D\\\\)" 2
FAIL: g++.dg/warn/Wstringop-overflow-6.C  -std=gnu++14 (test for excess errors)
FAIL: g++.dg/warn/Wstringop-overflow-6.C  -std=gnu++17 (test for excess errors)
FAIL: g++.dg/warn/Wstringop-overflow-6.C  -std=gnu++2a (test for excess errors)
FAIL: g++.dg/lto/pr90990 cp_lto_pr90990_0.o-cp_lto_pr90990_0.o link, -O0 -flto -flto-partition=none -fuse-linker-plugin
FAIL: g++.dg/lto/pr90990 cp_lto_pr90990_0.o-cp_lto_pr90990_0.o link, -O0 -flto -fuse-linker-plugin -fno-fat-lto-objects 
FAIL: g++.dg/lto/pr90990 cp_lto_pr90990_0.o-cp_lto_pr90990_0.o link, -O2 -flto -flto-partition=none -fuse-linker-plugin -fno-fat-lto-objects 
FAIL: g++.dg/lto/pr90990 cp_lto_pr90990_0.o-cp_lto_pr90990_0.o link, -O2 -flto -fuse-linker-plugin
UNRESOLVED: g++.dg/tls/thread_local-cse.C  -std=gnu++14  scan-assembler-times call *_ZTW2ir 1
UNRESOLVED: g++.dg/tls/thread_local-cse.C  -std=gnu++17  scan-assembler-times call *_ZTW2ir 1
UNRESOLVED: g++.dg/tls/thread_local-cse.C  -std=gnu++2a  scan-assembler-times call *_ZTW2ir 1
UNRESOLVED: g++.target/aarch64/pr94515-1.C scan-assembler-times \\\\t\\\\.cfi_window_save\\\\n 4
UNRESOLVED: g++.target/aarch64/return_address_sign_ab_exception.C scan-assembler-times .cfi_b_key_frame 1
UNRESOLVED: g++.target/aarch64/return_address_sign_ab_exception.C scan-assembler-times paciasp 1
UNRESOLVED: g++.target/aarch64/return_address_sign_ab_exception.C scan-assembler-times pacibsp 1
UNRESOLVED: g++.target/aarch64/return_address_sign_b_exception.C scan-assembler-times .cfi_b_key_frame 2
FAIL: gcc.target/aarch64/sve/acle/asm/cvt_bf16.c  -std=c++11 -O2 -g -DTEST_FULL (test for excess errors)
FAIL: gcc.target/aarch64/sve/acle/asm/cvt_bf16.c  -std=c++11 -O2 -g -DTEST_OVERLOADS (test for excess errors)
FAIL: gcc.target/aarch64/sve/acle/asm/cvt_bf16.c  -std=c++14 -O3 -g -DTEST_FULL (test for excess errors)
FAIL: gcc.target/aarch64/sve/acle/asm/cvt_bf16.c  -std=c++14 -O3 -g -DTEST_OVERLOADS (test for excess errors)
FAIL: gcc.target/aarch64/sve/acle/asm/cvt_bf16.c  -std=c++17 -Og -g -DTEST_FULL (test for excess errors)
FAIL: gcc.target/aarch64/sve/acle/asm/cvt_bf16.c  -std=c++17 -Og -g -DTEST_OVERLOADS (test for excess errors)
FAIL: gcc.target/aarch64/sve/acle/asm/cvt_bf16.c  -std=c++2a -Os -g -DTEST_FULL (test for excess errors)
FAIL: gcc.target/aarch64/sve/acle/asm/cvt_bf16.c  -std=c++2a -Os -g -DTEST_OVERLOADS (test for excess errors)
FAIL: gcc.target/aarch64/sve/acle/asm/cvt_bf16.c  -std=c++98 -O0 -g -DTEST_FULL (test for excess errors)
FAIL: gcc.target/aarch64/sve/acle/asm/cvt_bf16.c  -std=c++98 -O0 -g -DTEST_OVERLOADS (test for excess errors)
FAIL: gcc.target/aarch64/sve/acle/asm/cvt_bf16.c  -std=c++98 -O1 -g -DTEST_FULL (test for excess errors)
FAIL: gcc.target/aarch64/sve/acle/asm/cvt_bf16.c  -std=c++98 -O1 -g -DTEST_OVERLOADS (test for excess errors)
FAIL: gcc.target/aarch64/sve/acle/asm/cvt_bf16.c  -std=gnu++11 -Ofast -g -DTEST_FULL (test for excess errors)
FAIL: gcc.target/aarch64/sve/acle/asm/cvt_bf16.c  -std=gnu++11 -Ofast -g -DTEST_OVERLOADS (test for excess errors)
FAIL: gcc.target/aarch64/sve/acle/asm/cvt_bf16.c  -std=gnu++17 -O3 -g -DTEST_FULL (test for excess errors)
FAIL: gcc.target/aarch64/sve/acle/asm/cvt_bf16.c  -std=gnu++17 -O3 -g -DTEST_OVERLOADS (test for excess errors)
FAIL: gcc.target/aarch64/sve/acle/asm/cvt_bf16.c  -std=gnu++2a -O0 -g -DTEST_FULL (test for excess errors)
FAIL: gcc.target/aarch64/sve/acle/asm/cvt_bf16.c  -std=gnu++2a -O0 -g -DTEST_OVERLOADS (test for excess errors)
FAIL: gcc.target/aarch64/sve/acle/asm/cvt_bf16.c  -std=gnu++98 -O2 -fno-schedule-insns -DCHECK_ASM --save-temps -DTEST_FULL (test for excess errors)
FAIL: gcc.target/aarch64/sve/acle/asm/cvt_bf16.c  -std=gnu++98 -O2 -fno-schedule-insns -DCHECK_ASM --save-temps -DTEST_OVERLOADS (test for excess errors)

		=== g++ Summary ===

# of expected passes		277628
# of unexpected failures	31
# of unexpected successes	3
# of expected failures		1840
# of unresolved testcases	216
# of unsupported tests		9116
/tmp/964652_39.tmpdir/aci-gcc-fsf/builds/gcc-fsf-gccsrc/obj-aarch64-none-elf/gcc3/gcc/xg++  version 11.0.0  (DEFMODE=default DEFCPU=default DEFFPU=default TESTFLAGS=) [r11-5949] (GCC) 


Compiler version: 11.0.0 (DEFMODE=default DEFCPU=default DEFFPU=default TESTFLAGS=) [r11-5949] (GCC) 
Platform: aarch64-none-elf
configure flags: --target=aarch64-none-elf --prefix=/tmp/964652_39.tmpdir/aci-gcc-fsf/builds/gcc-fsf-gccsrc/tools --with-sysroot=/tmp/964652_39.tmpdir/aci-gcc-fsf/builds/gcc-fsf-gccsrc/sysroot-aarch64-none-elf --disable-nls --disable-libgomp --disable-libmudflap --disable-libcilkrts --enable-checking --enable-languages=c,c++ --with-newlib --disable-tls


More information about the Gcc-testresults mailing list