Results for 11.0.0 (DEFMODE=default DEFCPU=default DEFFPU=default TESTFLAGS=-mabi=ilp32) [r11-5949] (GCC) testsuite on aarch64-none-elf

Christophe LYON christophe.lyon@st.com
Sat Dec 12 13:11:29 GMT 2020


LAST_UPDATED: Sat Dec 12 11:39:19 UTC 2020 (revision r11-5949-g35af87784e02c8c89f020092d91858fe066788f0) TARGET=aarch64-none-elf CPU=default FPU=default MODE=default

Target is aarch64-none-elf
Host   is aarch64-none-elf

		=== libstdc++ tests ===


Running target aarch64-none-elf-foundation/-mabi=ilp32
FAIL: 21_strings/basic_string/modifiers/insert/char/1.cc execution test
FAIL: 21_strings/basic_string/modifiers/insert/wchar_t/1.cc execution test
XPASS: 21_strings/basic_string/numeric_conversions/char/stod.cc execution test
XPASS: 21_strings/basic_string/numeric_conversions/wchar_t/stod.cc execution test
FAIL: 22_locale/money_get/get/char/5.cc execution test
FAIL: 22_locale/money_get/get/wchar_t/5.cc execution test
FAIL: 22_locale/num_get/get/char/39168.cc execution test
FAIL: 22_locale/num_get/get/char/4.cc execution test
FAIL: 22_locale/num_get/get/wchar_t/39168.cc execution test
FAIL: 22_locale/num_get/get/wchar_t/4.cc execution test
FAIL: 26_numerics/complex/inserters_extractors/char/1.cc execution test
FAIL: 26_numerics/complex/inserters_extractors/wchar_t/1.cc execution test
FAIL: 26_numerics/complex/proj.cc execution test
FAIL: 27_io/basic_istream/extractors_arithmetic/char/01.cc execution test
FAIL: 27_io/basic_istream/extractors_arithmetic/char/12.cc execution test
FAIL: 27_io/basic_istream/extractors_arithmetic/wchar_t/01.cc execution test
FAIL: 27_io/basic_istream/extractors_arithmetic/wchar_t/12.cc execution test
FAIL: 27_io/filesystem/path/concat/strings.cc execution test
FAIL: experimental/net/headers.cc (test for excess errors)
FAIL: experimental/net/internet/address/v4/comparisons.cc (test for excess errors)
UNRESOLVED: experimental/net/internet/address/v4/comparisons.cc compilation failed to produce executable
FAIL: experimental/net/internet/address/v4/cons.cc (test for excess errors)
UNRESOLVED: experimental/net/internet/address/v4/cons.cc compilation failed to produce executable
FAIL: experimental/net/internet/address/v4/creation.cc (test for excess errors)
UNRESOLVED: experimental/net/internet/address/v4/creation.cc compilation failed to produce executable
FAIL: experimental/net/internet/address/v4/members.cc (test for excess errors)
UNRESOLVED: experimental/net/internet/address/v4/members.cc compilation failed to produce executable
FAIL: experimental/net/internet/resolver/base.cc (test for excess errors)
UNRESOLVED: experimental/net/internet/resolver/base.cc compilation failed to produce executable
FAIL: experimental/net/internet/resolver/ops/lookup.cc (test for excess errors)
UNRESOLVED: experimental/net/internet/resolver/ops/lookup.cc compilation failed to produce executable
FAIL: experimental/net/internet/resolver/ops/reverse.cc (test for excess errors)
UNRESOLVED: experimental/net/internet/resolver/ops/reverse.cc compilation failed to produce executable
FAIL: experimental/net/socket/basic_socket.cc (test for excess errors)
FAIL: experimental/net/timer/waitable/cons.cc (test for excess errors)
UNRESOLVED: experimental/net/timer/waitable/cons.cc compilation failed to produce executable
FAIL: experimental/net/timer/waitable/dest.cc (test for excess errors)
UNRESOLVED: experimental/net/timer/waitable/dest.cc compilation failed to produce executable
FAIL: experimental/net/timer/waitable/ops.cc (test for excess errors)
UNRESOLVED: experimental/net/timer/waitable/ops.cc compilation failed to produce executable

		=== libstdc++ Summary ===

# of expected passes		12565
# of unexpected failures	28
# of unexpected successes	2
# of expected failures		107
# of unresolved testcases	10
# of unsupported tests		905
Host   is x86_64-pc-linux-gnu

		=== gcc tests ===


Running target aarch64-none-elf-foundation/-mabi=ilp32
FAIL: gcc.c-torture/execute/alias-2.c   -O1  execution test
FAIL: gcc.c-torture/execute/alias-2.c   -O2  execution test
FAIL: gcc.c-torture/execute/alias-2.c   -O2 -flto -fno-use-linker-plugin -flto-partition=none  execution test
FAIL: gcc.c-torture/execute/alias-2.c   -O3 -g  execution test
FAIL: gcc.c-torture/execute/alias-2.c   -Os  execution test
FAIL: gcc.dg/analyzer/malloc-vs-local-1b.c  (test for bogus messages, line 170)
XPASS: gcc.dg/analyzer/pr94851-1.c bogus leak (test for bogus messages, line 43)
XPASS: gcc.dg/Walloca-2.c  (test for bogus messages, line 16)
FAIL: gcc.dg/Wstringop-overflow-47.c  (test for warnings, line 32)
FAIL: gcc.dg/Wstringop-overflow-47.c  (test for warnings, line 37)
FAIL: gcc.dg/Wstringop-overflow-47.c note (test for warnings, line 29)
XPASS: gcc.dg/pr78973.c pr79073 (test for warnings, line 12)
FAIL: gcc.dg/pr90838.c scan-tree-dump-times forwprop2 "= \\\\.CTZ" 4
FAIL: gcc.dg/sms-compare-debug-1.c (test for excess errors)
FAIL: gcc.dg/store_merging_5.c scan-tree-dump-times store-merging "MEM <unsigned int> \\\\[.*\\\\]" 1
FAIL: gcc.dg/lto/pr88077 c_lto_pr88077_0.o-c_lto_pr88077_1.o link, -O0 -flto -flto-partition=1to1 -fno-use-linker-plugin 
FAIL: gcc.dg/lto/pr88077 c_lto_pr88077_0.o-c_lto_pr88077_1.o link, -O2 -flto -flto-partition=1to1 -fno-use-linker-plugin 
FAIL: gcc.dg/tls/pr78796.c (test for excess errors)
UNRESOLVED: gcc.dg/tls/pr78796.c compilation failed to produce executable
FAIL: c-c++-common/torture/pr57945.c   -O1  (internal compiler error)
FAIL: c-c++-common/torture/pr57945.c   -O1  (test for excess errors)
FAIL: c-c++-common/torture/pr57945.c   -O2  (internal compiler error)
FAIL: c-c++-common/torture/pr57945.c   -O2  (test for excess errors)
FAIL: c-c++-common/torture/pr57945.c   -O2 -flto -fno-use-linker-plugin -flto-partition=none  (internal compiler error)
FAIL: c-c++-common/torture/pr57945.c   -O2 -flto -fno-use-linker-plugin -flto-partition=none  (test for excess errors)
FAIL: c-c++-common/torture/pr57945.c   -O3 -g  (internal compiler error)
FAIL: c-c++-common/torture/pr57945.c   -O3 -g  (test for excess errors)
FAIL: c-c++-common/torture/pr57945.c   -Os  (internal compiler error)
FAIL: c-c++-common/torture/pr57945.c   -Os  (test for excess errors)
FAIL: gcc.dg/torture/pr90020.c   -O1  (internal compiler error)
FAIL: gcc.dg/torture/pr90020.c   -O1  (test for excess errors)
UNRESOLVED: gcc.dg/torture/pr90020.c   -O1  compilation failed to produce executable
FAIL: gcc.dg/torture/pr90020.c   -O2  (internal compiler error)
FAIL: gcc.dg/torture/pr90020.c   -O2  (test for excess errors)
UNRESOLVED: gcc.dg/torture/pr90020.c   -O2  compilation failed to produce executable
FAIL: gcc.dg/torture/pr90020.c   -O2 -flto -fno-use-linker-plugin -flto-partition=none  (internal compiler error)
FAIL: gcc.dg/torture/pr90020.c   -O2 -flto -fno-use-linker-plugin -flto-partition=none  (test for excess errors)
UNRESOLVED: gcc.dg/torture/pr90020.c   -O2 -flto -fno-use-linker-plugin -flto-partition=none  compilation failed to produce executable
FAIL: gcc.dg/torture/pr90020.c   -O2 -flto -fuse-linker-plugin -fno-fat-lto-objects  (internal compiler error)
FAIL: gcc.dg/torture/pr90020.c   -O2 -flto -fuse-linker-plugin -fno-fat-lto-objects  (test for excess errors)
UNRESOLVED: gcc.dg/torture/pr90020.c   -O2 -flto -fuse-linker-plugin -fno-fat-lto-objects  compilation failed to produce executable
FAIL: gcc.dg/torture/pr90020.c   -O3 -g  (internal compiler error)
FAIL: gcc.dg/torture/pr90020.c   -O3 -g  (test for excess errors)
UNRESOLVED: gcc.dg/torture/pr90020.c   -O3 -g  compilation failed to produce executable
FAIL: gcc.dg/torture/pr90020.c   -Os  (internal compiler error)
FAIL: gcc.dg/torture/pr90020.c   -Os  (test for excess errors)
UNRESOLVED: gcc.dg/torture/pr90020.c   -Os  compilation failed to produce executable
FAIL: gcc.dg/tree-ssa/dump-6.c scan-tree-dump store-merging "MEM <unsigned int> \\\\[\\\\(char \\\\*\\\\)\\\\&a8] = "
FAIL: gcc.dg/tree-ssa/sra-17.c scan-tree-dump-times esra "Removing load: a = \\\\*.?L.?C.?.?.?0;" 1
FAIL: gcc.dg/tree-ssa/sra-17.c scan-tree-dump-times esra "SR[.\$][0-9_]+ = \\\\*.?L.?C.?.?.?0\\\\[" 4
FAIL: gcc.dg/tree-ssa/sra-18.c scan-tree-dump-times esra "Removing load: a = \\\\*.?L.?C.?.?.?0;" 1
FAIL: gcc.dg/tree-ssa/sra-18.c scan-tree-dump-times esra "SR[.\$][0-9_]+ = \\\\*.?L.?C.?.?.?0\\\\.b\\\\[0\\\\]\\\\.f\\\\[0\\\\]\\\\.x" 1
FAIL: gcc.dg/tree-ssa/sra-18.c scan-tree-dump-times esra "SR[.\$][0-9_]+ = \\\\*.?L.?C.?.?.?0\\\\.b\\\\[0\\\\]\\\\.f\\\\[1\\\\]\\\\.x" 1
FAIL: gcc.dg/tree-ssa/sra-18.c scan-tree-dump-times esra "SR[.\$][0-9_]+ = \\\\*.?L.?C.?.?.?0\\\\.b\\\\[1\\\\]\\\\.f\\\\[0\\\\]\\\\.x" 1
FAIL: gcc.dg/tree-ssa/sra-18.c scan-tree-dump-times esra "SR[.\$][0-9_]+ = \\\\*.?L.?C.?.?.?0\\\\.b\\\\[1\\\\]\\\\.f\\\\[1\\\\]\\\\.x" 1
FAIL: gcc.dg/vect/vect-rounding-lceil.c -flto -ffat-lto-objects  scan-tree-dump-times vect "vectorized 1 loops" 1
FAIL: gcc.dg/vect/vect-rounding-lceil.c scan-tree-dump-times vect "vectorized 1 loops" 1
FAIL: gcc.dg/vect/vect-rounding-lfloor.c -flto -ffat-lto-objects  scan-tree-dump-times vect "vectorized 1 loops" 1
FAIL: gcc.dg/vect/vect-rounding-lfloor.c scan-tree-dump-times vect "vectorized 1 loops" 1
FAIL: gcc.dg/weak/weak-16.c (internal compiler error)
FAIL: gcc.dg/weak/weak-16.c (test for excess errors)
UNRESOLVED: gcc.dg/weak/weak-16.c scan-assembler weak[^ \\t]*[ \\t]_?kallsyms_token_index
UNRESOLVED: gcc.dg/weak/weak-16.c scan-assembler weak[^ \\t]*[ \\t]_?kallsyms_token_table
FAIL: gcc.target/aarch64/aapcs64/func-ret-1.c execution,  -O0 
FAIL: gcc.target/aarch64/aapcs64/func-ret-1.c execution,  -O1 
FAIL: gcc.target/aarch64/aapcs64/func-ret-1.c execution,  -O2 
FAIL: gcc.target/aarch64/aapcs64/func-ret-1.c execution,  -O3 -g 
FAIL: gcc.target/aarch64/aapcs64/func-ret-1.c execution,  -Og -g 
FAIL: gcc.target/aarch64/aapcs64/func-ret-1.c execution,  -Os 
FAIL: gcc.target/aarch64/aapcs64/func-ret-2.c execution,  -O0 
FAIL: gcc.target/aarch64/aapcs64/func-ret-2.c execution,  -O1 
FAIL: gcc.target/aarch64/aapcs64/func-ret-2.c execution,  -O2 
FAIL: gcc.target/aarch64/aapcs64/func-ret-2.c execution,  -O3 -g 
FAIL: gcc.target/aarch64/aapcs64/func-ret-2.c execution,  -Og -g 
FAIL: gcc.target/aarch64/aapcs64/func-ret-2.c execution,  -Os 
FAIL: gcc.target/aarch64/aapcs64/func-ret-3.c execution,  -O0 
FAIL: gcc.target/aarch64/aapcs64/func-ret-3.c execution,  -O1 
FAIL: gcc.target/aarch64/aapcs64/func-ret-3.c execution,  -O2 
FAIL: gcc.target/aarch64/aapcs64/func-ret-3.c execution,  -O3 -g 
FAIL: gcc.target/aarch64/aapcs64/func-ret-3.c execution,  -Og -g 
FAIL: gcc.target/aarch64/aapcs64/func-ret-3.c execution,  -Os 
FAIL: gcc.target/aarch64/aapcs64/func-ret-4.c execution,  -O0 
FAIL: gcc.target/aarch64/aapcs64/func-ret-4.c execution,  -O1 
FAIL: gcc.target/aarch64/aapcs64/func-ret-4.c execution,  -O2 
FAIL: gcc.target/aarch64/aapcs64/func-ret-4.c execution,  -O3 -g 
FAIL: gcc.target/aarch64/aapcs64/func-ret-4.c execution,  -Og -g 
FAIL: gcc.target/aarch64/aapcs64/func-ret-4.c execution,  -Os 
FAIL: gcc.target/aarch64/aapcs64/func-ret-64x1_1.c execution,  -O0 
FAIL: gcc.target/aarch64/aapcs64/func-ret-64x1_1.c execution,  -O1 
FAIL: gcc.target/aarch64/aapcs64/func-ret-64x1_1.c execution,  -O2 
FAIL: gcc.target/aarch64/aapcs64/func-ret-64x1_1.c execution,  -O3 -g 
FAIL: gcc.target/aarch64/aapcs64/func-ret-64x1_1.c execution,  -Og -g 
FAIL: gcc.target/aarch64/aapcs64/func-ret-64x1_1.c execution,  -Os 
FAIL: gcc.target/aarch64/asm-2.c (test for excess errors)
FAIL: gcc.target/aarch64/bfloat16_scalar_1.c check-function-bodies bfloat_mov_mr
FAIL: gcc.target/aarch64/bfloat16_scalar_1.c check-function-bodies bfloat_mov_rm
FAIL: gcc.target/aarch64/bfloat16_scalar_2.c check-function-bodies bfloat_mov_mr
FAIL: gcc.target/aarch64/bfloat16_scalar_2.c check-function-bodies bfloat_mov_rm
FAIL: gcc.target/aarch64/bfloat16_scalar_3.c check-function-bodies bfloat_mov_mr
FAIL: gcc.target/aarch64/bfloat16_scalar_3.c check-function-bodies bfloat_mov_rm
FAIL: gcc.target/aarch64/bfloat16_simd_1.c (test for excess errors)
FAIL: gcc.target/aarch64/bfloat16_simd_1.c check-function-bodies stacktest1
FAIL: gcc.target/aarch64/bfloat16_simd_1.c check-function-bodies stacktest2
FAIL: gcc.target/aarch64/bfloat16_simd_1.c check-function-bodies stacktest3
FAIL: gcc.target/aarch64/bfloat16_simd_2.c (test for excess errors)
FAIL: gcc.target/aarch64/bfloat16_simd_2.c check-function-bodies stacktest1
FAIL: gcc.target/aarch64/bfloat16_simd_2.c check-function-bodies stacktest2
FAIL: gcc.target/aarch64/bfloat16_simd_2.c check-function-bodies stacktest3
FAIL: gcc.target/aarch64/bfloat16_simd_3.c (test for excess errors)
FAIL: gcc.target/aarch64/bfloat16_simd_3.c check-function-bodies stacktest1
FAIL: gcc.target/aarch64/bfloat16_simd_3.c check-function-bodies stacktest2
FAIL: gcc.target/aarch64/bfloat16_simd_3.c check-function-bodies stacktest3
FAIL: gcc.target/aarch64/bfloat16_vector_typecheck_2.c  (test for errors, line 120)
FAIL: gcc.target/aarch64/bfloat16_vector_typecheck_2.c  (test for errors, line 27)
FAIL: gcc.target/aarch64/bfloat16_vector_typecheck_2.c (test for excess errors)
FAIL: gcc.target/aarch64/extend.c scan-assembler ldr\\tw[0-9]+,.*sxtw #?2]
FAIL: gcc.target/aarch64/extend.c scan-assembler ldr\\tw[0-9]+,.*sxtw]
FAIL: gcc.target/aarch64/extend.c scan-assembler ldr\\tw[0-9]+,.*uxtw #?2]
FAIL: gcc.target/aarch64/extend.c scan-assembler ldr\\tw[0-9]+,.*uxtw]
FAIL: gcc.target/aarch64/fix_trunc1.c scan-assembler fcvtzs\\\\td[0-9]+, d[0-9]+
FAIL: gcc.target/aarch64/fix_trunc1.c scan-assembler scvtf\\\\td[0-9]+, d[0-9]+
FAIL: gcc.target/aarch64/fmul_fcvt_1.c scan-assembler-times fcvtzs\\tx[0-9], s[0-9]*.*#2 1
FAIL: gcc.target/aarch64/fmul_fcvt_1.c scan-assembler-times fcvtzs\\tx[0-9], s[0-9]*.*#3 1
FAIL: gcc.target/aarch64/fmul_fcvt_1.c scan-assembler-times fcvtzs\\tx[0-9], s[0-9]*.*#4 1
FAIL: gcc.target/aarch64/fmul_fcvt_1.c scan-assembler-times fcvtzs\\tx[0-9], s[0-9]*.*#5 1
FAIL: gcc.target/aarch64/fmul_fcvt_1.c scan-assembler-times fcvtzu\\tx[0-9], s[0-9]*.*#2 1
FAIL: gcc.target/aarch64/fmul_fcvt_1.c scan-assembler-times fcvtzu\\tx[0-9], s[0-9]*.*#3 1
FAIL: gcc.target/aarch64/fmul_fcvt_1.c scan-assembler-times fcvtzu\\tx[0-9], s[0-9]*.*#4 1
FAIL: gcc.target/aarch64/fmul_fcvt_1.c scan-assembler-times fcvtzu\\tx[0-9], s[0-9]*.*#5 1
FAIL: gcc.target/aarch64/fmul_scvtf_1.c (test for excess errors)
FAIL: gcc.target/aarch64/fmul_scvtf_1.c execution test
FAIL: gcc.target/aarch64/fmul_scvtf_1.c scan-assembler-times scvtf\\td[0-9], w[0-9]*.*#32 1
FAIL: gcc.target/aarch64/fmul_scvtf_1.c scan-assembler-times scvtf\\td[0-9], x[0-9]*.*#32 1
FAIL: gcc.target/aarch64/fmul_scvtf_1.c scan-assembler-times scvtf\\ts[0-9], w[0-9]*.*#32 1
FAIL: gcc.target/aarch64/fmul_scvtf_1.c scan-assembler-times scvtf\\ts[0-9], x[0-9]*.*#32 1
FAIL: gcc.target/aarch64/fmul_scvtf_1.c scan-assembler-times ucvtf\\td[0-9], w[0-9]*.*#32 1
FAIL: gcc.target/aarch64/fmul_scvtf_1.c scan-assembler-times ucvtf\\td[0-9], x[0-9]*.*#32 1
FAIL: gcc.target/aarch64/fmul_scvtf_1.c scan-assembler-times ucvtf\\ts[0-9], w[0-9]*.*#32 1
FAIL: gcc.target/aarch64/fmul_scvtf_1.c scan-assembler-times ucvtf\\ts[0-9], x[0-9]*.*#32 1
FAIL: gcc.target/aarch64/insv_1.c scan-assembler bfi\\tx[0-9]+, x[0-9]+, 0, 8
FAIL: gcc.target/aarch64/insv_1.c scan-assembler bfi\\tx[0-9]+, x[0-9]+, 16, 5
XPASS: gcc.target/aarch64/ldp_vec_64_1.c scan-assembler ldp\\td[0-9]+, d[0-9]
FAIL: gcc.target/aarch64/pr62178.c scan-assembler ldr\\\\tq[0-9]+, \\\\[x[0-9]+\\\\], [0-9]+
UNRESOLVED: gcc.target/aarch64/pr70044.c scan-lto-assembler (mov|add)\\tx29, sp
FAIL: gcc.target/aarch64/pr90838.c scan-assembler-times clz\\t 4
FAIL: gcc.target/aarch64/prfm_imm_offset_1.c scan-assembler-times prfm.*\\\\[x[0-9]+, 8\\\\] 1
FAIL: gcc.target/aarch64/return_address_sign_builtin.c (test for excess errors)
UNRESOLVED: gcc.target/aarch64/return_address_sign_builtin.c scan-assembler-times autia1716 1
UNRESOLVED: gcc.target/aarch64/return_address_sign_builtin.c scan-assembler-times autib1716 1
UNRESOLVED: gcc.target/aarch64/return_address_sign_builtin.c scan-assembler-times pacia1716 1
UNRESOLVED: gcc.target/aarch64/return_address_sign_builtin.c scan-assembler-times pacib1716 1
FAIL: gcc.target/aarch64/symbol-range.c (test for excess errors)
FAIL: gcc.target/aarch64/vect_mixed_sizes_14.c check-function-bodies foo
FAIL: gcc.target/aarch64/sve/acle/asm/cvt_bf16.c  -std=c11 -O3 -g -DTEST_FULL (test for excess errors)
FAIL: gcc.target/aarch64/sve/acle/asm/cvt_bf16.c  -std=c11 -O3 -g -DTEST_OVERLOADS (test for excess errors)
FAIL: gcc.target/aarch64/sve/acle/asm/cvt_bf16.c  -std=c90 -O0 -g -DTEST_FULL (test for excess errors)
FAIL: gcc.target/aarch64/sve/acle/asm/cvt_bf16.c  -std=c90 -O0 -g -DTEST_OVERLOADS (test for excess errors)
FAIL: gcc.target/aarch64/sve/acle/asm/cvt_bf16.c  -std=c90 -O1 -g -DTEST_FULL (test for excess errors)
FAIL: gcc.target/aarch64/sve/acle/asm/cvt_bf16.c  -std=c90 -O1 -g -DTEST_OVERLOADS (test for excess errors)
FAIL: gcc.target/aarch64/sve/acle/asm/cvt_bf16.c  -std=c99 -O2 -g -DTEST_FULL (test for excess errors)
FAIL: gcc.target/aarch64/sve/acle/asm/cvt_bf16.c  -std=c99 -O2 -g -DTEST_OVERLOADS (test for excess errors)
FAIL: gcc.target/aarch64/sve/acle/asm/cvt_bf16.c  -std=gnu11 -Os -g -DTEST_FULL (test for excess errors)
FAIL: gcc.target/aarch64/sve/acle/asm/cvt_bf16.c  -std=gnu11 -Os -g -DTEST_OVERLOADS (test for excess errors)
FAIL: gcc.target/aarch64/sve/acle/asm/cvt_bf16.c  -std=gnu90 -O2 -fno-schedule-insns -DCHECK_ASM --save-temps -DTEST_FULL (test for excess errors)
FAIL: gcc.target/aarch64/sve/acle/asm/cvt_bf16.c  -std=gnu90 -O2 -fno-schedule-insns -DCHECK_ASM --save-temps -DTEST_OVERLOADS (test for excess errors)
FAIL: gcc.target/aarch64/sve/acle/asm/cvt_bf16.c  -std=gnu99 -Ofast -g -DTEST_FULL (test for excess errors)
FAIL: gcc.target/aarch64/sve/acle/asm/cvt_bf16.c  -std=gnu99 -Ofast -g -DTEST_OVERLOADS (test for excess errors)

		=== gcc Summary ===

# of expected passes		220310
# of unexpected failures	149
# of unexpected successes	4
# of expected failures		1871
# of unresolved testcases	14
# of unsupported tests		4233
/tmp/964656_40.tmpdir/aci-gcc-fsf/builds/gcc-fsf-gccsrc/obj-aarch64-none-elf/gcc3/gcc/xgcc  version 11.0.0  (DEFMODE=default DEFCPU=default DEFFPU=default TESTFLAGS=-mabi=ilp32) [r11-5949] (GCC) 

Host   is x86_64-pc-linux-gnu

		=== g++ tests ===


Running target aarch64-none-elf-foundation/-mabi=ilp32
UNRESOLVED: c-c++-common/restrict-1.c  -std=gnu++14  scan-tree-dump-not optimized "link_error"
UNRESOLVED: c-c++-common/restrict-1.c  -std=gnu++17  scan-tree-dump-not optimized "link_error"
UNRESOLVED: c-c++-common/restrict-1.c  -std=gnu++2a  scan-tree-dump-not optimized "link_error"
UNRESOLVED: c-c++-common/restrict-1.c  -std=gnu++98  scan-tree-dump-not optimized "link_error"
FAIL: g++.dg/abi/pure-virtual1.C  -std=c++14 (test for excess errors)
FAIL: g++.dg/abi/pure-virtual1.C  -std=c++17 (test for excess errors)
FAIL: g++.dg/abi/pure-virtual1.C  -std=c++2a (test for excess errors)
FAIL: g++.dg/abi/pure-virtual1.C  -std=c++98 (test for excess errors)
XPASS: g++.dg/cpp0x/constexpr-52830.C  -std=c++14 (internal compiler error)
XPASS: g++.dg/cpp0x/constexpr-52830.C  -std=c++17 (internal compiler error)
XPASS: g++.dg/cpp0x/constexpr-52830.C  -std=c++2a (internal compiler error)
UNRESOLVED: g++.dg/cpp0x/constexpr-static.C  -std=gnu++14  scan-assembler-not static_initialization
UNRESOLVED: g++.dg/cpp0x/constexpr-static.C  -std=gnu++17  scan-assembler-not static_initialization
UNRESOLVED: g++.dg/cpp0x/constexpr-static.C  -std=gnu++2a  scan-assembler-not static_initialization
UNRESOLVED: g++.dg/cpp0x/constexpr-static3.C  -std=gnu++14  scan-assembler-not static_initialization
UNRESOLVED: g++.dg/cpp0x/constexpr-static3.C  -std=gnu++17  scan-assembler-not static_initialization
UNRESOLVED: g++.dg/cpp0x/constexpr-static3.C  -std=gnu++2a  scan-assembler-not static_initialization
UNRESOLVED: g++.dg/cpp0x/explicit12.C  -std=gnu++14  scan-assembler-not _ZN1AIiEC1Ev
UNRESOLVED: g++.dg/cpp0x/explicit12.C  -std=gnu++17  scan-assembler-not _ZN1AIiEC1Ev
UNRESOLVED: g++.dg/cpp0x/explicit12.C  -std=gnu++2a  scan-assembler-not _ZN1AIiEC1Ev
UNRESOLVED: g++.dg/cpp0x/pr77907.C  -std=gnu++14  scan-assembler-not static_initialization
UNRESOLVED: g++.dg/cpp0x/pr77907.C  -std=gnu++17  scan-assembler-not static_initialization
UNRESOLVED: g++.dg/cpp0x/pr77907.C  -std=gnu++2a  scan-assembler-not static_initialization
UNRESOLVED: g++.dg/ext/label13a.C  -std=gnu++14  scan-assembler _ZN1CC4Ev
UNRESOLVED: g++.dg/ext/label13a.C  -std=gnu++17  scan-assembler _ZN1CC4Ev
UNRESOLVED: g++.dg/ext/label13a.C  -std=gnu++2a  scan-assembler _ZN1CC4Ev
UNRESOLVED: g++.dg/ext/label13a.C  -std=gnu++98  scan-assembler _ZN1CC4Ev
UNRESOLVED: g++.dg/ipa/devirt-1.C  -std=gnu++14  scan-ipa-dump cp "Discovered a virtual call to a known target.*B::foo"
UNRESOLVED: g++.dg/ipa/devirt-1.C  -std=gnu++14  scan-tree-dump-times optimized "OBJ_TYPE_REF" 0
UNRESOLVED: g++.dg/ipa/devirt-1.C  -std=gnu++17  scan-ipa-dump cp "Discovered a virtual call to a known target.*B::foo"
UNRESOLVED: g++.dg/ipa/devirt-1.C  -std=gnu++17  scan-tree-dump-times optimized "OBJ_TYPE_REF" 0
UNRESOLVED: g++.dg/ipa/devirt-1.C  -std=gnu++2a  scan-ipa-dump cp "Discovered a virtual call to a known target.*B::foo"
UNRESOLVED: g++.dg/ipa/devirt-1.C  -std=gnu++2a  scan-tree-dump-times optimized "OBJ_TYPE_REF" 0
UNRESOLVED: g++.dg/ipa/devirt-1.C  -std=gnu++98  scan-ipa-dump cp "Discovered a virtual call to a known target.*B::foo"
UNRESOLVED: g++.dg/ipa/devirt-1.C  -std=gnu++98  scan-tree-dump-times optimized "OBJ_TYPE_REF" 0
UNRESOLVED: g++.dg/ipa/devirt-13.C  -std=gnu++14  scan-tree-dump-times ssa "OBJ_TYPE_REF" 0
UNRESOLVED: g++.dg/ipa/devirt-13.C  -std=gnu++17  scan-tree-dump-times ssa "OBJ_TYPE_REF" 0
UNRESOLVED: g++.dg/ipa/devirt-13.C  -std=gnu++2a  scan-tree-dump-times ssa "OBJ_TYPE_REF" 0
UNRESOLVED: g++.dg/ipa/devirt-13.C  -std=gnu++98  scan-tree-dump-times ssa "OBJ_TYPE_REF" 0
UNRESOLVED: g++.dg/ipa/devirt-14.C  -std=gnu++14  scan-tree-dump-not ssa "A::foo"
UNRESOLVED: g++.dg/ipa/devirt-14.C  -std=gnu++17  scan-tree-dump-not ssa "A::foo"
UNRESOLVED: g++.dg/ipa/devirt-14.C  -std=gnu++2a  scan-tree-dump-not ssa "A::foo"
UNRESOLVED: g++.dg/ipa/devirt-14.C  -std=gnu++98  scan-tree-dump-not ssa "A::foo"
UNRESOLVED: g++.dg/ipa/devirt-2.C  -std=gnu++14  scan-ipa-dump cp "Discovered a virtual call to a known target.*B::foo"
UNRESOLVED: g++.dg/ipa/devirt-2.C  -std=gnu++17  scan-ipa-dump cp "Discovered a virtual call to a known target.*B::foo"
UNRESOLVED: g++.dg/ipa/devirt-2.C  -std=gnu++2a  scan-ipa-dump cp "Discovered a virtual call to a known target.*B::foo"
UNRESOLVED: g++.dg/ipa/devirt-2.C  -std=gnu++98  scan-ipa-dump cp "Discovered a virtual call to a known target.*B::foo"
UNRESOLVED: g++.dg/ipa/devirt-21.C  -std=gnu++14  scan-ipa-dump cp "Discovered a virtual call to"
UNRESOLVED: g++.dg/ipa/devirt-21.C  -std=gnu++17  scan-ipa-dump cp "Discovered a virtual call to"
UNRESOLVED: g++.dg/ipa/devirt-21.C  -std=gnu++2a  scan-ipa-dump cp "Discovered a virtual call to"
UNRESOLVED: g++.dg/ipa/devirt-21.C  -std=gnu++98  scan-ipa-dump cp "Discovered a virtual call to"
UNRESOLVED: g++.dg/ipa/devirt-23.C  -std=gnu++14  scan-ipa-dump cp "Discovered a virtual call to"
UNRESOLVED: g++.dg/ipa/devirt-23.C  -std=gnu++17  scan-ipa-dump cp "Discovered a virtual call to"
UNRESOLVED: g++.dg/ipa/devirt-23.C  -std=gnu++2a  scan-ipa-dump cp "Discovered a virtual call to"
UNRESOLVED: g++.dg/ipa/devirt-23.C  -std=gnu++98  scan-ipa-dump cp "Discovered a virtual call to"
UNRESOLVED: g++.dg/ipa/devirt-3.C  -std=gnu++14  scan-ipa-dump cp "Discovered a virtual call to a known target.*B::foo"
UNRESOLVED: g++.dg/ipa/devirt-3.C  -std=gnu++14  scan-tree-dump-times optimized "OBJ_TYPE_REF" 0
UNRESOLVED: g++.dg/ipa/devirt-3.C  -std=gnu++17  scan-ipa-dump cp "Discovered a virtual call to a known target.*B::foo"
UNRESOLVED: g++.dg/ipa/devirt-3.C  -std=gnu++17  scan-tree-dump-times optimized "OBJ_TYPE_REF" 0
UNRESOLVED: g++.dg/ipa/devirt-3.C  -std=gnu++2a  scan-ipa-dump cp "Discovered a virtual call to a known target.*B::foo"
UNRESOLVED: g++.dg/ipa/devirt-3.C  -std=gnu++2a  scan-tree-dump-times optimized "OBJ_TYPE_REF" 0
UNRESOLVED: g++.dg/ipa/devirt-3.C  -std=gnu++98  scan-ipa-dump cp "Discovered a virtual call to a known target.*B::foo"
UNRESOLVED: g++.dg/ipa/devirt-3.C  -std=gnu++98  scan-tree-dump-times optimized "OBJ_TYPE_REF" 0
UNRESOLVED: g++.dg/ipa/devirt-4.C  -std=gnu++14  scan-ipa-dump cp "Discovered a virtual call to a known target.*B::foo"
UNRESOLVED: g++.dg/ipa/devirt-4.C  -std=gnu++14  scan-tree-dump-times optimized "OBJ_TYPE_REF" 0
UNRESOLVED: g++.dg/ipa/devirt-4.C  -std=gnu++17  scan-ipa-dump cp "Discovered a virtual call to a known target.*B::foo"
UNRESOLVED: g++.dg/ipa/devirt-4.C  -std=gnu++17  scan-tree-dump-times optimized "OBJ_TYPE_REF" 0
UNRESOLVED: g++.dg/ipa/devirt-4.C  -std=gnu++2a  scan-ipa-dump cp "Discovered a virtual call to a known target.*B::foo"
UNRESOLVED: g++.dg/ipa/devirt-4.C  -std=gnu++2a  scan-tree-dump-times optimized "OBJ_TYPE_REF" 0
UNRESOLVED: g++.dg/ipa/devirt-4.C  -std=gnu++98  scan-ipa-dump cp "Discovered a virtual call to a known target.*B::foo"
UNRESOLVED: g++.dg/ipa/devirt-4.C  -std=gnu++98  scan-tree-dump-times optimized "OBJ_TYPE_REF" 0
UNRESOLVED: g++.dg/ipa/devirt-5.C  -std=gnu++14  scan-ipa-dump cp "Discovered a virtual call to a known target.*B::foo"
UNRESOLVED: g++.dg/ipa/devirt-5.C  -std=gnu++14  scan-tree-dump-times optimized "OBJ_TYPE_REF" 0
UNRESOLVED: g++.dg/ipa/devirt-5.C  -std=gnu++17  scan-ipa-dump cp "Discovered a virtual call to a known target.*B::foo"
UNRESOLVED: g++.dg/ipa/devirt-5.C  -std=gnu++17  scan-tree-dump-times optimized "OBJ_TYPE_REF" 0
UNRESOLVED: g++.dg/ipa/devirt-5.C  -std=gnu++2a  scan-ipa-dump cp "Discovered a virtual call to a known target.*B::foo"
UNRESOLVED: g++.dg/ipa/devirt-5.C  -std=gnu++2a  scan-tree-dump-times optimized "OBJ_TYPE_REF" 0
UNRESOLVED: g++.dg/ipa/devirt-5.C  -std=gnu++98  scan-ipa-dump cp "Discovered a virtual call to a known target.*B::foo"
UNRESOLVED: g++.dg/ipa/devirt-5.C  -std=gnu++98  scan-tree-dump-times optimized "OBJ_TYPE_REF" 0
UNRESOLVED: g++.dg/ipa/devirt-7.C  -std=gnu++14  scan-ipa-dump cp "Discovered a virtual call to a known target.*B::foo"
UNRESOLVED: g++.dg/ipa/devirt-7.C  -std=gnu++17  scan-ipa-dump cp "Discovered a virtual call to a known target.*B::foo"
UNRESOLVED: g++.dg/ipa/devirt-7.C  -std=gnu++2a  scan-ipa-dump cp "Discovered a virtual call to a known target.*B::foo"
UNRESOLVED: g++.dg/ipa/devirt-7.C  -std=gnu++98  scan-ipa-dump cp "Discovered a virtual call to a known target.*B::foo"
UNRESOLVED: g++.dg/ipa/devirt-c-1.C  -std=gnu++14  scan-ipa-dump cp "Discovered a virtual call to a known target.*A::foo"
UNRESOLVED: g++.dg/ipa/devirt-c-1.C  -std=gnu++14  scan-tree-dump-times optimized "OBJ_TYPE_REF" 0
UNRESOLVED: g++.dg/ipa/devirt-c-1.C  -std=gnu++17  scan-ipa-dump cp "Discovered a virtual call to a known target.*A::foo"
UNRESOLVED: g++.dg/ipa/devirt-c-1.C  -std=gnu++17  scan-tree-dump-times optimized "OBJ_TYPE_REF" 0
UNRESOLVED: g++.dg/ipa/devirt-c-1.C  -std=gnu++2a  scan-ipa-dump cp "Discovered a virtual call to a known target.*A::foo"
UNRESOLVED: g++.dg/ipa/devirt-c-1.C  -std=gnu++2a  scan-tree-dump-times optimized "OBJ_TYPE_REF" 0
UNRESOLVED: g++.dg/ipa/devirt-c-1.C  -std=gnu++98  scan-ipa-dump cp "Discovered a virtual call to a known target.*A::foo"
UNRESOLVED: g++.dg/ipa/devirt-c-1.C  -std=gnu++98  scan-tree-dump-times optimized "OBJ_TYPE_REF" 0
UNRESOLVED: g++.dg/ipa/devirt-c-2.C  -std=gnu++14  scan-ipa-dump cp "Discovered a virtual call to a known target.*A::foo"
UNRESOLVED: g++.dg/ipa/devirt-c-2.C  -std=gnu++14  scan-tree-dump-times optimized "OBJ_TYPE_REF" 0
UNRESOLVED: g++.dg/ipa/devirt-c-2.C  -std=gnu++17  scan-ipa-dump cp "Discovered a virtual call to a known target.*A::foo"
UNRESOLVED: g++.dg/ipa/devirt-c-2.C  -std=gnu++17  scan-tree-dump-times optimized "OBJ_TYPE_REF" 0
UNRESOLVED: g++.dg/ipa/devirt-c-2.C  -std=gnu++2a  scan-ipa-dump cp "Discovered a virtual call to a known target.*A::foo"
UNRESOLVED: g++.dg/ipa/devirt-c-2.C  -std=gnu++2a  scan-tree-dump-times optimized "OBJ_TYPE_REF" 0
UNRESOLVED: g++.dg/ipa/devirt-c-2.C  -std=gnu++98  scan-ipa-dump cp "Discovered a virtual call to a known target.*A::foo"
UNRESOLVED: g++.dg/ipa/devirt-c-2.C  -std=gnu++98  scan-tree-dump-times optimized "OBJ_TYPE_REF" 0
UNRESOLVED: g++.dg/ipa/devirt-c-8.C  -std=gnu++14  scan-ipa-dump cp "Discovered a virtual call to a known target.*A::foo"
UNRESOLVED: g++.dg/ipa/devirt-c-8.C  -std=gnu++14  scan-tree-dump-times optimized "OBJ_TYPE_REF" 0
UNRESOLVED: g++.dg/ipa/devirt-c-8.C  -std=gnu++17  scan-ipa-dump cp "Discovered a virtual call to a known target.*A::foo"
UNRESOLVED: g++.dg/ipa/devirt-c-8.C  -std=gnu++17  scan-tree-dump-times optimized "OBJ_TYPE_REF" 0
UNRESOLVED: g++.dg/ipa/devirt-c-8.C  -std=gnu++2a  scan-ipa-dump cp "Discovered a virtual call to a known target.*A::foo"
UNRESOLVED: g++.dg/ipa/devirt-c-8.C  -std=gnu++2a  scan-tree-dump-times optimized "OBJ_TYPE_REF" 0
UNRESOLVED: g++.dg/ipa/devirt-c-8.C  -std=gnu++98  scan-ipa-dump cp "Discovered a virtual call to a known target.*A::foo"
UNRESOLVED: g++.dg/ipa/devirt-c-8.C  -std=gnu++98  scan-tree-dump-times optimized "OBJ_TYPE_REF" 0
UNRESOLVED: g++.dg/ipa/imm-devirt-1.C  -std=gnu++14  scan-tree-dump einline "B::foo \\\\("
UNRESOLVED: g++.dg/ipa/imm-devirt-1.C  -std=gnu++14  scan-tree-dump einline "Inlining int middleman_1"
UNRESOLVED: g++.dg/ipa/imm-devirt-1.C  -std=gnu++14  scan-tree-dump einline "Inlining int middleman_2"
UNRESOLVED: g++.dg/ipa/imm-devirt-1.C  -std=gnu++14  scan-tree-dump-times einline "OBJ_TYPE_REF" 2
UNRESOLVED: g++.dg/ipa/imm-devirt-1.C  -std=gnu++17  scan-tree-dump einline "B::foo \\\\("
UNRESOLVED: g++.dg/ipa/imm-devirt-1.C  -std=gnu++17  scan-tree-dump einline "Inlining int middleman_1"
UNRESOLVED: g++.dg/ipa/imm-devirt-1.C  -std=gnu++17  scan-tree-dump einline "Inlining int middleman_2"
UNRESOLVED: g++.dg/ipa/imm-devirt-1.C  -std=gnu++17  scan-tree-dump-times einline "OBJ_TYPE_REF" 2
UNRESOLVED: g++.dg/ipa/imm-devirt-1.C  -std=gnu++2a  scan-tree-dump einline "B::foo \\\\("
UNRESOLVED: g++.dg/ipa/imm-devirt-1.C  -std=gnu++2a  scan-tree-dump einline "Inlining int middleman_1"
UNRESOLVED: g++.dg/ipa/imm-devirt-1.C  -std=gnu++2a  scan-tree-dump einline "Inlining int middleman_2"
UNRESOLVED: g++.dg/ipa/imm-devirt-1.C  -std=gnu++2a  scan-tree-dump-times einline "OBJ_TYPE_REF" 2
UNRESOLVED: g++.dg/ipa/imm-devirt-1.C  -std=gnu++98  scan-tree-dump einline "B::foo \\\\("
UNRESOLVED: g++.dg/ipa/imm-devirt-1.C  -std=gnu++98  scan-tree-dump einline "Inlining int middleman_1"
UNRESOLVED: g++.dg/ipa/imm-devirt-1.C  -std=gnu++98  scan-tree-dump einline "Inlining int middleman_2"
UNRESOLVED: g++.dg/ipa/imm-devirt-1.C  -std=gnu++98  scan-tree-dump-times einline "OBJ_TYPE_REF" 2
UNRESOLVED: g++.dg/ipa/imm-devirt-2.C  -std=gnu++14  scan-tree-dump einline "C::_ZThn[0-9]+_N1C3fooEi \\\\("
UNRESOLVED: g++.dg/ipa/imm-devirt-2.C  -std=gnu++17  scan-tree-dump einline "C::_ZThn[0-9]+_N1C3fooEi \\\\("
UNRESOLVED: g++.dg/ipa/imm-devirt-2.C  -std=gnu++2a  scan-tree-dump einline "C::_ZThn[0-9]+_N1C3fooEi \\\\("
UNRESOLVED: g++.dg/ipa/imm-devirt-2.C  -std=gnu++98  scan-tree-dump einline "C::_ZThn[0-9]+_N1C3fooEi \\\\("
UNRESOLVED: g++.dg/ipa/ipa-icf-6.C  -std=gnu++14  scan-ipa-dump-times icf "Unified; Wrapper has been created" 1
UNRESOLVED: g++.dg/ipa/ipa-icf-6.C  -std=gnu++17  scan-ipa-dump-times icf "Unified; Wrapper has been created" 1
UNRESOLVED: g++.dg/ipa/ipa-icf-6.C  -std=gnu++2a  scan-ipa-dump-times icf "Unified; Wrapper has been created" 1
UNRESOLVED: g++.dg/ipa/ipa-icf-6.C  -std=gnu++98  scan-ipa-dump-times icf "Unified; Wrapper has been created" 1
UNRESOLVED: g++.dg/ipa/ivinline-1.C  -std=gnu++14  scan-ipa-dump inline "B::foo[^\\\\n]*inline copy in int main"
UNRESOLVED: g++.dg/ipa/ivinline-1.C  -std=gnu++17  scan-ipa-dump inline "B::foo[^\\\\n]*inline copy in int main"
UNRESOLVED: g++.dg/ipa/ivinline-1.C  -std=gnu++2a  scan-ipa-dump inline "B::foo[^\\\\n]*inline copy in int main"
UNRESOLVED: g++.dg/ipa/ivinline-1.C  -std=gnu++98  scan-ipa-dump inline "B::foo[^\\\\n]*inline copy in int main"
UNRESOLVED: g++.dg/ipa/ivinline-2.C  -std=gnu++14  scan-ipa-dump inline "B::foo[^\\\\n]*inline copy in int main"
UNRESOLVED: g++.dg/ipa/ivinline-2.C  -std=gnu++17  scan-ipa-dump inline "B::foo[^\\\\n]*inline copy in int main"
UNRESOLVED: g++.dg/ipa/ivinline-2.C  -std=gnu++2a  scan-ipa-dump inline "B::foo[^\\\\n]*inline copy in int main"
UNRESOLVED: g++.dg/ipa/ivinline-2.C  -std=gnu++98  scan-ipa-dump inline "B::foo[^\\\\n]*inline copy in int main"
UNRESOLVED: g++.dg/ipa/ivinline-3.C  -std=gnu++14  scan-ipa-dump inline "B::foo[^\\\\n]*inline copy in int main"
UNRESOLVED: g++.dg/ipa/ivinline-3.C  -std=gnu++17  scan-ipa-dump inline "B::foo[^\\\\n]*inline copy in int main"
UNRESOLVED: g++.dg/ipa/ivinline-3.C  -std=gnu++2a  scan-ipa-dump inline "B::foo[^\\\\n]*inline copy in int main"
UNRESOLVED: g++.dg/ipa/ivinline-3.C  -std=gnu++98  scan-ipa-dump inline "B::foo[^\\\\n]*inline copy in int main"
UNRESOLVED: g++.dg/ipa/ivinline-4.C  -std=gnu++14  scan-ipa-dump inline "B::foo[^\\\\n]*inline copy in int main"
UNRESOLVED: g++.dg/ipa/ivinline-4.C  -std=gnu++17  scan-ipa-dump inline "B::foo[^\\\\n]*inline copy in int main"
UNRESOLVED: g++.dg/ipa/ivinline-4.C  -std=gnu++2a  scan-ipa-dump inline "B::foo[^\\\\n]*inline copy in int main"
UNRESOLVED: g++.dg/ipa/ivinline-4.C  -std=gnu++98  scan-ipa-dump inline "B::foo[^\\\\n]*inline copy in int main"
UNRESOLVED: g++.dg/ipa/ivinline-5.C  -std=gnu++14  scan-ipa-dump inline "A::foo[^\\\\n]*inline copy in int main"
UNRESOLVED: g++.dg/ipa/ivinline-5.C  -std=gnu++14  scan-ipa-dump inline "B::foo[^\\\\n]*inline copy in int main"
UNRESOLVED: g++.dg/ipa/ivinline-5.C  -std=gnu++17  scan-ipa-dump inline "A::foo[^\\\\n]*inline copy in int main"
UNRESOLVED: g++.dg/ipa/ivinline-5.C  -std=gnu++17  scan-ipa-dump inline "B::foo[^\\\\n]*inline copy in int main"
UNRESOLVED: g++.dg/ipa/ivinline-5.C  -std=gnu++2a  scan-ipa-dump inline "A::foo[^\\\\n]*inline copy in int main"
UNRESOLVED: g++.dg/ipa/ivinline-5.C  -std=gnu++2a  scan-ipa-dump inline "B::foo[^\\\\n]*inline copy in int main"
UNRESOLVED: g++.dg/ipa/ivinline-5.C  -std=gnu++98  scan-ipa-dump inline "A::foo[^\\\\n]*inline copy in int main"
UNRESOLVED: g++.dg/ipa/ivinline-5.C  -std=gnu++98  scan-ipa-dump inline "B::foo[^\\\\n]*inline copy in int main"
UNRESOLVED: g++.dg/ipa/ivinline-7.C  -std=gnu++14  scan-ipa-dump inline "B::foo[^\\\\n]*inline copy in int main"
UNRESOLVED: g++.dg/ipa/ivinline-7.C  -std=gnu++14  scan-ipa-dump inline "Discovered a virtual call to a known target.*B::.*foo"
UNRESOLVED: g++.dg/ipa/ivinline-7.C  -std=gnu++17  scan-ipa-dump inline "B::foo[^\\\\n]*inline copy in int main"
UNRESOLVED: g++.dg/ipa/ivinline-7.C  -std=gnu++17  scan-ipa-dump inline "Discovered a virtual call to a known target.*B::.*foo"
UNRESOLVED: g++.dg/ipa/ivinline-7.C  -std=gnu++2a  scan-ipa-dump inline "B::foo[^\\\\n]*inline copy in int main"
UNRESOLVED: g++.dg/ipa/ivinline-7.C  -std=gnu++2a  scan-ipa-dump inline "Discovered a virtual call to a known target.*B::.*foo"
UNRESOLVED: g++.dg/ipa/ivinline-7.C  -std=gnu++98  scan-ipa-dump inline "B::foo[^\\\\n]*inline copy in int main"
UNRESOLVED: g++.dg/ipa/ivinline-7.C  -std=gnu++98  scan-ipa-dump inline "Discovered a virtual call to a known target.*B::.*foo"
UNRESOLVED: g++.dg/ipa/ivinline-8.C  -std=gnu++14  scan-ipa-dump inline "B::bar[^\\\\n]*inline copy in int main"
UNRESOLVED: g++.dg/ipa/ivinline-8.C  -std=gnu++14  scan-ipa-dump inline "B::foo[^\\\\n]*inline copy in int main"
UNRESOLVED: g++.dg/ipa/ivinline-8.C  -std=gnu++17  scan-ipa-dump inline "B::bar[^\\\\n]*inline copy in int main"
UNRESOLVED: g++.dg/ipa/ivinline-8.C  -std=gnu++17  scan-ipa-dump inline "B::foo[^\\\\n]*inline copy in int main"
UNRESOLVED: g++.dg/ipa/ivinline-8.C  -std=gnu++2a  scan-ipa-dump inline "B::bar[^\\\\n]*inline copy in int main"
UNRESOLVED: g++.dg/ipa/ivinline-8.C  -std=gnu++2a  scan-ipa-dump inline "B::foo[^\\\\n]*inline copy in int main"
UNRESOLVED: g++.dg/ipa/ivinline-8.C  -std=gnu++98  scan-ipa-dump inline "B::bar[^\\\\n]*inline copy in int main"
UNRESOLVED: g++.dg/ipa/ivinline-8.C  -std=gnu++98  scan-ipa-dump inline "B::foo[^\\\\n]*inline copy in int main"
UNRESOLVED: g++.dg/ipa/ivinline-9.C  -std=gnu++14  scan-ipa-dump inline "B::foo[^\\\\n]*inline copy in int main"
UNRESOLVED: g++.dg/ipa/ivinline-9.C  -std=gnu++14  scan-ipa-dump inline "Discovered a virtual call to a known target.*B::.*foo"
UNRESOLVED: g++.dg/ipa/ivinline-9.C  -std=gnu++17  scan-ipa-dump inline "B::foo[^\\\\n]*inline copy in int main"
UNRESOLVED: g++.dg/ipa/ivinline-9.C  -std=gnu++17  scan-ipa-dump inline "Discovered a virtual call to a known target.*B::.*foo"
UNRESOLVED: g++.dg/ipa/ivinline-9.C  -std=gnu++2a  scan-ipa-dump inline "B::foo[^\\\\n]*inline copy in int main"
UNRESOLVED: g++.dg/ipa/ivinline-9.C  -std=gnu++2a  scan-ipa-dump inline "Discovered a virtual call to a known target.*B::.*foo"
UNRESOLVED: g++.dg/ipa/ivinline-9.C  -std=gnu++98  scan-ipa-dump inline "B::foo[^\\\\n]*inline copy in int main"
UNRESOLVED: g++.dg/ipa/ivinline-9.C  -std=gnu++98  scan-ipa-dump inline "Discovered a virtual call to a known target.*B::.*foo"
UNRESOLVED: g++.dg/ipa/pr60640-4.C  -std=gnu++14  scan-ipa-dump-times cp "Thunk fixed offset" 2
UNRESOLVED: g++.dg/ipa/pr60640-4.C  -std=gnu++17  scan-ipa-dump-times cp "Thunk fixed offset" 2
UNRESOLVED: g++.dg/ipa/pr60640-4.C  -std=gnu++2a  scan-ipa-dump-times cp "Thunk fixed offset" 2
UNRESOLVED: g++.dg/ipa/pr60640-4.C  -std=gnu++98  scan-ipa-dump-times cp "Thunk fixed offset" 2
UNRESOLVED: g++.dg/ipa/pr63838.C  -std=gnu++14  scan-ipa-dump-not pure-const "Function found to be nothrow: void bar"
UNRESOLVED: g++.dg/ipa/pr63838.C  -std=gnu++14  scan-ipa-dump-not pure-const "Function found to be nothrow: void foo"
UNRESOLVED: g++.dg/ipa/pr63838.C  -std=gnu++17  scan-ipa-dump-not pure-const "Function found to be nothrow: void bar"
UNRESOLVED: g++.dg/ipa/pr63838.C  -std=gnu++17  scan-ipa-dump-not pure-const "Function found to be nothrow: void foo"
UNRESOLVED: g++.dg/ipa/pr63838.C  -std=gnu++2a  scan-ipa-dump-not pure-const "Function found to be nothrow: void bar"
UNRESOLVED: g++.dg/ipa/pr63838.C  -std=gnu++2a  scan-ipa-dump-not pure-const "Function found to be nothrow: void foo"
UNRESOLVED: g++.dg/ipa/pr63838.C  -std=gnu++98  scan-ipa-dump-not pure-const "Function found to be nothrow: void bar"
UNRESOLVED: g++.dg/ipa/pr63838.C  -std=gnu++98  scan-ipa-dump-not pure-const "Function found to be nothrow: void foo"
UNRESOLVED: g++.dg/ipa/pr67056.C   scan-ipa-dump cp "Speculative outer type:struct CompositeClass"
UNRESOLVED: g++.dg/pr94314-2.C  -std=gnu++14  scan-tree-dump-times cddce1 "Deleting : operator delete" 2
UNRESOLVED: g++.dg/pr94314-2.C  -std=gnu++17  scan-tree-dump-times cddce1 "Deleting : operator delete" 2
UNRESOLVED: g++.dg/pr94314-2.C  -std=gnu++2a  scan-tree-dump-times cddce1 "Deleting : operator delete" 2
UNRESOLVED: g++.dg/pr94314-2.C  -std=gnu++98  scan-tree-dump-times cddce1 "Deleting : operator delete" 2
UNRESOLVED: g++.dg/pr94314-3.C  -std=gnu++14  scan-tree-dump-not cddce1 "Deleting : operator delete"
UNRESOLVED: g++.dg/pr94314-3.C  -std=gnu++17  scan-tree-dump-not cddce1 "Deleting : operator delete"
UNRESOLVED: g++.dg/pr94314-3.C  -std=gnu++2a  scan-tree-dump-not cddce1 "Deleting : operator delete"
UNRESOLVED: g++.dg/pr94314-3.C  -std=gnu++98  scan-tree-dump-not cddce1 "Deleting : operator delete"
UNRESOLVED: g++.dg/pr94314-4.C  -std=gnu++14  scan-tree-dump-not cddce1 "Deleting : operator delete"
UNRESOLVED: g++.dg/pr94314-4.C  -std=gnu++17  scan-tree-dump-not cddce1 "Deleting : operator delete"
UNRESOLVED: g++.dg/pr94314-4.C  -std=gnu++2a  scan-tree-dump-not cddce1 "Deleting : operator delete"
UNRESOLVED: g++.dg/pr94314.C  -std=gnu++14  scan-tree-dump-not cddce1 "Deleting : B::operator delete"
UNRESOLVED: g++.dg/pr94314.C  -std=gnu++14  scan-tree-dump-not cddce1 "Deleting : operator delete"
UNRESOLVED: g++.dg/pr94314.C  -std=gnu++17  scan-tree-dump-not cddce1 "Deleting : B::operator delete"
UNRESOLVED: g++.dg/pr94314.C  -std=gnu++17  scan-tree-dump-not cddce1 "Deleting : operator delete"
UNRESOLVED: g++.dg/pr94314.C  -std=gnu++2a  scan-tree-dump-not cddce1 "Deleting : B::operator delete"
UNRESOLVED: g++.dg/pr94314.C  -std=gnu++2a  scan-tree-dump-not cddce1 "Deleting : operator delete"
UNRESOLVED: g++.dg/pr94314.C  -std=gnu++98  scan-tree-dump-not cddce1 "Deleting : B::operator delete"
UNRESOLVED: g++.dg/pr94314.C  -std=gnu++98  scan-tree-dump-not cddce1 "Deleting : operator delete"
UNRESOLVED: g++.dg/tree-ssa/pr33604.C  -std=gnu++14  scan-tree-dump-times optimized ".MEM_[0-9]*\\\\(D\\\\)" 2
UNRESOLVED: g++.dg/tree-ssa/pr33604.C  -std=gnu++17  scan-tree-dump-times optimized ".MEM_[0-9]*\\\\(D\\\\)" 2
UNRESOLVED: g++.dg/tree-ssa/pr33604.C  -std=gnu++2a  scan-tree-dump-times optimized ".MEM_[0-9]*\\\\(D\\\\)" 2
UNRESOLVED: g++.dg/tree-ssa/pr33604.C  -std=gnu++98  scan-tree-dump-times optimized ".MEM_[0-9]*\\\\(D\\\\)" 2
FAIL: g++.dg/warn/Warray-bounds-10.C  -std=gnu++14  (test for warnings, line 22)
FAIL: g++.dg/warn/Warray-bounds-10.C  -std=gnu++14  (test for warnings, line 23)
FAIL: g++.dg/warn/Warray-bounds-10.C  -std=gnu++14  (test for warnings, line 24)
FAIL: g++.dg/warn/Warray-bounds-10.C  -std=gnu++14  (test for warnings, line 33)
FAIL: g++.dg/warn/Warray-bounds-10.C  -std=gnu++14  (test for warnings, line 34)
FAIL: g++.dg/warn/Warray-bounds-10.C  -std=gnu++14  (test for warnings, line 35)
FAIL: g++.dg/warn/Warray-bounds-10.C  -std=gnu++14  (test for warnings, line 48)
FAIL: g++.dg/warn/Warray-bounds-10.C  -std=gnu++14  (test for warnings, line 49)
FAIL: g++.dg/warn/Warray-bounds-10.C  -std=gnu++14  (test for warnings, line 50)
FAIL: g++.dg/warn/Warray-bounds-10.C  -std=gnu++14  (test for warnings, line 59)
FAIL: g++.dg/warn/Warray-bounds-10.C  -std=gnu++14  (test for warnings, line 60)
FAIL: g++.dg/warn/Warray-bounds-10.C  -std=gnu++14  (test for warnings, line 61)
FAIL: g++.dg/warn/Warray-bounds-10.C  -std=gnu++14 (test for excess errors)
FAIL: g++.dg/warn/Warray-bounds-10.C  -std=gnu++17  (test for warnings, line 22)
FAIL: g++.dg/warn/Warray-bounds-10.C  -std=gnu++17  (test for warnings, line 23)
FAIL: g++.dg/warn/Warray-bounds-10.C  -std=gnu++17  (test for warnings, line 24)
FAIL: g++.dg/warn/Warray-bounds-10.C  -std=gnu++17  (test for warnings, line 33)
FAIL: g++.dg/warn/Warray-bounds-10.C  -std=gnu++17  (test for warnings, line 34)
FAIL: g++.dg/warn/Warray-bounds-10.C  -std=gnu++17  (test for warnings, line 35)
FAIL: g++.dg/warn/Warray-bounds-10.C  -std=gnu++17  (test for warnings, line 48)
FAIL: g++.dg/warn/Warray-bounds-10.C  -std=gnu++17  (test for warnings, line 49)
FAIL: g++.dg/warn/Warray-bounds-10.C  -std=gnu++17  (test for warnings, line 50)
FAIL: g++.dg/warn/Warray-bounds-10.C  -std=gnu++17  (test for warnings, line 59)
FAIL: g++.dg/warn/Warray-bounds-10.C  -std=gnu++17  (test for warnings, line 60)
FAIL: g++.dg/warn/Warray-bounds-10.C  -std=gnu++17  (test for warnings, line 61)
FAIL: g++.dg/warn/Warray-bounds-10.C  -std=gnu++17 (test for excess errors)
FAIL: g++.dg/warn/Warray-bounds-10.C  -std=gnu++2a  (test for warnings, line 22)
FAIL: g++.dg/warn/Warray-bounds-10.C  -std=gnu++2a  (test for warnings, line 23)
FAIL: g++.dg/warn/Warray-bounds-10.C  -std=gnu++2a  (test for warnings, line 24)
FAIL: g++.dg/warn/Warray-bounds-10.C  -std=gnu++2a  (test for warnings, line 33)
FAIL: g++.dg/warn/Warray-bounds-10.C  -std=gnu++2a  (test for warnings, line 34)
FAIL: g++.dg/warn/Warray-bounds-10.C  -std=gnu++2a  (test for warnings, line 35)
FAIL: g++.dg/warn/Warray-bounds-10.C  -std=gnu++2a  (test for warnings, line 48)
FAIL: g++.dg/warn/Warray-bounds-10.C  -std=gnu++2a  (test for warnings, line 49)
FAIL: g++.dg/warn/Warray-bounds-10.C  -std=gnu++2a  (test for warnings, line 50)
FAIL: g++.dg/warn/Warray-bounds-10.C  -std=gnu++2a  (test for warnings, line 59)
FAIL: g++.dg/warn/Warray-bounds-10.C  -std=gnu++2a  (test for warnings, line 60)
FAIL: g++.dg/warn/Warray-bounds-10.C  -std=gnu++2a  (test for warnings, line 61)
FAIL: g++.dg/warn/Warray-bounds-10.C  -std=gnu++2a (test for excess errors)
FAIL: g++.dg/warn/Warray-bounds-10.C  -std=gnu++98  (test for warnings, line 22)
FAIL: g++.dg/warn/Warray-bounds-10.C  -std=gnu++98  (test for warnings, line 23)
FAIL: g++.dg/warn/Warray-bounds-10.C  -std=gnu++98  (test for warnings, line 24)
FAIL: g++.dg/warn/Warray-bounds-10.C  -std=gnu++98  (test for warnings, line 33)
FAIL: g++.dg/warn/Warray-bounds-10.C  -std=gnu++98  (test for warnings, line 34)
FAIL: g++.dg/warn/Warray-bounds-10.C  -std=gnu++98  (test for warnings, line 35)
FAIL: g++.dg/warn/Warray-bounds-10.C  -std=gnu++98  (test for warnings, line 48)
FAIL: g++.dg/warn/Warray-bounds-10.C  -std=gnu++98  (test for warnings, line 49)
FAIL: g++.dg/warn/Warray-bounds-10.C  -std=gnu++98  (test for warnings, line 50)
FAIL: g++.dg/warn/Warray-bounds-10.C  -std=gnu++98  (test for warnings, line 59)
FAIL: g++.dg/warn/Warray-bounds-10.C  -std=gnu++98  (test for warnings, line 60)
FAIL: g++.dg/warn/Warray-bounds-10.C  -std=gnu++98  (test for warnings, line 61)
FAIL: g++.dg/warn/Warray-bounds-10.C  -std=gnu++98 (test for excess errors)
FAIL: g++.dg/warn/Warray-bounds-11.C  -std=gnu++14  (test for warnings, line 24)
FAIL: g++.dg/warn/Warray-bounds-11.C  -std=gnu++14  (test for warnings, line 25)
FAIL: g++.dg/warn/Warray-bounds-11.C  -std=gnu++14  (test for warnings, line 26)
FAIL: g++.dg/warn/Warray-bounds-11.C  -std=gnu++14  (test for warnings, line 35)
FAIL: g++.dg/warn/Warray-bounds-11.C  -std=gnu++14  (test for warnings, line 36)
FAIL: g++.dg/warn/Warray-bounds-11.C  -std=gnu++14  (test for warnings, line 37)
FAIL: g++.dg/warn/Warray-bounds-11.C  -std=gnu++14  (test for warnings, line 50)
FAIL: g++.dg/warn/Warray-bounds-11.C  -std=gnu++14  (test for warnings, line 51)
FAIL: g++.dg/warn/Warray-bounds-11.C  -std=gnu++14  (test for warnings, line 52)
FAIL: g++.dg/warn/Warray-bounds-11.C  -std=gnu++14  (test for warnings, line 61)
FAIL: g++.dg/warn/Warray-bounds-11.C  -std=gnu++14  (test for warnings, line 62)
FAIL: g++.dg/warn/Warray-bounds-11.C  -std=gnu++14  (test for warnings, line 63)
FAIL: g++.dg/warn/Warray-bounds-11.C  -std=gnu++14 (test for excess errors)
FAIL: g++.dg/warn/Warray-bounds-11.C  -std=gnu++17  (test for warnings, line 24)
FAIL: g++.dg/warn/Warray-bounds-11.C  -std=gnu++17  (test for warnings, line 25)
FAIL: g++.dg/warn/Warray-bounds-11.C  -std=gnu++17  (test for warnings, line 26)
FAIL: g++.dg/warn/Warray-bounds-11.C  -std=gnu++17  (test for warnings, line 35)
FAIL: g++.dg/warn/Warray-bounds-11.C  -std=gnu++17  (test for warnings, line 36)
FAIL: g++.dg/warn/Warray-bounds-11.C  -std=gnu++17  (test for warnings, line 37)
FAIL: g++.dg/warn/Warray-bounds-11.C  -std=gnu++17  (test for warnings, line 50)
FAIL: g++.dg/warn/Warray-bounds-11.C  -std=gnu++17  (test for warnings, line 51)
FAIL: g++.dg/warn/Warray-bounds-11.C  -std=gnu++17  (test for warnings, line 52)
FAIL: g++.dg/warn/Warray-bounds-11.C  -std=gnu++17  (test for warnings, line 61)
FAIL: g++.dg/warn/Warray-bounds-11.C  -std=gnu++17  (test for warnings, line 62)
FAIL: g++.dg/warn/Warray-bounds-11.C  -std=gnu++17  (test for warnings, line 63)
FAIL: g++.dg/warn/Warray-bounds-11.C  -std=gnu++17 (test for excess errors)
FAIL: g++.dg/warn/Warray-bounds-11.C  -std=gnu++2a  (test for warnings, line 24)
FAIL: g++.dg/warn/Warray-bounds-11.C  -std=gnu++2a  (test for warnings, line 25)
FAIL: g++.dg/warn/Warray-bounds-11.C  -std=gnu++2a  (test for warnings, line 26)
FAIL: g++.dg/warn/Warray-bounds-11.C  -std=gnu++2a  (test for warnings, line 35)
FAIL: g++.dg/warn/Warray-bounds-11.C  -std=gnu++2a  (test for warnings, line 36)
FAIL: g++.dg/warn/Warray-bounds-11.C  -std=gnu++2a  (test for warnings, line 37)
FAIL: g++.dg/warn/Warray-bounds-11.C  -std=gnu++2a  (test for warnings, line 50)
FAIL: g++.dg/warn/Warray-bounds-11.C  -std=gnu++2a  (test for warnings, line 51)
FAIL: g++.dg/warn/Warray-bounds-11.C  -std=gnu++2a  (test for warnings, line 52)
FAIL: g++.dg/warn/Warray-bounds-11.C  -std=gnu++2a  (test for warnings, line 61)
FAIL: g++.dg/warn/Warray-bounds-11.C  -std=gnu++2a  (test for warnings, line 62)
FAIL: g++.dg/warn/Warray-bounds-11.C  -std=gnu++2a  (test for warnings, line 63)
FAIL: g++.dg/warn/Warray-bounds-11.C  -std=gnu++2a (test for excess errors)
FAIL: g++.dg/warn/Warray-bounds-11.C  -std=gnu++98  (test for warnings, line 24)
FAIL: g++.dg/warn/Warray-bounds-11.C  -std=gnu++98  (test for warnings, line 25)
FAIL: g++.dg/warn/Warray-bounds-11.C  -std=gnu++98  (test for warnings, line 26)
FAIL: g++.dg/warn/Warray-bounds-11.C  -std=gnu++98  (test for warnings, line 35)
FAIL: g++.dg/warn/Warray-bounds-11.C  -std=gnu++98  (test for warnings, line 36)
FAIL: g++.dg/warn/Warray-bounds-11.C  -std=gnu++98  (test for warnings, line 37)
FAIL: g++.dg/warn/Warray-bounds-11.C  -std=gnu++98  (test for warnings, line 50)
FAIL: g++.dg/warn/Warray-bounds-11.C  -std=gnu++98  (test for warnings, line 51)
FAIL: g++.dg/warn/Warray-bounds-11.C  -std=gnu++98  (test for warnings, line 52)
FAIL: g++.dg/warn/Warray-bounds-11.C  -std=gnu++98  (test for warnings, line 61)
FAIL: g++.dg/warn/Warray-bounds-11.C  -std=gnu++98  (test for warnings, line 62)
FAIL: g++.dg/warn/Warray-bounds-11.C  -std=gnu++98  (test for warnings, line 63)
FAIL: g++.dg/warn/Warray-bounds-11.C  -std=gnu++98 (test for excess errors)
FAIL: g++.dg/warn/Warray-bounds-12.C  -std=gnu++14  (test for warnings, line 24)
FAIL: g++.dg/warn/Warray-bounds-12.C  -std=gnu++14  (test for warnings, line 25)
FAIL: g++.dg/warn/Warray-bounds-12.C  -std=gnu++14  (test for warnings, line 26)
FAIL: g++.dg/warn/Warray-bounds-12.C  -std=gnu++14  (test for warnings, line 35)
FAIL: g++.dg/warn/Warray-bounds-12.C  -std=gnu++14  (test for warnings, line 36)
FAIL: g++.dg/warn/Warray-bounds-12.C  -std=gnu++14  (test for warnings, line 37)
FAIL: g++.dg/warn/Warray-bounds-12.C  -std=gnu++14  (test for warnings, line 50)
FAIL: g++.dg/warn/Warray-bounds-12.C  -std=gnu++14  (test for warnings, line 51)
FAIL: g++.dg/warn/Warray-bounds-12.C  -std=gnu++14  (test for warnings, line 52)
FAIL: g++.dg/warn/Warray-bounds-12.C  -std=gnu++14  (test for warnings, line 61)
FAIL: g++.dg/warn/Warray-bounds-12.C  -std=gnu++14  (test for warnings, line 62)
FAIL: g++.dg/warn/Warray-bounds-12.C  -std=gnu++14  (test for warnings, line 63)
FAIL: g++.dg/warn/Warray-bounds-12.C  -std=gnu++14 (test for excess errors)
FAIL: g++.dg/warn/Warray-bounds-12.C  -std=gnu++17  (test for warnings, line 24)
FAIL: g++.dg/warn/Warray-bounds-12.C  -std=gnu++17  (test for warnings, line 25)
FAIL: g++.dg/warn/Warray-bounds-12.C  -std=gnu++17  (test for warnings, line 26)
FAIL: g++.dg/warn/Warray-bounds-12.C  -std=gnu++17  (test for warnings, line 35)
FAIL: g++.dg/warn/Warray-bounds-12.C  -std=gnu++17  (test for warnings, line 36)
FAIL: g++.dg/warn/Warray-bounds-12.C  -std=gnu++17  (test for warnings, line 37)
FAIL: g++.dg/warn/Warray-bounds-12.C  -std=gnu++17  (test for warnings, line 50)
FAIL: g++.dg/warn/Warray-bounds-12.C  -std=gnu++17  (test for warnings, line 51)
FAIL: g++.dg/warn/Warray-bounds-12.C  -std=gnu++17  (test for warnings, line 52)
FAIL: g++.dg/warn/Warray-bounds-12.C  -std=gnu++17  (test for warnings, line 61)
FAIL: g++.dg/warn/Warray-bounds-12.C  -std=gnu++17  (test for warnings, line 62)
FAIL: g++.dg/warn/Warray-bounds-12.C  -std=gnu++17  (test for warnings, line 63)
FAIL: g++.dg/warn/Warray-bounds-12.C  -std=gnu++17 (test for excess errors)
FAIL: g++.dg/warn/Warray-bounds-12.C  -std=gnu++2a  (test for warnings, line 24)
FAIL: g++.dg/warn/Warray-bounds-12.C  -std=gnu++2a  (test for warnings, line 25)
FAIL: g++.dg/warn/Warray-bounds-12.C  -std=gnu++2a  (test for warnings, line 26)
FAIL: g++.dg/warn/Warray-bounds-12.C  -std=gnu++2a  (test for warnings, line 35)
FAIL: g++.dg/warn/Warray-bounds-12.C  -std=gnu++2a  (test for warnings, line 36)
FAIL: g++.dg/warn/Warray-bounds-12.C  -std=gnu++2a  (test for warnings, line 37)
FAIL: g++.dg/warn/Warray-bounds-12.C  -std=gnu++2a  (test for warnings, line 50)
FAIL: g++.dg/warn/Warray-bounds-12.C  -std=gnu++2a  (test for warnings, line 51)
FAIL: g++.dg/warn/Warray-bounds-12.C  -std=gnu++2a  (test for warnings, line 52)
FAIL: g++.dg/warn/Warray-bounds-12.C  -std=gnu++2a  (test for warnings, line 61)
FAIL: g++.dg/warn/Warray-bounds-12.C  -std=gnu++2a  (test for warnings, line 62)
FAIL: g++.dg/warn/Warray-bounds-12.C  -std=gnu++2a  (test for warnings, line 63)
FAIL: g++.dg/warn/Warray-bounds-12.C  -std=gnu++2a (test for excess errors)
FAIL: g++.dg/warn/Warray-bounds-12.C  -std=gnu++98  (test for warnings, line 24)
FAIL: g++.dg/warn/Warray-bounds-12.C  -std=gnu++98  (test for warnings, line 25)
FAIL: g++.dg/warn/Warray-bounds-12.C  -std=gnu++98  (test for warnings, line 26)
FAIL: g++.dg/warn/Warray-bounds-12.C  -std=gnu++98  (test for warnings, line 35)
FAIL: g++.dg/warn/Warray-bounds-12.C  -std=gnu++98  (test for warnings, line 36)
FAIL: g++.dg/warn/Warray-bounds-12.C  -std=gnu++98  (test for warnings, line 37)
FAIL: g++.dg/warn/Warray-bounds-12.C  -std=gnu++98  (test for warnings, line 50)
FAIL: g++.dg/warn/Warray-bounds-12.C  -std=gnu++98  (test for warnings, line 51)
FAIL: g++.dg/warn/Warray-bounds-12.C  -std=gnu++98  (test for warnings, line 52)
FAIL: g++.dg/warn/Warray-bounds-12.C  -std=gnu++98  (test for warnings, line 61)
FAIL: g++.dg/warn/Warray-bounds-12.C  -std=gnu++98  (test for warnings, line 62)
FAIL: g++.dg/warn/Warray-bounds-12.C  -std=gnu++98  (test for warnings, line 63)
FAIL: g++.dg/warn/Warray-bounds-12.C  -std=gnu++98 (test for excess errors)
FAIL: g++.dg/warn/Warray-bounds-13.C  -std=gnu++14  (test for warnings, line 28)
FAIL: g++.dg/warn/Warray-bounds-13.C  -std=gnu++14  (test for warnings, line 29)
FAIL: g++.dg/warn/Warray-bounds-13.C  -std=gnu++14  (test for warnings, line 30)
FAIL: g++.dg/warn/Warray-bounds-13.C  -std=gnu++14  (test for warnings, line 39)
FAIL: g++.dg/warn/Warray-bounds-13.C  -std=gnu++14  (test for warnings, line 40)
FAIL: g++.dg/warn/Warray-bounds-13.C  -std=gnu++14  (test for warnings, line 41)
FAIL: g++.dg/warn/Warray-bounds-13.C  -std=gnu++14  (test for warnings, line 54)
FAIL: g++.dg/warn/Warray-bounds-13.C  -std=gnu++14  (test for warnings, line 55)
FAIL: g++.dg/warn/Warray-bounds-13.C  -std=gnu++14  (test for warnings, line 56)
FAIL: g++.dg/warn/Warray-bounds-13.C  -std=gnu++14  (test for warnings, line 65)
FAIL: g++.dg/warn/Warray-bounds-13.C  -std=gnu++14  (test for warnings, line 66)
FAIL: g++.dg/warn/Warray-bounds-13.C  -std=gnu++14  (test for warnings, line 67)
FAIL: g++.dg/warn/Warray-bounds-13.C  -std=gnu++14 (test for excess errors)
FAIL: g++.dg/warn/Warray-bounds-13.C  -std=gnu++17  (test for warnings, line 28)
FAIL: g++.dg/warn/Warray-bounds-13.C  -std=gnu++17  (test for warnings, line 29)
FAIL: g++.dg/warn/Warray-bounds-13.C  -std=gnu++17  (test for warnings, line 30)
FAIL: g++.dg/warn/Warray-bounds-13.C  -std=gnu++17  (test for warnings, line 39)
FAIL: g++.dg/warn/Warray-bounds-13.C  -std=gnu++17  (test for warnings, line 40)
FAIL: g++.dg/warn/Warray-bounds-13.C  -std=gnu++17  (test for warnings, line 41)
FAIL: g++.dg/warn/Warray-bounds-13.C  -std=gnu++17  (test for warnings, line 54)
FAIL: g++.dg/warn/Warray-bounds-13.C  -std=gnu++17  (test for warnings, line 55)
FAIL: g++.dg/warn/Warray-bounds-13.C  -std=gnu++17  (test for warnings, line 56)
FAIL: g++.dg/warn/Warray-bounds-13.C  -std=gnu++17  (test for warnings, line 65)
FAIL: g++.dg/warn/Warray-bounds-13.C  -std=gnu++17  (test for warnings, line 66)
FAIL: g++.dg/warn/Warray-bounds-13.C  -std=gnu++17  (test for warnings, line 67)
FAIL: g++.dg/warn/Warray-bounds-13.C  -std=gnu++17 (test for excess errors)
FAIL: g++.dg/warn/Warray-bounds-13.C  -std=gnu++2a  (test for warnings, line 28)
FAIL: g++.dg/warn/Warray-bounds-13.C  -std=gnu++2a  (test for warnings, line 29)
FAIL: g++.dg/warn/Warray-bounds-13.C  -std=gnu++2a  (test for warnings, line 30)
FAIL: g++.dg/warn/Warray-bounds-13.C  -std=gnu++2a  (test for warnings, line 39)
FAIL: g++.dg/warn/Warray-bounds-13.C  -std=gnu++2a  (test for warnings, line 40)
FAIL: g++.dg/warn/Warray-bounds-13.C  -std=gnu++2a  (test for warnings, line 41)
FAIL: g++.dg/warn/Warray-bounds-13.C  -std=gnu++2a  (test for warnings, line 54)
FAIL: g++.dg/warn/Warray-bounds-13.C  -std=gnu++2a  (test for warnings, line 55)
FAIL: g++.dg/warn/Warray-bounds-13.C  -std=gnu++2a  (test for warnings, line 56)
FAIL: g++.dg/warn/Warray-bounds-13.C  -std=gnu++2a  (test for warnings, line 65)
FAIL: g++.dg/warn/Warray-bounds-13.C  -std=gnu++2a  (test for warnings, line 66)
FAIL: g++.dg/warn/Warray-bounds-13.C  -std=gnu++2a  (test for warnings, line 67)
FAIL: g++.dg/warn/Warray-bounds-13.C  -std=gnu++2a (test for excess errors)
FAIL: g++.dg/warn/Warray-bounds-13.C  -std=gnu++98  (test for warnings, line 28)
FAIL: g++.dg/warn/Warray-bounds-13.C  -std=gnu++98  (test for warnings, line 29)
FAIL: g++.dg/warn/Warray-bounds-13.C  -std=gnu++98  (test for warnings, line 30)
FAIL: g++.dg/warn/Warray-bounds-13.C  -std=gnu++98  (test for warnings, line 39)
FAIL: g++.dg/warn/Warray-bounds-13.C  -std=gnu++98  (test for warnings, line 40)
FAIL: g++.dg/warn/Warray-bounds-13.C  -std=gnu++98  (test for warnings, line 41)
FAIL: g++.dg/warn/Warray-bounds-13.C  -std=gnu++98  (test for warnings, line 54)
FAIL: g++.dg/warn/Warray-bounds-13.C  -std=gnu++98  (test for warnings, line 55)
FAIL: g++.dg/warn/Warray-bounds-13.C  -std=gnu++98  (test for warnings, line 56)
FAIL: g++.dg/warn/Warray-bounds-13.C  -std=gnu++98  (test for warnings, line 65)
FAIL: g++.dg/warn/Warray-bounds-13.C  -std=gnu++98  (test for warnings, line 66)
FAIL: g++.dg/warn/Warray-bounds-13.C  -std=gnu++98  (test for warnings, line 67)
FAIL: g++.dg/warn/Warray-bounds-13.C  -std=gnu++98 (test for excess errors)
FAIL: g++.dg/warn/Wstringop-overflow-6.C  -std=gnu++14 (test for excess errors)
FAIL: g++.dg/warn/Wstringop-overflow-6.C  -std=gnu++17 (test for excess errors)
FAIL: g++.dg/warn/Wstringop-overflow-6.C  -std=gnu++2a (test for excess errors)
FAIL: g++.dg/lto/pr90990 cp_lto_pr90990_0.o-cp_lto_pr90990_0.o link, -O0 -flto -flto-partition=none -fuse-linker-plugin
FAIL: g++.dg/lto/pr90990 cp_lto_pr90990_0.o-cp_lto_pr90990_0.o link, -O0 -flto -fuse-linker-plugin -fno-fat-lto-objects 
FAIL: g++.dg/lto/pr90990 cp_lto_pr90990_0.o-cp_lto_pr90990_0.o link, -O2 -flto -flto-partition=none -fuse-linker-plugin -fno-fat-lto-objects 
FAIL: g++.dg/lto/pr90990 cp_lto_pr90990_0.o-cp_lto_pr90990_0.o link, -O2 -flto -fuse-linker-plugin
UNRESOLVED: g++.dg/tls/thread_local-cse.C  -std=gnu++14  scan-assembler-times call *_ZTW2ir 1
UNRESOLVED: g++.dg/tls/thread_local-cse.C  -std=gnu++17  scan-assembler-times call *_ZTW2ir 1
UNRESOLVED: g++.dg/tls/thread_local-cse.C  -std=gnu++2a  scan-assembler-times call *_ZTW2ir 1
FAIL: c-c++-common/torture/pr57945.c   -O1  (internal compiler error)
FAIL: c-c++-common/torture/pr57945.c   -O1  (test for excess errors)
FAIL: c-c++-common/torture/pr57945.c   -O2  (internal compiler error)
FAIL: c-c++-common/torture/pr57945.c   -O2  (test for excess errors)
FAIL: c-c++-common/torture/pr57945.c   -O2 -flto -fno-use-linker-plugin -flto-partition=none  (internal compiler error)
FAIL: c-c++-common/torture/pr57945.c   -O2 -flto -fno-use-linker-plugin -flto-partition=none  (test for excess errors)
FAIL: c-c++-common/torture/pr57945.c   -O3 -g  (internal compiler error)
FAIL: c-c++-common/torture/pr57945.c   -O3 -g  (test for excess errors)
FAIL: c-c++-common/torture/pr57945.c   -Os  (internal compiler error)
FAIL: c-c++-common/torture/pr57945.c   -Os  (test for excess errors)
FAIL: g++.target/aarch64/return_address_sign_ab_exception.C execution test
UNRESOLVED: g++.target/aarch64/return_address_sign_ab_exception.C scan-assembler-times .cfi_b_key_frame 1
UNRESOLVED: g++.target/aarch64/return_address_sign_ab_exception.C scan-assembler-times paciasp 1
UNRESOLVED: g++.target/aarch64/return_address_sign_ab_exception.C scan-assembler-times pacibsp 1
FAIL: g++.target/aarch64/return_address_sign_b_exception.C (test for excess errors)
UNRESOLVED: g++.target/aarch64/return_address_sign_b_exception.C compilation failed to produce executable
UNRESOLVED: g++.target/aarch64/return_address_sign_b_exception.C scan-assembler-times .cfi_b_key_frame 2
FAIL: gcc.target/aarch64/sve/acle/asm/cvt_bf16.c  -std=c++11 -O2 -g -DTEST_FULL (test for excess errors)
FAIL: gcc.target/aarch64/sve/acle/asm/cvt_bf16.c  -std=c++11 -O2 -g -DTEST_OVERLOADS (test for excess errors)
FAIL: gcc.target/aarch64/sve/acle/asm/cvt_bf16.c  -std=c++14 -O3 -g -DTEST_FULL (test for excess errors)
FAIL: gcc.target/aarch64/sve/acle/asm/cvt_bf16.c  -std=c++14 -O3 -g -DTEST_OVERLOADS (test for excess errors)
FAIL: gcc.target/aarch64/sve/acle/asm/cvt_bf16.c  -std=c++17 -Og -g -DTEST_FULL (test for excess errors)
FAIL: gcc.target/aarch64/sve/acle/asm/cvt_bf16.c  -std=c++17 -Og -g -DTEST_OVERLOADS (test for excess errors)
FAIL: gcc.target/aarch64/sve/acle/asm/cvt_bf16.c  -std=c++2a -Os -g -DTEST_FULL (test for excess errors)
FAIL: gcc.target/aarch64/sve/acle/asm/cvt_bf16.c  -std=c++2a -Os -g -DTEST_OVERLOADS (test for excess errors)
FAIL: gcc.target/aarch64/sve/acle/asm/cvt_bf16.c  -std=c++98 -O0 -g -DTEST_FULL (test for excess errors)
FAIL: gcc.target/aarch64/sve/acle/asm/cvt_bf16.c  -std=c++98 -O0 -g -DTEST_OVERLOADS (test for excess errors)
FAIL: gcc.target/aarch64/sve/acle/asm/cvt_bf16.c  -std=c++98 -O1 -g -DTEST_FULL (test for excess errors)
FAIL: gcc.target/aarch64/sve/acle/asm/cvt_bf16.c  -std=c++98 -O1 -g -DTEST_OVERLOADS (test for excess errors)
FAIL: gcc.target/aarch64/sve/acle/asm/cvt_bf16.c  -std=gnu++11 -Ofast -g -DTEST_FULL (test for excess errors)
FAIL: gcc.target/aarch64/sve/acle/asm/cvt_bf16.c  -std=gnu++11 -Ofast -g -DTEST_OVERLOADS (test for excess errors)
FAIL: gcc.target/aarch64/sve/acle/asm/cvt_bf16.c  -std=gnu++17 -O3 -g -DTEST_FULL (test for excess errors)
FAIL: gcc.target/aarch64/sve/acle/asm/cvt_bf16.c  -std=gnu++17 -O3 -g -DTEST_OVERLOADS (test for excess errors)
FAIL: gcc.target/aarch64/sve/acle/asm/cvt_bf16.c  -std=gnu++2a -O0 -g -DTEST_FULL (test for excess errors)
FAIL: gcc.target/aarch64/sve/acle/asm/cvt_bf16.c  -std=gnu++2a -O0 -g -DTEST_OVERLOADS (test for excess errors)
FAIL: gcc.target/aarch64/sve/acle/asm/cvt_bf16.c  -std=gnu++98 -O2 -fno-schedule-insns -DCHECK_ASM --save-temps -DTEST_FULL (test for excess errors)
FAIL: gcc.target/aarch64/sve/acle/asm/cvt_bf16.c  -std=gnu++98 -O2 -fno-schedule-insns -DCHECK_ASM --save-temps -DTEST_OVERLOADS (test for excess errors)

		=== g++ Summary ===

# of expected passes		263024
# of unexpected failures	251
# of unexpected successes	3
# of expected failures		1836
# of unresolved testcases	216
# of unsupported tests		9140
/tmp/964656_40.tmpdir/aci-gcc-fsf/builds/gcc-fsf-gccsrc/obj-aarch64-none-elf/gcc3/gcc/xg++  version 11.0.0  (DEFMODE=default DEFCPU=default DEFFPU=default TESTFLAGS=-mabi=ilp32) [r11-5949] (GCC) 


Compiler version: 11.0.0 (DEFMODE=default DEFCPU=default DEFFPU=default TESTFLAGS=-mabi=ilp32) [r11-5949] (GCC) 
Platform: aarch64-none-elf
configure flags: --target=aarch64-none-elf --prefix=/tmp/964656_40.tmpdir/aci-gcc-fsf/builds/gcc-fsf-gccsrc/tools --with-sysroot=/tmp/964656_40.tmpdir/aci-gcc-fsf/builds/gcc-fsf-gccsrc/sysroot-aarch64-none-elf --disable-nls --disable-libgomp --disable-libmudflap --disable-libcilkrts --enable-checking --enable-languages=c,c++ --with-newlib --disable-tls


More information about the Gcc-testresults mailing list