Results for 11.0.0 (DEFMODE=thumb DEFCPU=cortex-a9 DEFFPU=neon-fp16 TESTFLAGS=) [r11-5949] (GCC) testsuite on armeb-none-linux-gnueabihf

Christophe LYON christophe.lyon@st.com
Sat Dec 12 12:48:24 GMT 2020


LAST_UPDATED: Sat Dec 12 11:14:23 UTC 2020 (revision r11-5949-g35af87784e02c8c89f020092d91858fe066788f0) TARGET=armeb-none-linux-gnueabihf CPU=cortex-a9 FPU=neon-fp16 MODE=thumb

Target is armeb-none-linux-gnueabihf
Host   is armeb-none-linux-gnueabihf

		=== libatomic tests ===


Running target qemu
FAIL: libatomic.c/atomic-exchange-1.c execution test
FAIL: libatomic.c/generic-2.c execution test

		=== libatomic Summary ===

# of expected passes		42
# of unexpected failures	2
# of unsupported tests		5
Host   is armeb-none-linux-gnueabihf

		=== libitm tests ===


Running target qemu

		=== libitm Summary ===

# of expected passes		42
# of expected failures		3
# of unsupported tests		1
Host   is armeb-none-linux-gnueabihf

		=== libstdc++ tests ===


Running target qemu
WARNING: 30_threads/condition_variable/54185.cc execution test (CHILDKILLED 21621 SIGINT interrupt) program timed out.
FAIL: experimental/net/internet/resolver/ops/lookup.cc execution test

		=== libstdc++ Summary ===

# of expected passes		13773
# of unexpected failures	1
# of expected failures		104
# of untested testcases		1
# of unsupported tests		733
Host   is x86_64-pc-linux-gnu

		=== gcc tests ===


Running target qemu
XPASS: gcc.dg/analyzer/feasibility-1.c  (test for warnings, line 58)
FAIL: gcc.dg/analyzer/malloc-vs-local-1b.c  (test for bogus messages, line 170)
XPASS: gcc.dg/analyzer/pr94851-1.c bogus leak (test for bogus messages, line 43)
WARNING: skipping asan tests due to ulimit -v
WARNING: skipping asan tests due to ulimit -v
WARNING: skipping asan tests due to ulimit -v
WARNING: skipping asan tests due to ulimit -v
WARNING: skipping asan tests due to ulimit -v
WARNING: skipping asan tests due to ulimit -v
WARNING: skipping asan tests due to ulimit -v
WARNING: skipping asan tests due to ulimit -v
FAIL: gcc.dg/atomic/pr65345-4.c   -O2 -flto -fno-use-linker-plugin -flto-partition=none  (internal compiler error)
FAIL: gcc.dg/atomic/pr65345-4.c   -O2 -flto -fno-use-linker-plugin -flto-partition=none  (test for excess errors)
FAIL: gcc.dg/atomic/pr65345-4.c   -O2 -flto -fuse-linker-plugin -fno-fat-lto-objects  (internal compiler error)
FAIL: gcc.dg/atomic/pr65345-4.c   -O2 -flto -fuse-linker-plugin -fno-fat-lto-objects  (test for excess errors)
FAIL: c-c++-common/zero-scratch-regs-10.c  -Wc++-compat  (test for excess errors)
UNRESOLVED: c-c++-common/zero-scratch-regs-10.c  -Wc++-compat  compilation failed to produce executable
FAIL: c-c++-common/zero-scratch-regs-11.c  -Wc++-compat  (test for excess errors)
UNRESOLVED: c-c++-common/zero-scratch-regs-11.c  -Wc++-compat  compilation failed to produce executable
FAIL: c-c++-common/zero-scratch-regs-9.c  -Wc++-compat  (test for excess errors)
UNRESOLVED: c-c++-common/zero-scratch-regs-9.c  -Wc++-compat  compilation failed to produce executable
XPASS: gcc.dg/Walloca-2.c  (test for bogus messages, line 16)
FAIL: gcc.dg/Wstringop-overflow-47.c  (test for warnings, line 32)
FAIL: gcc.dg/Wstringop-overflow-47.c  (test for warnings, line 37)
FAIL: gcc.dg/Wstringop-overflow-47.c note (test for warnings, line 29)
XPASS: gcc.dg/pr78973.c pr79073 (test for warnings, line 12)
FAIL: gcc.dg/strlenopt-73.c scan-tree-dump-times optimized "_not_eliminated_" 0
FAIL: gcc.dg/strlenopt-73.c scan-tree-dump-times optimized "strlen" 0
FAIL: gcc.dg/fixed-point/composite-type.c (test for excess errors)
FAIL: gcc.dg/fixed-point/struct-union.c (test for excess errors)
FAIL: gcc.dg/gomp/simd-2.c scan-tree-dump-times vect "vectorized [1-9][0-9]* loops in function" 5
FAIL: gcc.dg/gomp/simd-3.c scan-tree-dump-times vect "vectorized [1-9][0-9]* loops in function" 5
FAIL: gcc.dg/torture/float16-basic.c   -O0  execution test
FAIL: gcc.dg/torture/float16-basic.c   -O1  execution test
FAIL: gcc.dg/torture/float16-basic.c   -O2  execution test
FAIL: gcc.dg/torture/float16-basic.c   -O2 -flto -fno-use-linker-plugin -flto-partition=none  execution test
FAIL: gcc.dg/torture/float16-basic.c   -O2 -flto -fuse-linker-plugin -fno-fat-lto-objects  execution test
FAIL: gcc.dg/torture/float16-basic.c   -O3 -g  execution test
FAIL: gcc.dg/torture/float16-basic.c   -Os  execution test
FAIL: gcc.dg/tree-prof/pr77698.c scan-rtl-dump-times alignments "internal loop alignment added" 1
FAIL: gcc.dg/tree-ssa/scev-3.c scan-tree-dump-times ivopts "&a" 1
FAIL: gcc.dg/tree-ssa/scev-5.c scan-tree-dump-times ivopts "&a" 1
XPASS: gcc.dg/vect/bb-slp-32.c -flto -ffat-lto-objects  scan-tree-dump slp2 "vectorization is not profitable"
XPASS: gcc.dg/vect/bb-slp-32.c scan-tree-dump slp2 "vectorization is not profitable"
XPASS: gcc.dg/vect/bb-slp-9.c -flto -ffat-lto-objects  scan-tree-dump-times slp2 "optimized: basic block" 1
XPASS: gcc.dg/vect/bb-slp-9.c scan-tree-dump-times slp2 "optimized: basic block" 1
FAIL: gcc.dg/vect/bb-slp-pow-1.c -flto -ffat-lto-objects  scan-tree-dump-times slp2 "optimized: basic block" 1
FAIL: gcc.dg/vect/bb-slp-pow-1.c scan-tree-dump-times slp2 "optimized: basic block" 1
FAIL: gcc.dg/vect/bb-slp-subgroups-2.c -flto -ffat-lto-objects  scan-tree-dump-times slp2 "optimized: basic block" 1
FAIL: gcc.dg/vect/bb-slp-subgroups-2.c scan-tree-dump-times slp2 "optimized: basic block" 1
XPASS: gcc.dg/vect/no-scevccp-outer-16.c scan-tree-dump-times vect "OUTER LOOP VECTORIZED." 1
XPASS: gcc.dg/vect/no-scevccp-outer-17.c scan-tree-dump-times vect "OUTER LOOP VECTORIZED." 1
XPASS: gcc.dg/vect/no-scevccp-outer-19.c scan-tree-dump-times vect "OUTER LOOP VECTORIZED." 1
FAIL: gcc.dg/vect/no-scevccp-outer-7.c scan-tree-dump-times vect "vect_recog_widen_mult_pattern: detected" 1
FAIL: gcc.dg/vect/no-tree-sra-bb-slp-pr50730.c scan-tree-dump-times slp2 "optimized: basic block" 1
FAIL: gcc.dg/vect/no-vfa-vect-depend-1.c scan-tree-dump-times vect "dependence distance negative" 1
FAIL: gcc.dg/vect/no-vfa-vect-depend-2.c scan-tree-dump-times vect "dependence distance negative" 1
FAIL: gcc.dg/vect/no-vfa-vect-depend-3.c scan-tree-dump-times vect "dependence distance negative" 4
XPASS: gcc.dg/vect/pr33804.c -flto -ffat-lto-objects  scan-tree-dump-times vect "vectorized 1 loops" 1
XPASS: gcc.dg/vect/pr33804.c -flto -ffat-lto-objects  scan-tree-dump-times vect "vectorizing stmts using SLP" 1
XPASS: gcc.dg/vect/pr33804.c scan-tree-dump-times vect "vectorized 1 loops" 1
XPASS: gcc.dg/vect/pr33804.c scan-tree-dump-times vect "vectorizing stmts using SLP" 1
XPASS: gcc.dg/vect/pr33953.c -flto -ffat-lto-objects  scan-tree-dump-times vect "vectorized 1 loops" 1
XPASS: gcc.dg/vect/pr33953.c -flto -ffat-lto-objects  scan-tree-dump-times vect "vectorizing stmts using SLP" 1
XPASS: gcc.dg/vect/pr33953.c scan-tree-dump-times vect "vectorized 1 loops" 1
XPASS: gcc.dg/vect/pr33953.c scan-tree-dump-times vect "vectorizing stmts using SLP" 1
FAIL: gcc.dg/vect/pr37539.c -flto -ffat-lto-objects  scan-tree-dump-times vect "vectorized 1 loops" 2
FAIL: gcc.dg/vect/pr37539.c scan-tree-dump-times vect "vectorized 1 loops" 2
FAIL: gcc.dg/vect/pr45752.c -flto -ffat-lto-objects  scan-tree-dump-times vect "vectorized 1 loops" 1
FAIL: gcc.dg/vect/pr45752.c -flto -ffat-lto-objects  scan-tree-dump-times vect "vectorizing stmts using SLP" 2
FAIL: gcc.dg/vect/pr45752.c scan-tree-dump-times vect "vectorized 1 loops" 1
FAIL: gcc.dg/vect/pr45752.c scan-tree-dump-times vect "vectorizing stmts using SLP" 2
XPASS: gcc.dg/vect/pr46032.c -flto -ffat-lto-objects  scan-tree-dump-times vect "vectorized 1 loop" 1
XPASS: gcc.dg/vect/pr46032.c scan-tree-dump-times vect "vectorized 1 loop" 1
FAIL: gcc.dg/vect/pr65494.c -flto -ffat-lto-objects  scan-tree-dump vect "vectorized 1 loops in function"
FAIL: gcc.dg/vect/pr65494.c scan-tree-dump vect "vectorized 1 loops in function"
FAIL: gcc.dg/vect/pr65947-13.c -flto -ffat-lto-objects  scan-tree-dump-times vect "condition expression based on integer induction." 2
FAIL: gcc.dg/vect/pr65947-13.c scan-tree-dump-times vect "condition expression based on integer induction." 2
FAIL: gcc.dg/vect/pr66623.c -flto -ffat-lto-objects execution test
FAIL: gcc.dg/vect/pr66623.c execution test
FAIL: gcc.dg/vect/pr80631-2.c -flto -ffat-lto-objects  scan-tree-dump-times vect "condition expression based on integer induction." 5
FAIL: gcc.dg/vect/pr80631-2.c scan-tree-dump-times vect "condition expression based on integer induction." 5
FAIL: gcc.dg/vect/pr97428.c -flto -ffat-lto-objects  scan-tree-dump vect "Detected interleaving load of size 8"
FAIL: gcc.dg/vect/pr97428.c -flto -ffat-lto-objects  scan-tree-dump vect "Detected interleaving store of size 16"
FAIL: gcc.dg/vect/pr97428.c -flto -ffat-lto-objects  scan-tree-dump-times vect "vectorizing stmts using SLP" 2
FAIL: gcc.dg/vect/pr97428.c scan-tree-dump vect "Detected interleaving load of size 8"
FAIL: gcc.dg/vect/pr97428.c scan-tree-dump vect "Detected interleaving store of size 16"
FAIL: gcc.dg/vect/pr97428.c scan-tree-dump-times vect "vectorizing stmts using SLP" 2
FAIL: gcc.dg/vect/section-anchors-vect-69.c scan-tree-dump-times vect "vectorized 4 loops" 1
FAIL: gcc.dg/vect/slp-21.c -flto -ffat-lto-objects  scan-tree-dump-times vect "vectorizing stmts using SLP" 4
FAIL: gcc.dg/vect/slp-21.c scan-tree-dump-times vect "vectorizing stmts using SLP" 4
XPASS: gcc.dg/vect/slp-24-big-array.c -flto -ffat-lto-objects  scan-tree-dump-times vect "vectorized 1 loops" 1
XPASS: gcc.dg/vect/slp-24-big-array.c -flto -ffat-lto-objects  scan-tree-dump-times vect "vectorizing stmts using SLP" 2
XPASS: gcc.dg/vect/slp-24-big-array.c scan-tree-dump-times vect "vectorized 1 loops" 1
XPASS: gcc.dg/vect/slp-24-big-array.c scan-tree-dump-times vect "vectorizing stmts using SLP" 2
XPASS: gcc.dg/vect/slp-24.c -flto -ffat-lto-objects  scan-tree-dump-times vect "vectorized 1 loops" 1
XPASS: gcc.dg/vect/slp-24.c -flto -ffat-lto-objects  scan-tree-dump-times vect "vectorizing stmts using SLP" 2
XPASS: gcc.dg/vect/slp-24.c scan-tree-dump-times vect "vectorized 1 loops" 1
XPASS: gcc.dg/vect/slp-24.c scan-tree-dump-times vect "vectorizing stmts using SLP" 2
FAIL: gcc.dg/vect/slp-43.c -flto -ffat-lto-objects  scan-tree-dump-times vect "vectorized 1 loops" 2
FAIL: gcc.dg/vect/slp-43.c scan-tree-dump-times vect "vectorized 1 loops" 2
FAIL: gcc.dg/vect/slp-47.c -flto -ffat-lto-objects  scan-tree-dump-times vect "vectorizing stmts using SLP" 2
FAIL: gcc.dg/vect/slp-47.c scan-tree-dump-times vect "vectorizing stmts using SLP" 2
FAIL: gcc.dg/vect/slp-48.c -flto -ffat-lto-objects  scan-tree-dump-times vect "vectorizing stmts using SLP" 2
FAIL: gcc.dg/vect/slp-48.c scan-tree-dump-times vect "vectorizing stmts using SLP" 2
FAIL: gcc.dg/vect/slp-cond-2-big-array.c -flto -ffat-lto-objects  scan-tree-dump-times vect "vectorizing stmts using SLP" 3
FAIL: gcc.dg/vect/slp-cond-2-big-array.c scan-tree-dump-times vect "vectorizing stmts using SLP" 3
FAIL: gcc.dg/vect/slp-cond-2.c -flto -ffat-lto-objects  scan-tree-dump-times vect "vectorizing stmts using SLP" 3
FAIL: gcc.dg/vect/slp-cond-2.c scan-tree-dump-times vect "vectorizing stmts using SLP" 3
FAIL: gcc.dg/vect/slp-perm-1.c -flto -ffat-lto-objects  scan-tree-dump-times vect "vectorized 1 loops" 1
FAIL: gcc.dg/vect/slp-perm-1.c -flto -ffat-lto-objects  scan-tree-dump-times vect "vectorizing stmts using SLP" 1
FAIL: gcc.dg/vect/slp-perm-1.c scan-tree-dump-times vect "vectorized 1 loops" 1
FAIL: gcc.dg/vect/slp-perm-1.c scan-tree-dump-times vect "vectorizing stmts using SLP" 1
FAIL: gcc.dg/vect/slp-perm-11.c -flto -ffat-lto-objects  scan-tree-dump-times vect "vectorizing stmts using SLP" 1
FAIL: gcc.dg/vect/slp-perm-11.c scan-tree-dump-times vect "vectorizing stmts using SLP" 1
FAIL: gcc.dg/vect/slp-perm-4.c -flto -ffat-lto-objects  scan-tree-dump-times vect "vectorized 1 loops" 1
FAIL: gcc.dg/vect/slp-perm-4.c -flto -ffat-lto-objects  scan-tree-dump-times vect "vectorizing stmts using SLP" 1
FAIL: gcc.dg/vect/slp-perm-4.c scan-tree-dump-times vect "vectorized 1 loops" 1
FAIL: gcc.dg/vect/slp-perm-4.c scan-tree-dump-times vect "vectorizing stmts using SLP" 1
FAIL: gcc.dg/vect/slp-perm-5.c -flto -ffat-lto-objects  scan-tree-dump-times vect "vectorized 1 loops" 1
FAIL: gcc.dg/vect/slp-perm-5.c -flto -ffat-lto-objects  scan-tree-dump-times vect "vectorizing stmts using SLP" 2
FAIL: gcc.dg/vect/slp-perm-5.c scan-tree-dump-times vect "vectorized 1 loops" 1
FAIL: gcc.dg/vect/slp-perm-5.c scan-tree-dump-times vect "vectorizing stmts using SLP" 2
FAIL: gcc.dg/vect/slp-perm-6.c -flto -ffat-lto-objects  scan-tree-dump-times vect "vectorized 1 loops" 1
FAIL: gcc.dg/vect/slp-perm-6.c -flto -ffat-lto-objects  scan-tree-dump-times vect "vectorizing stmts using SLP" 2
FAIL: gcc.dg/vect/slp-perm-6.c scan-tree-dump-times vect "vectorized 1 loops" 1
FAIL: gcc.dg/vect/slp-perm-6.c scan-tree-dump-times vect "vectorizing stmts using SLP" 2
FAIL: gcc.dg/vect/slp-perm-7.c -flto -ffat-lto-objects  scan-tree-dump-times vect "vectorized 1 loops" 1
FAIL: gcc.dg/vect/slp-perm-7.c -flto -ffat-lto-objects  scan-tree-dump-times vect "vectorizing stmts using SLP" 1
FAIL: gcc.dg/vect/slp-perm-7.c scan-tree-dump-times vect "vectorized 1 loops" 1
FAIL: gcc.dg/vect/slp-perm-7.c scan-tree-dump-times vect "vectorizing stmts using SLP" 1
XPASS: gcc.dg/vect/slp-reduc-3.c -flto -ffat-lto-objects  scan-tree-dump-times vect "vectorizing stmts using SLP" 1
XPASS: gcc.dg/vect/slp-reduc-3.c scan-tree-dump-times vect "vectorizing stmts using SLP" 1
FAIL: gcc.dg/vect/slp-reduc-6.c -flto -ffat-lto-objects  scan-tree-dump-times vect "different interleaving chains in one node" 1
FAIL: gcc.dg/vect/slp-reduc-6.c scan-tree-dump-times vect "different interleaving chains in one node" 1
FAIL: gcc.dg/vect/vect-119.c -flto -ffat-lto-objects  scan-tree-dump-times vect "Detected interleaving load of size 2" 1
FAIL: gcc.dg/vect/vect-119.c scan-tree-dump-times vect "Detected interleaving load of size 2" 1
FAIL: gcc.dg/vect/vect-35-big-array.c -flto -ffat-lto-objects  scan-tree-dump-times vect "vectorized 2 loops" 1
FAIL: gcc.dg/vect/vect-35-big-array.c scan-tree-dump-times vect "vectorized 2 loops" 1
FAIL: gcc.dg/vect/vect-35.c -flto -ffat-lto-objects  scan-tree-dump-times vect "vectorized 2 loops" 1
FAIL: gcc.dg/vect/vect-35.c scan-tree-dump-times vect "vectorized 2 loops" 1
XPASS: gcc.dg/vect/vect-44.c -flto -ffat-lto-objects  scan-tree-dump-times vect "Alignment of access forced using peeling" 0
XPASS: gcc.dg/vect/vect-44.c scan-tree-dump-times vect "Alignment of access forced using peeling" 0
XPASS: gcc.dg/vect/vect-50.c -flto -ffat-lto-objects  scan-tree-dump-times vect "Alignment of access forced using peeling" 0
XPASS: gcc.dg/vect/vect-50.c scan-tree-dump-times vect "Alignment of access forced using peeling" 0
FAIL: gcc.dg/vect/vect-alias-check.c -flto -ffat-lto-objects  scan-tree-dump-times vect "vectorized 1 loops" 1
FAIL: gcc.dg/vect/vect-alias-check.c scan-tree-dump-times vect "vectorized 1 loops" 1
FAIL: gcc.dg/vect/vect-complex-5.c -flto -ffat-lto-objects  scan-tree-dump-times vect "vectorizing stmts using SLP" 2
FAIL: gcc.dg/vect/vect-complex-5.c scan-tree-dump-times vect "vectorizing stmts using SLP" 2
FAIL: gcc.dg/vect/vect-cond-10.c -flto -ffat-lto-objects  scan-tree-dump-times vect "vectorized 1 loops" 8
FAIL: gcc.dg/vect/vect-cond-10.c scan-tree-dump-times vect "vectorized 1 loops" 8
FAIL: gcc.dg/vect/vect-cond-2.c -flto -ffat-lto-objects  scan-tree-dump-times vect "vectorized 1 loops" 1
FAIL: gcc.dg/vect/vect-cond-2.c scan-tree-dump-times vect "vectorized 1 loops" 1
FAIL: gcc.dg/vect/vect-cond-8.c -flto -ffat-lto-objects  scan-tree-dump-times vect "vectorized 1 loops" 5
FAIL: gcc.dg/vect/vect-cond-8.c scan-tree-dump-times vect "vectorized 1 loops" 5
FAIL: gcc.dg/vect/vect-cond-9.c -flto -ffat-lto-objects  scan-tree-dump-times vect "vectorized 1 loops" 10
FAIL: gcc.dg/vect/vect-cond-9.c scan-tree-dump-times vect "vectorized 1 loops" 10
FAIL: gcc.dg/vect/vect-cost-model-1.c -flto -ffat-lto-objects  scan-tree-dump vect "LOOP VECTORIZED"
FAIL: gcc.dg/vect/vect-cost-model-1.c scan-tree-dump vect "LOOP VECTORIZED"
FAIL: gcc.dg/vect/vect-cost-model-3.c -flto -ffat-lto-objects  scan-tree-dump vect "LOOP VECTORIZED"
FAIL: gcc.dg/vect/vect-cost-model-3.c scan-tree-dump vect "LOOP VECTORIZED"
FAIL: gcc.dg/vect/vect-cost-model-5.c -flto -ffat-lto-objects  scan-tree-dump vect "LOOP VECTORIZED"
FAIL: gcc.dg/vect/vect-cost-model-5.c scan-tree-dump vect "LOOP VECTORIZED"
FAIL: gcc.dg/vect/vect-live-5.c -flto -ffat-lto-objects  scan-tree-dump-times vect "vectorized 1 loops" 1
FAIL: gcc.dg/vect/vect-live-5.c scan-tree-dump-times vect "vectorized 1 loops" 1
FAIL: gcc.dg/vect/vect-multitypes-11.c -flto -ffat-lto-objects  scan-tree-dump-times vect "vectorized 1 loops" 1
FAIL: gcc.dg/vect/vect-multitypes-11.c scan-tree-dump-times vect "vectorized 1 loops" 1
FAIL: gcc.dg/vect/vect-multitypes-12.c -flto -ffat-lto-objects  scan-tree-dump-times vect "vectorized 1 loops" 1
FAIL: gcc.dg/vect/vect-multitypes-12.c scan-tree-dump-times vect "vectorized 1 loops" 1
FAIL: gcc.dg/vect/vect-outer-3a-big-array.c -flto -ffat-lto-objects  scan-tree-dump-times vect "step doesn't divide the vector alignment" 1
FAIL: gcc.dg/vect/vect-outer-3a-big-array.c scan-tree-dump-times vect "step doesn't divide the vector alignment" 1
FAIL: gcc.dg/vect/vect-outer-3a.c -flto -ffat-lto-objects  scan-tree-dump-times vect "step doesn't divide the vector alignment" 1
FAIL: gcc.dg/vect/vect-outer-3a.c scan-tree-dump-times vect "step doesn't divide the vector alignment" 1
FAIL: gcc.dg/vect/vect-outer-4c-big-array.c -flto -ffat-lto-objects  scan-tree-dump-times vect "zero step in outer loop." 1
FAIL: gcc.dg/vect/vect-outer-4c-big-array.c scan-tree-dump-times vect "zero step in outer loop." 1
XPASS: gcc.dg/vect/vect-outer-5.c -flto -ffat-lto-objects  scan-tree-dump vect "zero step in outer loop."
XPASS: gcc.dg/vect/vect-outer-5.c scan-tree-dump vect "zero step in outer loop."
FAIL: gcc.dg/vect/vect-over-widen-1-big-array.c -flto -ffat-lto-objects  scan-tree-dump-times vect "vect_recog_widen_shift_pattern: detected" 2
FAIL: gcc.dg/vect/vect-over-widen-1-big-array.c scan-tree-dump-times vect "vect_recog_widen_shift_pattern: detected" 2
FAIL: gcc.dg/vect/vect-over-widen-1.c -flto -ffat-lto-objects  scan-tree-dump-times vect "vect_recog_widen_shift_pattern: detected" 2
FAIL: gcc.dg/vect/vect-over-widen-1.c scan-tree-dump-times vect "vect_recog_widen_shift_pattern: detected" 2
FAIL: gcc.dg/vect/vect-over-widen-4-big-array.c -flto -ffat-lto-objects  scan-tree-dump-times vect "vect_recog_widen_shift_pattern: detected" 2
FAIL: gcc.dg/vect/vect-over-widen-4-big-array.c scan-tree-dump-times vect "vect_recog_widen_shift_pattern: detected" 2
FAIL: gcc.dg/vect/vect-over-widen-4.c -flto -ffat-lto-objects  scan-tree-dump-times vect "vect_recog_widen_shift_pattern: detected" 2
FAIL: gcc.dg/vect/vect-over-widen-4.c scan-tree-dump-times vect "vect_recog_widen_shift_pattern: detected" 2
FAIL: gcc.dg/vect/vect-reduc-dot-s16a.c -flto -ffat-lto-objects  scan-tree-dump-times vect "vect_recog_dot_prod_pattern: detected" 1
FAIL: gcc.dg/vect/vect-reduc-dot-s16a.c scan-tree-dump-times vect "vect_recog_dot_prod_pattern: detected" 1
FAIL: gcc.dg/vect/vect-reduc-dot-s16b.c -flto -ffat-lto-objects  scan-tree-dump-times vect "vectorized 1 loops" 0
FAIL: gcc.dg/vect/vect-reduc-dot-s16b.c scan-tree-dump-times vect "vectorized 1 loops" 0
FAIL: gcc.dg/vect/vect-reduc-dot-s8b.c -flto -ffat-lto-objects  scan-tree-dump-times vect "vect_recog_widen_mult_pattern: detected" 1
FAIL: gcc.dg/vect/vect-reduc-dot-s8b.c scan-tree-dump-times vect "vect_recog_widen_mult_pattern: detected" 1
FAIL: gcc.dg/vect/vect-reduc-dot-u16b.c -flto -ffat-lto-objects  scan-tree-dump-times vect "vect_recog_dot_prod_pattern: detected" 1
FAIL: gcc.dg/vect/vect-reduc-dot-u16b.c scan-tree-dump-times vect "vect_recog_dot_prod_pattern: detected" 1
FAIL: gcc.dg/vect/vect-reduc-dot-u8b.c -flto -ffat-lto-objects  scan-tree-dump-times vect "vect_recog_dot_prod_pattern: detected" 1
FAIL: gcc.dg/vect/vect-reduc-dot-u8b.c scan-tree-dump-times vect "vect_recog_dot_prod_pattern: detected" 1
FAIL: gcc.dg/vect/vect-reduc-pattern-1a.c -flto -ffat-lto-objects  scan-tree-dump-times vect "vectorized 1 loops" 0
FAIL: gcc.dg/vect/vect-reduc-pattern-1a.c scan-tree-dump-times vect "vectorized 1 loops" 0
FAIL: gcc.dg/vect/vect-reduc-pattern-1b-big-array.c -flto -ffat-lto-objects  scan-tree-dump-times vect "vect_recog_widen_sum_pattern: detected" 1
FAIL: gcc.dg/vect/vect-reduc-pattern-1b-big-array.c -flto -ffat-lto-objects  scan-tree-dump-times vect "vectorized 1 loops" 0
FAIL: gcc.dg/vect/vect-reduc-pattern-1b-big-array.c scan-tree-dump-times vect "vect_recog_widen_sum_pattern: detected" 1
FAIL: gcc.dg/vect/vect-reduc-pattern-1b-big-array.c scan-tree-dump-times vect "vectorized 1 loops" 0
FAIL: gcc.dg/vect/vect-reduc-pattern-1b.c -flto -ffat-lto-objects  scan-tree-dump-times vect "vectorized 1 loops" 0
FAIL: gcc.dg/vect/vect-reduc-pattern-1b.c scan-tree-dump-times vect "vectorized 1 loops" 0
FAIL: gcc.dg/vect/vect-reduc-pattern-2a.c -flto -ffat-lto-objects  scan-tree-dump-times vect "vectorized 1 loops" 0
FAIL: gcc.dg/vect/vect-reduc-pattern-2a.c scan-tree-dump-times vect "vectorized 1 loops" 0
FAIL: gcc.dg/vect/vect-reduc-pattern-2b-big-array.c -flto -ffat-lto-objects  scan-tree-dump-times vect "vect_recog_widen_sum_pattern: detected" 1
FAIL: gcc.dg/vect/vect-reduc-pattern-2b-big-array.c -flto -ffat-lto-objects  scan-tree-dump-times vect "vectorized 1 loops" 0
FAIL: gcc.dg/vect/vect-reduc-pattern-2b-big-array.c scan-tree-dump-times vect "vect_recog_widen_sum_pattern: detected" 1
FAIL: gcc.dg/vect/vect-reduc-pattern-2b-big-array.c scan-tree-dump-times vect "vectorized 1 loops" 0
FAIL: gcc.dg/vect/vect-reduc-pattern-2b.c -flto -ffat-lto-objects  scan-tree-dump-times vect "vectorized 1 loops" 0
FAIL: gcc.dg/vect/vect-reduc-pattern-2b.c scan-tree-dump-times vect "vectorized 1 loops" 0
FAIL: gcc.dg/vect/vect-strided-u16-i3.c -flto -ffat-lto-objects  scan-tree-dump-times vect "vectorized 4 loops" 1
FAIL: gcc.dg/vect/vect-strided-u16-i3.c scan-tree-dump-times vect "vectorized 4 loops" 1
FAIL: gcc.dg/vect/vect-strided-u8-i8-gap7-big-array.c -flto -ffat-lto-objects  scan-tree-dump-times vect "vectorized 1 loops" 1
FAIL: gcc.dg/vect/vect-strided-u8-i8-gap7-big-array.c scan-tree-dump-times vect "vectorized 1 loops" 1
FAIL: gcc.dg/vect/vect-strided-u8-i8-gap7.c -flto -ffat-lto-objects  scan-tree-dump-times vect "vectorized 1 loops" 1
FAIL: gcc.dg/vect/vect-strided-u8-i8-gap7.c scan-tree-dump-times vect "vectorized 1 loops" 1
FAIL: gcc.dg/vect/vect-strided-u8-i8.c -flto -ffat-lto-objects  scan-tree-dump-times vect "vectorized 1 loops" 1
FAIL: gcc.dg/vect/vect-strided-u8-i8.c scan-tree-dump-times vect "vectorized 1 loops" 1
FAIL: gcc.dg/vect/vect-widen-shift-s16.c -flto -ffat-lto-objects  scan-tree-dump-times vect "vect_recog_widen_shift_pattern: detected" 8
FAIL: gcc.dg/vect/vect-widen-shift-s16.c -flto -ffat-lto-objects  scan-tree-dump-times vect "vectorized 2 loops" 1
FAIL: gcc.dg/vect/vect-widen-shift-s16.c scan-tree-dump-times vect "vect_recog_widen_shift_pattern: detected" 8
FAIL: gcc.dg/vect/vect-widen-shift-s16.c scan-tree-dump-times vect "vectorized 2 loops" 1
FAIL: gcc.dg/vect/vect-widen-shift-s8.c -flto -ffat-lto-objects  scan-tree-dump-times vect "vect_recog_widen_shift_pattern: detected" 1
FAIL: gcc.dg/vect/vect-widen-shift-s8.c scan-tree-dump-times vect "vect_recog_widen_shift_pattern: detected" 1
FAIL: gcc.dg/vect/vect-widen-shift-u16.c -flto -ffat-lto-objects  scan-tree-dump-times vect "vect_recog_widen_shift_pattern: detected" 1
FAIL: gcc.dg/vect/vect-widen-shift-u16.c scan-tree-dump-times vect "vect_recog_widen_shift_pattern: detected" 1
FAIL: gcc.dg/vect/vect-widen-shift-u8.c -flto -ffat-lto-objects  scan-tree-dump-times vect "vect_recog_widen_shift_pattern: detected" 2
FAIL: gcc.dg/vect/vect-widen-shift-u8.c scan-tree-dump-times vect "vect_recog_widen_shift_pattern: detected" 2
FAIL: gcc.dg/vect/wrapv-vect-reduc-dot-s8b.c scan-tree-dump-times vect "vect_recog_dot_prod_pattern: detected" 1
FAIL: gcc.dg/vect/wrapv-vect-reduc-dot-s8b.c scan-tree-dump-times vect "vect_recog_widen_mult_pattern: detected" 1
UNRESOLVED: gcc.target/aarch64/advsimd-intrinsics/vld1x2.c   -O0  compilation failed to produce executable
UNRESOLVED: gcc.target/aarch64/advsimd-intrinsics/vld1x2.c   -O1  compilation failed to produce executable
UNRESOLVED: gcc.target/aarch64/advsimd-intrinsics/vld1x2.c   -O2  compilation failed to produce executable
UNRESOLVED: gcc.target/aarch64/advsimd-intrinsics/vld1x2.c   -O2 -flto -fno-use-linker-plugin -flto-partition=none  compilation failed to produce executable
UNRESOLVED: gcc.target/aarch64/advsimd-intrinsics/vld1x2.c   -O2 -flto -fuse-linker-plugin -fno-fat-lto-objects  compilation failed to produce executable
UNRESOLVED: gcc.target/aarch64/advsimd-intrinsics/vld1x2.c   -O3 -fomit-frame-pointer -funroll-loops -fpeel-loops -ftracer -finline-functions  compilation failed to produce executable
UNRESOLVED: gcc.target/aarch64/advsimd-intrinsics/vld1x2.c   -O3 -g  compilation failed to produce executable
UNRESOLVED: gcc.target/aarch64/advsimd-intrinsics/vld1x2.c   -Og -g  compilation failed to produce executable
UNRESOLVED: gcc.target/aarch64/advsimd-intrinsics/vld1x2.c   -Os  compilation failed to produce executable
UNRESOLVED: gcc.target/aarch64/advsimd-intrinsics/vld1x3.c   -O0  compilation failed to produce executable
UNRESOLVED: gcc.target/aarch64/advsimd-intrinsics/vld1x3.c   -O1  compilation failed to produce executable
UNRESOLVED: gcc.target/aarch64/advsimd-intrinsics/vld1x3.c   -O2  compilation failed to produce executable
UNRESOLVED: gcc.target/aarch64/advsimd-intrinsics/vld1x3.c   -O2 -flto -fno-use-linker-plugin -flto-partition=none  compilation failed to produce executable
UNRESOLVED: gcc.target/aarch64/advsimd-intrinsics/vld1x3.c   -O2 -flto -fuse-linker-plugin -fno-fat-lto-objects  compilation failed to produce executable
UNRESOLVED: gcc.target/aarch64/advsimd-intrinsics/vld1x3.c   -O3 -fomit-frame-pointer -funroll-loops -fpeel-loops -ftracer -finline-functions  compilation failed to produce executable
UNRESOLVED: gcc.target/aarch64/advsimd-intrinsics/vld1x3.c   -O3 -g  compilation failed to produce executable
UNRESOLVED: gcc.target/aarch64/advsimd-intrinsics/vld1x3.c   -Og -g  compilation failed to produce executable
UNRESOLVED: gcc.target/aarch64/advsimd-intrinsics/vld1x3.c   -Os  compilation failed to produce executable
UNRESOLVED: gcc.target/aarch64/advsimd-intrinsics/vld1x4.c   -O0  compilation failed to produce executable
UNRESOLVED: gcc.target/aarch64/advsimd-intrinsics/vld1x4.c   -O1  compilation failed to produce executable
UNRESOLVED: gcc.target/aarch64/advsimd-intrinsics/vld1x4.c   -O2  compilation failed to produce executable
UNRESOLVED: gcc.target/aarch64/advsimd-intrinsics/vld1x4.c   -O2 -flto -fno-use-linker-plugin -flto-partition=none  compilation failed to produce executable
UNRESOLVED: gcc.target/aarch64/advsimd-intrinsics/vld1x4.c   -O2 -flto -fuse-linker-plugin -fno-fat-lto-objects  compilation failed to produce executable
UNRESOLVED: gcc.target/aarch64/advsimd-intrinsics/vld1x4.c   -O3 -fomit-frame-pointer -funroll-loops -fpeel-loops -ftracer -finline-functions  compilation failed to produce executable
UNRESOLVED: gcc.target/aarch64/advsimd-intrinsics/vld1x4.c   -O3 -g  compilation failed to produce executable
UNRESOLVED: gcc.target/aarch64/advsimd-intrinsics/vld1x4.c   -Og -g  compilation failed to produce executable
UNRESOLVED: gcc.target/aarch64/advsimd-intrinsics/vld1x4.c   -Os  compilation failed to produce executable
UNRESOLVED: gcc.target/aarch64/advsimd-intrinsics/vst1x2.c   -O0  compilation failed to produce executable
UNRESOLVED: gcc.target/aarch64/advsimd-intrinsics/vst1x2.c   -O1  compilation failed to produce executable
UNRESOLVED: gcc.target/aarch64/advsimd-intrinsics/vst1x2.c   -O2  compilation failed to produce executable
UNRESOLVED: gcc.target/aarch64/advsimd-intrinsics/vst1x2.c   -O2 -flto -fno-use-linker-plugin -flto-partition=none  compilation failed to produce executable
UNRESOLVED: gcc.target/aarch64/advsimd-intrinsics/vst1x2.c   -O2 -flto -fuse-linker-plugin -fno-fat-lto-objects  compilation failed to produce executable
UNRESOLVED: gcc.target/aarch64/advsimd-intrinsics/vst1x2.c   -O3 -fomit-frame-pointer -funroll-loops -fpeel-loops -ftracer -finline-functions  compilation failed to produce executable
UNRESOLVED: gcc.target/aarch64/advsimd-intrinsics/vst1x2.c   -O3 -g  compilation failed to produce executable
UNRESOLVED: gcc.target/aarch64/advsimd-intrinsics/vst1x2.c   -Og -g  compilation failed to produce executable
UNRESOLVED: gcc.target/aarch64/advsimd-intrinsics/vst1x2.c   -Os  compilation failed to produce executable
UNRESOLVED: gcc.target/aarch64/advsimd-intrinsics/vst1x3.c   -O0  compilation failed to produce executable
UNRESOLVED: gcc.target/aarch64/advsimd-intrinsics/vst1x3.c   -O1  compilation failed to produce executable
UNRESOLVED: gcc.target/aarch64/advsimd-intrinsics/vst1x3.c   -O2  compilation failed to produce executable
UNRESOLVED: gcc.target/aarch64/advsimd-intrinsics/vst1x3.c   -O2 -flto -fno-use-linker-plugin -flto-partition=none  compilation failed to produce executable
UNRESOLVED: gcc.target/aarch64/advsimd-intrinsics/vst1x3.c   -O2 -flto -fuse-linker-plugin -fno-fat-lto-objects  compilation failed to produce executable
UNRESOLVED: gcc.target/aarch64/advsimd-intrinsics/vst1x3.c   -O3 -fomit-frame-pointer -funroll-loops -fpeel-loops -ftracer -finline-functions  compilation failed to produce executable
UNRESOLVED: gcc.target/aarch64/advsimd-intrinsics/vst1x3.c   -O3 -g  compilation failed to produce executable
UNRESOLVED: gcc.target/aarch64/advsimd-intrinsics/vst1x3.c   -Og -g  compilation failed to produce executable
UNRESOLVED: gcc.target/aarch64/advsimd-intrinsics/vst1x3.c   -Os  compilation failed to produce executable
UNRESOLVED: gcc.target/aarch64/advsimd-intrinsics/vst1x4.c   -O0  compilation failed to produce executable
UNRESOLVED: gcc.target/aarch64/advsimd-intrinsics/vst1x4.c   -O1  compilation failed to produce executable
UNRESOLVED: gcc.target/aarch64/advsimd-intrinsics/vst1x4.c   -O2  compilation failed to produce executable
UNRESOLVED: gcc.target/aarch64/advsimd-intrinsics/vst1x4.c   -O2 -flto -fno-use-linker-plugin -flto-partition=none  compilation failed to produce executable
UNRESOLVED: gcc.target/aarch64/advsimd-intrinsics/vst1x4.c   -O2 -flto -fuse-linker-plugin -fno-fat-lto-objects  compilation failed to produce executable
UNRESOLVED: gcc.target/aarch64/advsimd-intrinsics/vst1x4.c   -O3 -fomit-frame-pointer -funroll-loops -fpeel-loops -ftracer -finline-functions  compilation failed to produce executable
UNRESOLVED: gcc.target/aarch64/advsimd-intrinsics/vst1x4.c   -O3 -g  compilation failed to produce executable
UNRESOLVED: gcc.target/aarch64/advsimd-intrinsics/vst1x4.c   -Og -g  compilation failed to produce executable
UNRESOLVED: gcc.target/aarch64/advsimd-intrinsics/vst1x4.c   -Os  compilation failed to produce executable
FAIL: gcc.target/arm/acle/cde.c   -O1   check-function-bodies test_cde_cx1da
FAIL: gcc.target/arm/acle/cde.c   -O1   check-function-bodies test_cde_cx2da
FAIL: gcc.target/arm/acle/cde.c   -O1   check-function-bodies test_cde_cx3da
FAIL: gcc.target/arm/acle/cde.c   -O2   check-function-bodies test_cde_cx1da
FAIL: gcc.target/arm/acle/cde.c   -O2   check-function-bodies test_cde_cx2da
FAIL: gcc.target/arm/acle/cde.c   -O2   check-function-bodies test_cde_cx3da
FAIL: gcc.target/arm/acle/cde.c   -O3 -g   check-function-bodies test_cde_cx1da
FAIL: gcc.target/arm/acle/cde.c   -O3 -g   check-function-bodies test_cde_cx2da
FAIL: gcc.target/arm/acle/cde.c   -O3 -g   check-function-bodies test_cde_cx3da
FAIL: gcc.target/arm/acle/cde.c   -Os   check-function-bodies test_cde_cx1da
FAIL: gcc.target/arm/acle/cde.c   -Os   check-function-bodies test_cde_cx2da
FAIL: gcc.target/arm/acle/cde.c   -Os   check-function-bodies test_cde_cx3da
FAIL: gcc.target/arm/acle/cde.c  -O2 -flto -fno-use-linker-plugin -flto-partition=none -ffat-lto-objects  check-function-bodies test_cde_cx1da
FAIL: gcc.target/arm/acle/cde.c  -O2 -flto -fno-use-linker-plugin -flto-partition=none -ffat-lto-objects  check-function-bodies test_cde_cx2da
FAIL: gcc.target/arm/acle/cde.c  -O2 -flto -fno-use-linker-plugin -flto-partition=none -ffat-lto-objects  check-function-bodies test_cde_cx3da
FAIL: gcc.target/arm/acle/cde.c  -O2 -flto -fuse-linker-plugin -fno-fat-lto-objects -ffat-lto-objects  check-function-bodies test_cde_cx1da
FAIL: gcc.target/arm/acle/cde.c  -O2 -flto -fuse-linker-plugin -fno-fat-lto-objects -ffat-lto-objects  check-function-bodies test_cde_cx2da
FAIL: gcc.target/arm/acle/cde.c  -O2 -flto -fuse-linker-plugin -fno-fat-lto-objects -ffat-lto-objects  check-function-bodies test_cde_cx3da
FAIL: gcc.target/arm/addr-modes-float.c scan-assembler vst3.8\\t{d[02468], d[02468], d[02468]}, \\\\[r[0-9]+\\\\]!
FAIL: gcc.target/arm/addr-modes-float.c scan-assembler vst4.8\\t{d[02468], d[02468], d[02468], d[02468]}, \\\\[r[0-9]+\\\\]!
FAIL: gcc.target/arm/attr-neon.c scan-assembler-times vshl 1
FAIL: gcc.target/arm/attr-neon3.c scan-assembler-times vld1 1
FAIL: gcc.target/arm/bf16_dup.c (test for excess errors)
UNRESOLVED: gcc.target/arm/bf16_dup.c scan-assembler vdot.bf16\\\\td[0-9]+, d[0-9]+, d[0-9]+
UNRESOLVED: gcc.target/arm/bf16_dup.c scan-assembler vdup\\\\.16\\\\td[0-9]+, r[0-9]+
UNRESOLVED: gcc.target/arm/bf16_dup.c scan-assembler vdup\\\\.16\\\\tq[0-9]+, r[0-9]+
UNRESOLVED: gcc.target/arm/bf16_dup.c scan-assembler-times vdup\\\\.16\\\\td[0-9]+, d[0-9]+\\\\[1\\\\] 1
UNRESOLVED: gcc.target/arm/bf16_dup.c scan-assembler-times vdup\\\\.16\\\\tq[0-9]+, d[0-9]+\\\\[1\\\\] 1
FAIL: gcc.target/arm/bfloat16_simd_1_2.c (test for excess errors)
UNRESOLVED: gcc.target/arm/bfloat16_simd_1_2.c check-function-bodies stacktest1
UNRESOLVED: gcc.target/arm/bfloat16_simd_1_2.c check-function-bodies stacktest2
UNRESOLVED: gcc.target/arm/bfloat16_simd_1_2.c check-function-bodies stacktest3
FAIL: gcc.target/arm/bfloat16_simd_2_2.c (test for excess errors)
UNRESOLVED: gcc.target/arm/bfloat16_simd_2_2.c check-function-bodies stacktest1
UNRESOLVED: gcc.target/arm/bfloat16_simd_2_2.c check-function-bodies stacktest2
UNRESOLVED: gcc.target/arm/bfloat16_simd_2_2.c check-function-bodies stacktest3
FAIL: gcc.target/arm/bfloat16_simd_3_2.c (test for excess errors)
UNRESOLVED: gcc.target/arm/bfloat16_simd_3_2.c check-function-bodies stacktest1
UNRESOLVED: gcc.target/arm/bfloat16_simd_3_2.c check-function-bodies stacktest2
UNRESOLVED: gcc.target/arm/bfloat16_simd_3_2.c check-function-bodies stacktest3
FAIL: gcc.target/arm/negdi-2.c scan-assembler-times mov 1
FAIL: gcc.target/arm/neon-vfma-1.c scan-assembler vfma\\\\.f32[\\t]+[dDqQ]
FAIL: gcc.target/arm/neon-vfms-1.c scan-assembler vfms\\\\.f32[\\t]+[dDqQ]
FAIL: gcc.target/arm/neon-vlshr-imm-1.c scan-assembler vshr.u32.*#3
FAIL: gcc.target/arm/neon-vmla-1.c scan-assembler vmla\\\\.i32
FAIL: gcc.target/arm/neon-vmls-1.c scan-assembler vmls\\\\.i32
FAIL: gcc.target/arm/neon-vorn-vbic.c scan-assembler vbic\\\\t
FAIL: gcc.target/arm/neon-vorn-vbic.c scan-assembler vorn\\\\t
FAIL: gcc.target/arm/neon-vshl-imm-1.c scan-assembler vshl.i32.*#3
FAIL: gcc.target/arm/neon-vshr-imm-1.c scan-assembler vshr.s32.*#3
FAIL: gcc.target/arm/pr43920-2.c scan-assembler-times pop 2
FAIL: gcc.target/arm/pr51968.c (test for excess errors)
FAIL: gcc.target/arm/pr91603.c scan-assembler-times vld1.32 1
FAIL: gcc.target/arm/pr91603.c scan-assembler-times vldr 1
FAIL: gcc.target/arm/pr91603.c scan-assembler-times vst1.32 1
FAIL: gcc.target/arm/pr91603.c scan-assembler-times vstr 1
FAIL: gcc.target/arm/simd/bf16_vstn_1.c check-function-bodies test_vst2_bf16
FAIL: gcc.target/arm/simd/bf16_vstn_1.c check-function-bodies test_vst2q_bf16
FAIL: gcc.target/arm/simd/bf16_vstn_1.c check-function-bodies test_vst3_bf16
FAIL: gcc.target/arm/simd/bf16_vstn_1.c check-function-bodies test_vst3q_bf16
FAIL: gcc.target/arm/simd/bf16_vstn_1.c check-function-bodies test_vst4_bf16
FAIL: gcc.target/arm/simd/bf16_vstn_1.c check-function-bodies test_vst4q_bf16
FAIL: gcc.target/arm/simd/vdot-2-1.c (test for excess errors)
FAIL: gcc.target/arm/simd/vdot-2-2.c (test for excess errors)
FAIL: gcc.target/arm/simd/vmmla_1.c (test for excess errors)
FAIL: gcc.target/arm/simd/vstn_lane_bf16_1.c check-function-bodies test_vst2_lane_bf16
FAIL: gcc.target/arm/simd/vstn_lane_bf16_1.c check-function-bodies test_vst2q_lane_bf16
FAIL: gcc.target/arm/simd/vstn_lane_bf16_1.c check-function-bodies test_vst3_lane_bf16
FAIL: gcc.target/arm/simd/vstn_lane_bf16_1.c check-function-bodies test_vst3q_lane_bf16
FAIL: gcc.target/arm/simd/vstn_lane_bf16_1.c check-function-bodies test_vst4_lane_bf16
FAIL: gcc.target/arm/simd/vstn_lane_bf16_1.c check-function-bodies test_vst4q_lane_bf16

		=== gcc Summary ===

# of expected passes		140055
# of unexpected failures	240
# of unexpected successes	37
# of expected failures		954
# of unresolved testcases	71
# of unsupported tests		7764
/tmp/964628_26.tmpdir/aci-gcc-fsf/builds/gcc-fsf-gccsrc-thumb/obj-armeb-none-linux-gnueabihf/gcc3/gcc/xgcc  version 11.0.0  (DEFMODE=thumb DEFCPU=cortex-a9 DEFFPU=neon-fp16 TESTFLAGS=) [r11-5949] (GCC) 

Host   is x86_64-pc-linux-gnu

		=== gfortran tests ===


Running target qemu
WARNING: skipping asan tests due to ulimit -v
WARNING: skipping asan tests due to ulimit -v
WARNING: skipping asan tests due to ulimit -v
FAIL: gfortran.dg/ieee/ieee_6.f90   -O0  execution test
FAIL: gfortran.dg/ieee/ieee_6.f90   -O1  execution test
FAIL: gfortran.dg/ieee/ieee_6.f90   -O2  execution test
FAIL: gfortran.dg/ieee/ieee_6.f90   -O3 -fomit-frame-pointer -funroll-loops -fpeel-loops -ftracer -finline-functions  execution test
FAIL: gfortran.dg/ieee/ieee_6.f90   -O3 -g  execution test
FAIL: gfortran.dg/ieee/ieee_6.f90   -Os  execution test
XPASS: gfortran.dg/ieee/ieee_8.f90   -O0  execution test
XPASS: gfortran.dg/ieee/ieee_8.f90   -O1  execution test
XPASS: gfortran.dg/ieee/ieee_8.f90   -O2  execution test
XPASS: gfortran.dg/ieee/ieee_8.f90   -O3 -fomit-frame-pointer -funroll-loops -fpeel-loops -ftracer -finline-functions  execution test
XPASS: gfortran.dg/ieee/ieee_8.f90   -O3 -g  execution test
XPASS: gfortran.dg/ieee/ieee_8.f90   -Os  execution test
FAIL: gfortran.dg/ieee/ieee_9.f90   -O0  (test for excess errors)
UNRESOLVED: gfortran.dg/ieee/ieee_9.f90   -O0  compilation failed to produce executable
FAIL: gfortran.dg/ieee/ieee_9.f90   -O1  (test for excess errors)
UNRESOLVED: gfortran.dg/ieee/ieee_9.f90   -O1  compilation failed to produce executable
FAIL: gfortran.dg/ieee/ieee_9.f90   -O2  (test for excess errors)
UNRESOLVED: gfortran.dg/ieee/ieee_9.f90   -O2  compilation failed to produce executable
FAIL: gfortran.dg/ieee/ieee_9.f90   -O3 -fomit-frame-pointer -funroll-loops -fpeel-loops -ftracer -finline-functions  (test for excess errors)
UNRESOLVED: gfortran.dg/ieee/ieee_9.f90   -O3 -fomit-frame-pointer -funroll-loops -fpeel-loops -ftracer -finline-functions  compilation failed to produce executable
FAIL: gfortran.dg/ieee/ieee_9.f90   -O3 -g  (test for excess errors)
UNRESOLVED: gfortran.dg/ieee/ieee_9.f90   -O3 -g  compilation failed to produce executable
FAIL: gfortran.dg/ieee/ieee_9.f90   -Os  (test for excess errors)
UNRESOLVED: gfortran.dg/ieee/ieee_9.f90   -Os  compilation failed to produce executable
FAIL: gfortran.dg/vect/pr32380.f   -O   scan-tree-dump-times vect "vectorized 1 loops" 1
FAIL: gfortran.dg/vect/pr62283-2.f   -O   scan-tree-dump slp2 "optimized: basic block"
FAIL: gfortran.dg/vect/vect-2.f90   -O   scan-tree-dump-times vect "Alignment of access forced using versioning." 3

		=== gfortran Summary ===

# of expected passes		54453
# of unexpected failures	15
# of unexpected successes	6
# of expected failures		224
# of unresolved testcases	6
# of unsupported tests		397
/tmp/964628_26.tmpdir/aci-gcc-fsf/builds/gcc-fsf-gccsrc-thumb/obj-armeb-none-linux-gnueabihf/gcc3/gcc/gfortran  version 11.0.0  (DEFMODE=thumb DEFCPU=cortex-a9 DEFFPU=neon-fp16 TESTFLAGS=) [r11-5949] (GCC) 

Host   is x86_64-pc-linux-gnu

		=== g++ tests ===


Running target qemu
WARNING: skipping asan tests due to ulimit -v
WARNING: skipping asan tests due to ulimit -v
WARNING: skipping asan tests due to ulimit -v
WARNING: skipping asan tests due to ulimit -v
FAIL: c-c++-common/zero-scratch-regs-10.c  -std=gnu++14 (test for excess errors)
UNRESOLVED: c-c++-common/zero-scratch-regs-10.c  -std=gnu++14 compilation failed to produce executable
FAIL: c-c++-common/zero-scratch-regs-10.c  -std=gnu++17 (test for excess errors)
UNRESOLVED: c-c++-common/zero-scratch-regs-10.c  -std=gnu++17 compilation failed to produce executable
FAIL: c-c++-common/zero-scratch-regs-10.c  -std=gnu++2a (test for excess errors)
UNRESOLVED: c-c++-common/zero-scratch-regs-10.c  -std=gnu++2a compilation failed to produce executable
FAIL: c-c++-common/zero-scratch-regs-10.c  -std=gnu++98 (test for excess errors)
UNRESOLVED: c-c++-common/zero-scratch-regs-10.c  -std=gnu++98 compilation failed to produce executable
FAIL: c-c++-common/zero-scratch-regs-11.c  -std=gnu++14 (test for excess errors)
UNRESOLVED: c-c++-common/zero-scratch-regs-11.c  -std=gnu++14 compilation failed to produce executable
FAIL: c-c++-common/zero-scratch-regs-11.c  -std=gnu++17 (test for excess errors)
UNRESOLVED: c-c++-common/zero-scratch-regs-11.c  -std=gnu++17 compilation failed to produce executable
FAIL: c-c++-common/zero-scratch-regs-11.c  -std=gnu++2a (test for excess errors)
UNRESOLVED: c-c++-common/zero-scratch-regs-11.c  -std=gnu++2a compilation failed to produce executable
FAIL: c-c++-common/zero-scratch-regs-11.c  -std=gnu++98 (test for excess errors)
UNRESOLVED: c-c++-common/zero-scratch-regs-11.c  -std=gnu++98 compilation failed to produce executable
FAIL: c-c++-common/zero-scratch-regs-9.c  -std=gnu++14 (test for excess errors)
UNRESOLVED: c-c++-common/zero-scratch-regs-9.c  -std=gnu++14 compilation failed to produce executable
FAIL: c-c++-common/zero-scratch-regs-9.c  -std=gnu++17 (test for excess errors)
UNRESOLVED: c-c++-common/zero-scratch-regs-9.c  -std=gnu++17 compilation failed to produce executable
FAIL: c-c++-common/zero-scratch-regs-9.c  -std=gnu++2a (test for excess errors)
UNRESOLVED: c-c++-common/zero-scratch-regs-9.c  -std=gnu++2a compilation failed to produce executable
FAIL: c-c++-common/zero-scratch-regs-9.c  -std=gnu++98 (test for excess errors)
UNRESOLVED: c-c++-common/zero-scratch-regs-9.c  -std=gnu++98 compilation failed to produce executable
FAIL: g++.dg/abi/scoped1.C  -std=gnu++14 execution test
FAIL: g++.dg/abi/scoped1.C  -std=gnu++17 execution test
FAIL: g++.dg/abi/scoped1.C  -std=gnu++2a execution test
XPASS: g++.dg/cpp0x/constexpr-52830.C  -std=c++14 (internal compiler error)
XPASS: g++.dg/cpp0x/constexpr-52830.C  -std=c++17 (internal compiler error)
XPASS: g++.dg/cpp0x/constexpr-52830.C  -std=c++2a (internal compiler error)
FAIL: g++.dg/other/pr55073.C  -std=gnu++14 execution test
FAIL: g++.dg/other/pr55073.C  -std=gnu++17 execution test
FAIL: g++.dg/other/pr55073.C  -std=gnu++2a execution test
FAIL: g++.dg/other/pr55073.C  -std=gnu++98 execution test
FAIL: g++.dg/lto/pr65276 cp_lto_pr65276_0.o-cp_lto_pr65276_1.o link, -flto -O0 -std=c++11
FAIL: g++.dg/vect/pr33426-ivdep-3.cc    (test for warnings, line )
FAIL: g++.dg/vect/pr33426-ivdep-4.cc    (test for warnings, line )

		=== g++ Summary ===

# of expected passes		188466
# of unexpected failures	22
# of unexpected successes	3
# of expected failures		975
# of unresolved testcases	12
# of unsupported tests		11610
/tmp/964628_26.tmpdir/aci-gcc-fsf/builds/gcc-fsf-gccsrc-thumb/obj-armeb-none-linux-gnueabihf/gcc3/gcc/xg++  version 11.0.0  (DEFMODE=thumb DEFCPU=cortex-a9 DEFFPU=neon-fp16 TESTFLAGS=) [r11-5949] (GCC) 


Compiler version: 11.0.0 (DEFMODE=thumb DEFCPU=cortex-a9 DEFFPU=neon-fp16 TESTFLAGS=) [r11-5949] (GCC) 
Platform: armeb-none-linux-gnueabihf
configure flags: --target=armeb-none-linux-gnueabihf --prefix=/tmp/964628_26.tmpdir/aci-gcc-fsf/builds/gcc-fsf-gccsrc-thumb/tools --with-sysroot=/tmp/964628_26.tmpdir/aci-gcc-fsf/builds/gcc-fsf-gccsrc-thumb/sysroot-armeb-none-linux-gnueabihf --disable-nls --disable-libgomp --disable-libmudflap --disable-libcilkrts --enable-checking --enable-languages=c,c++,fortran --with-float=hard --enable-build-with-cxx --with-mode=thumb --with-cpu=cortex-a9 --with-fpu=neon-fp16


More information about the Gcc-testresults mailing list