Results for 11.0.0 20201205 (experimental) [master revision r11-5758-g1352bc88a052] (GCC) testsuite on x86_64-apple-darwin14

Iain Sandoe iains.gcc@gmail.com
Sat Dec 12 09:35:15 GMT 2020


LAST_UPDATED: Sat Dec  5 14:34:28 UTC 2020 (revision r11-5758-g1352bc88a052)

		=== acats tests ===

		=== acats Summary ===
# of expected passes		2328
# of unexpected failures	0
Native configuration is x86_64-apple-darwin14

		=== g++ tests ===


Running target unix/-m32
FAIL: c-c++-common/asan/alloca_big_alignment.c   -Os  output pattern test
FAIL: c-c++-common/asan/alloca_detect_custom_size.c   -Os  output pattern test
FAIL: c-c++-common/asan/alloca_overflow_partial.c   -Os  output pattern test
FAIL: c-c++-common/asan/alloca_overflow_right.c   -Os  output pattern test
FAIL: c-c++-common/asan/alloca_underflow_left.c   -Os  output pattern test
FAIL: c-c++-common/asan/memcmp-1.c   -O0  output pattern test
FAIL: c-c++-common/asan/memcmp-1.c   -O1  output pattern test
FAIL: c-c++-common/asan/memcmp-1.c   -O2  output pattern test
FAIL: c-c++-common/asan/memcmp-1.c   -O2 -flto  output pattern test
FAIL: c-c++-common/asan/memcmp-1.c   -O2 -flto -flto-partition=none  output pattern test
FAIL: c-c++-common/asan/memcmp-1.c   -O3 -g  output pattern test
FAIL: c-c++-common/asan/memcmp-1.c   -Os  output pattern test
WARNING: c-c++-common/asan/red-align-1.c   -O1  (test for excess errors) program timed out.
FAIL: c-c++-common/asan/red-align-1.c   -O1  (test for excess errors)
FAIL: g++.dg/asan/pr69276.C   -O0  output pattern test
WARNING: g++.dg/abi/mangle55.C  -std=c++2a (test for excess errors) program timed out.
FAIL: g++.dg/abi/mangle55.C  -std=c++2a (test for excess errors)
WARNING: g++.dg/cpp0x/rv-func.C  -std=c++17 (test for excess errors) program timed out.
FAIL: g++.dg/cpp0x/rv-func.C  -std=c++17 (test for excess errors)
FAIL: g++.dg/ext/pr84828.C  -std=gnu++14 (internal compiler error)
FAIL: g++.dg/ext/pr84828.C  -std=gnu++14 (test for excess errors)
FAIL: g++.dg/ext/pr84828.C  -std=gnu++17 (internal compiler error)
FAIL: g++.dg/ext/pr84828.C  -std=gnu++17 (test for excess errors)
FAIL: g++.dg/ext/pr84828.C  -std=gnu++2a (internal compiler error)
FAIL: g++.dg/ext/pr84828.C  -std=gnu++2a (test for excess errors)
FAIL: g++.dg/ext/pr84828.C  -std=gnu++98 (internal compiler error)
FAIL: g++.dg/ext/pr84828.C  -std=gnu++98 (test for excess errors)
WARNING: g++.dg/init/void1.C  -std=c++2a (test for excess errors) program timed out.
FAIL: g++.dg/init/void1.C  -std=c++2a (test for excess errors)
FAIL: g++.dg/ipa/pr67056.C   scan-ipa-dump cp "Speculative outer type:struct CompositeClass"
FAIL: g++.dg/opt/const4.C  -std=c++14  scan-assembler-symbol-section symbol constant_variable (found __ZL17constant_variable) has section ^\\\\.(const|rodata)|\\\\[RO\\\\] (no section detected)
FAIL: g++.dg/opt/const4.C  -std=c++17  scan-assembler-symbol-section symbol constant_variable (found __ZL17constant_variable) has section ^\\\\.(const|rodata)|\\\\[RO\\\\] (no section detected)
FAIL: g++.dg/opt/const4.C  -std=c++2a  scan-assembler-symbol-section symbol constant_variable (found __ZL17constant_variable) has section ^\\\\.(const|rodata)|\\\\[RO\\\\] (no section detected)
FAIL: g++.dg/opt/const4.C  -std=c++98  scan-assembler-symbol-section symbol constant_variable (found __ZL17constant_variable) has section ^\\\\.(const|rodata)|\\\\[RO\\\\] (no section detected)
FAIL: g++.dg/gomp/tls-5.C  -std=c++14  scan-assembler-symbol-section symbol ^_?_ZGR2ir_\$ (symbol not found) has section ^\\\\.tdata|\\\\[TL\\\\]
FAIL: g++.dg/gomp/tls-5.C  -std=c++14  scan-assembler-symbol-section symbol ^_?ir\$ (symbol not found) has section ^\\\\.tbss|\\\\[TL\\\\]
FAIL: g++.dg/gomp/tls-5.C  -std=c++17  scan-assembler-symbol-section symbol ^_?_ZGR2ir_\$ (symbol not found) has section ^\\\\.tdata|\\\\[TL\\\\]
FAIL: g++.dg/gomp/tls-5.C  -std=c++17  scan-assembler-symbol-section symbol ^_?ir\$ (symbol not found) has section ^\\\\.tbss|\\\\[TL\\\\]
FAIL: g++.dg/gomp/tls-5.C  -std=c++2a  scan-assembler-symbol-section symbol ^_?_ZGR2ir_\$ (symbol not found) has section ^\\\\.tdata|\\\\[TL\\\\]
FAIL: g++.dg/gomp/tls-5.C  -std=c++2a  scan-assembler-symbol-section symbol ^_?ir\$ (symbol not found) has section ^\\\\.tbss|\\\\[TL\\\\]
FAIL: g++.dg/lto/pr65276 cp_lto_pr65276_0.o-cp_lto_pr65276_1.o link, -flto -O0 -std=c++11
FAIL: g++.dg/lto/pr65549 cp_lto_pr65549_0.o-cp_lto_pr65549_0.o link,  -std=gnu++14 -flto -g -O2 -fno-inline -flto-partition=max -Wno-return-type 
FAIL: g++.dg/lto/pr89335 cp_lto_pr89335_0.o assemble, -O2 -flto -Wsuggest-final-methods
FAIL: g++.dg/tree-prof/pr57451.C compilation,  -fprofile-generate -D_PROFILE_GENERATE
UNRESOLVED: g++.dg/tree-prof/pr57451.C compilation,  -fprofile-use -D_PROFILE_USE
UNRESOLVED: g++.dg/tree-prof/pr57451.C execution,    -fprofile-generate -D_PROFILE_GENERATE
UNRESOLVED: g++.dg/tree-prof/pr57451.C execution,    -fprofile-use -D_PROFILE_USE
FAIL: g++.dg/tree-prof/pr63581.C compilation,  -fprofile-generate -D_PROFILE_GENERATE
UNRESOLVED: g++.dg/tree-prof/pr63581.C compilation,  -fprofile-use -D_PROFILE_USE
UNRESOLVED: g++.dg/tree-prof/pr63581.C execution,    -fprofile-generate -D_PROFILE_GENERATE
UNRESOLVED: g++.dg/tree-prof/pr63581.C execution,    -fprofile-use -D_PROFILE_USE

		=== g++ Summary for unix/-m32 ===

# of expected passes		190359
# of unexpected failures	41
# of expected failures		997
# of unresolved testcases	6
# of unsupported tests		8995

Running target unix/-m64
FAIL: c-c++-common/asan/alloca_big_alignment.c   -Os  output pattern test
FAIL: c-c++-common/asan/alloca_detect_custom_size.c   -Os  output pattern test
FAIL: c-c++-common/asan/alloca_overflow_partial.c   -Os  output pattern test
FAIL: c-c++-common/asan/alloca_overflow_right.c   -Os  output pattern test
FAIL: c-c++-common/asan/alloca_underflow_left.c   -Os  output pattern test
FAIL: c-c++-common/asan/memcmp-1.c   -O0  output pattern test
FAIL: c-c++-common/asan/memcmp-1.c   -O1  output pattern test
FAIL: c-c++-common/asan/memcmp-1.c   -O2  output pattern test
FAIL: c-c++-common/asan/memcmp-1.c   -O2 -flto  output pattern test
FAIL: c-c++-common/asan/memcmp-1.c   -O2 -flto -flto-partition=none  output pattern test
FAIL: c-c++-common/asan/memcmp-1.c   -O3 -g  output pattern test
FAIL: c-c++-common/asan/memcmp-1.c   -Os  output pattern test
FAIL: g++.dg/asan/pr69276.C   -O0  output pattern test
FAIL: g++.dg/ipa/pr67056.C   scan-ipa-dump cp "Speculative outer type:struct CompositeClass"
FAIL: g++.dg/opt/const4.C  -std=c++14  scan-assembler-symbol-section symbol constant_variable (found __ZL17constant_variable) has section ^\\\\.(const|rodata)|\\\\[RO\\\\] (no section detected)
FAIL: g++.dg/opt/const4.C  -std=c++17  scan-assembler-symbol-section symbol constant_variable (found __ZL17constant_variable) has section ^\\\\.(const|rodata)|\\\\[RO\\\\] (no section detected)
FAIL: g++.dg/opt/const4.C  -std=c++2a  scan-assembler-symbol-section symbol constant_variable (found __ZL17constant_variable) has section ^\\\\.(const|rodata)|\\\\[RO\\\\] (no section detected)
FAIL: g++.dg/opt/const4.C  -std=c++98  scan-assembler-symbol-section symbol constant_variable (found __ZL17constant_variable) has section ^\\\\.(const|rodata)|\\\\[RO\\\\] (no section detected)
WARNING: g++.dg/other/classkey1.C  -std=c++17  (test for errors, line 9) program timed out.
WARNING: g++.dg/template/crash116.C  -std=c++17  (test for errors, line 8) program timed out.
WARNING: c-c++-common/gomp/pr70550-1.c  -std=c++14  (test for bogus messages, line 19) program timed out.
FAIL: g++.dg/gomp/tls-5.C  -std=c++14  scan-assembler-symbol-section symbol ^_?_ZGR2ir_\$ (symbol not found) has section ^\\\\.tdata|\\\\[TL\\\\]
FAIL: g++.dg/gomp/tls-5.C  -std=c++14  scan-assembler-symbol-section symbol ^_?ir\$ (symbol not found) has section ^\\\\.tbss|\\\\[TL\\\\]
FAIL: g++.dg/gomp/tls-5.C  -std=c++17  scan-assembler-symbol-section symbol ^_?_ZGR2ir_\$ (symbol not found) has section ^\\\\.tdata|\\\\[TL\\\\]
FAIL: g++.dg/gomp/tls-5.C  -std=c++17  scan-assembler-symbol-section symbol ^_?ir\$ (symbol not found) has section ^\\\\.tbss|\\\\[TL\\\\]
FAIL: g++.dg/gomp/tls-5.C  -std=c++2a  scan-assembler-symbol-section symbol ^_?_ZGR2ir_\$ (symbol not found) has section ^\\\\.tdata|\\\\[TL\\\\]
FAIL: g++.dg/gomp/tls-5.C  -std=c++2a  scan-assembler-symbol-section symbol ^_?ir\$ (symbol not found) has section ^\\\\.tbss|\\\\[TL\\\\]
FAIL: g++.dg/lto/pr65276 cp_lto_pr65276_0.o-cp_lto_pr65276_1.o link, -flto -O0 -std=c++11
FAIL: g++.dg/lto/pr65549 cp_lto_pr65549_0.o-cp_lto_pr65549_0.o link,  -std=gnu++14 -flto -g -O2 -fno-inline -flto-partition=max -Wno-return-type 
FAIL: g++.dg/lto/pr89335 cp_lto_pr89335_0.o assemble, -O2 -flto -Wsuggest-final-methods
FAIL: g++.dg/tree-prof/pr57451.C compilation,  -fprofile-generate -D_PROFILE_GENERATE
UNRESOLVED: g++.dg/tree-prof/pr57451.C compilation,  -fprofile-use -D_PROFILE_USE
UNRESOLVED: g++.dg/tree-prof/pr57451.C execution,    -fprofile-generate -D_PROFILE_GENERATE
UNRESOLVED: g++.dg/tree-prof/pr57451.C execution,    -fprofile-use -D_PROFILE_USE
FAIL: g++.dg/tree-prof/pr63581.C compilation,  -fprofile-generate -D_PROFILE_GENERATE
UNRESOLVED: g++.dg/tree-prof/pr63581.C compilation,  -fprofile-use -D_PROFILE_USE
UNRESOLVED: g++.dg/tree-prof/pr63581.C execution,    -fprofile-generate -D_PROFILE_GENERATE
UNRESOLVED: g++.dg/tree-prof/pr63581.C execution,    -fprofile-use -D_PROFILE_USE
WARNING: g++.old-deja/g++.other/static7.C  -std=c++2a (test for excess errors) program timed out.
FAIL: g++.old-deja/g++.other/static7.C  -std=c++2a (test for excess errors)
WARNING: g++.old-deja/g++.pt/inherit2.C  -std=c++98  (test for warnings, line 27) program timed out.

		=== g++ Summary for unix/-m64 ===

# of expected passes		192634
# of unexpected failures	30
# of expected failures		1001
# of unresolved testcases	6
# of unsupported tests		9165

		=== g++ Summary ===

# of expected passes		382993
# of unexpected failures	71
# of expected failures		1998
# of unresolved testcases	12
# of unsupported tests		18160
/scratch/10-10-yos/gcc-master/gcc/xg++  version 11.0.0 20201205 (experimental) [master revision r11-5758-g1352bc88a052] (GCC) 

		=== gcc tests ===


Running target unix/-m32
XPASS: gcc.dg/analyzer/feasibility-1.c  (test for warnings, line 58)
XPASS: gcc.dg/analyzer/pr94851-1.c bogus leak (test for bogus messages, line 43)
XPASS: gcc.dg/analyzer/unknown-fns-4.c  (test for warnings, line 13)
FAIL: gcc.dg/analyzer/write-to-string-literal-1.c  (test for warnings, line 15)
FAIL: c-c++-common/asan/alloca_big_alignment.c   -Os  output pattern test
FAIL: c-c++-common/asan/alloca_detect_custom_size.c   -Os  output pattern test
FAIL: c-c++-common/asan/alloca_overflow_partial.c   -Os  output pattern test
FAIL: c-c++-common/asan/alloca_overflow_right.c   -Os  output pattern test
FAIL: c-c++-common/asan/alloca_underflow_left.c   -Os  output pattern test
FAIL: c-c++-common/asan/memcmp-1.c   -O0  output pattern test
FAIL: c-c++-common/asan/memcmp-1.c   -O1  output pattern test
FAIL: c-c++-common/asan/memcmp-1.c   -O2  output pattern test
FAIL: c-c++-common/asan/memcmp-1.c   -O2 -flto  output pattern test
FAIL: c-c++-common/asan/memcmp-1.c   -O2 -flto -flto-partition=none  output pattern test
FAIL: c-c++-common/asan/memcmp-1.c   -O3 -g  output pattern test
FAIL: c-c++-common/asan/memcmp-1.c   -Os  output pattern test
FAIL: c-c++-common/asan/strncpy-overflow-1.c   -O0  output pattern test
FAIL: gcc.dg/atomic/pr65345-4.c   -O2 -flto  (internal compiler error)
FAIL: gcc.dg/atomic/pr65345-4.c   -O2 -flto  (test for excess errors)
FAIL: gcc.dg/atomic/pr65345-4.c   -O2 -flto -flto-partition=none  (internal compiler error)
FAIL: gcc.dg/atomic/pr65345-4.c   -O2 -flto -flto-partition=none  (test for excess errors)
FAIL: gcc.dg/debug/dwarf2/inline4.c scan-assembler DW_TAG_inlined_subroutine[^\\\\(]*\\\\([^\\\\)]*\\\\)[^\\\\(]*\\\\(DIE \\\\(0x[0-9a-f]*\\\\) DW_TAG_formal_parameter[^\\\\(]*\\\\(DIE \\\\(0x[0-9a-f]*\\\\) DW_TAG_variable
FAIL: gcc.dg/20021029-1.c scan-assembler-symbol-section symbol ar (found _ar.0) has section ^\\\\.(const|rodata)|\\\\[RO\\\\] (no section detected)
XPASS: gcc.dg/Walloca-2.c  (test for bogus messages, line 16)
FAIL: gcc.dg/array-quals-1.c scan-assembler-symbol-section symbol ^_?a\$ (found _a) has section ^\\\\.(const|rodata)|\\\\[RO\\\\] (no section detected)
FAIL: gcc.dg/array-quals-1.c scan-assembler-symbol-section symbol ^_?a1\$ (found _a1) has section ^\\\\.(const|rodata)|\\\\[RO\\\\] (no section detected)
FAIL: gcc.dg/array-quals-1.c scan-assembler-symbol-section symbol ^_?b\$ (found _b) has section ^\\\\.(const|rodata)|\\\\[RO\\\\] (no section detected)
FAIL: gcc.dg/array-quals-1.c scan-assembler-symbol-section symbol ^_?b1\$ (found _b1) has section ^\\\\.(const|rodata)|\\\\[RO\\\\] (no section detected)
FAIL: gcc.dg/array-quals-1.c scan-assembler-symbol-section symbol ^_?c\$ (found _c) has section ^\\\\.(const|rodata)|\\\\[RO\\\\] (no section detected)
FAIL: gcc.dg/array-quals-1.c scan-assembler-symbol-section symbol ^_?c1\$ (found _c1) has section ^\\\\.(const|rodata)|\\\\[RO\\\\] (no section detected)
FAIL: gcc.dg/array-quals-1.c scan-assembler-symbol-section symbol ^_?d\$ (found _d) has section ^\\\\.(const|rodata)|\\\\[RO\\\\] (no section detected)
FAIL: gcc.dg/array-quals-1.c scan-assembler-symbol-section symbol ^_?d1\$ (found _d1) has section ^\\\\.(const|rodata)|\\\\[RO\\\\] (no section detected)
FAIL: gcc.dg/array-quals-1.c scan-assembler-symbol-section symbol ^_?e\$ (found _e) has section ^\\\\.(const|rodata)|\\\\[RO\\\\] (no section detected)
FAIL: gcc.dg/array-quals-1.c scan-assembler-symbol-section symbol ^_?e1\$ (found _e1) has section ^\\\\.(const|rodata)|\\\\[RO\\\\] (no section detected)
FAIL: gcc.dg/array-quals-1.c scan-assembler-symbol-section symbol ^_?p\$ (found _p) has section ^\\\\.(const|rodata)|\\\\[RW\\\\] (no section detected)
FAIL: gcc.dg/array-quals-1.c scan-assembler-symbol-section symbol ^_?p1\$ (found _p1) has section ^\\\\.(const|rodata)|\\\\[RW\\\\] (no section detected)
FAIL: gcc.dg/array-quals-1.c scan-assembler-symbol-section symbol ^_?q\$ (found _q) has section ^\\\\.(const|rodata)|\\\\[RW\\\\] (no section detected)
FAIL: gcc.dg/array-quals-1.c scan-assembler-symbol-section symbol ^_?q1\$ (found _q1) has section ^\\\\.(const|rodata)|\\\\[RW\\\\] (no section detected)
FAIL: gcc.dg/array-quals-1.c scan-assembler-symbol-section symbol ^_?r\$ (found _r) has section ^\\\\.(const|rodata)|\\\\[RW\\\\] (no section detected)
FAIL: gcc.dg/array-quals-1.c scan-assembler-symbol-section symbol ^_?r1\$ (found _r1) has section ^\\\\.(const|rodata)|\\\\[RW\\\\] (no section detected)
FAIL: gcc.dg/array-quals-1.c scan-assembler-symbol-section symbol ^_?s\$ (found _s) has section ^\\\\.(const|rodata)|\\\\[RW\\\\] (no section detected)
FAIL: gcc.dg/array-quals-1.c scan-assembler-symbol-section symbol ^_?s1\$ (found _s1) has section ^\\\\.(const|rodata)|\\\\[RW\\\\] (no section detected)
FAIL: gcc.dg/array-quals-1.c scan-assembler-symbol-section symbol ^_?t\$ (found _t) has section ^\\\\.(const|rodata)|\\\\[RW\\\\] (no section detected)
FAIL: gcc.dg/array-quals-1.c scan-assembler-symbol-section symbol ^_?t1\$ (found _t1) has section ^\\\\.(const|rodata)|\\\\[RW\\\\] (no section detected)
FAIL: gcc.dg/darwin-sections.c scan-assembler-symbol-section symbol ^_a\$ (symbol not found) has section \\\\.data
FAIL: gcc.dg/darwin-sections.c scan-assembler-symbol-section symbol ^_b\$ (symbol not found) has section \\\\.data
WARNING: gcc.dg/pr15825-1.c (test for excess errors) program timed out.
FAIL: gcc.dg/pr15825-1.c (test for excess errors)
XPASS: gcc.dg/pr78973.c pr79073 (test for warnings, line 12)
FAIL: gcc.dg/stack-layout-dynamic-1.c (test for excess errors)
UNRESOLVED: gcc.dg/stack-layout-dynamic-1.c scan-assembler-not cfi_def_cfa_register
FAIL: c-c++-common/goacc/firstprivate-mappings-1.c scan-tree-dump omplower "(?n)#pragma omp target oacc_parallel map\\\\(from:array_so \\\\[len: 4\\\\]\\\\) firstprivate\\\\(array_li.[0-9]+\\\\) map\\\\(tofrom:\\\\(\\\\*array.[0-9]+\\\\) \\\\[len: D\\\\.[0-9]+\\\\]\\\\) map\\\\(firstprivate:array \\\\[pointer assign, bias: 0\\\\]\\\\) \\\\["
FAIL: gcc.dg/graphite/scop-19.c scan-tree-dump-times graphite "number of SCoPs: 0" 1
FAIL: gcc.dg/ipa/ipa-icf-38.c scan-ltrans-tree-dump-not optimized "Function bar"
FAIL: gcc-dg-lto-modref-3-01.exe scan-wpa-ipa-dump modref "parm 1 flags: nodirectescape"
FAIL: gcc-dg-lto-modref-4-01.exe scan-wpa-ipa-dump modref "parm 1 flags: nodirectescape"
FAIL: gcc.dg/lto/modref-3 c_lto_modref-3_0.o-c_lto_modref-3_1.o execute -O2 -flto-partition=max -fdump-ipa-modref -fno-ipa-sra -fno-ipa-cp -flto
FAIL: gcc.dg/lto/modref-4 c_lto_modref-4_0.o-c_lto_modref-4_1.o execute -O2 -flto-partition=max -fdump-ipa-modref -fno-ipa-sra -flto
WARNING: ./global-1.h   -Os  (test for excess errors) program timed out.
FAIL: ./global-1.h   -Os  (test for excess errors)
WARNING: ./static-1.h   -O0  (test for excess errors) program timed out.
FAIL: ./static-1.h   -O0  (test for excess errors)
FAIL: gcc.dg/torture/builtin-self.c   -O0   scan-assembler-not \\tcall
FAIL: gcc.dg/torture/ftrapv-1.c   -O0  execution test
FAIL: gcc.dg/torture/ftrapv-1.c   -O1  execution test
FAIL: gcc.dg/torture/ftrapv-1.c   -O2  execution test
FAIL: gcc.dg/torture/ftrapv-1.c   -O2 -flto  execution test
FAIL: gcc.dg/torture/ftrapv-1.c   -O2 -flto -flto-partition=none  execution test
FAIL: gcc.dg/torture/ftrapv-1.c   -O3 -fomit-frame-pointer -funroll-loops -fpeel-loops -ftracer -finline-functions  execution test
FAIL: gcc.dg/torture/ftrapv-1.c   -O3 -g  execution test
FAIL: gcc.dg/torture/ftrapv-1.c   -Os  execution test
FAIL: gcc.dg/torture/ftrapv-2.c   -O0  execution test
FAIL: gcc.dg/torture/ftrapv-2.c   -O1  execution test
FAIL: gcc.dg/torture/ftrapv-2.c   -O2  execution test
FAIL: gcc.dg/torture/ftrapv-2.c   -O3 -fomit-frame-pointer -funroll-loops -fpeel-loops -ftracer -finline-functions  execution test
FAIL: gcc.dg/torture/ftrapv-2.c   -O3 -g  execution test
FAIL: gcc.dg/torture/ftrapv-2.c   -Os  execution test
FAIL: gcc.dg/torture/pr71522.c   -O1  execution test
FAIL: gcc.dg/torture/pr71522.c   -O2  execution test
FAIL: gcc.dg/torture/pr71522.c   -O2 -flto  execution test
FAIL: gcc.dg/torture/pr71522.c   -O2 -flto -flto-partition=none  execution test
FAIL: gcc.dg/torture/pr71522.c   -O3 -g  execution test
FAIL: gcc.dg/torture/pr71522.c   -Os  execution test
FAIL: gcc.dg/tree-ssa/scev-3.c scan-tree-dump-times ivopts "&a" 1
FAIL: gcc.dg/tree-ssa/scev-5.c scan-tree-dump-times ivopts "&a" 1
XPASS: gcc.dg/vect/vect-reduc-in-order-1.c -flto -ffat-lto-objects execution test
XPASS: gcc.dg/vect/vect-reduc-in-order-1.c execution test
XPASS: gcc.dg/vect/vect-reduc-in-order-2.c -flto -ffat-lto-objects execution test
XPASS: gcc.dg/vect/vect-reduc-in-order-2.c execution test
XPASS: gcc.dg/vect/vect-reduc-in-order-3.c -flto -ffat-lto-objects execution test
XPASS: gcc.dg/vect/vect-reduc-in-order-3.c execution test
XPASS: gcc.dg/vect/vect-reduc-in-order-4.c -flto -ffat-lto-objects execution test
XPASS: gcc.dg/vect/vect-reduc-in-order-4.c execution test
FAIL: gcc.target/i386/avx2-shiftqihi-constant-2.c (test for excess errors)
UNRESOLVED: gcc.target/i386/avx2-shiftqihi-constant-2.c compilation failed to produce executable
FAIL: gcc.target/i386/avx512vpopcntdq-pr97770-2.c (test for excess errors)
UNRESOLVED: gcc.target/i386/avx512vpopcntdq-pr97770-2.c compilation failed to produce executable
FAIL: gcc.target/i386/avx512vpopcntdqvl-pr97770-1.c (test for excess errors)
UNRESOLVED: gcc.target/i386/avx512vpopcntdqvl-pr97770-1.c compilation failed to produce executable
FAIL: gcc.target/i386/pad-3.c scan-assembler-not nop
FAIL: gcc.target/i386/pr15184-1.c scan-assembler-times movb[ \\\\t]+%al 4
FAIL: gcc.target/i386/pr15184-2.c scan-assembler-times movb[ \\\\t]+%al 2
FAIL: gcc.target/i386/pr36502.c scan-assembler-not esp
FAIL: gcc.target/i386/pr54855-3.c scan-assembler-not movsd
FAIL: gcc.target/i386/pr54855-7.c scan-assembler-not movss
FAIL: gcc.target/i386/pr66334.c scan-assembler movl[ \\\\t].+, %ebx
FAIL: gcc.target/i386/pr71245-1.c scan-assembler-not (fistp|fild)
FAIL: gcc.target/i386/pr71245-2.c scan-assembler-not movlps
FAIL: gcc.target/i386/pr71321.c scan-assembler-not lea.*0
FAIL: gcc.target/i386/pr78035.c scan-assembler-times cmp 2
FAIL: gcc.target/i386/pr80569.c (test for excess errors)
FAIL: gcc.target/i386/pr81736-5.c scan-assembler-not %[re]bp
XPASS: gcc.target/i386/pr84101.c scan-tree-dump-not slp2 "optimized: basic block"
FAIL: gcc.target/i386/pr84278.c scan-assembler-not \\\\(%.sp\\\\)
FAIL: gcc.target/i386/pr85667-6.c scan-assembler-times flds[^\\n\\r]* 1
FAIL: gcc.target/i386/pr92651.c scan-assembler-times sub 2
FAIL: gcc.target/i386/pr97873-1.c scan-assembler pabsq
FAIL: gcc.target/i386/pr98100.c (test for excess errors)
FAIL: gcc.target/i386/ret-thunk-22.c scan-assembler call[ \\\\t]*___x86.get_pc_thunk.cx
FAIL: gcc.target/i386/ret-thunk-23.c scan-assembler call[ \\\\t]*___x86.get_pc_thunk.cx
FAIL: gcc.target/i386/ret-thunk-24.c scan-assembler call[ \\\\t]*___x86.get_pc_thunk.cx
FAIL: gcc.target/i386/vect8-ret.c scan-assembler-times movq 1

		=== gcc Summary for unix/-m32 ===

# of expected passes		147701
# of unexpected failures	101
# of unexpected successes	14
# of expected failures		836
# of unresolved testcases	4
# of unsupported tests		4810

Running target unix/-m64
XPASS: gcc.dg/analyzer/feasibility-1.c  (test for warnings, line 58)
FAIL: gcc.dg/analyzer/malloc-vs-local-1b.c  (test for bogus messages, line 170)
XPASS: gcc.dg/analyzer/pr94851-1.c bogus leak (test for bogus messages, line 43)
XPASS: gcc.dg/analyzer/unknown-fns-4.c  (test for warnings, line 13)
FAIL: gcc.dg/analyzer/write-to-string-literal-1.c  (test for warnings, line 15)
FAIL: c-c++-common/asan/alloca_big_alignment.c   -Os  output pattern test
FAIL: c-c++-common/asan/alloca_detect_custom_size.c   -Os  output pattern test
FAIL: c-c++-common/asan/alloca_overflow_partial.c   -Os  output pattern test
FAIL: c-c++-common/asan/alloca_overflow_right.c   -Os  output pattern test
FAIL: c-c++-common/asan/alloca_underflow_left.c   -Os  output pattern test
FAIL: c-c++-common/asan/memcmp-1.c   -O0  output pattern test
FAIL: c-c++-common/asan/memcmp-1.c   -O1  output pattern test
FAIL: c-c++-common/asan/memcmp-1.c   -O2  output pattern test
FAIL: c-c++-common/asan/memcmp-1.c   -O2 -flto  output pattern test
FAIL: c-c++-common/asan/memcmp-1.c   -O2 -flto -flto-partition=none  output pattern test
FAIL: c-c++-common/asan/memcmp-1.c   -O3 -g  output pattern test
FAIL: c-c++-common/asan/memcmp-1.c   -Os  output pattern test
FAIL: c-c++-common/asan/strncpy-overflow-1.c   -O0  execution test
FAIL: gcc.dg/atomic/pr65345-4.c   -O2 -flto  (internal compiler error)
FAIL: gcc.dg/atomic/pr65345-4.c   -O2 -flto  (test for excess errors)
FAIL: gcc.dg/atomic/pr65345-4.c   -O2 -flto -flto-partition=none  (internal compiler error)
FAIL: gcc.dg/atomic/pr65345-4.c   -O2 -flto -flto-partition=none  (test for excess errors)
FAIL: gcc.dg/debug/dwarf2/inline4.c scan-assembler DW_TAG_inlined_subroutine[^\\\\(]*\\\\([^\\\\)]*\\\\)[^\\\\(]*\\\\(DIE \\\\(0x[0-9a-f]*\\\\) DW_TAG_formal_parameter[^\\\\(]*\\\\(DIE \\\\(0x[0-9a-f]*\\\\) DW_TAG_variable
FAIL: gcc.dg/20021029-1.c scan-assembler-symbol-section symbol ar (found _ar.0) has section ^\\\\.(const|rodata)|\\\\[RO\\\\] (no section detected)
FAIL: gcc.dg/array-quals-1.c scan-assembler-symbol-section symbol ^_?a\$ (found _a) has section ^\\\\.(const|rodata)|\\\\[RO\\\\] (no section detected)
FAIL: gcc.dg/array-quals-1.c scan-assembler-symbol-section symbol ^_?a1\$ (found _a1) has section ^\\\\.(const|rodata)|\\\\[RO\\\\] (no section detected)
FAIL: gcc.dg/array-quals-1.c scan-assembler-symbol-section symbol ^_?b\$ (found _b) has section ^\\\\.(const|rodata)|\\\\[RO\\\\] (no section detected)
FAIL: gcc.dg/array-quals-1.c scan-assembler-symbol-section symbol ^_?b1\$ (found _b1) has section ^\\\\.(const|rodata)|\\\\[RO\\\\] (no section detected)
FAIL: gcc.dg/array-quals-1.c scan-assembler-symbol-section symbol ^_?c\$ (found _c) has section ^\\\\.(const|rodata)|\\\\[RO\\\\] (no section detected)
FAIL: gcc.dg/array-quals-1.c scan-assembler-symbol-section symbol ^_?c1\$ (found _c1) has section ^\\\\.(const|rodata)|\\\\[RO\\\\] (no section detected)
FAIL: gcc.dg/array-quals-1.c scan-assembler-symbol-section symbol ^_?d\$ (found _d) has section ^\\\\.(const|rodata)|\\\\[RO\\\\] (no section detected)
FAIL: gcc.dg/array-quals-1.c scan-assembler-symbol-section symbol ^_?d1\$ (found _d1) has section ^\\\\.(const|rodata)|\\\\[RO\\\\] (no section detected)
FAIL: gcc.dg/array-quals-1.c scan-assembler-symbol-section symbol ^_?e\$ (found _e) has section ^\\\\.(const|rodata)|\\\\[RO\\\\] (no section detected)
FAIL: gcc.dg/array-quals-1.c scan-assembler-symbol-section symbol ^_?e1\$ (found _e1) has section ^\\\\.(const|rodata)|\\\\[RO\\\\] (no section detected)
FAIL: gcc.dg/array-quals-1.c scan-assembler-symbol-section symbol ^_?p\$ (found _p) has section ^\\\\.(const|rodata)|\\\\[RW\\\\] (no section detected)
FAIL: gcc.dg/array-quals-1.c scan-assembler-symbol-section symbol ^_?p1\$ (found _p1) has section ^\\\\.(const|rodata)|\\\\[RW\\\\] (no section detected)
FAIL: gcc.dg/array-quals-1.c scan-assembler-symbol-section symbol ^_?q\$ (found _q) has section ^\\\\.(const|rodata)|\\\\[RW\\\\] (no section detected)
FAIL: gcc.dg/array-quals-1.c scan-assembler-symbol-section symbol ^_?q1\$ (found _q1) has section ^\\\\.(const|rodata)|\\\\[RW\\\\] (no section detected)
FAIL: gcc.dg/array-quals-1.c scan-assembler-symbol-section symbol ^_?r\$ (found _r) has section ^\\\\.(const|rodata)|\\\\[RW\\\\] (no section detected)
FAIL: gcc.dg/array-quals-1.c scan-assembler-symbol-section symbol ^_?r1\$ (found _r1) has section ^\\\\.(const|rodata)|\\\\[RW\\\\] (no section detected)
FAIL: gcc.dg/array-quals-1.c scan-assembler-symbol-section symbol ^_?s\$ (found _s) has section ^\\\\.(const|rodata)|\\\\[RW\\\\] (no section detected)
FAIL: gcc.dg/array-quals-1.c scan-assembler-symbol-section symbol ^_?s1\$ (found _s1) has section ^\\\\.(const|rodata)|\\\\[RW\\\\] (no section detected)
FAIL: gcc.dg/array-quals-1.c scan-assembler-symbol-section symbol ^_?t\$ (found _t) has section ^\\\\.(const|rodata)|\\\\[RW\\\\] (no section detected)
FAIL: gcc.dg/array-quals-1.c scan-assembler-symbol-section symbol ^_?t1\$ (found _t1) has section ^\\\\.(const|rodata)|\\\\[RW\\\\] (no section detected)
FAIL: gcc.dg/darwin-sections.c scan-assembler-symbol-section symbol ^_a\$ (symbol not found) has section \\\\.data
FAIL: gcc.dg/darwin-sections.c scan-assembler-symbol-section symbol ^_b\$ (symbol not found) has section \\\\.data
FAIL: gcc.dg/stack-layout-dynamic-1.c (test for excess errors)
UNRESOLVED: gcc.dg/stack-layout-dynamic-1.c scan-assembler-not cfi_def_cfa_register
FAIL: gcc.dg/strlenopt-82.c scan-tree-dump-times optimized "call_in_true_branch_not_eliminated_" 0
FAIL: gcc.dg/graphite/scop-19.c scan-tree-dump-times graphite "number of SCoPs: 0" 1
FAIL: gcc.dg/ipa/ipa-icf-38.c scan-ltrans-tree-dump-not optimized "Function bar"
FAIL: gcc-dg-lto-modref-3-01.exe scan-wpa-ipa-dump modref "parm 1 flags: nodirectescape"
FAIL: gcc-dg-lto-modref-4-01.exe scan-wpa-ipa-dump modref "parm 1 flags: nodirectescape"
FAIL: gcc.dg/lto/modref-3 c_lto_modref-3_0.o-c_lto_modref-3_1.o execute -O2 -flto-partition=max -fdump-ipa-modref -fno-ipa-sra -fno-ipa-cp -flto
FAIL: gcc.dg/lto/modref-4 c_lto_modref-4_0.o-c_lto_modref-4_1.o execute -O2 -flto-partition=max -fdump-ipa-modref -fno-ipa-sra -flto
WARNING: ./pr66343-2.h   -O0  (test for excess errors) program timed out.
FAIL: ./pr66343-2.h   -O0  (test for excess errors)
WARNING: gcc.dg/sso/p2.c   -Wno-scalar-storage-order -Os  (test for excess errors) program timed out.
FAIL: gcc.dg/sso/p2.c   -Wno-scalar-storage-order -Os  (test for excess errors)
FAIL: gcc.dg/torture/ftrapv-1.c   -O0  execution test
FAIL: gcc.dg/torture/ftrapv-1.c   -O1  execution test
FAIL: gcc.dg/torture/ftrapv-1.c   -O2  execution test
FAIL: gcc.dg/torture/ftrapv-1.c   -O2 -flto  execution test
FAIL: gcc.dg/torture/ftrapv-1.c   -O2 -flto -flto-partition=none  execution test
FAIL: gcc.dg/torture/ftrapv-1.c   -O3 -fomit-frame-pointer -funroll-loops -fpeel-loops -ftracer -finline-functions  execution test
FAIL: gcc.dg/torture/ftrapv-1.c   -O3 -g  execution test
FAIL: gcc.dg/torture/ftrapv-1.c   -Os  execution test
FAIL: gcc.dg/torture/ftrapv-2.c   -O0  execution test
FAIL: gcc.dg/torture/ftrapv-2.c   -O1  execution test
FAIL: gcc.dg/torture/ftrapv-2.c   -O2  execution test
FAIL: gcc.dg/torture/ftrapv-2.c   -O3 -fomit-frame-pointer -funroll-loops -fpeel-loops -ftracer -finline-functions  execution test
FAIL: gcc.dg/torture/ftrapv-2.c   -O3 -g  execution test
FAIL: gcc.dg/torture/ftrapv-2.c   -Os  execution test
WARNING: gcc.dg/torture/pr83940.c   -O2 -flto -flto-partition=none  (test for excess errors) program timed out.
FAIL: gcc.dg/torture/pr83940.c   -O2 -flto -flto-partition=none  (test for excess errors)
XPASS: gcc.dg/tree-ssa/pr91091-2.c scan-tree-dump-times fre1 " = [^;]*x;" 1
XPASS: gcc.dg/tree-ssa/pr91091-2.c scan-tree-dump-times fre1 "x = " 1
XPASS: gcc.dg/tree-ssa/ssa-fre-77.c scan-tree-dump fre1 "return 1;"
WARNING: gcc.dg/vect/bb-slp-pr80705.c program timed out.
FAIL: gcc.target/i386/avx2-shiftqihi-constant-2.c (test for excess errors)
UNRESOLVED: gcc.target/i386/avx2-shiftqihi-constant-2.c compilation failed to produce executable
FAIL: gcc.target/i386/avx512bw-pr88465.c scan-assembler-times kxnor[dq][ \\t] 2
FAIL: gcc.target/i386/avx512dq-pr88465.c scan-assembler-times kxnorb[ \\t] 1
FAIL: gcc.target/i386/avx512f-pr88465.c scan-assembler-times kxnorw[ \\t] 1
FAIL: gcc.target/i386/avx512vpopcntdq-pr97770-2.c (test for excess errors)
UNRESOLVED: gcc.target/i386/avx512vpopcntdq-pr97770-2.c compilation failed to produce executable
FAIL: gcc.target/i386/avx512vpopcntdqvl-pr97770-1.c (test for excess errors)
UNRESOLVED: gcc.target/i386/avx512vpopcntdqvl-pr97770-1.c compilation failed to produce executable
FAIL: gcc.target/i386/pr34256.c scan-assembler-times mov 5
FAIL: gcc.target/i386/pr71321.c scan-assembler-not lea.*0
FAIL: gcc.target/i386/pr78035.c scan-assembler-times cmp 2
FAIL: gcc.target/i386/pr80569.c (test for excess errors)
FAIL: gcc.target/i386/pr92651.c scan-assembler-times sub 2
FAIL: gcc.target/i386/pr94650.c scan-assembler-not movabs
FAIL: gcc.target/i386/pr94650.c scan-assembler-times shr 3
FAIL: gcc.target/i386/pr98100.c (test for excess errors)
FAIL: gcc.target/i386/stackalign/pr88483-1.c -mno-stackrealign  scan-assembler-not and[lq]?[^\\\\n]*-[0-9]+,[^\\\\n]*sp
FAIL: gcc.target/i386/stackalign/pr88483-1.c -mstackrealign  scan-assembler-not and[lq]?[^\\\\n]*-[0-9]+,[^\\\\n]*sp
FAIL: gcc.target/i386/stackalign/pr88483-2.c -mno-stackrealign  scan-assembler-not (sub|add)(l|q)[\\\\t ]*\\\\\$[0-9]*,[\\\\t ]*%[re]?sp
FAIL: gcc.target/i386/stackalign/pr88483-2.c -mno-stackrealign  scan-assembler-not and[lq]?[^\\\\n]*-[0-9]+,[^\\\\n]*sp
FAIL: gcc.target/i386/stackalign/pr88483-2.c -mstackrealign  scan-assembler-not (sub|add)(l|q)[\\\\t ]*\\\\\$[0-9]*,[\\\\t ]*%[re]?sp
FAIL: gcc.target/i386/stackalign/pr88483-2.c -mstackrealign  scan-assembler-not and[lq]?[^\\\\n]*-[0-9]+,[^\\\\n]*sp

		=== gcc Summary for unix/-m64 ===

# of expected passes		150168
# of unexpected failures	88
# of unexpected successes	6
# of expected failures		850
# of unresolved testcases	4
# of unsupported tests		4396

		=== gcc Summary ===

# of expected passes		297869
# of unexpected failures	189
# of unexpected successes	20
# of expected failures		1686
# of unresolved testcases	8
# of unsupported tests		9206
/scratch/10-10-yos/gcc-master/gcc/xgcc  version 11.0.0 20201205 (experimental) [master revision r11-5758-g1352bc88a052] (GCC) 

		=== gdc tests ===


Running target unix/-m32

		=== gdc Summary for unix/-m32 ===

# of expected passes		3639
# of unsupported tests		1075

Running target unix/-m64
WARNING: gdc.test/compilable/ice11596.d -finline-functions -frelease -fversion=X   (test for excess errors) program timed out.
WARNING: gdc.test/compilable/staticforeach.d   (test for excess errors) program timed out.

		=== gdc Summary for unix/-m64 ===

# of expected passes		3639
# of unsupported tests		1075

		=== gdc Summary ===

# of expected passes		7278
# of unsupported tests		2150
/scratch/10-10-yos/gcc-master/gcc/gdc  version 11.0.0 20201205 (experimental) [master revision r11-5758-g1352bc88a052] (GCC) 

		=== gfortran tests ===


Running target unix/-m32
WARNING: gfortran.dg/associate_18.f08   -O3 -g  (test for excess errors) program timed out.
FAIL: gfortran.dg/associate_18.f08   -O3 -g  (test for excess errors)
WARNING: gfortran.dg/backspace_5.f   -Os  (test for excess errors) program timed out.
FAIL: gfortran.dg/backspace_5.f   -Os  (test for excess errors)
WARNING: gfortran.dg/namelist_90.f   -Os  (test for excess errors) program timed out.
FAIL: gfortran.dg/namelist_90.f   -Os  (test for excess errors)
WARNING: gfortran.fortran-torture/compile/pr33276.f90,  -Os   program timed out.
FAIL: gfortran.fortran-torture/compile/pr33276.f90,  -Os  
WARNING: gfortran.fortran-torture/execute/intrinsic_associated.f90 compilation, -O2 -ftree-vectorize -msse2  program timed out.
WARNING: gfortran.fortran-torture/execute/intrinsic_spread.f90 compilation,  -O1  program timed out.
WARNING: gfortran.fortran-torture/execute/ptr.f90 compilation,  -O0  program timed out.

		=== gfortran Summary for unix/-m32 ===

# of expected passes		55431
# of unexpected failures	4
# of expected failures		234
# of unsupported tests		197

Running target unix/-m64
WARNING: gfortran.dg/gomp/appendix-a/a.11.6.f90   -O  (test for excess errors) program timed out.
FAIL: gfortran.dg/gomp/appendix-a/a.11.6.f90   -O  (test for excess errors)

		=== gfortran Summary for unix/-m64 ===

# of expected passes		55683
# of unexpected failures	1
# of expected failures		232
# of unsupported tests		82

		=== gfortran Summary ===

# of expected passes		111114
# of unexpected failures	5
# of expected failures		466
# of unsupported tests		279
/scratch/10-10-yos/gcc-master/gcc/gfortran  version 11.0.0 20201205 (experimental) [master revision r11-5758-g1352bc88a052] (GCC) 

		=== gnat tests ===


Running target unix/-m32
FAIL: gnat.dg/bias1.adb scan-assembler DW_AT_GNU_bias
FAIL: gnat.dg/opt86a.adb scan-tree-dump-times optimized ">>" 4
FAIL: gnat.dg/opt86b.adb scan-tree-dump-not optimized "> 29"
FAIL: gnat.dg/opt86c.adb scan-tree-dump-not optimized "> 26"

		=== gnat Summary for unix/-m32 ===

# of expected passes		3328
# of unexpected failures	4
# of expected failures		23
# of unsupported tests		13

Running target unix/-m64
FAIL: gnat.dg/bias1.adb scan-assembler DW_AT_GNU_bias
FAIL: gnat.dg/opt86a.adb scan-tree-dump-times optimized ">>" 4
FAIL: gnat.dg/opt86b.adb scan-tree-dump-not optimized "> 29"
FAIL: gnat.dg/opt86c.adb scan-tree-dump-not optimized "> 26"

		=== gnat Summary for unix/-m64 ===

# of expected passes		3326
# of unexpected failures	4
# of expected failures		23
# of unsupported tests		13

		=== gnat Summary ===

# of expected passes		6654
# of unexpected failures	8
# of expected failures		46
# of unsupported tests		26
/scratch/10-10-yos/gcc-master/gcc/gnatmake version 11.0.0 20201205 (experimental) [master revision r11-5758-g1352bc88a052]

		=== obj-c++ tests ===


Running target unix/-m64

		=== obj-c++ Summary for unix/-m64 ===

# of expected passes		3153
# of expected failures		22
# of unsupported tests		68

Running target unix/-m32

		=== obj-c++ Summary for unix/-m32 ===

# of expected passes		3191
# of expected failures		4
# of unsupported tests		64

		=== obj-c++ Summary ===

# of expected passes		6344
# of expected failures		26
# of unsupported tests		132
/scratch/10-10-yos/gcc-master/gcc/xg++  version 11.0.0 20201205 (experimental) [master revision r11-5758-g1352bc88a052] (GCC) 

		=== objc tests ===


Running target unix/-m32

		=== objc Summary for unix/-m32 ===

# of expected passes		5729
# of expected failures		7
# of unsupported tests		81

Running target unix/-m64

		=== objc Summary for unix/-m64 ===

# of expected passes		5701
# of expected failures		13
# of unsupported tests		86

		=== objc Summary ===

# of expected passes		11430
# of expected failures		20
# of unsupported tests		167
/scratch/10-10-yos/gcc-master/gcc/xgcc  version 11.0.0 20201205 (experimental) [master revision r11-5758-g1352bc88a052] (GCC) 

		=== libatomic tests ===


Running target unix/-m64

		=== libatomic Summary for unix/-m64 ===

# of expected passes		54

Running target unix/-m32

		=== libatomic Summary for unix/-m32 ===

# of expected passes		44
# of unsupported tests		5

		=== libatomic Summary ===

# of expected passes		98
# of unsupported tests		5
		=== libgomp tests ===


Running target unix/-m64
FAIL: libgomp.c/../libgomp.c-c++-common/pr96390.c (test for excess errors)
UNRESOLVED: libgomp.c/../libgomp.c-c++-common/pr96390.c compilation failed to produce executable
FAIL: libgomp.c/../libgomp.c-c++-common/pr96390.c scan-tree-dump-times omplower "__attribute__..omp declare target" 1
FAIL: libgomp.c++/../libgomp.c-c++-common/pr96390.c (test for excess errors)
UNRESOLVED: libgomp.c++/../libgomp.c-c++-common/pr96390.c compilation failed to produce executable
FAIL: libgomp.c++/../libgomp.c-c++-common/pr96390.c scan-tree-dump-times omplower "__attribute__..omp declare target" 1

		=== libgomp Summary for unix/-m64 ===

# of expected passes		8023
# of unexpected failures	4
# of expected failures		6
# of unresolved testcases	2
# of unsupported tests		609

Running target unix/-m32
FAIL: libgomp.c/../libgomp.c-c++-common/pr96390.c (test for excess errors)
UNRESOLVED: libgomp.c/../libgomp.c-c++-common/pr96390.c compilation failed to produce executable
FAIL: libgomp.c/../libgomp.c-c++-common/pr96390.c scan-tree-dump-times omplower "__attribute__..omp declare target" 1
FAIL: libgomp.c++/../libgomp.c-c++-common/pr96390.c (test for excess errors)
UNRESOLVED: libgomp.c++/../libgomp.c-c++-common/pr96390.c compilation failed to produce executable
FAIL: libgomp.c++/../libgomp.c-c++-common/pr96390.c scan-tree-dump-times omplower "__attribute__..omp declare target" 1
WARNING: program timed out

		=== libgomp Summary for unix/-m32 ===

# of expected passes		8022
# of unexpected failures	4
# of expected failures		6
# of unresolved testcases	2
# of unsupported tests		610

		=== libgomp Summary ===

# of expected passes		16045
# of unexpected failures	8
# of expected failures		12
# of unresolved testcases	4
# of unsupported tests		1219
		=== libitm tests ===


Running target unix/-m64

		=== libitm Summary for unix/-m64 ===

# of expected passes		40
# of expected failures		3
# of unsupported tests		2

Running target unix/-m32

		=== libitm Summary for unix/-m32 ===

# of expected passes		40
# of expected failures		3
# of unsupported tests		2

		=== libitm Summary ===

# of expected passes		80
# of expected failures		6
# of unsupported tests		4
		=== libstdc++ tests ===


Running target unix/-m32
WARNING: 27_io/basic_ostream/inserters_arithmetic/wchar_t/4.cc (test for excess errors) program timed out.
FAIL: 27_io/basic_ostream/inserters_arithmetic/wchar_t/4.cc (test for excess errors)
WARNING: 30_threads/condition_variable/54185.cc execution test program timed out.
FAIL: 30_threads/condition_variable/54185.cc execution test
WARNING: 30_threads/future/members/93456.cc execution test program timed out.
FAIL: 30_threads/future/members/93456.cc execution test
FAIL: 30_threads/future/members/poll.cc execution test
FAIL: 30_threads/recursive_timed_mutex/native_handle/1.cc (test for excess errors)
UNRESOLVED: 30_threads/recursive_timed_mutex/native_handle/1.cc compilation failed to produce executable
FAIL: 30_threads/recursive_timed_mutex/native_handle/typesizes.cc (test for excess errors)
UNRESOLVED: 30_threads/recursive_timed_mutex/native_handle/typesizes.cc compilation failed to produce executable
FAIL: 30_threads/recursive_timed_mutex/requirements/typedefs.cc (test for excess errors)
FAIL: 30_threads/timed_mutex/native_handle/1.cc (test for excess errors)
UNRESOLVED: 30_threads/timed_mutex/native_handle/1.cc compilation failed to produce executable
FAIL: 30_threads/timed_mutex/native_handle/typesizes.cc (test for excess errors)
UNRESOLVED: 30_threads/timed_mutex/native_handle/typesizes.cc compilation failed to produce executable
FAIL: 30_threads/timed_mutex/requirements/typedefs.cc (test for excess errors)

		=== libstdc++ Summary for unix/-m32 ===

# of expected passes		13690
# of unexpected failures	10
# of expected failures		104
# of unresolved testcases	4
# of unsupported tests		748

Running target unix/-m64
WARNING: 30_threads/condition_variable/54185.cc execution test program timed out.
FAIL: 30_threads/condition_variable/54185.cc execution test
FAIL: 30_threads/future/members/poll.cc execution test
FAIL: 30_threads/recursive_timed_mutex/native_handle/1.cc (test for excess errors)
UNRESOLVED: 30_threads/recursive_timed_mutex/native_handle/1.cc compilation failed to produce executable
FAIL: 30_threads/recursive_timed_mutex/native_handle/typesizes.cc (test for excess errors)
UNRESOLVED: 30_threads/recursive_timed_mutex/native_handle/typesizes.cc compilation failed to produce executable
FAIL: 30_threads/recursive_timed_mutex/requirements/typedefs.cc (test for excess errors)
FAIL: 30_threads/timed_mutex/native_handle/1.cc (test for excess errors)
UNRESOLVED: 30_threads/timed_mutex/native_handle/1.cc compilation failed to produce executable
FAIL: 30_threads/timed_mutex/native_handle/typesizes.cc (test for excess errors)
UNRESOLVED: 30_threads/timed_mutex/native_handle/typesizes.cc compilation failed to produce executable
FAIL: 30_threads/timed_mutex/requirements/typedefs.cc (test for excess errors)

		=== libstdc++ Summary for unix/-m64 ===

# of expected passes		13686
# of unexpected failures	8
# of expected failures		104
# of unresolved testcases	4
# of unsupported tests		751

		=== libstdc++ Summary ===

# of expected passes		27376
# of unexpected failures	18
# of expected failures		208
# of unresolved testcases	8
# of unsupported tests		1499

Compiler version: 11.0.0 20201205 (experimental) [master revision r11-5758-g1352bc88a052] (GCC) 
Platform: x86_64-apple-darwin14
configure flags: --prefix=/opt/iains/x86_64-apple-darwin14/gcc-11-0-0 --target=x86_64-apple-darwin14 --host=x86_64-apple-darwin14 --build=x86_64-apple-darwin14 --with-sysroot=/Library/Developer/CommandLineTools/SDKs/MacOSX.sdk --enable-languages=all CC=x86_64-apple-darwin14-gcc CXX=x86_64-apple-darwin14-g++



More information about the Gcc-testresults mailing list