Results for 9.3.1 (DEFMODE=thumb DEFCPU=cortex-a9 DEFFPU=default TESTFLAGS=-march=armv5t) [r9-9110] (GCC) testsuite on arm-none-linux-gnueabi

Christophe LYON christophe.lyon@st.com
Sat Dec 12 06:18:29 GMT 2020


LAST_UPDATED: Sat Dec 12 04:26:41 UTC 2020 (revision r9-9110-g1349cbd01328452013acc584512e15dff7625713) TARGET=arm-none-linux-gnueabi CPU=cortex-a9 FPU=default MODE=thumb

Target is arm-none-linux-gnueabi
Host   is arm-none-linux-gnueabi

		=== libatomic tests ===


Running target qemu/-march=armv5t

		=== libatomic Summary ===

# of expected passes		44
# of unsupported tests		5
Host   is arm-none-linux-gnueabi

		=== libitm tests ===


Running target qemu/-march=armv5t

		=== libitm Summary ===

# of expected passes		42
# of expected failures		3
# of unsupported tests		1
Host   is arm-none-linux-gnueabi

		=== libstdc++ tests ===


Running target qemu/-march=armv5t
WARNING: 30_threads/condition_variable/54185.cc execution test (Killed, timed out) program timed out.

		=== libstdc++ Summary ===

# of expected passes		12152
# of expected failures		78
# of untested testcases		1
# of unsupported tests		721
Host   is x86_64-pc-linux-gnu

		=== gcc tests ===


Running target qemu/-march=armv5t
WARNING: skipping asan tests due to ulimit -v
WARNING: skipping asan tests due to ulimit -v
WARNING: skipping asan tests due to ulimit -v
WARNING: skipping asan tests due to ulimit -v
WARNING: skipping asan tests due to ulimit -v
WARNING: skipping asan tests due to ulimit -v
FAIL: gcc.dg/loop-8.c scan-rtl-dump-not loop2_invariant "without introducing a new temporary register"
FAIL: gcc.dg/loop-8.c scan-rtl-dump-times loop2_invariant "Decided" 1
XPASS: gcc.dg/sibcall-3.c execution test
XPASS: gcc.dg/sibcall-4.c execution test
FAIL: gcc.dg/ipa/iinline-attr.c scan-ipa-dump inline "hooray[^\\\\n]*inline copy in test"
FAIL: gcc.target/arm/20131120.c scan-rtl-dump-not expand "\\\\(set \\\\(reg:SI [0-9]*\\\\)[\\n\\r]+[ \\t]*\\\\(const_int 4000"
FAIL: gcc.target/arm/armv8_2-fp16-scalar-2.c scan-assembler-times vmov.f16\\\\ts[0-9]+, #1\\\\.0e\\\\+0 4
FAIL: gcc.target/arm/empty_fiq_handler.c (test for excess errors)
FAIL: gcc.target/arm/fma.c (test for excess errors)
UNRESOLVED: gcc.target/arm/fma.c scan-assembler-times vfma.f32\\ts[0-9] 1
UNRESOLVED: gcc.target/arm/fma.c scan-assembler-times vfma.f64\\td[0-9] 1
UNRESOLVED: gcc.target/arm/fma.c scan-assembler-times vfms.f32\\ts[0-9] 1
UNRESOLVED: gcc.target/arm/fma.c scan-assembler-times vfms.f64\\td[0-9] 1
UNRESOLVED: gcc.target/arm/fma.c scan-assembler-times vfnma.f32\\ts[0-9] 1
UNRESOLVED: gcc.target/arm/fma.c scan-assembler-times vfnma.f64\\td[0-9] 1
UNRESOLVED: gcc.target/arm/fma.c scan-assembler-times vfnms.f32\\ts[0-9] 1
UNRESOLVED: gcc.target/arm/fma.c scan-assembler-times vfnms.f64\\td[0-9] 1
FAIL: gcc.target/arm/pr45701-1.c scan-assembler push\\t{r3
FAIL: gcc.target/arm/reg_equal_test.c scan-rtl-dump expand "expr_list:REG_EQUAL \\\\(const_int -942519458"

		=== gcc Summary ===

# of expected passes		110907
# of unexpected failures	9
# of unexpected successes	2
# of expected failures		401
# of unresolved testcases	8
# of unsupported tests		3295
/tmp/922530_9.tmpdir/aci-gcc-fsf/builds/gcc-fsf-gccsrc-thumb/obj-arm-none-linux-gnueabi/gcc3/gcc/xgcc  version 9.3.1  (DEFMODE=thumb DEFCPU=cortex-a9 DEFFPU=default TESTFLAGS=-march=armv5t) [r9-9110] (GCC) 

Host   is x86_64-pc-linux-gnu

		=== gfortran tests ===


Running target qemu/-march=armv5t
FAIL: gfortran.dg/elemental_subroutine_3.f90   -O1  (test for excess errors)
FAIL: gfortran.dg/elemental_subroutine_3.f90   -O2  (test for excess errors)
FAIL: gfortran.dg/elemental_subroutine_3.f90   -O3 -fomit-frame-pointer -funroll-loops -fpeel-loops -ftracer -finline-functions  (test for excess errors)
FAIL: gfortran.dg/elemental_subroutine_3.f90   -O3 -g  (test for excess errors)
FAIL: gfortran.dg/elemental_subroutine_3.f90   -Os  (test for excess errors)
FAIL: gfortran.dg/ieee/ieee_1.F90   -O0  execution test
FAIL: gfortran.dg/ieee/ieee_1.F90   -O1  execution test
FAIL: gfortran.dg/ieee/ieee_1.F90   -O2  execution test
FAIL: gfortran.dg/ieee/ieee_1.F90   -O3 -fomit-frame-pointer -funroll-loops -fpeel-loops -ftracer -finline-functions  execution test
FAIL: gfortran.dg/ieee/ieee_1.F90   -O3 -g  execution test
FAIL: gfortran.dg/ieee/ieee_1.F90   -Os  execution test
FAIL: gfortran.dg/ieee/ieee_2.f90   -O0  execution test
FAIL: gfortran.dg/ieee/ieee_2.f90   -O1  execution test
FAIL: gfortran.dg/ieee/ieee_2.f90   -O2  execution test
FAIL: gfortran.dg/ieee/ieee_2.f90   -O3 -fomit-frame-pointer -funroll-loops -fpeel-loops -ftracer -finline-functions  execution test
FAIL: gfortran.dg/ieee/ieee_2.f90   -O3 -g  execution test
FAIL: gfortran.dg/ieee/ieee_2.f90   -Os  execution test
FAIL: gfortran.dg/ieee/ieee_6.f90   -O0  execution test
FAIL: gfortran.dg/ieee/ieee_6.f90   -O1  execution test
FAIL: gfortran.dg/ieee/ieee_6.f90   -O2  execution test
FAIL: gfortran.dg/ieee/ieee_6.f90   -O3 -fomit-frame-pointer -funroll-loops -fpeel-loops -ftracer -finline-functions  execution test
FAIL: gfortran.dg/ieee/ieee_6.f90   -O3 -g  execution test
FAIL: gfortran.dg/ieee/ieee_6.f90   -Os  execution test
XPASS: gfortran.dg/ieee/ieee_8.f90   -O0  execution test
XPASS: gfortran.dg/ieee/ieee_8.f90   -O1  execution test
XPASS: gfortran.dg/ieee/ieee_8.f90   -O2  execution test
XPASS: gfortran.dg/ieee/ieee_8.f90   -O3 -fomit-frame-pointer -funroll-loops -fpeel-loops -ftracer -finline-functions  execution test
XPASS: gfortran.dg/ieee/ieee_8.f90   -O3 -g  execution test
XPASS: gfortran.dg/ieee/ieee_8.f90   -Os  execution test
FAIL: gfortran.dg/ieee/ieee_9.f90   -O0  (test for excess errors)
UNRESOLVED: gfortran.dg/ieee/ieee_9.f90   -O0  compilation failed to produce executable
FAIL: gfortran.dg/ieee/ieee_9.f90   -O1  (test for excess errors)
UNRESOLVED: gfortran.dg/ieee/ieee_9.f90   -O1  compilation failed to produce executable
FAIL: gfortran.dg/ieee/ieee_9.f90   -O2  (test for excess errors)
UNRESOLVED: gfortran.dg/ieee/ieee_9.f90   -O2  compilation failed to produce executable
FAIL: gfortran.dg/ieee/ieee_9.f90   -O3 -fomit-frame-pointer -funroll-loops -fpeel-loops -ftracer -finline-functions  (test for excess errors)
UNRESOLVED: gfortran.dg/ieee/ieee_9.f90   -O3 -fomit-frame-pointer -funroll-loops -fpeel-loops -ftracer -finline-functions  compilation failed to produce executable
FAIL: gfortran.dg/ieee/ieee_9.f90   -O3 -g  (test for excess errors)
UNRESOLVED: gfortran.dg/ieee/ieee_9.f90   -O3 -g  compilation failed to produce executable
FAIL: gfortran.dg/ieee/ieee_9.f90   -Os  (test for excess errors)
UNRESOLVED: gfortran.dg/ieee/ieee_9.f90   -Os  compilation failed to produce executable
FAIL: gfortran.dg/ieee/large_2.f90   -O0  execution test
FAIL: gfortran.dg/ieee/large_2.f90   -O1  execution test
FAIL: gfortran.dg/ieee/large_2.f90   -O2  execution test
FAIL: gfortran.dg/ieee/large_2.f90   -O3 -fomit-frame-pointer -funroll-loops -fpeel-loops -ftracer -finline-functions  execution test
FAIL: gfortran.dg/ieee/large_2.f90   -O3 -g  execution test
FAIL: gfortran.dg/ieee/large_2.f90   -Os  execution test
FAIL: gfortran.dg/ieee/large_3.F90   -O0  execution test
FAIL: gfortran.dg/ieee/large_3.F90   -O1  execution test
FAIL: gfortran.dg/ieee/large_3.F90   -O2  execution test
FAIL: gfortran.dg/ieee/large_3.F90   -O3 -fomit-frame-pointer -funroll-loops -fpeel-loops -ftracer -finline-functions  execution test
FAIL: gfortran.dg/ieee/large_3.F90   -O3 -g  execution test
FAIL: gfortran.dg/ieee/large_3.F90   -Os  execution test
FAIL: gfortran.dg/ieee/rounding_1.f90   -O0  execution test
FAIL: gfortran.dg/ieee/rounding_1.f90   -O1  execution test
FAIL: gfortran.dg/ieee/rounding_1.f90   -O2  execution test
FAIL: gfortran.dg/ieee/rounding_1.f90   -O3 -fomit-frame-pointer -funroll-loops -fpeel-loops -ftracer -finline-functions  execution test
FAIL: gfortran.dg/ieee/rounding_1.f90   -O3 -g  execution test
FAIL: gfortran.dg/ieee/rounding_1.f90   -Os  execution test

		=== gfortran Summary ===

# of expected passes		49723
# of unexpected failures	47
# of unexpected successes	6
# of expected failures		177
# of unresolved testcases	6
# of unsupported tests		362
/tmp/922530_9.tmpdir/aci-gcc-fsf/builds/gcc-fsf-gccsrc-thumb/obj-arm-none-linux-gnueabi/gcc3/gcc/gfortran  version 9.3.1  (DEFMODE=thumb DEFCPU=cortex-a9 DEFFPU=default TESTFLAGS=-march=armv5t) [r9-9110] (GCC) 

Host   is x86_64-pc-linux-gnu

		=== g++ tests ===


Running target qemu/-march=armv5t
WARNING: skipping asan tests due to ulimit -v
WARNING: skipping asan tests due to ulimit -v
WARNING: skipping asan tests due to ulimit -v
WARNING: skipping asan tests due to ulimit -v
FAIL: g++.dg/lto/pr65276 cp_lto_pr65276_0.o-cp_lto_pr65276_1.o link, -flto -O0 -std=c++11
FAIL: g++.dg/torture/pr81812.C   -O0  (test for excess errors)
FAIL: g++.dg/torture/pr81812.C   -O1  (test for excess errors)
FAIL: g++.dg/torture/pr81812.C   -O2  (test for excess errors)
FAIL: g++.dg/torture/pr81812.C   -O2 -flto -fno-use-linker-plugin -flto-partition=none  (test for excess errors)
FAIL: g++.dg/torture/pr81812.C   -O2 -flto -fuse-linker-plugin -fno-fat-lto-objects  (test for excess errors)
FAIL: g++.dg/torture/pr81812.C   -O3 -g  (test for excess errors)
FAIL: g++.dg/torture/pr81812.C   -Os  (test for excess errors)

		=== g++ Summary ===

# of expected passes		127825
# of unexpected failures	8
# of expected failures		510
# of unsupported tests		6462
/tmp/922530_9.tmpdir/aci-gcc-fsf/builds/gcc-fsf-gccsrc-thumb/obj-arm-none-linux-gnueabi/gcc3/gcc/xg++  version 9.3.1  (DEFMODE=thumb DEFCPU=cortex-a9 DEFFPU=default TESTFLAGS=-march=armv5t) [r9-9110] (GCC) 


Compiler version: 9.3.1 (DEFMODE=thumb DEFCPU=cortex-a9 DEFFPU=default TESTFLAGS=-march=armv5t) [r9-9110] (GCC) 
Platform: arm-none-linux-gnueabi
configure flags: --target=arm-none-linux-gnueabi --prefix=/tmp/922530_9.tmpdir/aci-gcc-fsf/builds/gcc-fsf-gccsrc-thumb/tools --with-sysroot=/tmp/922530_9.tmpdir/aci-gcc-fsf/builds/gcc-fsf-gccsrc-thumb/sysroot-arm-none-linux-gnueabi --disable-nls --disable-libgomp --disable-libmudflap --disable-libcilkrts --enable-checking --enable-languages=c,c++,fortran --with-float=soft --enable-build-with-cxx --with-mode=thumb --with-cpu=cortex-a9


More information about the Gcc-testresults mailing list