Results for 10.2.1 20201210 [releases/gcc-10 revision bc7d2977d108ed00c30c9f21d5701f28ffb50f29] (GCC) testsuite on sparc-sun-solaris2.11

Rainer Orth ro@CeBiTec.Uni-Bielefeld.DE
Sat Dec 12 00:20:55 GMT 2020


LAST_UPDATED: Fri Dec 11 10:00:42 UTC 2020 (revision bc7d2977d108ed00c30c9f21d5701f28ffb50f29)

		=== acats tests ===

		=== acats Summary ===
# of expected passes		2320
# of unexpected failures	0
Native configuration is sparc-sun-solaris2.11

		=== g++ tests ===


Running target unix
FAIL: g++.dg/asan/default-options-1.C   -O0  execution test
FAIL: g++.dg/asan/default-options-1.C   -O1  execution test
FAIL: g++.dg/asan/default-options-1.C   -O2  execution test
FAIL: g++.dg/asan/default-options-1.C   -O2 -flto  execution test
FAIL: g++.dg/asan/default-options-1.C   -O2 -flto -flto-partition=none  execution test
FAIL: g++.dg/asan/default-options-1.C   -O3 -g  execution test
FAIL: g++.dg/asan/default-options-1.C   -Os  execution test
FAIL: g++.dg/cpp1y/lambda-generic-variadic20.C  -std=c++14 (internal compiler error)
FAIL: g++.dg/cpp1y/lambda-generic-variadic20.C  -std=c++14 (test for excess errors)
FAIL: g++.dg/cpp1y/lambda-generic-variadic20.C  -std=c++17 (internal compiler error)
FAIL: g++.dg/cpp1y/lambda-generic-variadic20.C  -std=c++17 (test for excess errors)
FAIL: g++.dg/cpp1y/lambda-generic-variadic20.C  -std=c++2a (internal compiler error)
FAIL: g++.dg/cpp1y/lambda-generic-variadic20.C  -std=c++2a (test for excess errors)
FAIL: g++.dg/gcov/pr16855-priority.C  -std=gnu++14  gcov: 1 failures in line counts, 0 in branch percentages, 0 in return percentages, 0 in intermediate format
FAIL: g++.dg/gcov/pr16855-priority.C  -std=gnu++14  line 22: is #####:should be 1
FAIL: g++.dg/gcov/pr16855-priority.C  -std=gnu++17  gcov: 1 failures in line counts, 0 in branch percentages, 0 in return percentages, 0 in intermediate format
FAIL: g++.dg/gcov/pr16855-priority.C  -std=gnu++17  line 22: is #####:should be 1
FAIL: g++.dg/gcov/pr16855-priority.C  -std=gnu++2a  gcov: 1 failures in line counts, 0 in branch percentages, 0 in return percentages, 0 in intermediate format
FAIL: g++.dg/gcov/pr16855-priority.C  -std=gnu++2a  line 22: is #####:should be 1
FAIL: g++.dg/gcov/pr16855-priority.C  -std=gnu++98  gcov: 1 failures in line counts, 0 in branch percentages, 0 in return percentages, 0 in intermediate format
FAIL: g++.dg/gcov/pr16855-priority.C  -std=gnu++98  line 22: is #####:should be 1
FAIL: g++.dg/gcov/pr16855.C  -std=gnu++14  gcov: 1 failures in line counts, 0 in branch percentages, 0 in return percentages, 0 in intermediate format
FAIL: g++.dg/gcov/pr16855.C  -std=gnu++14  line 24: is #####:should be 1
FAIL: g++.dg/gcov/pr16855.C  -std=gnu++17  gcov: 1 failures in line counts, 0 in branch percentages, 0 in return percentages, 0 in intermediate format
FAIL: g++.dg/gcov/pr16855.C  -std=gnu++17  line 24: is #####:should be 1
FAIL: g++.dg/gcov/pr16855.C  -std=gnu++2a  gcov: 1 failures in line counts, 0 in branch percentages, 0 in return percentages, 0 in intermediate format
FAIL: g++.dg/gcov/pr16855.C  -std=gnu++2a  line 24: is #####:should be 1
FAIL: g++.dg/gcov/pr16855.C  -std=gnu++98  gcov: 1 failures in line counts, 0 in branch percentages, 0 in return percentages, 0 in intermediate format
FAIL: g++.dg/gcov/pr16855.C  -std=gnu++98  line 24: is #####:should be 1
FAIL: g++.dg/lto/pr89335 cp_lto_pr89335_0.o assemble, -O2 -flto -Wsuggest-final-methods

		=== g++ Summary for unix ===

# of expected passes		186430
# of unexpected failures	30
# of expected failures		876
# of unsupported tests		8939

Running target unix/-m64
FAIL: g++.dg/gcov/pr16855-priority.C  -std=gnu++14  gcov: 1 failures in line counts, 0 in branch percentages, 0 in return percentages, 0 in intermediate format
FAIL: g++.dg/gcov/pr16855-priority.C  -std=gnu++14  line 22: is #####:should be 1
FAIL: g++.dg/gcov/pr16855-priority.C  -std=gnu++17  gcov: 1 failures in line counts, 0 in branch percentages, 0 in return percentages, 0 in intermediate format
FAIL: g++.dg/gcov/pr16855-priority.C  -std=gnu++17  line 22: is #####:should be 1
FAIL: g++.dg/gcov/pr16855-priority.C  -std=gnu++2a  gcov: 1 failures in line counts, 0 in branch percentages, 0 in return percentages, 0 in intermediate format
FAIL: g++.dg/gcov/pr16855-priority.C  -std=gnu++2a  line 22: is #####:should be 1
FAIL: g++.dg/gcov/pr16855-priority.C  -std=gnu++98  gcov: 1 failures in line counts, 0 in branch percentages, 0 in return percentages, 0 in intermediate format
FAIL: g++.dg/gcov/pr16855-priority.C  -std=gnu++98  line 22: is #####:should be 1
FAIL: g++.dg/gcov/pr16855.C  -std=gnu++14  gcov: 1 failures in line counts, 0 in branch percentages, 0 in return percentages, 0 in intermediate format
FAIL: g++.dg/gcov/pr16855.C  -std=gnu++14  line 24: is #####:should be 1
FAIL: g++.dg/gcov/pr16855.C  -std=gnu++17  gcov: 1 failures in line counts, 0 in branch percentages, 0 in return percentages, 0 in intermediate format
FAIL: g++.dg/gcov/pr16855.C  -std=gnu++17  line 24: is #####:should be 1
FAIL: g++.dg/gcov/pr16855.C  -std=gnu++2a  gcov: 1 failures in line counts, 0 in branch percentages, 0 in return percentages, 0 in intermediate format
FAIL: g++.dg/gcov/pr16855.C  -std=gnu++2a  line 24: is #####:should be 1
FAIL: g++.dg/gcov/pr16855.C  -std=gnu++98  gcov: 1 failures in line counts, 0 in branch percentages, 0 in return percentages, 0 in intermediate format
FAIL: g++.dg/gcov/pr16855.C  -std=gnu++98  line 24: is #####:should be 1
FAIL: g++.dg/lto/pr89335 cp_lto_pr89335_0.o assemble, -O2 -flto -Wsuggest-final-methods

		=== g++ Summary for unix/-m64 ===

# of expected passes		187254
# of unexpected failures	17
# of expected failures		880
# of unsupported tests		8635

		=== g++ Summary ===

# of expected passes		373684
# of unexpected failures	47
# of expected failures		1756
# of unsupported tests		17574
/var/gcc/regression/gcc-10-branch/11-gcc/build/gcc/xg++  version 10.2.1 20201210 [releases/gcc-10 revision bc7d2977d108ed00c30c9f21d5701f28ffb50f29] (GCC) 

		=== gcc tests ===


Running target unix
FAIL: gcc.dg/debug/dwarf2/pr97060.c scan-assembler-times DW_AT_declaration 2
FAIL: gcc.dg/ipa/iinline-attr.c scan-ipa-dump inline "hooray[^\\\\n]*inline copy in test"
FAIL: gcc.dg/ipa/ipa-icf-38.c scan-ltrans-tree-dump-not optimized "Function bar"
FAIL: gcc.dg/simulate-thread/atomic-other-int.c   -O2 -g  thread simulation test
FAIL: gcc.dg/simulate-thread/atomic-other-int.c   -O3 -g  thread simulation test
FAIL: gcc.dg/simulate-thread/speculative-store-4.c   -O0 -g  thread simulation test
FAIL: gcc.dg/simulate-thread/speculative-store-4.c   -O2 -g  thread simulation test
FAIL: gcc.dg/simulate-thread/speculative-store-4.c   -O3 -g  thread simulation test
FAIL: gcc.dg/simulate-thread/speculative-store.c   -O0 -g  thread simulation test
FAIL: gcc.dg/vect/bb-slp-49.c -flto -ffat-lto-objects  scan-tree-dump slp1 "vectorizing stmts using SLP"
FAIL: gcc.dg/vect/bb-slp-49.c scan-tree-dump slp1 "vectorizing stmts using SLP"

		=== gcc Summary for unix ===

# of expected passes		123145
# of unexpected failures	11
# of expected failures		821
# of unsupported tests		3645

Running target unix/-m64
FAIL: gcc.dg/debug/dwarf2/pr97060.c scan-assembler-times DW_AT_declaration 2
FAIL: gcc.dg/strcmpopt_8.c (test for excess errors)
FAIL: gcc.dg/strcmpopt_8.c scan-tree-dump-not forwprop1 "strncmp"
FAIL: gcc.dg/ipa/ipa-icf-38.c scan-ltrans-tree-dump-not optimized "Function bar"
FAIL: gcc.dg/vect/bb-slp-49.c -flto -ffat-lto-objects  scan-tree-dump slp1 "vectorizing stmts using SLP"
FAIL: gcc.dg/vect/bb-slp-49.c scan-tree-dump slp1 "vectorizing stmts using SLP"

		=== gcc Summary for unix/-m64 ===

# of expected passes		122800
# of unexpected failures	6
# of expected failures		811
# of unsupported tests		2976

		=== gcc Summary ===

# of expected passes		245945
# of unexpected failures	17
# of expected failures		1632
# of unsupported tests		6621
/var/gcc/regression/gcc-10-branch/11-gcc/build/gcc/xgcc  version 10.2.1 20201210 [releases/gcc-10 revision bc7d2977d108ed00c30c9f21d5701f28ffb50f29] (GCC) 

		=== gdc tests ===


Running target unix

		=== gdc Summary for unix ===

# of expected passes		21724
# of unsupported tests		189

Running target unix/-m64

		=== gdc Summary for unix/-m64 ===

# of expected passes		21724
# of unsupported tests		189

		=== gdc Summary ===

# of expected passes		43448
# of unsupported tests		378
/var/gcc/regression/gcc-10-branch/11-gcc/build/gcc/gdc  version 10.2.1 20201210 [releases/gcc-10 revision bc7d2977d108ed00c30c9f21d5701f28ffb50f29] (GCC) 

		=== gfortran tests ===


Running target unix
FAIL: gfortran.dg/analyzer/pr93993.f90   -O  (test for excess errors)

		=== gfortran Summary for unix ===

# of expected passes		54016
# of unexpected failures	1
# of expected failures		232
# of unsupported tests		284

Running target unix/-m64
FAIL: gfortran.dg/analyzer/pr93993.f90   -O  (test for excess errors)

		=== gfortran Summary for unix/-m64 ===

# of expected passes		54277
# of unexpected failures	1
# of expected failures		230
# of unsupported tests		157

		=== gfortran Summary ===

# of expected passes		108293
# of unexpected failures	2
# of expected failures		462
# of unsupported tests		441
/var/gcc/regression/gcc-10-branch/11-gcc/build/gcc/gfortran  version 10.2.1 20201210 [releases/gcc-10 revision bc7d2977d108ed00c30c9f21d5701f28ffb50f29] (GCC) 

		=== gnat tests ===


Running target unix

		=== gnat Summary for unix ===

# of expected passes		3251
# of expected failures		23
# of unsupported tests		32

Running target unix/-m64

		=== gnat Summary for unix/-m64 ===

# of expected passes		3251
# of expected failures		23
# of unsupported tests		32

		=== gnat Summary ===

# of expected passes		6502
# of expected failures		46
# of unsupported tests		64
/var/gcc/regression/gcc-10-branch/11-gcc/build/gcc/gnatmake version 10.2.1 20201210 [releases/gcc-10 revision bc7d2977d108ed00c30c9f21d5701f28ffb50f29]

		=== go tests ===


Running target unix
FAIL: ./index0-out.go execution,  -O0 -g -fno-var-tracking-assignments 
FAIL: go.test/test/fixedbugs/issue4085b.go execution,  -O2 -g 
FAIL: go.test/test/fixedbugs/issue4562.go execution,  -O2 -g 
FAIL: go.test/test/nil.go execution,  -O2 -g 

		=== go Summary for unix ===

# of expected passes		7464
# of unexpected failures	4
# of expected failures		1
# of untested testcases		11
# of unsupported tests		3

Running target unix/-m64
FAIL: ./index0-out.go execution,  -O0 -g -fno-var-tracking-assignments 
FAIL: go.test/test/fixedbugs/issue4348.go   -O  (test for excess errors)

		=== go Summary for unix/-m64 ===

# of expected passes		7346
# of unexpected failures	2
# of expected failures		1
# of untested testcases		11
# of unsupported tests		3

		=== go Summary ===

# of expected passes		14810
# of unexpected failures	6
# of expected failures		2
# of untested testcases		22
# of unsupported tests		6
		=== obj-c++ tests ===


Running target unix

		=== obj-c++ Summary for unix ===

# of expected passes		1450
# of expected failures		2
# of unsupported tests		77

Running target unix/-m64

		=== obj-c++ Summary for unix/-m64 ===

# of expected passes		1442
# of expected failures		10
# of unsupported tests		77

		=== obj-c++ Summary ===

# of expected passes		2892
# of expected failures		12
# of unsupported tests		154
/var/gcc/regression/gcc-10-branch/11-gcc/build/gcc/xg++  version 10.2.1 20201210 [releases/gcc-10 revision bc7d2977d108ed00c30c9f21d5701f28ffb50f29] (GCC) 

		=== objc tests ===


Running target unix

		=== objc Summary for unix ===

# of expected passes		2784
# of unsupported tests		68

Running target unix/-m64

		=== objc Summary for unix/-m64 ===

# of expected passes		2784
# of unsupported tests		68

		=== objc Summary ===

# of expected passes		5568
# of unsupported tests		136
/var/gcc/regression/gcc-10-branch/11-gcc/build/gcc/xgcc  version 10.2.1 20201210 [releases/gcc-10 revision bc7d2977d108ed00c30c9f21d5701f28ffb50f29] (GCC) 

		=== gotools tests ===

FAIL: TestAbort
FAIL: TestBreakpoint
FAIL: TestG0StackOverflow
FAIL: TestGccgoCrashTracebackNodebug
FAIL: TestMemmoveAtomicity
FAIL: TestPanicInlined
FAIL: TestSelectStackAdjust
FAIL: go test runtime
FAIL: go test misc/cgo/test

		=== gotools Summary ===
# of expected passes		293
# of unexpected failures	9
# of untested testcases		168
/var/gcc/regression/gcc-10-branch/11-gcc/build/./gcc/gccgo version 10.2.1 20201210 [releases/gcc-10 revision bc7d2977d108ed00c30c9f21d5701f28ffb50f29] (GCC)

		=== libatomic tests ===


Running target unix

		=== libatomic Summary for unix ===

# of expected passes		44
# of unsupported tests		5

Running target unix/-m64

		=== libatomic Summary for unix/-m64 ===

# of expected passes		54

		=== libatomic Summary ===

# of expected passes		98
# of unsupported tests		5
		=== libffi tests ===


Running target unix

		=== libffi Summary for unix ===

# of expected passes		2214

Running target unix/-m64

		=== libffi Summary for unix/-m64 ===

# of expected passes		2214

		=== libffi Summary ===

# of expected passes		4428
		=== libgo tests ===


Running target unix
FAIL: go/build
FAIL: os/signal
FAIL: runtime
FAIL: runtime/pprof
FAIL: sync/atomic

		=== libgo Summary for unix ===

# of expected passes		168
# of unexpected failures	5

Running target unix/-m64
FAIL: go/build
FAIL: os/signal
FAIL: runtime
FAIL: runtime/pprof
FAIL: sync/atomic

		=== libgo Summary for unix/-m64 ===

# of expected passes		168
# of unexpected failures	5

		=== libgo Summary ===

# of expected passes		336
# of unexpected failures	10
/var/gcc/regression/gcc-10-branch/11-gcc/build/./gcc/gccgo version 10.2.1 20201210 [releases/gcc-10 revision bc7d2977d108ed00c30c9f21d5701f28ffb50f29] (GCC)

		=== libgomp tests ===


Running target unix
WARNING: libgomp.c++/task-reduction-11.C execution test program timed out.
FAIL: libgomp.c++/task-reduction-11.C execution test

		=== libgomp Summary for unix ===

# of expected passes		7646
# of unexpected failures	1
# of expected failures		4
# of unsupported tests		603

Running target unix/-m64

		=== libgomp Summary for unix/-m64 ===

# of expected passes		7647
# of expected failures		4
# of unsupported tests		603

		=== libgomp Summary ===

# of expected passes		15293
# of unexpected failures	1
# of expected failures		8
# of unsupported tests		1206
		=== libitm tests ===


Running target unix

		=== libitm Summary for unix ===

# of expected passes		42
# of expected failures		3
# of unsupported tests		1

Running target unix/-m64

		=== libitm Summary for unix/-m64 ===

# of expected passes		42
# of expected failures		3
# of unsupported tests		1

		=== libitm Summary ===

# of expected passes		84
# of expected failures		6
# of unsupported tests		2
		=== libstdc++ tests ===


Running target unix
FAIL: 30_threads/future/members/poll.cc execution test

		=== libstdc++ Summary for unix ===

# of expected passes		14058
# of unexpected failures	1
# of expected failures		93
# of unsupported tests		733

Running target unix/-m64
FAIL: 30_threads/future/members/poll.cc execution test

		=== libstdc++ Summary for unix/-m64 ===

# of expected passes		14058
# of unexpected failures	1
# of expected failures		93
# of unsupported tests		733

		=== libstdc++ Summary ===

# of expected passes		28116
# of unexpected failures	2
# of expected failures		186
# of unsupported tests		1466

Compiler version: 10.2.1 20201210 [releases/gcc-10 revision bc7d2977d108ed00c30c9f21d5701f28ffb50f29] (GCC) 
Platform: sparc-sun-solaris2.11
configure flags: --prefix=/vol/gcc --target=sparc-sun-solaris2.11 --enable-objc-gc --with-target-bdw-gc-include=/vol/gcc/include --with-target-bdw-gc-lib=/vol/gcc/lib,sparcv9=/vol/gcc/lib/sparcv9 --with-as=/usr/ccs/bin/as --without-gnu-as --with-gmp-include=/vol/gcc/include --with-gmp-lib=/vol/gcc/lib --with-mpfr-include=/vol/gcc/include --with-mpfr-lib=/vol/gcc/lib --with-mpc-include=/vol/gcc/include --with-mpc-lib=/vol/gcc/lib --enable-languages=all,ada,obj-c++,go --with-isl-include=/vol/gcc/include --with-isl-lib=/vol/gcc/lib --with-zstd-include=/vol/gcc/include --with-zstd-lib=/vol/gcc/lib --build=sparc-sun-solaris2.11 --host=sparc-sun-solaris2.11
BOOT_CFLAGS=-g -O2


More information about the Gcc-testresults mailing list