Results for 9.3.1 (DEFMODE=default DEFCPU=default DEFFPU=default TESTFLAGS=) [r9-9108] (GCC) testsuite on aarch64-none-linux-gnu

Christophe LYON christophe.lyon@st.com
Fri Dec 11 21:15:45 GMT 2020


LAST_UPDATED: Fri Dec 11 20:09:09 UTC 2020 (revision r9-9108-g3ff352b4a1a2d94c98b72bf91df321462140e564) TARGET=aarch64-none-linux-gnu CPU=default FPU=default MODE=default

Target is aarch64-none-linux-gnu
Host   is aarch64-none-linux-gnu

		=== libatomic tests ===


Running target qemu

		=== libatomic Summary ===

# of expected passes		54
Host   is aarch64-none-linux-gnu

		=== libitm tests ===


Running target qemu

		=== libitm Summary ===

# of expected passes		42
# of expected failures		3
# of unsupported tests		1
Host   is aarch64-none-linux-gnu

		=== libstdc++ tests ===


Running target qemu

		=== libstdc++ Summary ===

# of expected passes		12211
# of expected failures		78
# of unsupported tests		705
Host   is x86_64-pc-linux-gnu

		=== gcc tests ===


Running target qemu
WARNING: skipping asan tests due to ulimit -v
WARNING: skipping asan tests due to ulimit -v
WARNING: skipping asan tests due to ulimit -v
WARNING: skipping asan tests due to ulimit -v
WARNING: skipping asan tests due to ulimit -v
WARNING: skipping asan tests due to ulimit -v
WARNING: skipping asan tests due to ulimit -v
FAIL: gcc.dg/Warray-bounds-30.c  (test for warnings, line 133)
FAIL: gcc.dg/Warray-bounds-30.c  (test for warnings, line 149)
FAIL: gcc.dg/gomp/pr89104.c (test for excess errors)
FAIL: c-c++-common/ubsan/null-1.c   -O0  execution test
FAIL: c-c++-common/ubsan/null-1.c   -O1  execution test
FAIL: c-c++-common/ubsan/null-1.c   -O2  execution test
FAIL: c-c++-common/ubsan/null-1.c   -O2 -flto -fno-use-linker-plugin -flto-partition=none  execution test
FAIL: c-c++-common/ubsan/null-1.c   -O2 -flto -fuse-linker-plugin -fno-fat-lto-objects  execution test
FAIL: c-c++-common/ubsan/null-1.c   -O3 -g  execution test
FAIL: c-c++-common/ubsan/null-1.c   -Os  execution test
FAIL: c-c++-common/ubsan/null-10.c   -O0  execution test
FAIL: c-c++-common/ubsan/null-10.c   -O1  execution test
FAIL: c-c++-common/ubsan/null-10.c   -O2  execution test
FAIL: c-c++-common/ubsan/null-10.c   -O2 -flto -fno-use-linker-plugin -flto-partition=none  execution test
FAIL: c-c++-common/ubsan/null-10.c   -O2 -flto -fuse-linker-plugin -fno-fat-lto-objects  execution test
FAIL: c-c++-common/ubsan/null-10.c   -O3 -g  execution test
FAIL: c-c++-common/ubsan/null-10.c   -Os  execution test
FAIL: c-c++-common/ubsan/null-11.c   -O0  execution test
FAIL: c-c++-common/ubsan/null-11.c   -O1  execution test
FAIL: c-c++-common/ubsan/null-11.c   -O2  execution test
FAIL: c-c++-common/ubsan/null-11.c   -O2 -flto -fno-use-linker-plugin -flto-partition=none  execution test
FAIL: c-c++-common/ubsan/null-11.c   -O2 -flto -fuse-linker-plugin -fno-fat-lto-objects  execution test
FAIL: c-c++-common/ubsan/null-11.c   -O3 -g  execution test
FAIL: c-c++-common/ubsan/null-11.c   -Os  execution test
FAIL: c-c++-common/ubsan/null-2.c   -O0  execution test
FAIL: c-c++-common/ubsan/null-2.c   -O1  execution test
FAIL: c-c++-common/ubsan/null-2.c   -O2  execution test
FAIL: c-c++-common/ubsan/null-2.c   -O2 -flto -fno-use-linker-plugin -flto-partition=none  execution test
FAIL: c-c++-common/ubsan/null-2.c   -O2 -flto -fuse-linker-plugin -fno-fat-lto-objects  execution test
FAIL: c-c++-common/ubsan/null-2.c   -O3 -g  execution test
FAIL: c-c++-common/ubsan/null-2.c   -Os  execution test
FAIL: c-c++-common/ubsan/null-3.c   -O0  execution test
FAIL: c-c++-common/ubsan/null-3.c   -O1  execution test
FAIL: c-c++-common/ubsan/null-3.c   -O2  execution test
FAIL: c-c++-common/ubsan/null-3.c   -O2 -flto -fno-use-linker-plugin -flto-partition=none  execution test
FAIL: c-c++-common/ubsan/null-3.c   -O2 -flto -fuse-linker-plugin -fno-fat-lto-objects  execution test
FAIL: c-c++-common/ubsan/null-3.c   -O3 -g  execution test
FAIL: c-c++-common/ubsan/null-3.c   -Os  execution test
FAIL: c-c++-common/ubsan/null-4.c   -O0  execution test
FAIL: c-c++-common/ubsan/null-4.c   -O1  execution test
FAIL: c-c++-common/ubsan/null-4.c   -O2  execution test
FAIL: c-c++-common/ubsan/null-4.c   -O2 -flto -fno-use-linker-plugin -flto-partition=none  execution test
FAIL: c-c++-common/ubsan/null-4.c   -O2 -flto -fuse-linker-plugin -fno-fat-lto-objects  execution test
FAIL: c-c++-common/ubsan/null-4.c   -O3 -g  execution test
FAIL: c-c++-common/ubsan/null-4.c   -Os  execution test
FAIL: c-c++-common/ubsan/null-5.c   -O0  execution test
FAIL: c-c++-common/ubsan/null-5.c   -O1  execution test
FAIL: c-c++-common/ubsan/null-5.c   -O2  execution test
FAIL: c-c++-common/ubsan/null-5.c   -O2 -flto -fno-use-linker-plugin -flto-partition=none  execution test
FAIL: c-c++-common/ubsan/null-5.c   -O2 -flto -fuse-linker-plugin -fno-fat-lto-objects  execution test
FAIL: c-c++-common/ubsan/null-5.c   -O3 -g  execution test
FAIL: c-c++-common/ubsan/null-5.c   -Os  execution test
FAIL: c-c++-common/ubsan/null-7.c   -O0  execution test
FAIL: c-c++-common/ubsan/null-7.c   -O1  execution test
FAIL: c-c++-common/ubsan/null-7.c   -O2  execution test
FAIL: c-c++-common/ubsan/null-7.c   -O2 -flto -fno-use-linker-plugin -flto-partition=none  execution test
FAIL: c-c++-common/ubsan/null-7.c   -O2 -flto -fuse-linker-plugin -fno-fat-lto-objects  execution test
FAIL: c-c++-common/ubsan/null-7.c   -O3 -g  execution test
FAIL: c-c++-common/ubsan/null-7.c   -Os  execution test
FAIL: c-c++-common/ubsan/null-8.c   -O0  execution test
FAIL: c-c++-common/ubsan/null-8.c   -O1  execution test
FAIL: c-c++-common/ubsan/null-8.c   -O2  execution test
FAIL: c-c++-common/ubsan/null-8.c   -O2 -flto -fno-use-linker-plugin -flto-partition=none  execution test
FAIL: c-c++-common/ubsan/null-8.c   -O2 -flto -fuse-linker-plugin -fno-fat-lto-objects  execution test
FAIL: c-c++-common/ubsan/null-8.c   -O3 -g  execution test
FAIL: c-c++-common/ubsan/null-8.c   -Os  execution test
FAIL: c-c++-common/ubsan/null-9.c   -O0  execution test
FAIL: c-c++-common/ubsan/null-9.c   -O1  execution test
FAIL: c-c++-common/ubsan/null-9.c   -O2  execution test
FAIL: c-c++-common/ubsan/null-9.c   -O2 -flto -fno-use-linker-plugin -flto-partition=none  execution test
FAIL: c-c++-common/ubsan/null-9.c   -O2 -flto -fuse-linker-plugin -fno-fat-lto-objects  execution test
FAIL: c-c++-common/ubsan/null-9.c   -O3 -g  execution test
FAIL: c-c++-common/ubsan/null-9.c   -Os  execution test
FAIL: c-c++-common/ubsan/pr59667.c   -O2 -flto -fno-use-linker-plugin -flto-partition=none  execution test
FAIL: gcc.target/aarch64/insv_1.c scan-assembler bfi\\tx[0-9]+, x[0-9]+, 0, 8
FAIL: gcc.target/aarch64/insv_1.c scan-assembler bfi\\tx[0-9]+, x[0-9]+, 16, 5
FAIL: gcc.target/aarch64/insv_1.c scan-assembler movk\\tx[0-9]+, 0x1d6b, lsl 32
FAIL: gcc.target/aarch64/lsl_asr_sbfiz.c scan-assembler sbfiz\\tw
FAIL: gcc.target/aarch64/sve/tls_preserve_1.c -march=armv8.2-a+sve  scan-assembler-not \\\\tst[rp]\\\\t[dqv]

		=== gcc Summary ===

# of expected passes		131256
# of unexpected failures	79
# of expected failures		606
# of unsupported tests		3344
/tmp/825178_1.tmpdir/aci-gcc-fsf/builds/gcc-fsf-gccsrc/obj-aarch64-none-linux-gnu/gcc3/gcc/xgcc  version 9.3.1  (DEFMODE=default DEFCPU=default DEFFPU=default TESTFLAGS=) [r9-9108] (GCC) 

Host   is x86_64-pc-linux-gnu

		=== gfortran tests ===


Running target qemu
FAIL: gfortran.dg/ieee/ieee_6.f90   -O0  execution test
FAIL: gfortran.dg/ieee/ieee_6.f90   -O1  execution test
FAIL: gfortran.dg/ieee/ieee_6.f90   -O2  execution test
FAIL: gfortran.dg/ieee/ieee_6.f90   -O3 -fomit-frame-pointer -funroll-loops -fpeel-loops -ftracer -finline-functions  execution test
FAIL: gfortran.dg/ieee/ieee_6.f90   -O3 -g  execution test
FAIL: gfortran.dg/ieee/ieee_6.f90   -Os  execution test
XPASS: gfortran.dg/ieee/ieee_8.f90   -O0  execution test
XPASS: gfortran.dg/ieee/ieee_8.f90   -O1  execution test
XPASS: gfortran.dg/ieee/ieee_8.f90   -O2  execution test
XPASS: gfortran.dg/ieee/ieee_8.f90   -O3 -fomit-frame-pointer -funroll-loops -fpeel-loops -ftracer -finline-functions  execution test
XPASS: gfortran.dg/ieee/ieee_8.f90   -O3 -g  execution test
XPASS: gfortran.dg/ieee/ieee_8.f90   -Os  execution test

		=== gfortran Summary ===

# of expected passes		50394
# of unexpected failures	6
# of unexpected successes	6
# of expected failures		177
# of unsupported tests		83
/tmp/825178_1.tmpdir/aci-gcc-fsf/builds/gcc-fsf-gccsrc/obj-aarch64-none-linux-gnu/gcc3/gcc/gfortran  version 9.3.1  (DEFMODE=default DEFCPU=default DEFFPU=default TESTFLAGS=) [r9-9108] (GCC) 

Host   is x86_64-pc-linux-gnu

		=== g++ tests ===


Running target qemu
WARNING: skipping asan tests due to ulimit -v
WARNING: skipping asan tests due to ulimit -v
FAIL: g++.dg/ext/sync-4.C  -std=gnu++98 execution test
FAIL: c-c++-common/ubsan/null-1.c   -O0  execution test
FAIL: c-c++-common/ubsan/null-1.c   -O1  execution test
FAIL: c-c++-common/ubsan/null-1.c   -O2  execution test
FAIL: c-c++-common/ubsan/null-1.c   -O2 -flto -fno-use-linker-plugin -flto-partition=none  execution test
FAIL: c-c++-common/ubsan/null-1.c   -O2 -flto -fuse-linker-plugin -fno-fat-lto-objects  execution test
FAIL: c-c++-common/ubsan/null-1.c   -O3 -g  execution test
FAIL: c-c++-common/ubsan/null-1.c   -Os  execution test
FAIL: c-c++-common/ubsan/null-10.c   -O0  execution test
FAIL: c-c++-common/ubsan/null-10.c   -O1  execution test
FAIL: c-c++-common/ubsan/null-10.c   -O2  execution test
FAIL: c-c++-common/ubsan/null-10.c   -O2 -flto -fno-use-linker-plugin -flto-partition=none  execution test
FAIL: c-c++-common/ubsan/null-10.c   -O2 -flto -fuse-linker-plugin -fno-fat-lto-objects  execution test
FAIL: c-c++-common/ubsan/null-10.c   -O3 -g  execution test
FAIL: c-c++-common/ubsan/null-10.c   -Os  execution test
FAIL: c-c++-common/ubsan/null-11.c   -O0  execution test
FAIL: c-c++-common/ubsan/null-11.c   -O1  execution test
FAIL: c-c++-common/ubsan/null-11.c   -O2  execution test
FAIL: c-c++-common/ubsan/null-11.c   -O2 -flto -fno-use-linker-plugin -flto-partition=none  execution test
FAIL: c-c++-common/ubsan/null-11.c   -O2 -flto -fuse-linker-plugin -fno-fat-lto-objects  execution test
FAIL: c-c++-common/ubsan/null-11.c   -O3 -g  execution test
FAIL: c-c++-common/ubsan/null-11.c   -Os  execution test
FAIL: c-c++-common/ubsan/null-2.c   -O0  execution test
FAIL: c-c++-common/ubsan/null-2.c   -O1  execution test
FAIL: c-c++-common/ubsan/null-2.c   -O2  execution test
FAIL: c-c++-common/ubsan/null-2.c   -O2 -flto -fno-use-linker-plugin -flto-partition=none  execution test
FAIL: c-c++-common/ubsan/null-2.c   -O2 -flto -fuse-linker-plugin -fno-fat-lto-objects  execution test
FAIL: c-c++-common/ubsan/null-2.c   -O3 -g  execution test
FAIL: c-c++-common/ubsan/null-2.c   -Os  execution test
FAIL: c-c++-common/ubsan/null-3.c   -O0  execution test
FAIL: c-c++-common/ubsan/null-3.c   -O1  execution test
FAIL: c-c++-common/ubsan/null-3.c   -O2  execution test
FAIL: c-c++-common/ubsan/null-3.c   -O2 -flto -fno-use-linker-plugin -flto-partition=none  execution test
FAIL: c-c++-common/ubsan/null-3.c   -O2 -flto -fuse-linker-plugin -fno-fat-lto-objects  execution test
FAIL: c-c++-common/ubsan/null-3.c   -O3 -g  execution test
FAIL: c-c++-common/ubsan/null-3.c   -Os  execution test
FAIL: c-c++-common/ubsan/null-4.c   -O0  execution test
FAIL: c-c++-common/ubsan/null-4.c   -O1  execution test
FAIL: c-c++-common/ubsan/null-4.c   -O2  execution test
FAIL: c-c++-common/ubsan/null-4.c   -O2 -flto -fno-use-linker-plugin -flto-partition=none  execution test
FAIL: c-c++-common/ubsan/null-4.c   -O2 -flto -fuse-linker-plugin -fno-fat-lto-objects  execution test
FAIL: c-c++-common/ubsan/null-4.c   -O3 -g  execution test
FAIL: c-c++-common/ubsan/null-4.c   -Os  execution test
FAIL: c-c++-common/ubsan/null-5.c   -O0  execution test
FAIL: c-c++-common/ubsan/null-5.c   -O1  execution test
FAIL: c-c++-common/ubsan/null-5.c   -O2  execution test
FAIL: c-c++-common/ubsan/null-5.c   -O2 -flto -fno-use-linker-plugin -flto-partition=none  execution test
FAIL: c-c++-common/ubsan/null-5.c   -O2 -flto -fuse-linker-plugin -fno-fat-lto-objects  execution test
FAIL: c-c++-common/ubsan/null-5.c   -O3 -g  execution test
FAIL: c-c++-common/ubsan/null-5.c   -Os  execution test
FAIL: c-c++-common/ubsan/null-7.c   -O0  execution test
FAIL: c-c++-common/ubsan/null-7.c   -O1  execution test
FAIL: c-c++-common/ubsan/null-7.c   -O2  execution test
FAIL: c-c++-common/ubsan/null-7.c   -O2 -flto -fno-use-linker-plugin -flto-partition=none  execution test
FAIL: c-c++-common/ubsan/null-7.c   -O2 -flto -fuse-linker-plugin -fno-fat-lto-objects  execution test
FAIL: c-c++-common/ubsan/null-7.c   -O3 -g  execution test
FAIL: c-c++-common/ubsan/null-7.c   -Os  execution test
FAIL: c-c++-common/ubsan/null-8.c   -O0  execution test
FAIL: c-c++-common/ubsan/null-8.c   -O1  execution test
FAIL: c-c++-common/ubsan/null-8.c   -O2  execution test
FAIL: c-c++-common/ubsan/null-8.c   -O2 -flto -fno-use-linker-plugin -flto-partition=none  execution test
FAIL: c-c++-common/ubsan/null-8.c   -O2 -flto -fuse-linker-plugin -fno-fat-lto-objects  execution test
FAIL: c-c++-common/ubsan/null-8.c   -O3 -g  execution test
FAIL: c-c++-common/ubsan/null-8.c   -Os  execution test
FAIL: c-c++-common/ubsan/null-9.c   -O0  execution test
FAIL: c-c++-common/ubsan/null-9.c   -O1  execution test
FAIL: c-c++-common/ubsan/null-9.c   -O2  execution test
FAIL: c-c++-common/ubsan/null-9.c   -O2 -flto -fno-use-linker-plugin -flto-partition=none  execution test
FAIL: c-c++-common/ubsan/null-9.c   -O2 -flto -fuse-linker-plugin -fno-fat-lto-objects  execution test
FAIL: c-c++-common/ubsan/null-9.c   -O3 -g  execution test
FAIL: c-c++-common/ubsan/null-9.c   -Os  execution test

		=== g++ Summary ===

# of expected passes		128701
# of unexpected failures	71
# of expected failures		535
# of unsupported tests		6425
/tmp/825178_1.tmpdir/aci-gcc-fsf/builds/gcc-fsf-gccsrc/obj-aarch64-none-linux-gnu/gcc3/gcc/xg++  version 9.3.1  (DEFMODE=default DEFCPU=default DEFFPU=default TESTFLAGS=) [r9-9108] (GCC) 


Compiler version: 9.3.1 (DEFMODE=default DEFCPU=default DEFFPU=default TESTFLAGS=) [r9-9108] (GCC) 
Platform: aarch64-none-linux-gnu
configure flags: --target=aarch64-none-linux-gnu --prefix=/tmp/825178_1.tmpdir/aci-gcc-fsf/builds/gcc-fsf-gccsrc/tools --with-sysroot=/tmp/825178_1.tmpdir/aci-gcc-fsf/builds/gcc-fsf-gccsrc/sysroot-aarch64-none-linux-gnu --disable-nls --disable-libgomp --disable-libmudflap --disable-libcilkrts --enable-checking --enable-languages=c,c++,fortran


More information about the Gcc-testresults mailing list