Results for 11.0.0 20201210 (experimental) [native/master revision 445430e16bd:ace8cabaa9a:3cf63c94df4712569e0ab996155013a3a043bed3] (GCC) testsuite on x86_64-pc-linux-gnu

H. J. Lu hjl@sc.intel.com
Thu Dec 10 22:27:59 GMT 2020


LAST_UPDATED: Thu Dec 10 20:40:05 UTC 2020 (revision 445430e16bd:ace8cabaa9a:3cf63c94df4712569e0ab996155013a3a043bed3)

Native configuration is x86_64-pc-linux-gnu

		=== gcc tests ===


Running target unix
XPASS: gcc.dg/analyzer/pr94851-1.c bogus leak (test for bogus messages, line 43)
FAIL: gcc.dg/atomic/pr65345-4.c   -O2 -flto -fno-use-linker-plugin -flto-partition=none  (internal compiler error)
FAIL: gcc.dg/atomic/pr65345-4.c   -O2 -flto -fno-use-linker-plugin -flto-partition=none  (test for excess errors)
FAIL: gcc.dg/atomic/pr65345-4.c   -O2 -flto -fuse-linker-plugin -fno-fat-lto-objects  (internal compiler error)
FAIL: gcc.dg/atomic/pr65345-4.c   -O2 -flto -fuse-linker-plugin -fno-fat-lto-objects  (test for excess errors)
FAIL: gcc.dg/Wstringop-overflow-47.c  (test for warnings, line 32)
FAIL: gcc.dg/Wstringop-overflow-47.c  (test for warnings, line 37)
FAIL: gcc.dg/Wstringop-overflow-47.c note (test for warnings, line 29)
FAIL: gcc.dg/ira-loop-pressure.c scan-rtl-dump loop2_invariant "Decided to move invariant"
XPASS: gcc.dg/guality/example.c   -O0  execution test
XPASS: gcc.dg/guality/example.c   -O1  -DPREVENT_OPTIMIZATION  execution test
XPASS: gcc.dg/guality/example.c  -Og -DPREVENT_OPTIMIZATION  execution test
XPASS: gcc.dg/guality/guality.c   -O0  execution test
XPASS: gcc.dg/guality/guality.c   -O1  -DPREVENT_OPTIMIZATION  execution test
XPASS: gcc.dg/guality/guality.c   -O2  -DPREVENT_OPTIMIZATION  execution test
XPASS: gcc.dg/guality/guality.c   -O2 -flto -fno-use-linker-plugin -flto-partition=none  -DPREVENT_OPTIMIZATION execution test
XPASS: gcc.dg/guality/guality.c   -O2 -flto -fuse-linker-plugin -fno-fat-lto-objects  -DPREVENT_OPTIMIZATION execution test
XPASS: gcc.dg/guality/guality.c   -O3 -g  -DPREVENT_OPTIMIZATION  execution test
XPASS: gcc.dg/guality/guality.c   -Os  -DPREVENT_OPTIMIZATION  execution test
XPASS: gcc.dg/guality/guality.c  -Og -DPREVENT_OPTIMIZATION  execution test
XPASS: gcc.dg/guality/inline-params.c   -O2  -DPREVENT_OPTIMIZATION  execution test
XPASS: gcc.dg/guality/inline-params.c   -O2 -flto -fno-use-linker-plugin -flto-partition=none  -DPREVENT_OPTIMIZATION execution test
XPASS: gcc.dg/guality/inline-params.c   -O2 -flto -fuse-linker-plugin -fno-fat-lto-objects  -DPREVENT_OPTIMIZATION execution test
XPASS: gcc.dg/guality/inline-params.c   -O3 -g  -DPREVENT_OPTIMIZATION  execution test
XPASS: gcc.dg/guality/inline-params.c   -Os  -DPREVENT_OPTIMIZATION  execution test
FAIL: gcc.dg/guality/loop-1.c   -O3 -fomit-frame-pointer -funroll-loops -fpeel-loops -ftracer -finline-functions  -DPREVENT_OPTIMIZATION  line 20 i == 1
FAIL: gcc.dg/guality/pr36728-2.c   -O2 -flto -fuse-linker-plugin -fno-fat-lto-objects  -DPREVENT_OPTIMIZATION line 16 arg1 == 1
FAIL: gcc.dg/guality/pr36728-2.c   -O2 -flto -fuse-linker-plugin -fno-fat-lto-objects  -DPREVENT_OPTIMIZATION line 16 arg2 == 2
FAIL: gcc.dg/guality/pr36728-2.c   -O2 -flto -fuse-linker-plugin -fno-fat-lto-objects  -DPREVENT_OPTIMIZATION line 16 arg3 == 3
FAIL: gcc.dg/guality/pr36728-2.c   -O2 -flto -fuse-linker-plugin -fno-fat-lto-objects  -DPREVENT_OPTIMIZATION line 16 arg4 == 4
FAIL: gcc.dg/guality/pr36728-2.c   -O2 -flto -fuse-linker-plugin -fno-fat-lto-objects  -DPREVENT_OPTIMIZATION line 16 arg5 == 5
FAIL: gcc.dg/guality/pr36728-2.c   -O2 -flto -fuse-linker-plugin -fno-fat-lto-objects  -DPREVENT_OPTIMIZATION line 16 arg6 == 6
FAIL: gcc.dg/guality/pr36728-2.c   -O2 -flto -fuse-linker-plugin -fno-fat-lto-objects  -DPREVENT_OPTIMIZATION line 16 arg7 == 30
FAIL: gcc.dg/guality/pr36728-2.c   -O2 -flto -fuse-linker-plugin -fno-fat-lto-objects  -DPREVENT_OPTIMIZATION line 18 arg1 == 1
FAIL: gcc.dg/guality/pr36728-2.c   -O2 -flto -fuse-linker-plugin -fno-fat-lto-objects  -DPREVENT_OPTIMIZATION line 18 arg2 == 2
FAIL: gcc.dg/guality/pr36728-2.c   -O2 -flto -fuse-linker-plugin -fno-fat-lto-objects  -DPREVENT_OPTIMIZATION line 18 arg3 == 3
FAIL: gcc.dg/guality/pr36728-2.c   -O2 -flto -fuse-linker-plugin -fno-fat-lto-objects  -DPREVENT_OPTIMIZATION line 18 arg4 == 4
FAIL: gcc.dg/guality/pr36728-2.c   -O2 -flto -fuse-linker-plugin -fno-fat-lto-objects  -DPREVENT_OPTIMIZATION line 18 arg5 == 5
FAIL: gcc.dg/guality/pr36728-2.c   -O2 -flto -fuse-linker-plugin -fno-fat-lto-objects  -DPREVENT_OPTIMIZATION line 18 arg6 == 6
FAIL: gcc.dg/guality/pr36728-2.c   -O2 -flto -fuse-linker-plugin -fno-fat-lto-objects  -DPREVENT_OPTIMIZATION line 18 arg7 == 30
FAIL: gcc.dg/guality/pr36728-2.c   -O3 -g  -DPREVENT_OPTIMIZATION  line 16 arg1 == 1
FAIL: gcc.dg/guality/pr36728-2.c   -O3 -g  -DPREVENT_OPTIMIZATION  line 16 arg2 == 2
FAIL: gcc.dg/guality/pr36728-2.c   -O3 -g  -DPREVENT_OPTIMIZATION  line 16 arg3 == 3
FAIL: gcc.dg/guality/pr36728-2.c   -O3 -g  -DPREVENT_OPTIMIZATION  line 16 arg4 == 4
FAIL: gcc.dg/guality/pr36728-2.c   -O3 -g  -DPREVENT_OPTIMIZATION  line 16 arg5 == 5
FAIL: gcc.dg/guality/pr36728-2.c   -O3 -g  -DPREVENT_OPTIMIZATION  line 16 arg6 == 6
FAIL: gcc.dg/guality/pr36728-2.c   -O3 -g  -DPREVENT_OPTIMIZATION  line 16 arg7 == 30
FAIL: gcc.dg/guality/pr36728-2.c   -O3 -g  -DPREVENT_OPTIMIZATION  line 18 arg1 == 1
FAIL: gcc.dg/guality/pr36728-2.c   -O3 -g  -DPREVENT_OPTIMIZATION  line 18 arg2 == 2
FAIL: gcc.dg/guality/pr36728-2.c   -O3 -g  -DPREVENT_OPTIMIZATION  line 18 arg3 == 3
FAIL: gcc.dg/guality/pr36728-2.c   -O3 -g  -DPREVENT_OPTIMIZATION  line 18 arg4 == 4
FAIL: gcc.dg/guality/pr36728-2.c   -O3 -g  -DPREVENT_OPTIMIZATION  line 18 arg5 == 5
FAIL: gcc.dg/guality/pr36728-2.c   -O3 -g  -DPREVENT_OPTIMIZATION  line 18 arg6 == 6
FAIL: gcc.dg/guality/pr36728-2.c   -O3 -g  -DPREVENT_OPTIMIZATION  line 18 arg7 == 30
FAIL: gcc.dg/guality/pr36728-4.c   -O2 -flto -fuse-linker-plugin -fno-fat-lto-objects  -DPREVENT_OPTIMIZATION line 14 y == 2
FAIL: gcc.dg/guality/pr36728-4.c   -O2 -flto -fuse-linker-plugin -fno-fat-lto-objects  -DPREVENT_OPTIMIZATION line 16 y == 2
FAIL: gcc.dg/guality/pr36728-4.c   -O3 -g  -DPREVENT_OPTIMIZATION  line 14 y == 2
FAIL: gcc.dg/guality/pr36728-4.c   -O3 -g  -DPREVENT_OPTIMIZATION  line 16 y == 2
XPASS: gcc.dg/guality/pr41353-1.c   -O0  line 28 j == 28 + 37
XPASS: gcc.dg/guality/pr41353-1.c  -Og -DPREVENT_OPTIMIZATION  line 28 j == 28 + 37
FAIL: gcc.dg/guality/pr54519-1.c   -O2 -flto -fno-use-linker-plugin -flto-partition=none  -DPREVENT_OPTIMIZATION line 20 y == 25
FAIL: gcc.dg/guality/pr54519-1.c   -O2 -flto -fno-use-linker-plugin -flto-partition=none  -DPREVENT_OPTIMIZATION line 20 z == 6
FAIL: gcc.dg/guality/pr54519-1.c   -O2 -flto -fno-use-linker-plugin -flto-partition=none  -DPREVENT_OPTIMIZATION line 23 y == 117
FAIL: gcc.dg/guality/pr54519-1.c   -O2 -flto -fno-use-linker-plugin -flto-partition=none  -DPREVENT_OPTIMIZATION line 23 z == 8
FAIL: gcc.dg/guality/pr54519-1.c   -O2 -flto -fuse-linker-plugin -fno-fat-lto-objects  -DPREVENT_OPTIMIZATION line 20 y == 25
FAIL: gcc.dg/guality/pr54519-1.c   -O2 -flto -fuse-linker-plugin -fno-fat-lto-objects  -DPREVENT_OPTIMIZATION line 20 z == 6
FAIL: gcc.dg/guality/pr54519-1.c   -O2 -flto -fuse-linker-plugin -fno-fat-lto-objects  -DPREVENT_OPTIMIZATION line 23 y == 117
FAIL: gcc.dg/guality/pr54519-1.c   -O2 -flto -fuse-linker-plugin -fno-fat-lto-objects  -DPREVENT_OPTIMIZATION line 23 z == 8
FAIL: gcc.dg/guality/pr54519-2.c   -O2 -flto -fno-use-linker-plugin -flto-partition=none  -DPREVENT_OPTIMIZATION line 17 y == 25
FAIL: gcc.dg/guality/pr54519-2.c   -O2 -flto -fuse-linker-plugin -fno-fat-lto-objects  -DPREVENT_OPTIMIZATION line 17 y == 25
FAIL: gcc.dg/guality/pr54519-3.c   -O2 -flto -fno-use-linker-plugin -flto-partition=none  -DPREVENT_OPTIMIZATION line 20 y == 25
FAIL: gcc.dg/guality/pr54519-3.c   -O2 -flto -fno-use-linker-plugin -flto-partition=none  -DPREVENT_OPTIMIZATION line 20 z == 6
FAIL: gcc.dg/guality/pr54519-3.c   -O2 -flto -fno-use-linker-plugin -flto-partition=none  -DPREVENT_OPTIMIZATION line 23 y == 117
FAIL: gcc.dg/guality/pr54519-3.c   -O2 -flto -fno-use-linker-plugin -flto-partition=none  -DPREVENT_OPTIMIZATION line 23 z == 8
FAIL: gcc.dg/guality/pr54519-3.c   -O2 -flto -fuse-linker-plugin -fno-fat-lto-objects  -DPREVENT_OPTIMIZATION line 20 y == 25
FAIL: gcc.dg/guality/pr54519-3.c   -O2 -flto -fuse-linker-plugin -fno-fat-lto-objects  -DPREVENT_OPTIMIZATION line 20 z == 6
FAIL: gcc.dg/guality/pr54519-3.c   -O2 -flto -fuse-linker-plugin -fno-fat-lto-objects  -DPREVENT_OPTIMIZATION line 23 y == 117
FAIL: gcc.dg/guality/pr54519-3.c   -O2 -flto -fuse-linker-plugin -fno-fat-lto-objects  -DPREVENT_OPTIMIZATION line 23 z == 8
FAIL: gcc.dg/guality/pr54519-4.c   -O2 -flto -fno-use-linker-plugin -flto-partition=none  -DPREVENT_OPTIMIZATION line 17 y == 25
FAIL: gcc.dg/guality/pr54519-4.c   -O2 -flto -fuse-linker-plugin -fno-fat-lto-objects  -DPREVENT_OPTIMIZATION line 17 y == 25
FAIL: gcc.dg/guality/pr54519-5.c   -O2 -flto -fno-use-linker-plugin -flto-partition=none  -DPREVENT_OPTIMIZATION line 17 y == 25
FAIL: gcc.dg/guality/pr54519-5.c   -O2 -flto -fuse-linker-plugin -fno-fat-lto-objects  -DPREVENT_OPTIMIZATION line 17 y == 25
FAIL: gcc.dg/guality/pr54519-6.c   -Os  -DPREVENT_OPTIMIZATION  line 11 x == 2
FAIL: gcc.dg/guality/pr54693-2.c   -O3 -fomit-frame-pointer -funroll-loops -fpeel-loops -ftracer -finline-functions  -DPREVENT_OPTIMIZATION  line 21 i == v + 1
XPASS: gcc.dg/guality/pr54970.c   -O0  line 15 a[0] == 1
XPASS: gcc.dg/guality/pr54970.c   -O0  line 20 a[0] == 1
XPASS: gcc.dg/guality/pr54970.c   -O0  line 25 a[0] == 1
XPASS: gcc.dg/guality/pr54970.c   -O0  line 31 a[0] == 4
XPASS: gcc.dg/guality/pr54970.c   -O0  line 36 a[0] == 4
XPASS: gcc.dg/guality/pr54970.c   -O0  line 45 a[0] == 4
XPASS: gcc.dg/guality/pr54970.c   -O0  line 45 p[-2] == 4
XPASS: gcc.dg/guality/pr54970.c   -O0  line 45 q[-1] == 4
XPASS: gcc.dg/guality/pr54970.c  -Og -DPREVENT_OPTIMIZATION  line 15 a[0] == 1
XPASS: gcc.dg/guality/pr54970.c  -Og -DPREVENT_OPTIMIZATION  line 20 a[0] == 1
XPASS: gcc.dg/guality/pr54970.c  -Og -DPREVENT_OPTIMIZATION  line 25 a[0] == 1
XPASS: gcc.dg/guality/pr54970.c  -Og -DPREVENT_OPTIMIZATION  line 31 a[0] == 4
XPASS: gcc.dg/guality/pr54970.c  -Og -DPREVENT_OPTIMIZATION  line 36 a[0] == 4
XPASS: gcc.dg/guality/pr54970.c  -Og -DPREVENT_OPTIMIZATION  line 45 a[0] == 4
XPASS: gcc.dg/guality/pr54970.c  -Og -DPREVENT_OPTIMIZATION  line 45 p[-2] == 4
XPASS: gcc.dg/guality/pr54970.c  -Og -DPREVENT_OPTIMIZATION  line 45 q[-1] == 4
FAIL: gcc.dg/guality/pr56154-1.c  -Og -DPREVENT_OPTIMIZATION  line pr56154-1.c:20 x.a == 6
XPASS: gcc.dg/guality/pr59776.c   -O0  line pr59776.c:17 s2.g == 6.0
XPASS: gcc.dg/guality/pr59776.c   -O0  line pr59776.c:20 s2.g == 6.0
FAIL: gcc.dg/guality/pr59776.c  -Og -DPREVENT_OPTIMIZATION  line pr59776.c:17 s1.f == 5.0
FAIL: gcc.dg/guality/pr59776.c  -Og -DPREVENT_OPTIMIZATION  line pr59776.c:17 s1.g == 6.0
FAIL: gcc.dg/guality/pr59776.c  -Og -DPREVENT_OPTIMIZATION  line pr59776.c:17 s2.f == 0.0
FAIL: gcc.dg/guality/pr59776.c  -Og -DPREVENT_OPTIMIZATION  line pr59776.c:20 s1.f == 5.0
FAIL: gcc.dg/guality/pr59776.c  -Og -DPREVENT_OPTIMIZATION  line pr59776.c:20 s1.g == 6.0
FAIL: gcc.dg/guality/pr59776.c  -Og -DPREVENT_OPTIMIZATION  line pr59776.c:20 s2.f == 5.0
FAIL: gcc.dg/guality/pr90074.c   -O2 -flto -fuse-linker-plugin -fno-fat-lto-objects  -DPREVENT_OPTIMIZATION line 28 c + 1 == 2
FAIL: gcc.dg/guality/pr90074.c   -O2 -flto -fuse-linker-plugin -fno-fat-lto-objects  -DPREVENT_OPTIMIZATION line 28 i + 1 == 8
FAIL: gcc.dg/guality/pr90716.c   -O2 -flto -fuse-linker-plugin -fno-fat-lto-objects  -DPREVENT_OPTIMIZATION line 23 j + 1 == 9
FAIL: gcc.dg/guality/sra-1.c   -O2  -DPREVENT_OPTIMIZATION  line 43 a.j == 14
FAIL: gcc.dg/guality/sra-1.c   -O2 -flto -fno-use-linker-plugin -flto-partition=none  -DPREVENT_OPTIMIZATION line 43 a.j == 14
FAIL: gcc.dg/guality/sra-1.c   -O2 -flto -fuse-linker-plugin -fno-fat-lto-objects  -DPREVENT_OPTIMIZATION line 21 a.i == 4
FAIL: gcc.dg/guality/sra-1.c   -O2 -flto -fuse-linker-plugin -fno-fat-lto-objects  -DPREVENT_OPTIMIZATION line 21 a.j == 14
FAIL: gcc.dg/guality/sra-1.c   -O2 -flto -fuse-linker-plugin -fno-fat-lto-objects  -DPREVENT_OPTIMIZATION line 32 a[0] == 4
FAIL: gcc.dg/guality/sra-1.c   -O2 -flto -fuse-linker-plugin -fno-fat-lto-objects  -DPREVENT_OPTIMIZATION line 32 a[1] == 14
FAIL: gcc.dg/guality/sra-1.c   -O2 -flto -fuse-linker-plugin -fno-fat-lto-objects  -DPREVENT_OPTIMIZATION line 43 a.i == 4
FAIL: gcc.dg/guality/sra-1.c   -O2 -flto -fuse-linker-plugin -fno-fat-lto-objects  -DPREVENT_OPTIMIZATION line 43 a.j == 14
FAIL: gcc.dg/guality/sra-1.c   -O3 -g  -DPREVENT_OPTIMIZATION  line 43 a.j == 14
FAIL: gcc.dg/guality/sra-1.c   -Os  -DPREVENT_OPTIMIZATION  line 43 a.j == 14
FAIL: gcc.dg/guality/sra-1.c  -Og -DPREVENT_OPTIMIZATION  line 21 a.i == 4
FAIL: gcc.dg/guality/sra-1.c  -Og -DPREVENT_OPTIMIZATION  line 21 a.j == 14
FAIL: gcc.dg/guality/sra-1.c  -Og -DPREVENT_OPTIMIZATION  line 32 a[0] == 4
FAIL: gcc.dg/guality/sra-1.c  -Og -DPREVENT_OPTIMIZATION  line 32 a[1] == 14
FAIL: gcc.dg/guality/sra-1.c  -Og -DPREVENT_OPTIMIZATION  line 43 a.i == 4
FAIL: gcc.dg/guality/sra-1.c  -Og -DPREVENT_OPTIMIZATION  line 43 a.j == 14
FAIL: gcc.dg/guality/vla-1.c   -O2 -flto -fuse-linker-plugin -fno-fat-lto-objects  -DPREVENT_OPTIMIZATION line 24 i == 5
FAIL: gcc.dg/guality/vla-1.c   -O2 -flto -fuse-linker-plugin -fno-fat-lto-objects  -DPREVENT_OPTIMIZATION line 24 sizeof (a) == 17 * sizeof (short)
FAIL: gcc.dg/vect/bb-slp-cond-1.c -flto -ffat-lto-objects  scan-tree-dump-times vect "loop vectorized" 1
FAIL: gcc.dg/vect/bb-slp-cond-1.c scan-tree-dump-times vect "loop vectorized" 1
FAIL: gcc.dg/vect/bb-slp-pr78205.c -flto -ffat-lto-objects  scan-tree-dump-times slp2 "optimized: basic block" 3
FAIL: gcc.dg/vect/bb-slp-pr78205.c scan-tree-dump-times slp2 "optimized: basic block" 3
FAIL: gcc.dg/vect/bb-slp-subgroups-3.c -flto -ffat-lto-objects  scan-tree-dump-times slp2 "optimized: basic block" 2
FAIL: gcc.dg/vect/bb-slp-subgroups-3.c scan-tree-dump-times slp2 "optimized: basic block" 2
FAIL: gcc.dg/vect/no-section-anchors-vect-31.c scan-tree-dump-times vect "Alignment of access forced using peeling" 2
FAIL: gcc.dg/vect/no-section-anchors-vect-31.c scan-tree-dump-times vect "Vectorizing an unaligned access" 0
FAIL: gcc.dg/vect/no-section-anchors-vect-64.c scan-tree-dump-times vect "Alignment of access forced using peeling" 2
FAIL: gcc.dg/vect/no-section-anchors-vect-64.c scan-tree-dump-times vect "Vectorizing an unaligned access" 0
FAIL: gcc.dg/vect/pr25413a.c -flto -ffat-lto-objects  scan-tree-dump-times vect "vectorized 1 loops" 1
FAIL: gcc.dg/vect/pr25413a.c scan-tree-dump-times vect "vectorized 1 loops" 1
FAIL: gcc.dg/vect/slp-11b.c -flto -ffat-lto-objects  scan-tree-dump-times vect "vectorizing stmts using SLP" 0
FAIL: gcc.dg/vect/slp-11b.c scan-tree-dump-times vect "vectorizing stmts using SLP" 0
FAIL: gcc.dg/vect/slp-21.c -flto -ffat-lto-objects  scan-tree-dump-times vect "vectorizing stmts using SLP" 2
FAIL: gcc.dg/vect/slp-21.c scan-tree-dump-times vect "vectorizing stmts using SLP" 2
FAIL: gcc.dg/vect/slp-3-big-array.c -flto -ffat-lto-objects  scan-tree-dump-times vect "vectorizing stmts using SLP" 4
FAIL: gcc.dg/vect/slp-3-big-array.c scan-tree-dump-times vect "vectorizing stmts using SLP" 4
FAIL: gcc.dg/vect/slp-cond-5.c -flto -ffat-lto-objects  scan-tree-dump-times vect "vectorizing stmts using SLP" 1
FAIL: gcc.dg/vect/slp-cond-5.c scan-tree-dump-times vect "vectorizing stmts using SLP" 1
FAIL: gcc.dg/vect/slp-multitypes-11-big-array.c -flto -ffat-lto-objects  scan-tree-dump-times vect "vectorizing stmts using SLP" 1
FAIL: gcc.dg/vect/slp-multitypes-11-big-array.c scan-tree-dump-times vect "vectorizing stmts using SLP" 1
FAIL: gcc.dg/vect/slp-perm-9.c -flto -ffat-lto-objects  scan-tree-dump-not vect "permutation requires at least three vectors"
FAIL: gcc.dg/vect/slp-perm-9.c scan-tree-dump-not vect "permutation requires at least three vectors"
FAIL: gcc.dg/vect/slp-reduc-1.c -flto -ffat-lto-objects  scan-tree-dump-times vect "vectorizing stmts using SLP" 1
FAIL: gcc.dg/vect/slp-reduc-1.c scan-tree-dump-times vect "vectorizing stmts using SLP" 1
FAIL: gcc.dg/vect/vect-92.c -flto -ffat-lto-objects  scan-tree-dump-times vect "Alignment of access forced using peeling" 3
FAIL: gcc.dg/vect/vect-92.c -flto -ffat-lto-objects  scan-tree-dump-times vect "Vectorizing an unaligned access" 0
FAIL: gcc.dg/vect/vect-92.c scan-tree-dump-times vect "Alignment of access forced using peeling" 3
FAIL: gcc.dg/vect/vect-92.c scan-tree-dump-times vect "Vectorizing an unaligned access" 0
FAIL: gcc.dg/vect/vect-bool-cmp.c -flto -ffat-lto-objects  scan-tree-dump-times vect "VECTORIZED" 18
FAIL: gcc.dg/vect/vect-bool-cmp.c scan-tree-dump-times vect "VECTORIZED" 18
FAIL: gcc.dg/vect/vect-cselim-1.c -flto -ffat-lto-objects  scan-tree-dump-times vect "vectorized 1 loops" 1
FAIL: gcc.dg/vect/vect-cselim-1.c scan-tree-dump-times vect "vectorized 1 loops" 1
FAIL: gcc.dg/vect/vect-multitypes-1.c -flto -ffat-lto-objects  scan-tree-dump-times vect "Alignment of access forced using peeling" 2
FAIL: gcc.dg/vect/vect-multitypes-1.c scan-tree-dump-times vect "Alignment of access forced using peeling" 2
FAIL: gcc.dg/vect/vect-nb-iter-ub-3.c -flto -ffat-lto-objects  scan-tree-dump-not cunroll "loop turned into non-loop; it never loops"
FAIL: gcc.dg/vect/vect-nb-iter-ub-3.c scan-tree-dump-not cunroll "loop turned into non-loop; it never loops"
FAIL: gcc.dg/vect/vect-peel-3.c -flto -ffat-lto-objects  scan-tree-dump-times vect "Alignment of access forced using peeling" 1
FAIL: gcc.dg/vect/vect-peel-3.c -flto -ffat-lto-objects  scan-tree-dump-times vect "Vectorizing an unaligned access" 1
FAIL: gcc.dg/vect/vect-peel-3.c scan-tree-dump-times vect "Alignment of access forced using peeling" 1
FAIL: gcc.dg/vect/vect-peel-3.c scan-tree-dump-times vect "Vectorizing an unaligned access" 1
FAIL: outputs lto st mult dumpdir empty dumpbase named: dir/outputs-1.ltrans0.ltrans_args
FAIL: outputs lto st mult dumpdir named: dir/outputs-ltrans0.ltrans_args
FAIL: outputs lto st mult empty dumpbase namedb: dir/outputs.ltrans0.ltrans_args
FAIL: outputs lto st mult empty dumpbase unnamed: a.ltrans0.ltrans_args
FAIL: outputs lto st mult namedb: dir/outputs.ltrans0.ltrans_args
FAIL: outputs lto st mult unnamed: a.ltrans0.ltrans_args
FAIL: outputs lto st sing dumpdir empty dumpbase named: dir/outputs-0.ltrans0.ltrans_args
FAIL: outputs lto st sing dumpdir named: dir/outputs-ltrans0.ltrans_args
FAIL: outputs lto st sing empty dumpbase namedb: dir/outputs.ltrans0.ltrans_args
FAIL: outputs lto st sing empty dumpbase unnamed: a.ltrans0.ltrans_args
FAIL: outputs lto st sing namedb: dir/outputs.ltrans0.ltrans_args
FAIL: outputs lto st sing unnamed: a.ltrans0.ltrans_args
FAIL: gcc.target/i386/avx-loadu2-m128-1.c scan-assembler \\tvinsertf128\\t
FAIL: gcc.target/i386/avx-loadu2-m128d-1.c scan-assembler \\tvinsertf128\\t
FAIL: gcc.target/i386/avx-loadu2-m128i-1.c scan-assembler \\tvinsert[fi]128\\t
FAIL: gcc.target/i386/avx-storeu2-m128d-1.c scan-assembler \\tvextractf128\\t
FAIL: gcc.target/i386/avx2-vbroadcastss_ps256-1.c scan-assembler vbroadcastss[ \\\\t]+[^\\n]*%xmm[0-9]
FAIL: gcc.target/i386/avx2-vextracti128-1.c scan-assembler vextracti128[ \\\\t]+[^\\n]*%ymm[0-9]
FAIL: gcc.target/i386/avx2-vinserti128-1.c scan-assembler vinserti128[ \\\\t]+[^\\n]
FAIL: gcc.target/i386/avx2-vpcmpeqb-1.c scan-assembler vpcmpeqb[ \\\\t]+[^\\n]*%ymm[0-9]
FAIL: gcc.target/i386/avx2-vpcmpeqd-1.c scan-assembler vpcmpeqd[ \\\\t]+[^\\n]*%ymm[0-9]
FAIL: gcc.target/i386/avx2-vpcmpeqq-1.c scan-assembler vpcmpeqq[ \\\\t]+[^\\n]*%ymm[0-9]
FAIL: gcc.target/i386/avx2-vpcmpeqw-1.c scan-assembler vpcmpeqw[ \\\\t]+[^\\n]*%ymm[0-9]
FAIL: gcc.target/i386/avx2-vpcmpgtb-1.c scan-assembler vpcmpgtb[ \\\\t]+[^\\n]*%ymm[0-9]
FAIL: gcc.target/i386/avx2-vpcmpgtd-1.c scan-assembler vpcmpgtd[ \\\\t]+[^\\n]*%ymm[0-9]
FAIL: gcc.target/i386/avx2-vpcmpgtq-1.c scan-assembler vpcmpgtq[ \\\\t]+[^\\n]*%ymm[0-9]
FAIL: gcc.target/i386/avx2-vpcmpgtw-1.c scan-assembler vpcmpgtw[ \\\\t]+[^\\n]*%ymm[0-9]
FAIL: gcc.target/i386/avx256-unaligned-load-2.c scan-assembler (sse2_loaddqu|(vmovdqu|vmovups)[^\\n\\r]*movv16qi_internal)
FAIL: gcc.target/i386/avx256-unaligned-load-2.c scan-assembler vinsert.128
FAIL: gcc.target/i386/avx256-unaligned-load-3.c scan-assembler (sse2_loadupd|vmovupd[^\\n\\r]*movv2df_internal)
FAIL: gcc.target/i386/avx256-unaligned-load-3.c scan-assembler vinsertf128
FAIL: gcc.target/i386/avx256-unaligned-load-4.c scan-assembler-not (sse_loadups|vmovups[^\\n\\r]*movv4sf_internal)
FAIL: gcc.target/i386/avx256-unaligned-store-3.c scan-assembler vextractf128
FAIL: gcc.target/i386/avx256-unaligned-store-3.c scan-assembler vmovupd.*movv2df_internal/3
FAIL: gcc.target/i386/avx512er-vrcp28ps-4.c scan-assembler-times vrcp28ps[^\\n\\r]*zmm[0-9]+(?:\\n|[ \\\\t]+#) 1
FAIL: gcc.target/i386/avx512er-vrsqrt28ps-4.c scan-assembler-times vrsqrt28ps[^\\n\\r]*zmm[0-9]+(?:\\n|[ \\\\t]+#) 1
FAIL: gcc.target/i386/avx512er-vrsqrt28ps-6.c scan-assembler-times vrcp28ps[^\\n\\r]*zmm[0-9]+(?:\\n|[ \\\\t]+#) 1
FAIL: gcc.target/i386/avx512er-vrsqrt28ps-6.c scan-assembler-times vrsqrt28ps[^\\n\\r]*zmm[0-9]+(?:\\n|[ \\\\t]+#) 1
FAIL: gcc.target/i386/avx512f-ceil-sfix-vec-2.c scan-assembler-times vcvttpd2dq[^\\n]*zmm[0-9].{7}(?:\\n|[ \\\\t]+#) 2
FAIL: gcc.target/i386/avx512f-ceil-sfix-vec-2.c scan-assembler-times vrndscalepd[^\\n]*zmm[0-9](?:\\n|[ \\\\t]+#) 2
FAIL: gcc.target/i386/avx512f-ceil-vec-2.c scan-assembler-times vrndscalepd[^\\n]+zmm[0-9](?:\\n|[ \\\\t]+#) 1
FAIL: gcc.target/i386/avx512f-ceilf-sfix-vec-2.c scan-assembler-times vcvttps2dq[^\\n]+zmm[0-9].{7}(?:\\n|[ \\\\t]+#) 1
FAIL: gcc.target/i386/avx512f-ceilf-sfix-vec-2.c scan-assembler-times vrndscaleps[^\\n]+zmm[0-9](?:\\n|[ \\\\t]+#) 1
FAIL: gcc.target/i386/avx512f-ceilf-vec-2.c scan-assembler-times vrndscaleps[^\\n]+zmm[0-9](?:\\n|[ \\\\t]+#) 1
FAIL: gcc.target/i386/avx512f-floor-sfix-vec-2.c scan-assembler-times vcvttpd2dq[^\\n]*zmm[0-9].{7}(?:\\n|[ \\\\t]+#) 2
FAIL: gcc.target/i386/avx512f-floor-sfix-vec-2.c scan-assembler-times vrndscalepd[^\\n]*zmm[0-9](?:\\n|[ \\\\t]+#) 2
FAIL: gcc.target/i386/avx512f-floor-vec-2.c scan-assembler-times vrndscalepd[^\\n]+zmm[0-9](?:\\n|[ \\\\t]+#) 1
FAIL: gcc.target/i386/avx512f-floorf-sfix-vec-2.c scan-assembler-times vcvttps2dq[^\\n]+zmm[0-9].{7}(?:\\n|[ \\\\t]+#) 1
FAIL: gcc.target/i386/avx512f-floorf-sfix-vec-2.c scan-assembler-times vrndscaleps[^\\n]+zmm[0-9](?:\\n|[ \\\\t]+#) 1
FAIL: gcc.target/i386/avx512f-floorf-vec-2.c scan-assembler-times vrndscaleps[^\\n]+zmm[0-9](?:\\n|[ \\\\t]+#) 1
FAIL: gcc.target/i386/avx512f-rint-sfix-vec-2.c scan-assembler-times vcvtpd2dq[^\\n]+ymm[0-9](?:\\n|[ \\\\t]+#) 2
FAIL: gcc.target/i386/avx512f-rint-sfix-vec-2.c scan-assembler-times vinserti64x4[^\\n]+zmm[0-9](?:\\n|[ \\\\t]+#) 1
FAIL: gcc.target/i386/avx512f-rintf-sfix-vec-2.c scan-assembler-times vcvtps2dq[^\\n]+zmm[0-9](?:\\n|[ \\\\t]+#) 1
FAIL: gcc.target/i386/avx512f-round-sfix-vec-2.c scan-assembler-times vcvttpd2dq[^\\n]+zmm[0-9].{7}(?:\\n|[ \\\\t]+#) 2
FAIL: gcc.target/i386/avx512f-round-sfix-vec-2.c scan-assembler-times vrndscalepd[^\\n]+zmm[0-9](?:\\n|[ \\\\t]+#) 2
FAIL: gcc.target/i386/avx512f-roundf-sfix-vec-2.c scan-assembler-times vcvttps2dq[^\\n]+zmm[0-9].{7}(?:\\n|[ \\\\t]+#) 1
FAIL: gcc.target/i386/avx512f-roundf-sfix-vec-2.c scan-assembler-times vrndscaleps[^\\n]+zmm[0-9](?:\\n|[ \\\\t]+#) 1
FAIL: gcc.target/i386/avx512f-trunc-vec-2.c scan-assembler-times vrndscalepd[^\\n]+zmm[0-9](?:\\n|[ \\\\t]+#) 1
FAIL: gcc.target/i386/avx512f-truncf-vec-2.c scan-assembler-times vrndscaleps[^\\n]+zmm[0-9](?:\\n|[ \\\\t]+#) 1
FAIL: gcc.target/i386/avx512f-vec-init.c scan-assembler-times vpbroadcastb[ \\\\t]+[^{\\n]*%ymm[0-9]+(?:\\n|[ \\\\t]+#) 2
FAIL: gcc.target/i386/avx512f-vec-init.c scan-assembler-times vpbroadcastw[ \\\\t]+[^{\\n]*%ymm[0-9]+(?:\\n|[ \\\\t]+#) 2
FAIL: gcc.target/i386/avx512f_cond_move.c scan-assembler-times (?:vpblendmd|vmovdqa32)[ \\\\t]+[^{\\n]*%zmm[0-9]+{%k[1-7]}{z}(?:\\n|[ \\\\t]+#) 8
FAIL: gcc.target/i386/fma4-256-vector.c scan-assembler vfmaddpd
FAIL: gcc.target/i386/fma4-256-vector.c scan-assembler vfmaddps
FAIL: gcc.target/i386/fma4-256-vector.c scan-assembler vfmsubpd
FAIL: gcc.target/i386/fma4-256-vector.c scan-assembler vfmsubps
FAIL: gcc.target/i386/fma4-256-vector.c scan-assembler vfnmaddpd
FAIL: gcc.target/i386/fma4-256-vector.c scan-assembler vfnmaddps
FAIL: gcc.target/i386/fma4-builtin-2.c scan-assembler-times vfmaddpd 1
FAIL: gcc.target/i386/fma4-builtin-2.c scan-assembler-times vfmaddps 1
FAIL: gcc.target/i386/fma4-builtin-2.c scan-assembler-times vfmsubpd 1
FAIL: gcc.target/i386/fma4-builtin-2.c scan-assembler-times vfmsubps 1
FAIL: gcc.target/i386/fma4-builtin-2.c scan-assembler-times vfnmaddpd 1
FAIL: gcc.target/i386/fma4-builtin-2.c scan-assembler-times vfnmaddps 1
FAIL: gcc.target/i386/fma4-builtin-2.c scan-assembler-times vfnmsubpd 1
FAIL: gcc.target/i386/fma4-builtin-2.c scan-assembler-times vfnmsubps 1
FAIL: gcc.target/i386/fma4-vector-2.c scan-assembler vfmaddps
FAIL: gcc.target/i386/fma4-vector-2.c scan-assembler vfmsubps
FAIL: gcc.target/i386/fma4-vector.c scan-assembler vfmaddpd
FAIL: gcc.target/i386/fma4-vector.c scan-assembler vfmaddps
FAIL: gcc.target/i386/fma4-vector.c scan-assembler vfmsubpd
FAIL: gcc.target/i386/fma4-vector.c scan-assembler vfmsubps
FAIL: gcc.target/i386/fma4-vector.c scan-assembler vfnmaddpd
FAIL: gcc.target/i386/fma4-vector.c scan-assembler vfnmaddps
FAIL: gcc.target/i386/mask-pack.c scan-tree-dump-times vect "vectorized 1 loops" 10
FAIL: gcc.target/i386/mask-unpack.c scan-tree-dump-times vect "vectorized 1 loops" 10
FAIL: gcc.target/i386/minmax-9.c scan-assembler-times test 3
FAIL: gcc.target/i386/pr42542-5a.c scan-assembler pcmpgtq
FAIL: gcc.target/i386/pr49168-1.c scan-assembler movups[\\t ]*%xmm[0-9]+,[^,]*
FAIL: gcc.target/i386/pr57233.c scan-assembler vpslld[^\\n\\r]*2
FAIL: gcc.target/i386/pr57233.c scan-assembler vpsrld[^\\n\\r]*30
FAIL: gcc.target/i386/pr59390.c scan-assembler-not vfmadd
FAIL: gcc.target/i386/pr70325.c  (test for warnings, line 11)
FAIL: gcc.target/i386/pr70325.c (test for excess errors)
FAIL: gcc.target/i386/pr78102.c scan-assembler-times pcmpeqq 3
FAIL: gcc.target/i386/pr80846-1.c scan-assembler-times vextracti 2
FAIL: gcc.target/i386/pr84876.c  (test for errors, line 6)
FAIL: gcc.target/i386/pr85950.c scan-assembler-times roundsd 4
FAIL: gcc.target/i386/pr91333.c scan-assembler-times vmovapd|vmovsd 3
FAIL: gcc.target/i386/pr91704.c scan-assembler-times \\tvpcmpgtb\\t%ymm 1
FAIL: gcc.target/i386/pr91897.c scan-assembler-times movapd 8
FAIL: gcc.target/i386/pr92645.c scan-tree-dump-times optimized "vec_unpack_" 4
FAIL: gcc.target/i386/pr92658-avx512bw.c scan-assembler-times pmovzxbd 2
FAIL: gcc.target/i386/pr92658-avx512bw.c scan-assembler-times pmovzxbq 2
FAIL: gcc.target/i386/pr92658-avx512bw.c scan-assembler-times pmovzxbw 2
FAIL: gcc.target/i386/pr92658-avx512bw.c scan-assembler-times pmovzxdq 2
FAIL: gcc.target/i386/pr92658-avx512bw.c scan-assembler-times pmovzxwd 2
FAIL: gcc.target/i386/pr92658-avx512bw.c scan-assembler-times pmovzxwq 2
FAIL: gcc.target/i386/recip-vec-divf-avx.c scan-assembler vrcpps[ \\\\t]+[^\\n]*%ymm
FAIL: gcc.target/i386/recip-vec-sqrtf-avx.c scan-assembler-times vrsqrtps[ \\\\t]+[^\\n]*%ymm 3
FAIL: gcc.target/i386/sse2-mmx-21.c scan-assembler-times movd 1
FAIL: gcc.target/i386/sse2-mmx-21.c scan-assembler-times pshufd 1
XPASS: gcc.target/i386/sse2-shiftqihi-constant-1.c scan-assembler-times pand[^\\n]*%xmm 3
XPASS: gcc.target/i386/sse2-shiftqihi-constant-1.c scan-assembler-times psllw[^\\n]*%xmm 1
FAIL: gcc.target/i386/sse4_1-round-roundeven-1.c scan-assembler-times roundsd[^\\n\\r]*xmm 1
FAIL: gcc.target/i386/sse4_1-round-roundeven-1.c scan-assembler-times roundss[^\\n\\r]*xmm 1
FAIL: gcc.target/i386/vect-pack-trunc-1.c scan-assembler-times vpmovwb[ \\\\t]+[^\\n]*%zmm 2
FAIL: gcc.target/i386/vect-pack-trunc-2.c scan-assembler-times vperm[it]2w[ \\\\t]+[^\\n]*%zmm 1
FAIL: gcc.target/i386/vect-perm-even-1.c scan-assembler-times vpmovwb[ \\\\t]+[^\\n]*%zmm 2
FAIL: gcc.target/i386/vect-perm-odd-1.c scan-assembler-times vpmovwb[ \\\\t]+[^\\n]*%zmm 4
FAIL: gcc.target/i386/vect-rebuild.c scan-assembler-times \\tv?extractf128[ \\t] 1
FAIL: gcc.target/i386/vect-unpack-1.c scan-assembler-times vpmovzxbw[ \\\\t]+[^\\n]*%zmm 2
FAIL: gcc.target/i386/vect-unpack-2.c scan-assembler-times vpmovsxbw[ \\\\t]+[^\\n]*%zmm 2
FAIL: gcc.target/i386/vectorize4-avx.c scan-assembler vsqrtpd[ \\\\t]+[^\\n]*%ymm
FAIL: gcc.target/i386/vectorize7.c scan-assembler cvtdq2ps
FAIL: gcc.target/i386/zero-scratch-regs-26.c scan-assembler pxor[ \\t]+%xmm0, %xmm0

		=== gcc Summary for unix ===

# of expected passes		163008
# of unexpected failures	259
# of unexpected successes	39
# of expected failures		909
# of unsupported tests		2457

Running target unix/-m32
XPASS: gcc.dg/analyzer/pr94851-1.c bogus leak (test for bogus messages, line 43)
FAIL: gcc.dg/atomic/pr65345-4.c   -O2 -flto -fno-use-linker-plugin -flto-partition=none  (internal compiler error)
FAIL: gcc.dg/atomic/pr65345-4.c   -O2 -flto -fno-use-linker-plugin -flto-partition=none  (test for excess errors)
FAIL: gcc.dg/atomic/pr65345-4.c   -O2 -flto -fuse-linker-plugin -fno-fat-lto-objects  (internal compiler error)
FAIL: gcc.dg/atomic/pr65345-4.c   -O2 -flto -fuse-linker-plugin -fno-fat-lto-objects  (test for excess errors)
XPASS: gcc.dg/Walloca-2.c  (test for bogus messages, line 16)
FAIL: gcc.dg/Wstringop-overflow-47.c  (test for warnings, line 32)
FAIL: gcc.dg/Wstringop-overflow-47.c  (test for warnings, line 37)
FAIL: gcc.dg/Wstringop-overflow-47.c note (test for warnings, line 29)
XPASS: gcc.dg/pr78973.c pr79073 (test for warnings, line 12)
XPASS: gcc.dg/guality/example.c   -O0  execution test
XPASS: gcc.dg/guality/example.c   -O1  -DPREVENT_OPTIMIZATION  execution test
XPASS: gcc.dg/guality/example.c  -Og -DPREVENT_OPTIMIZATION  execution test
XPASS: gcc.dg/guality/guality.c   -O0  execution test
XPASS: gcc.dg/guality/guality.c   -O1  -DPREVENT_OPTIMIZATION  execution test
XPASS: gcc.dg/guality/guality.c   -O2  -DPREVENT_OPTIMIZATION  execution test
XPASS: gcc.dg/guality/guality.c   -O2 -flto -fno-use-linker-plugin -flto-partition=none  -DPREVENT_OPTIMIZATION execution test
XPASS: gcc.dg/guality/guality.c   -O2 -flto -fuse-linker-plugin -fno-fat-lto-objects  -DPREVENT_OPTIMIZATION execution test
XPASS: gcc.dg/guality/guality.c   -O3 -g  -DPREVENT_OPTIMIZATION  execution test
XPASS: gcc.dg/guality/guality.c   -Os  -DPREVENT_OPTIMIZATION  execution test
XPASS: gcc.dg/guality/guality.c  -Og -DPREVENT_OPTIMIZATION  execution test
XPASS: gcc.dg/guality/inline-params.c   -O2  -DPREVENT_OPTIMIZATION  execution test
XPASS: gcc.dg/guality/inline-params.c   -O2 -flto -fno-use-linker-plugin -flto-partition=none  -DPREVENT_OPTIMIZATION execution test
XPASS: gcc.dg/guality/inline-params.c   -O2 -flto -fuse-linker-plugin -fno-fat-lto-objects  -DPREVENT_OPTIMIZATION execution test
XPASS: gcc.dg/guality/inline-params.c   -O3 -g  -DPREVENT_OPTIMIZATION  execution test
XPASS: gcc.dg/guality/inline-params.c   -Os  -DPREVENT_OPTIMIZATION  execution test
FAIL: gcc.dg/guality/loop-1.c   -O3 -fomit-frame-pointer -funroll-loops -fpeel-loops -ftracer -finline-functions  -DPREVENT_OPTIMIZATION  line 20 i == 1
FAIL: gcc.dg/guality/pr36728-4.c   -O2 -flto -fuse-linker-plugin -fno-fat-lto-objects  -DPREVENT_OPTIMIZATION line 14 y == 2
FAIL: gcc.dg/guality/pr36728-4.c   -O2 -flto -fuse-linker-plugin -fno-fat-lto-objects  -DPREVENT_OPTIMIZATION line 16 y == 2
FAIL: gcc.dg/guality/pr36728-4.c   -O3 -g  -DPREVENT_OPTIMIZATION  line 14 y == 2
FAIL: gcc.dg/guality/pr36728-4.c   -O3 -g  -DPREVENT_OPTIMIZATION  line 16 y == 2
XPASS: gcc.dg/guality/pr41353-1.c   -O0  line 28 j == 28 + 37
XPASS: gcc.dg/guality/pr41353-1.c   -Os  -DPREVENT_OPTIMIZATION  line 28 j == 28 + 37
XPASS: gcc.dg/guality/pr41353-1.c  -Og -DPREVENT_OPTIMIZATION  line 28 j == 28 + 37
FAIL: gcc.dg/guality/pr41447-1.c   -O2  -DPREVENT_OPTIMIZATION  execution test
FAIL: gcc.dg/guality/pr41447-1.c   -O2 -flto -fno-use-linker-plugin -flto-partition=none  -DPREVENT_OPTIMIZATION execution test
FAIL: gcc.dg/guality/pr41447-1.c   -O3 -g  -DPREVENT_OPTIMIZATION  execution test
FAIL: gcc.dg/guality/pr54519-1.c   -O2 -flto -fno-use-linker-plugin -flto-partition=none  -DPREVENT_OPTIMIZATION line 20 y == 25
FAIL: gcc.dg/guality/pr54519-1.c   -O2 -flto -fno-use-linker-plugin -flto-partition=none  -DPREVENT_OPTIMIZATION line 20 z == 6
FAIL: gcc.dg/guality/pr54519-1.c   -O2 -flto -fno-use-linker-plugin -flto-partition=none  -DPREVENT_OPTIMIZATION line 23 y == 117
FAIL: gcc.dg/guality/pr54519-1.c   -O2 -flto -fno-use-linker-plugin -flto-partition=none  -DPREVENT_OPTIMIZATION line 23 z == 8
FAIL: gcc.dg/guality/pr54519-1.c   -O2 -flto -fuse-linker-plugin -fno-fat-lto-objects  -DPREVENT_OPTIMIZATION line 20 y == 25
FAIL: gcc.dg/guality/pr54519-1.c   -O2 -flto -fuse-linker-plugin -fno-fat-lto-objects  -DPREVENT_OPTIMIZATION line 20 z == 6
FAIL: gcc.dg/guality/pr54519-1.c   -O2 -flto -fuse-linker-plugin -fno-fat-lto-objects  -DPREVENT_OPTIMIZATION line 23 y == 117
FAIL: gcc.dg/guality/pr54519-1.c   -O2 -flto -fuse-linker-plugin -fno-fat-lto-objects  -DPREVENT_OPTIMIZATION line 23 z == 8
FAIL: gcc.dg/guality/pr54519-2.c   -O2 -flto -fno-use-linker-plugin -flto-partition=none  -DPREVENT_OPTIMIZATION line 17 y == 25
FAIL: gcc.dg/guality/pr54519-2.c   -O2 -flto -fuse-linker-plugin -fno-fat-lto-objects  -DPREVENT_OPTIMIZATION line 17 y == 25
FAIL: gcc.dg/guality/pr54519-3.c   -O2 -flto -fno-use-linker-plugin -flto-partition=none  -DPREVENT_OPTIMIZATION line 20 y == 25
FAIL: gcc.dg/guality/pr54519-3.c   -O2 -flto -fno-use-linker-plugin -flto-partition=none  -DPREVENT_OPTIMIZATION line 20 z == 6
FAIL: gcc.dg/guality/pr54519-3.c   -O2 -flto -fno-use-linker-plugin -flto-partition=none  -DPREVENT_OPTIMIZATION line 23 y == 117
FAIL: gcc.dg/guality/pr54519-3.c   -O2 -flto -fno-use-linker-plugin -flto-partition=none  -DPREVENT_OPTIMIZATION line 23 z == 8
FAIL: gcc.dg/guality/pr54519-3.c   -O2 -flto -fuse-linker-plugin -fno-fat-lto-objects  -DPREVENT_OPTIMIZATION line 20 y == 25
FAIL: gcc.dg/guality/pr54519-3.c   -O2 -flto -fuse-linker-plugin -fno-fat-lto-objects  -DPREVENT_OPTIMIZATION line 20 z == 6
FAIL: gcc.dg/guality/pr54519-3.c   -O2 -flto -fuse-linker-plugin -fno-fat-lto-objects  -DPREVENT_OPTIMIZATION line 23 y == 117
FAIL: gcc.dg/guality/pr54519-3.c   -O2 -flto -fuse-linker-plugin -fno-fat-lto-objects  -DPREVENT_OPTIMIZATION line 23 z == 8
FAIL: gcc.dg/guality/pr54519-4.c   -O2 -flto -fno-use-linker-plugin -flto-partition=none  -DPREVENT_OPTIMIZATION line 17 y == 25
FAIL: gcc.dg/guality/pr54519-4.c   -O2 -flto -fuse-linker-plugin -fno-fat-lto-objects  -DPREVENT_OPTIMIZATION line 17 y == 25
FAIL: gcc.dg/guality/pr54519-5.c   -O2 -flto -fno-use-linker-plugin -flto-partition=none  -DPREVENT_OPTIMIZATION line 17 y == 25
FAIL: gcc.dg/guality/pr54519-5.c   -O2 -flto -fuse-linker-plugin -fno-fat-lto-objects  -DPREVENT_OPTIMIZATION line 17 y == 25
FAIL: gcc.dg/guality/pr54519-6.c   -Os  -DPREVENT_OPTIMIZATION  line 11 x == 2
XPASS: gcc.dg/guality/pr54970.c   -O0  line 15 a[0] == 1
XPASS: gcc.dg/guality/pr54970.c   -O0  line 20 a[0] == 1
XPASS: gcc.dg/guality/pr54970.c   -O0  line 25 a[0] == 1
XPASS: gcc.dg/guality/pr54970.c   -O0  line 31 a[0] == 4
XPASS: gcc.dg/guality/pr54970.c   -O0  line 36 a[0] == 4
XPASS: gcc.dg/guality/pr54970.c   -O0  line 45 a[0] == 4
XPASS: gcc.dg/guality/pr54970.c   -O0  line 45 p[-2] == 4
XPASS: gcc.dg/guality/pr54970.c   -O0  line 45 q[-1] == 4
XPASS: gcc.dg/guality/pr54970.c  -Og -DPREVENT_OPTIMIZATION  line 15 a[0] == 1
XPASS: gcc.dg/guality/pr54970.c  -Og -DPREVENT_OPTIMIZATION  line 20 a[0] == 1
XPASS: gcc.dg/guality/pr54970.c  -Og -DPREVENT_OPTIMIZATION  line 25 a[0] == 1
XPASS: gcc.dg/guality/pr54970.c  -Og -DPREVENT_OPTIMIZATION  line 31 a[0] == 4
XPASS: gcc.dg/guality/pr54970.c  -Og -DPREVENT_OPTIMIZATION  line 36 a[0] == 4
XPASS: gcc.dg/guality/pr54970.c  -Og -DPREVENT_OPTIMIZATION  line 45 a[0] == 4
XPASS: gcc.dg/guality/pr54970.c  -Og -DPREVENT_OPTIMIZATION  line 45 p[-2] == 4
XPASS: gcc.dg/guality/pr54970.c  -Og -DPREVENT_OPTIMIZATION  line 45 q[-1] == 4
FAIL: gcc.dg/guality/pr56154-1.c  -Og -DPREVENT_OPTIMIZATION  line pr56154-1.c:20 x.a == 6
XPASS: gcc.dg/guality/pr59776.c   -O0  line pr59776.c:17 s2.g == 6.0
XPASS: gcc.dg/guality/pr59776.c   -O0  line pr59776.c:20 s2.g == 6.0
FAIL: gcc.dg/guality/pr59776.c  -Og -DPREVENT_OPTIMIZATION  line pr59776.c:17 s1.f == 5.0
FAIL: gcc.dg/guality/pr59776.c  -Og -DPREVENT_OPTIMIZATION  line pr59776.c:17 s1.g == 6.0
FAIL: gcc.dg/guality/pr59776.c  -Og -DPREVENT_OPTIMIZATION  line pr59776.c:17 s2.f == 0.0
FAIL: gcc.dg/guality/pr59776.c  -Og -DPREVENT_OPTIMIZATION  line pr59776.c:20 s1.f == 5.0
FAIL: gcc.dg/guality/pr59776.c  -Og -DPREVENT_OPTIMIZATION  line pr59776.c:20 s1.g == 6.0
FAIL: gcc.dg/guality/pr59776.c  -Og -DPREVENT_OPTIMIZATION  line pr59776.c:20 s2.f == 5.0
FAIL: gcc.dg/guality/pr90074.c   -O2 -flto -fuse-linker-plugin -fno-fat-lto-objects  -DPREVENT_OPTIMIZATION line 28 c + 1 == 2
FAIL: gcc.dg/guality/pr90074.c   -O2 -flto -fuse-linker-plugin -fno-fat-lto-objects  -DPREVENT_OPTIMIZATION line 28 i + 1 == 8
FAIL: gcc.dg/guality/pr90716.c   -O2 -flto -fuse-linker-plugin -fno-fat-lto-objects  -DPREVENT_OPTIMIZATION line 23 j + 1 == 9
FAIL: gcc.dg/guality/sra-1.c   -O2 -flto -fuse-linker-plugin -fno-fat-lto-objects  -DPREVENT_OPTIMIZATION line 21 a.i == 4
FAIL: gcc.dg/guality/sra-1.c   -O2 -flto -fuse-linker-plugin -fno-fat-lto-objects  -DPREVENT_OPTIMIZATION line 21 a.j == 14
FAIL: gcc.dg/guality/sra-1.c   -O2 -flto -fuse-linker-plugin -fno-fat-lto-objects  -DPREVENT_OPTIMIZATION line 32 a[0] == 4
FAIL: gcc.dg/guality/sra-1.c   -O2 -flto -fuse-linker-plugin -fno-fat-lto-objects  -DPREVENT_OPTIMIZATION line 32 a[1] == 14
FAIL: gcc.dg/guality/sra-1.c   -O2 -flto -fuse-linker-plugin -fno-fat-lto-objects  -DPREVENT_OPTIMIZATION line 43 a.i == 4
FAIL: gcc.dg/guality/sra-1.c   -O2 -flto -fuse-linker-plugin -fno-fat-lto-objects  -DPREVENT_OPTIMIZATION line 43 a.j == 14
FAIL: gcc.dg/guality/sra-1.c  -Og -DPREVENT_OPTIMIZATION  line 21 a.i == 4
FAIL: gcc.dg/guality/sra-1.c  -Og -DPREVENT_OPTIMIZATION  line 21 a.j == 14
FAIL: gcc.dg/guality/sra-1.c  -Og -DPREVENT_OPTIMIZATION  line 32 a[0] == 4
FAIL: gcc.dg/guality/sra-1.c  -Og -DPREVENT_OPTIMIZATION  line 32 a[1] == 14
FAIL: gcc.dg/guality/sra-1.c  -Og -DPREVENT_OPTIMIZATION  line 43 a.i == 4
FAIL: gcc.dg/guality/sra-1.c  -Og -DPREVENT_OPTIMIZATION  line 43 a.j == 14
FAIL: gcc.dg/guality/vla-1.c   -O2 -flto -fuse-linker-plugin -fno-fat-lto-objects  -DPREVENT_OPTIMIZATION line 24 i == 5
FAIL: gcc.dg/guality/vla-1.c   -O2 -flto -fuse-linker-plugin -fno-fat-lto-objects  -DPREVENT_OPTIMIZATION line 24 sizeof (a) == 17 * sizeof (short)
FAIL: gcc.dg/tree-ssa/pr64910-2.c scan-assembler-times and|test 20
FAIL: gcc.dg/tree-ssa/scev-3.c scan-tree-dump-times ivopts "&a" 1
FAIL: gcc.dg/tree-ssa/scev-4.c scan-tree-dump-times ivopts "&a" 1
FAIL: gcc.dg/tree-ssa/scev-5.c scan-tree-dump-times ivopts "&a" 1
FAIL: gcc.dg/vect/bb-slp-cond-1.c -flto -ffat-lto-objects  scan-tree-dump-times vect "loop vectorized" 1
FAIL: gcc.dg/vect/bb-slp-cond-1.c scan-tree-dump-times vect "loop vectorized" 1
FAIL: gcc.dg/vect/bb-slp-pr78205.c -flto -ffat-lto-objects  scan-tree-dump-times slp2 "optimized: basic block" 3
FAIL: gcc.dg/vect/bb-slp-pr78205.c scan-tree-dump-times slp2 "optimized: basic block" 3
FAIL: gcc.dg/vect/bb-slp-subgroups-3.c -flto -ffat-lto-objects  scan-tree-dump-times slp2 "optimized: basic block" 2
FAIL: gcc.dg/vect/bb-slp-subgroups-3.c scan-tree-dump-times slp2 "optimized: basic block" 2
FAIL: gcc.dg/vect/fast-math-vect-call-2.c scan-tree-dump-times vect "vectorizing stmts using SLP" 4
FAIL: gcc.dg/vect/no-section-anchors-vect-31.c scan-tree-dump-times vect "Alignment of access forced using peeling" 2
FAIL: gcc.dg/vect/no-section-anchors-vect-31.c scan-tree-dump-times vect "Vectorizing an unaligned access" 0
FAIL: gcc.dg/vect/no-section-anchors-vect-64.c scan-tree-dump-times vect "Alignment of access forced using peeling" 2
FAIL: gcc.dg/vect/no-section-anchors-vect-64.c scan-tree-dump-times vect "Vectorizing an unaligned access" 0
FAIL: gcc.dg/vect/pr25413a.c -flto -ffat-lto-objects  scan-tree-dump-times vect "vectorized 1 loops" 1
FAIL: gcc.dg/vect/pr25413a.c scan-tree-dump-times vect "vectorized 1 loops" 1
FAIL: gcc.dg/vect/slp-11b.c -flto -ffat-lto-objects  scan-tree-dump-times vect "vectorizing stmts using SLP" 0
FAIL: gcc.dg/vect/slp-11b.c scan-tree-dump-times vect "vectorizing stmts using SLP" 0
FAIL: gcc.dg/vect/slp-21.c -flto -ffat-lto-objects  scan-tree-dump-times vect "vectorizing stmts using SLP" 2
FAIL: gcc.dg/vect/slp-21.c scan-tree-dump-times vect "vectorizing stmts using SLP" 2
FAIL: gcc.dg/vect/slp-3-big-array.c -flto -ffat-lto-objects  scan-tree-dump-times vect "vectorizing stmts using SLP" 4
FAIL: gcc.dg/vect/slp-3-big-array.c scan-tree-dump-times vect "vectorizing stmts using SLP" 4
FAIL: gcc.dg/vect/slp-cond-5.c -flto -ffat-lto-objects  scan-tree-dump-times vect "vectorizing stmts using SLP" 1
FAIL: gcc.dg/vect/slp-cond-5.c scan-tree-dump-times vect "vectorizing stmts using SLP" 1
FAIL: gcc.dg/vect/slp-multitypes-11-big-array.c -flto -ffat-lto-objects  scan-tree-dump-times vect "vectorizing stmts using SLP" 1
FAIL: gcc.dg/vect/slp-multitypes-11-big-array.c scan-tree-dump-times vect "vectorizing stmts using SLP" 1
FAIL: gcc.dg/vect/slp-perm-9.c -flto -ffat-lto-objects  scan-tree-dump-not vect "permutation requires at least three vectors"
FAIL: gcc.dg/vect/slp-perm-9.c scan-tree-dump-not vect "permutation requires at least three vectors"
FAIL: gcc.dg/vect/slp-reduc-1.c -flto -ffat-lto-objects  scan-tree-dump-times vect "vectorizing stmts using SLP" 1
FAIL: gcc.dg/vect/slp-reduc-1.c scan-tree-dump-times vect "vectorizing stmts using SLP" 1
XPASS: gcc.dg/vect/vect-71.c -flto -ffat-lto-objects  scan-tree-dump-times vect "vectorized 1 loops" 1
XPASS: gcc.dg/vect/vect-71.c scan-tree-dump-times vect "vectorized 1 loops" 1
FAIL: gcc.dg/vect/vect-92.c -flto -ffat-lto-objects  scan-tree-dump-times vect "Alignment of access forced using peeling" 3
FAIL: gcc.dg/vect/vect-92.c -flto -ffat-lto-objects  scan-tree-dump-times vect "Vectorizing an unaligned access" 0
FAIL: gcc.dg/vect/vect-92.c scan-tree-dump-times vect "Alignment of access forced using peeling" 3
FAIL: gcc.dg/vect/vect-92.c scan-tree-dump-times vect "Vectorizing an unaligned access" 0
FAIL: gcc.dg/vect/vect-bool-cmp.c -flto -ffat-lto-objects  scan-tree-dump-times vect "VECTORIZED" 18
FAIL: gcc.dg/vect/vect-bool-cmp.c scan-tree-dump-times vect "VECTORIZED" 18
FAIL: gcc.dg/vect/vect-cselim-1.c -flto -ffat-lto-objects  scan-tree-dump-times vect "vectorized 1 loops" 1
FAIL: gcc.dg/vect/vect-cselim-1.c scan-tree-dump-times vect "vectorized 1 loops" 1
FAIL: gcc.dg/vect/vect-nb-iter-ub-3.c -flto -ffat-lto-objects  scan-tree-dump-not cunroll "loop turned into non-loop; it never loops"
FAIL: gcc.dg/vect/vect-nb-iter-ub-3.c scan-tree-dump-not cunroll "loop turned into non-loop; it never loops"
XPASS: gcc.dg/vect/vect-reduc-in-order-1.c -flto -ffat-lto-objects execution test
XPASS: gcc.dg/vect/vect-reduc-in-order-1.c execution test
XPASS: gcc.dg/vect/vect-reduc-in-order-2.c -flto -ffat-lto-objects execution test
XPASS: gcc.dg/vect/vect-reduc-in-order-2.c execution test
XPASS: gcc.dg/vect/vect-reduc-in-order-3.c -flto -ffat-lto-objects execution test
XPASS: gcc.dg/vect/vect-reduc-in-order-3.c execution test
XPASS: gcc.dg/vect/vect-reduc-in-order-4.c -flto -ffat-lto-objects execution test
XPASS: gcc.dg/vect/vect-reduc-in-order-4.c execution test
FAIL: outputs lto st mult dumpdir empty dumpbase named: dir/outputs-1.ltrans0.ltrans_args
FAIL: outputs lto st mult dumpdir named: dir/outputs-ltrans0.ltrans_args
FAIL: outputs lto st mult empty dumpbase namedb: dir/outputs.ltrans0.ltrans_args
FAIL: outputs lto st mult empty dumpbase unnamed: a.ltrans0.ltrans_args
FAIL: outputs lto st mult namedb: dir/outputs.ltrans0.ltrans_args
FAIL: outputs lto st mult unnamed: a.ltrans0.ltrans_args
FAIL: outputs lto st sing dumpdir empty dumpbase named: dir/outputs-0.ltrans0.ltrans_args
FAIL: outputs lto st sing dumpdir named: dir/outputs-ltrans0.ltrans_args
FAIL: outputs lto st sing empty dumpbase namedb: dir/outputs.ltrans0.ltrans_args
FAIL: outputs lto st sing empty dumpbase unnamed: a.ltrans0.ltrans_args
FAIL: outputs lto st sing namedb: dir/outputs.ltrans0.ltrans_args
FAIL: outputs lto st sing unnamed: a.ltrans0.ltrans_args
FAIL: gcc.target/i386/avx-loadu2-m128-1.c scan-assembler \\tvinsertf128\\t
FAIL: gcc.target/i386/avx-loadu2-m128d-1.c scan-assembler \\tvinsertf128\\t
FAIL: gcc.target/i386/avx-loadu2-m128i-1.c scan-assembler \\tvinsert[fi]128\\t
FAIL: gcc.target/i386/avx-storeu2-m128d-1.c scan-assembler \\tvextractf128\\t
FAIL: gcc.target/i386/avx2-vbroadcastss_ps256-1.c scan-assembler vbroadcastss[ \\\\t]+[^\\n]*%xmm[0-9]
FAIL: gcc.target/i386/avx2-vextracti128-1.c scan-assembler vextracti128[ \\\\t]+[^\\n]*%ymm[0-9]
FAIL: gcc.target/i386/avx2-vinserti128-1.c scan-assembler vinserti128[ \\\\t]+[^\\n]
FAIL: gcc.target/i386/avx2-vpcmpeqb-1.c scan-assembler vpcmpeqb[ \\\\t]+[^\\n]*%ymm[0-9]
FAIL: gcc.target/i386/avx2-vpcmpeqd-1.c scan-assembler vpcmpeqd[ \\\\t]+[^\\n]*%ymm[0-9]
FAIL: gcc.target/i386/avx2-vpcmpeqq-1.c scan-assembler vpcmpeqq[ \\\\t]+[^\\n]*%ymm[0-9]
FAIL: gcc.target/i386/avx2-vpcmpeqw-1.c scan-assembler vpcmpeqw[ \\\\t]+[^\\n]*%ymm[0-9]
FAIL: gcc.target/i386/avx2-vpcmpgtb-1.c scan-assembler vpcmpgtb[ \\\\t]+[^\\n]*%ymm[0-9]
FAIL: gcc.target/i386/avx2-vpcmpgtd-1.c scan-assembler vpcmpgtd[ \\\\t]+[^\\n]*%ymm[0-9]
FAIL: gcc.target/i386/avx2-vpcmpgtq-1.c scan-assembler vpcmpgtq[ \\\\t]+[^\\n]*%ymm[0-9]
FAIL: gcc.target/i386/avx2-vpcmpgtw-1.c scan-assembler vpcmpgtw[ \\\\t]+[^\\n]*%ymm[0-9]
FAIL: gcc.target/i386/avx256-unaligned-load-3.c scan-assembler (sse2_loadupd|vmovupd[^\\n\\r]*movv2df_internal)
FAIL: gcc.target/i386/avx256-unaligned-load-3.c scan-assembler vinsertf128
FAIL: gcc.target/i386/avx256-unaligned-load-4.c scan-assembler-not (sse_loadups|vmovups[^\\n\\r]*movv4sf_internal)
FAIL: gcc.target/i386/avx256-unaligned-store-3.c scan-assembler vextractf128
FAIL: gcc.target/i386/avx256-unaligned-store-3.c scan-assembler vmovupd.*movv2df_internal/3
FAIL: gcc.target/i386/avx512er-vrcp28ps-4.c scan-assembler-times vrcp28ps[^\\n\\r]*zmm[0-9]+(?:\\n|[ \\\\t]+#) 1
FAIL: gcc.target/i386/avx512er-vrsqrt28ps-4.c scan-assembler-times vrsqrt28ps[^\\n\\r]*zmm[0-9]+(?:\\n|[ \\\\t]+#) 1
FAIL: gcc.target/i386/avx512er-vrsqrt28ps-6.c scan-assembler-times vrcp28ps[^\\n\\r]*zmm[0-9]+(?:\\n|[ \\\\t]+#) 1
FAIL: gcc.target/i386/avx512er-vrsqrt28ps-6.c scan-assembler-times vrsqrt28ps[^\\n\\r]*zmm[0-9]+(?:\\n|[ \\\\t]+#) 1
FAIL: gcc.target/i386/avx512f-ceil-sfix-vec-2.c scan-assembler-times vcvttpd2dq[^\\n]*zmm[0-9].{7}(?:\\n|[ \\\\t]+#) 2
FAIL: gcc.target/i386/avx512f-ceil-sfix-vec-2.c scan-assembler-times vrndscalepd[^\\n]*zmm[0-9](?:\\n|[ \\\\t]+#) 2
FAIL: gcc.target/i386/avx512f-ceil-vec-2.c scan-assembler-times vrndscalepd[^\\n]+zmm[0-9](?:\\n|[ \\\\t]+#) 1
FAIL: gcc.target/i386/avx512f-ceilf-sfix-vec-2.c scan-assembler-times vcvttps2dq[^\\n]+zmm[0-9].{7}(?:\\n|[ \\\\t]+#) 1
FAIL: gcc.target/i386/avx512f-ceilf-sfix-vec-2.c scan-assembler-times vrndscaleps[^\\n]+zmm[0-9](?:\\n|[ \\\\t]+#) 1
FAIL: gcc.target/i386/avx512f-ceilf-vec-2.c scan-assembler-times vrndscaleps[^\\n]+zmm[0-9](?:\\n|[ \\\\t]+#) 1
FAIL: gcc.target/i386/avx512f-floor-sfix-vec-2.c scan-assembler-times vcvttpd2dq[^\\n]*zmm[0-9].{7}(?:\\n|[ \\\\t]+#) 2
FAIL: gcc.target/i386/avx512f-floor-sfix-vec-2.c scan-assembler-times vrndscalepd[^\\n]*zmm[0-9](?:\\n|[ \\\\t]+#) 2
FAIL: gcc.target/i386/avx512f-floor-vec-2.c scan-assembler-times vrndscalepd[^\\n]+zmm[0-9](?:\\n|[ \\\\t]+#) 1
FAIL: gcc.target/i386/avx512f-floorf-sfix-vec-2.c scan-assembler-times vcvttps2dq[^\\n]+zmm[0-9].{7}(?:\\n|[ \\\\t]+#) 1
FAIL: gcc.target/i386/avx512f-floorf-sfix-vec-2.c scan-assembler-times vrndscaleps[^\\n]+zmm[0-9](?:\\n|[ \\\\t]+#) 1
FAIL: gcc.target/i386/avx512f-floorf-vec-2.c scan-assembler-times vrndscaleps[^\\n]+zmm[0-9](?:\\n|[ \\\\t]+#) 1
FAIL: gcc.target/i386/avx512f-rint-sfix-vec-2.c scan-assembler-times vcvtpd2dq[^\\n]+ymm[0-9](?:\\n|[ \\\\t]+#) 2
FAIL: gcc.target/i386/avx512f-rint-sfix-vec-2.c scan-assembler-times vinserti64x4[^\\n]+zmm[0-9](?:\\n|[ \\\\t]+#) 1
FAIL: gcc.target/i386/avx512f-rintf-sfix-vec-2.c scan-assembler-times vcvtps2dq[^\\n]+zmm[0-9](?:\\n|[ \\\\t]+#) 1
FAIL: gcc.target/i386/avx512f-round-sfix-vec-2.c scan-assembler-times vcvttpd2dq[^\\n]+zmm[0-9].{7}(?:\\n|[ \\\\t]+#) 2
FAIL: gcc.target/i386/avx512f-round-sfix-vec-2.c scan-assembler-times vrndscalepd[^\\n]+zmm[0-9](?:\\n|[ \\\\t]+#) 2
FAIL: gcc.target/i386/avx512f-roundf-sfix-vec-2.c scan-assembler-times vcvttps2dq[^\\n]+zmm[0-9].{7}(?:\\n|[ \\\\t]+#) 1
FAIL: gcc.target/i386/avx512f-roundf-sfix-vec-2.c scan-assembler-times vrndscaleps[^\\n]+zmm[0-9](?:\\n|[ \\\\t]+#) 1
FAIL: gcc.target/i386/avx512f-trunc-vec-2.c scan-assembler-times vrndscalepd[^\\n]+zmm[0-9](?:\\n|[ \\\\t]+#) 1
FAIL: gcc.target/i386/avx512f-truncf-vec-2.c scan-assembler-times vrndscaleps[^\\n]+zmm[0-9](?:\\n|[ \\\\t]+#) 1
FAIL: gcc.target/i386/avx512f-vec-init.c scan-assembler-times vpbroadcastb[ \\\\t]+[^{\\n]*%ymm[0-9]+(?:\\n|[ \\\\t]+#) 2
FAIL: gcc.target/i386/avx512f-vec-init.c scan-assembler-times vpbroadcastw[ \\\\t]+[^{\\n]*%ymm[0-9]+(?:\\n|[ \\\\t]+#) 2
FAIL: gcc.target/i386/avx512f_cond_move.c scan-assembler-times (?:vpblendmd|vmovdqa32)[ \\\\t]+[^{\\n]*%zmm[0-9]+{%k[1-7]}{z}(?:\\n|[ \\\\t]+#) 8
FAIL: gcc.target/i386/fma4-builtin-2.c scan-assembler-times vfmaddpd 1
FAIL: gcc.target/i386/fma4-builtin-2.c scan-assembler-times vfmaddps 1
FAIL: gcc.target/i386/fma4-builtin-2.c scan-assembler-times vfmsubpd 1
FAIL: gcc.target/i386/fma4-builtin-2.c scan-assembler-times vfmsubps 1
FAIL: gcc.target/i386/fma4-builtin-2.c scan-assembler-times vfnmaddpd 1
FAIL: gcc.target/i386/fma4-builtin-2.c scan-assembler-times vfnmaddps 1
FAIL: gcc.target/i386/fma4-builtin-2.c scan-assembler-times vfnmsubpd 1
FAIL: gcc.target/i386/fma4-builtin-2.c scan-assembler-times vfnmsubps 1
FAIL: gcc.target/i386/mask-pack.c scan-tree-dump-times vect "vectorized 1 loops" 10
FAIL: gcc.target/i386/mask-unpack.c scan-tree-dump-times vect "vectorized 1 loops" 10
FAIL: gcc.target/i386/pr42542-5a.c scan-assembler pcmpgtq
FAIL: gcc.target/i386/pr49168-1.c scan-assembler movups[\\t ]*%xmm[0-9]+,[^,]*
FAIL: gcc.target/i386/pr57233.c scan-assembler vpslld[^\\n\\r]*2
FAIL: gcc.target/i386/pr57233.c scan-assembler vpsrld[^\\n\\r]*30
FAIL: gcc.target/i386/pr59390.c scan-assembler-not vfmadd
FAIL: gcc.target/i386/pr70322-3.c scan-assembler pxor
FAIL: gcc.target/i386/pr70325.c  (test for warnings, line 11)
FAIL: gcc.target/i386/pr70325.c (test for excess errors)
FAIL: gcc.target/i386/pr78102.c scan-assembler-times pcmpeqq 3
FAIL: gcc.target/i386/pr78904-4.c scan-assembler [ \\t]movb[\\t ]+%.h, t
FAIL: gcc.target/i386/pr80846-1.c scan-assembler-times vextracti 2
FAIL: gcc.target/i386/pr85950.c scan-assembler-times roundsd 2
FAIL: gcc.target/i386/pr91704.c scan-assembler-times \\tvpcmpgtb\\t%ymm 1
FAIL: gcc.target/i386/pr91897.c scan-assembler-times movapd 8
FAIL: gcc.target/i386/pr92645.c scan-tree-dump-times optimized "vec_unpack_" 4
FAIL: gcc.target/i386/pr92658-avx512bw.c scan-assembler-times pmovzxbd 2
FAIL: gcc.target/i386/pr92658-avx512bw.c scan-assembler-times pmovzxbq 2
FAIL: gcc.target/i386/pr92658-avx512bw.c scan-assembler-times pmovzxbw 2
FAIL: gcc.target/i386/pr92658-avx512bw.c scan-assembler-times pmovzxdq 2
FAIL: gcc.target/i386/pr92658-avx512bw.c scan-assembler-times pmovzxwd 2
FAIL: gcc.target/i386/pr92658-avx512bw.c scan-assembler-times pmovzxwq 2
FAIL: gcc.target/i386/pr97873-1.c scan-assembler pabsq
FAIL: gcc.target/i386/recip-vec-divf-avx.c scan-assembler vrcpps[ \\\\t]+[^\\n]*%ymm
FAIL: gcc.target/i386/recip-vec-sqrtf-avx.c scan-assembler-times vrsqrtps[ \\\\t]+[^\\n]*%ymm 3
XPASS: gcc.target/i386/sse2-shiftqihi-constant-1.c scan-assembler-times pand[^\\n]*%xmm 3
XPASS: gcc.target/i386/sse2-shiftqihi-constant-1.c scan-assembler-times psllw[^\\n]*%xmm 1
FAIL: gcc.target/i386/sse4_1-round-roundeven-1.c scan-assembler-times roundsd[^\\n\\r]*xmm 1
FAIL: gcc.target/i386/sse4_1-round-roundeven-1.c scan-assembler-times roundss[^\\n\\r]*xmm 1
FAIL: gcc.target/i386/vect-pack-trunc-1.c scan-assembler-times vpmovwb[ \\\\t]+[^\\n]*%zmm 2
FAIL: gcc.target/i386/vect-pack-trunc-2.c scan-assembler-times vperm[it]2w[ \\\\t]+[^\\n]*%zmm 1
FAIL: gcc.target/i386/vect-perm-even-1.c scan-assembler-times vpmovwb[ \\\\t]+[^\\n]*%zmm 2
FAIL: gcc.target/i386/vect-perm-odd-1.c scan-assembler-times vpmovwb[ \\\\t]+[^\\n]*%zmm 4
FAIL: gcc.target/i386/vect-rebuild.c scan-assembler-times \\tv?extractf128[ \\t] 1
FAIL: gcc.target/i386/vect-unpack-1.c scan-assembler-times vpmovzxbw[ \\\\t]+[^\\n]*%zmm 2
FAIL: gcc.target/i386/vect-unpack-2.c scan-assembler-times vpmovsxbw[ \\\\t]+[^\\n]*%zmm 2
FAIL: gcc.target/i386/vectorize4-avx.c scan-assembler vsqrtpd[ \\\\t]+[^\\n]*%ymm
FAIL: gcc.target/i386/vectorize7.c scan-assembler cvtdq2ps
FAIL: gcc.target/i386/xchg-2.c scan-assembler xchgb
FAIL: gcc.target/i386/zero-scratch-regs-26.c scan-assembler pxor[ \\t]+%xmm0, %xmm0

		=== gcc Summary for unix/-m32 ===

# of expected passes		159672
# of unexpected failures	210
# of unexpected successes	52
# of expected failures		916
# of unsupported tests		3025

Running target unix/-mx32
XPASS: gcc.dg/analyzer/pr94851-1.c bogus leak (test for bogus messages, line 43)
FAIL: gcc.dg/atomic/pr65345-4.c   -O2 -flto -fno-use-linker-plugin -flto-partition=none  (internal compiler error)
FAIL: gcc.dg/atomic/pr65345-4.c   -O2 -flto -fno-use-linker-plugin -flto-partition=none  (test for excess errors)
FAIL: gcc.dg/atomic/pr65345-4.c   -O2 -flto -fuse-linker-plugin -fno-fat-lto-objects  (internal compiler error)
FAIL: gcc.dg/atomic/pr65345-4.c   -O2 -flto -fuse-linker-plugin -fno-fat-lto-objects  (test for excess errors)
XPASS: gcc.dg/Walloca-2.c  (test for bogus messages, line 16)
FAIL: gcc.dg/Wstringop-overflow-47.c  (test for warnings, line 32)
FAIL: gcc.dg/Wstringop-overflow-47.c  (test for warnings, line 37)
FAIL: gcc.dg/Wstringop-overflow-47.c note (test for warnings, line 29)
XPASS: gcc.dg/pr78973.c pr79073 (test for warnings, line 12)
FAIL: gcc.dg/store_merging_5.c scan-tree-dump-times store-merging "MEM <unsigned int> \\\\[.*\\\\]" 1
XPASS: gcc.dg/guality/example.c   -O0  execution test
XPASS: gcc.dg/guality/guality.c   -O0  execution test
XPASS: gcc.dg/guality/guality.c   -O1  -DPREVENT_OPTIMIZATION  execution test
XPASS: gcc.dg/guality/guality.c   -O2  -DPREVENT_OPTIMIZATION  execution test
XPASS: gcc.dg/guality/guality.c   -O2 -flto -fno-use-linker-plugin -flto-partition=none  -DPREVENT_OPTIMIZATION execution test
XPASS: gcc.dg/guality/guality.c   -O2 -flto -fuse-linker-plugin -fno-fat-lto-objects  -DPREVENT_OPTIMIZATION execution test
XPASS: gcc.dg/guality/guality.c   -O3 -g  -DPREVENT_OPTIMIZATION  execution test
XPASS: gcc.dg/guality/guality.c   -Os  -DPREVENT_OPTIMIZATION  execution test
XPASS: gcc.dg/guality/guality.c  -Og -DPREVENT_OPTIMIZATION  execution test
XPASS: gcc.dg/guality/inline-params.c   -O2  -DPREVENT_OPTIMIZATION  execution test
XPASS: gcc.dg/guality/inline-params.c   -O2 -flto -fno-use-linker-plugin -flto-partition=none  -DPREVENT_OPTIMIZATION execution test
XPASS: gcc.dg/guality/inline-params.c   -O2 -flto -fuse-linker-plugin -fno-fat-lto-objects  -DPREVENT_OPTIMIZATION execution test
XPASS: gcc.dg/guality/inline-params.c   -O3 -g  -DPREVENT_OPTIMIZATION  execution test
XPASS: gcc.dg/guality/inline-params.c   -Os  -DPREVENT_OPTIMIZATION  execution test
FAIL: gcc.dg/guality/loop-1.c   -O3 -fomit-frame-pointer -funroll-loops -fpeel-loops -ftracer -finline-functions  -DPREVENT_OPTIMIZATION  line 20 i == 1
FAIL: gcc.dg/guality/pr36728-2.c   -O2 -flto -fuse-linker-plugin -fno-fat-lto-objects  -DPREVENT_OPTIMIZATION line 16 arg1 == 1
FAIL: gcc.dg/guality/pr36728-2.c   -O2 -flto -fuse-linker-plugin -fno-fat-lto-objects  -DPREVENT_OPTIMIZATION line 16 arg2 == 2
FAIL: gcc.dg/guality/pr36728-2.c   -O2 -flto -fuse-linker-plugin -fno-fat-lto-objects  -DPREVENT_OPTIMIZATION line 16 arg3 == 3
FAIL: gcc.dg/guality/pr36728-2.c   -O2 -flto -fuse-linker-plugin -fno-fat-lto-objects  -DPREVENT_OPTIMIZATION line 16 arg4 == 4
FAIL: gcc.dg/guality/pr36728-2.c   -O2 -flto -fuse-linker-plugin -fno-fat-lto-objects  -DPREVENT_OPTIMIZATION line 16 arg5 == 5
FAIL: gcc.dg/guality/pr36728-2.c   -O2 -flto -fuse-linker-plugin -fno-fat-lto-objects  -DPREVENT_OPTIMIZATION line 16 arg6 == 6
FAIL: gcc.dg/guality/pr36728-2.c   -O2 -flto -fuse-linker-plugin -fno-fat-lto-objects  -DPREVENT_OPTIMIZATION line 16 arg7 == 30
FAIL: gcc.dg/guality/pr36728-2.c   -O2 -flto -fuse-linker-plugin -fno-fat-lto-objects  -DPREVENT_OPTIMIZATION line 18 arg1 == 1
FAIL: gcc.dg/guality/pr36728-2.c   -O2 -flto -fuse-linker-plugin -fno-fat-lto-objects  -DPREVENT_OPTIMIZATION line 18 arg2 == 2
FAIL: gcc.dg/guality/pr36728-2.c   -O2 -flto -fuse-linker-plugin -fno-fat-lto-objects  -DPREVENT_OPTIMIZATION line 18 arg3 == 3
FAIL: gcc.dg/guality/pr36728-2.c   -O2 -flto -fuse-linker-plugin -fno-fat-lto-objects  -DPREVENT_OPTIMIZATION line 18 arg4 == 4
FAIL: gcc.dg/guality/pr36728-2.c   -O2 -flto -fuse-linker-plugin -fno-fat-lto-objects  -DPREVENT_OPTIMIZATION line 18 arg5 == 5
FAIL: gcc.dg/guality/pr36728-2.c   -O2 -flto -fuse-linker-plugin -fno-fat-lto-objects  -DPREVENT_OPTIMIZATION line 18 arg6 == 6
FAIL: gcc.dg/guality/pr36728-2.c   -O2 -flto -fuse-linker-plugin -fno-fat-lto-objects  -DPREVENT_OPTIMIZATION line 18 arg7 == 30
FAIL: gcc.dg/guality/pr36728-2.c   -O3 -g  -DPREVENT_OPTIMIZATION  line 16 arg1 == 1
FAIL: gcc.dg/guality/pr36728-2.c   -O3 -g  -DPREVENT_OPTIMIZATION  line 16 arg2 == 2
FAIL: gcc.dg/guality/pr36728-2.c   -O3 -g  -DPREVENT_OPTIMIZATION  line 16 arg3 == 3
FAIL: gcc.dg/guality/pr36728-2.c   -O3 -g  -DPREVENT_OPTIMIZATION  line 16 arg4 == 4
FAIL: gcc.dg/guality/pr36728-2.c   -O3 -g  -DPREVENT_OPTIMIZATION  line 16 arg5 == 5
FAIL: gcc.dg/guality/pr36728-2.c   -O3 -g  -DPREVENT_OPTIMIZATION  line 16 arg6 == 6
FAIL: gcc.dg/guality/pr36728-2.c   -O3 -g  -DPREVENT_OPTIMIZATION  line 16 arg7 == 30
FAIL: gcc.dg/guality/pr36728-2.c   -O3 -g  -DPREVENT_OPTIMIZATION  line 18 arg1 == 1
FAIL: gcc.dg/guality/pr36728-2.c   -O3 -g  -DPREVENT_OPTIMIZATION  line 18 arg2 == 2
FAIL: gcc.dg/guality/pr36728-2.c   -O3 -g  -DPREVENT_OPTIMIZATION  line 18 arg3 == 3
FAIL: gcc.dg/guality/pr36728-2.c   -O3 -g  -DPREVENT_OPTIMIZATION  line 18 arg4 == 4
FAIL: gcc.dg/guality/pr36728-2.c   -O3 -g  -DPREVENT_OPTIMIZATION  line 18 arg5 == 5
FAIL: gcc.dg/guality/pr36728-2.c   -O3 -g  -DPREVENT_OPTIMIZATION  line 18 arg6 == 6
FAIL: gcc.dg/guality/pr36728-2.c   -O3 -g  -DPREVENT_OPTIMIZATION  line 18 arg7 == 30
FAIL: gcc.dg/guality/pr36728-4.c   -O2 -flto -fuse-linker-plugin -fno-fat-lto-objects  -DPREVENT_OPTIMIZATION line 14 y == 2
FAIL: gcc.dg/guality/pr36728-4.c   -O2 -flto -fuse-linker-plugin -fno-fat-lto-objects  -DPREVENT_OPTIMIZATION line 16 y == 2
FAIL: gcc.dg/guality/pr36728-4.c   -O3 -g  -DPREVENT_OPTIMIZATION  line 14 y == 2
FAIL: gcc.dg/guality/pr36728-4.c   -O3 -g  -DPREVENT_OPTIMIZATION  line 16 y == 2
XPASS: gcc.dg/guality/pr41353-1.c   -O0  line 28 j == 28 + 37
XPASS: gcc.dg/guality/pr41353-1.c  -Og -DPREVENT_OPTIMIZATION  line 28 j == 28 + 37
FAIL: gcc.dg/guality/pr41447-1.c   -O2  -DPREVENT_OPTIMIZATION  execution test
FAIL: gcc.dg/guality/pr41447-1.c   -O2 -flto -fno-use-linker-plugin -flto-partition=none  -DPREVENT_OPTIMIZATION execution test
FAIL: gcc.dg/guality/pr41447-1.c   -O3 -g  -DPREVENT_OPTIMIZATION  execution test
FAIL: gcc.dg/guality/pr41447-1.c   -Os  -DPREVENT_OPTIMIZATION  execution test
FAIL: gcc.dg/guality/pr41616-1.c   -O2  -DPREVENT_OPTIMIZATION  execution test
FAIL: gcc.dg/guality/pr41616-1.c   -O2 -flto -fno-use-linker-plugin -flto-partition=none  -DPREVENT_OPTIMIZATION execution test
FAIL: gcc.dg/guality/pr41616-1.c   -O3 -g  -DPREVENT_OPTIMIZATION  execution test
FAIL: gcc.dg/guality/pr43051-1.c   -O1  -DPREVENT_OPTIMIZATION  line 36 e == &a[1]
FAIL: gcc.dg/guality/pr43051-1.c   -O1  -DPREVENT_OPTIMIZATION  line 41 e == &a[1]
FAIL: gcc.dg/guality/pr43051-1.c   -O2  -DPREVENT_OPTIMIZATION  line 36 e == &a[1]
FAIL: gcc.dg/guality/pr43051-1.c   -O2  -DPREVENT_OPTIMIZATION  line 41 e == &a[1]
FAIL: gcc.dg/guality/pr43051-1.c   -O2 -flto -fno-use-linker-plugin -flto-partition=none  -DPREVENT_OPTIMIZATION line 36 e == &a[1]
FAIL: gcc.dg/guality/pr43051-1.c   -O2 -flto -fno-use-linker-plugin -flto-partition=none  -DPREVENT_OPTIMIZATION line 41 e == &a[1]
FAIL: gcc.dg/guality/pr43051-1.c   -O2 -flto -fuse-linker-plugin -fno-fat-lto-objects  -DPREVENT_OPTIMIZATION line 36 e == &a[1]
FAIL: gcc.dg/guality/pr43051-1.c   -O2 -flto -fuse-linker-plugin -fno-fat-lto-objects  -DPREVENT_OPTIMIZATION line 41 e == &a[1]
FAIL: gcc.dg/guality/pr43051-1.c   -O3 -fomit-frame-pointer -funroll-loops -fpeel-loops -ftracer -finline-functions  -DPREVENT_OPTIMIZATION  line 34 c == &a[0]
FAIL: gcc.dg/guality/pr43051-1.c   -O3 -fomit-frame-pointer -funroll-loops -fpeel-loops -ftracer -finline-functions  -DPREVENT_OPTIMIZATION  line 39 c == &a[0]
FAIL: gcc.dg/guality/pr43051-1.c   -Os  -DPREVENT_OPTIMIZATION  line 34 c == &a[0]
FAIL: gcc.dg/guality/pr43051-1.c   -Os  -DPREVENT_OPTIMIZATION  line 36 e == &a[1]
FAIL: gcc.dg/guality/pr43051-1.c   -Os  -DPREVENT_OPTIMIZATION  line 39 c == &a[0]
FAIL: gcc.dg/guality/pr43051-1.c   -Os  -DPREVENT_OPTIMIZATION  line 41 e == &a[1]
FAIL: gcc.dg/guality/pr43051-1.c  -Og -DPREVENT_OPTIMIZATION  line 36 e == &a[1]
FAIL: gcc.dg/guality/pr43051-1.c  -Og -DPREVENT_OPTIMIZATION  line 41 e == &a[1]
FAIL: gcc.dg/guality/pr54519-1.c   -O2 -flto -fno-use-linker-plugin -flto-partition=none  -DPREVENT_OPTIMIZATION line 20 y == 25
FAIL: gcc.dg/guality/pr54519-1.c   -O2 -flto -fno-use-linker-plugin -flto-partition=none  -DPREVENT_OPTIMIZATION line 20 z == 6
FAIL: gcc.dg/guality/pr54519-1.c   -O2 -flto -fno-use-linker-plugin -flto-partition=none  -DPREVENT_OPTIMIZATION line 23 y == 117
FAIL: gcc.dg/guality/pr54519-1.c   -O2 -flto -fno-use-linker-plugin -flto-partition=none  -DPREVENT_OPTIMIZATION line 23 z == 8
FAIL: gcc.dg/guality/pr54519-1.c   -O2 -flto -fuse-linker-plugin -fno-fat-lto-objects  -DPREVENT_OPTIMIZATION line 20 y == 25
FAIL: gcc.dg/guality/pr54519-1.c   -O2 -flto -fuse-linker-plugin -fno-fat-lto-objects  -DPREVENT_OPTIMIZATION line 20 z == 6
FAIL: gcc.dg/guality/pr54519-1.c   -O2 -flto -fuse-linker-plugin -fno-fat-lto-objects  -DPREVENT_OPTIMIZATION line 23 y == 117
FAIL: gcc.dg/guality/pr54519-1.c   -O2 -flto -fuse-linker-plugin -fno-fat-lto-objects  -DPREVENT_OPTIMIZATION line 23 z == 8
FAIL: gcc.dg/guality/pr54519-2.c   -O2 -flto -fno-use-linker-plugin -flto-partition=none  -DPREVENT_OPTIMIZATION line 17 y == 25
FAIL: gcc.dg/guality/pr54519-2.c   -O2 -flto -fuse-linker-plugin -fno-fat-lto-objects  -DPREVENT_OPTIMIZATION line 17 y == 25
FAIL: gcc.dg/guality/pr54519-3.c   -O2 -flto -fno-use-linker-plugin -flto-partition=none  -DPREVENT_OPTIMIZATION line 20 y == 25
FAIL: gcc.dg/guality/pr54519-3.c   -O2 -flto -fno-use-linker-plugin -flto-partition=none  -DPREVENT_OPTIMIZATION line 20 z == 6
FAIL: gcc.dg/guality/pr54519-3.c   -O2 -flto -fno-use-linker-plugin -flto-partition=none  -DPREVENT_OPTIMIZATION line 23 y == 117
FAIL: gcc.dg/guality/pr54519-3.c   -O2 -flto -fno-use-linker-plugin -flto-partition=none  -DPREVENT_OPTIMIZATION line 23 z == 8
FAIL: gcc.dg/guality/pr54519-3.c   -O2 -flto -fuse-linker-plugin -fno-fat-lto-objects  -DPREVENT_OPTIMIZATION line 20 y == 25
FAIL: gcc.dg/guality/pr54519-3.c   -O2 -flto -fuse-linker-plugin -fno-fat-lto-objects  -DPREVENT_OPTIMIZATION line 20 z == 6
FAIL: gcc.dg/guality/pr54519-3.c   -O2 -flto -fuse-linker-plugin -fno-fat-lto-objects  -DPREVENT_OPTIMIZATION line 23 y == 117
FAIL: gcc.dg/guality/pr54519-3.c   -O2 -flto -fuse-linker-plugin -fno-fat-lto-objects  -DPREVENT_OPTIMIZATION line 23 z == 8
FAIL: gcc.dg/guality/pr54519-4.c   -O2 -flto -fno-use-linker-plugin -flto-partition=none  -DPREVENT_OPTIMIZATION line 17 y == 25
FAIL: gcc.dg/guality/pr54519-4.c   -O2 -flto -fuse-linker-plugin -fno-fat-lto-objects  -DPREVENT_OPTIMIZATION line 17 y == 25
FAIL: gcc.dg/guality/pr54519-5.c   -O2 -flto -fno-use-linker-plugin -flto-partition=none  -DPREVENT_OPTIMIZATION line 17 y == 25
FAIL: gcc.dg/guality/pr54519-5.c   -O2 -flto -fuse-linker-plugin -fno-fat-lto-objects  -DPREVENT_OPTIMIZATION line 17 y == 25
FAIL: gcc.dg/guality/pr54519-6.c   -Os  -DPREVENT_OPTIMIZATION  line 11 x == 2
FAIL: gcc.dg/guality/pr54693-2.c   -O3 -fomit-frame-pointer -funroll-loops -fpeel-loops -ftracer -finline-functions  -DPREVENT_OPTIMIZATION  line 21 i == v + 1
XPASS: gcc.dg/guality/pr54970.c   -O0  line 15 a[0] == 1
XPASS: gcc.dg/guality/pr54970.c   -O0  line 20 a[0] == 1
XPASS: gcc.dg/guality/pr54970.c   -O0  line 25 a[0] == 1
XPASS: gcc.dg/guality/pr54970.c   -O0  line 31 a[0] == 4
XPASS: gcc.dg/guality/pr54970.c   -O0  line 36 a[0] == 4
XPASS: gcc.dg/guality/pr54970.c   -O0  line 45 a[0] == 4
XPASS: gcc.dg/guality/pr54970.c   -O0  line 45 p[-2] == 4
XPASS: gcc.dg/guality/pr54970.c   -O0  line 45 q[-1] == 4
XPASS: gcc.dg/guality/pr54970.c  -Og -DPREVENT_OPTIMIZATION  line 15 a[0] == 1
XPASS: gcc.dg/guality/pr54970.c  -Og -DPREVENT_OPTIMIZATION  line 20 a[0] == 1
XPASS: gcc.dg/guality/pr54970.c  -Og -DPREVENT_OPTIMIZATION  line 25 a[0] == 1
XPASS: gcc.dg/guality/pr54970.c  -Og -DPREVENT_OPTIMIZATION  line 31 a[0] == 4
XPASS: gcc.dg/guality/pr54970.c  -Og -DPREVENT_OPTIMIZATION  line 36 a[0] == 4
XPASS: gcc.dg/guality/pr54970.c  -Og -DPREVENT_OPTIMIZATION  line 45 a[0] == 4
XPASS: gcc.dg/guality/pr54970.c  -Og -DPREVENT_OPTIMIZATION  line 45 p[-2] == 4
XPASS: gcc.dg/guality/pr54970.c  -Og -DPREVENT_OPTIMIZATION  line 45 q[-1] == 4
FAIL: gcc.dg/guality/pr56154-1.c  -Og -DPREVENT_OPTIMIZATION  line pr56154-1.c:20 x.a == 6
XPASS: gcc.dg/guality/pr59776.c   -O0  line pr59776.c:17 s2.g == 6.0
XPASS: gcc.dg/guality/pr59776.c   -O0  line pr59776.c:20 s2.g == 6.0
FAIL: gcc.dg/guality/pr59776.c  -Og -DPREVENT_OPTIMIZATION  line pr59776.c:17 s1.f == 5.0
FAIL: gcc.dg/guality/pr59776.c  -Og -DPREVENT_OPTIMIZATION  line pr59776.c:17 s1.g == 6.0
FAIL: gcc.dg/guality/pr59776.c  -Og -DPREVENT_OPTIMIZATION  line pr59776.c:17 s2.f == 0.0
FAIL: gcc.dg/guality/pr59776.c  -Og -DPREVENT_OPTIMIZATION  line pr59776.c:20 s1.f == 5.0
FAIL: gcc.dg/guality/pr59776.c  -Og -DPREVENT_OPTIMIZATION  line pr59776.c:20 s1.g == 6.0
FAIL: gcc.dg/guality/pr59776.c  -Og -DPREVENT_OPTIMIZATION  line pr59776.c:20 s2.f == 5.0
FAIL: gcc.dg/guality/pr90074.c   -O2 -flto -fuse-linker-plugin -fno-fat-lto-objects  -DPREVENT_OPTIMIZATION line 28 c + 1 == 2
FAIL: gcc.dg/guality/pr90074.c   -O2 -flto -fuse-linker-plugin -fno-fat-lto-objects  -DPREVENT_OPTIMIZATION line 28 i + 1 == 8
FAIL: gcc.dg/guality/pr90716.c   -O2 -flto -fuse-linker-plugin -fno-fat-lto-objects  -DPREVENT_OPTIMIZATION line 23 j + 1 == 9
FAIL: gcc.dg/guality/sra-1.c   -O2  -DPREVENT_OPTIMIZATION  line 43 a.j == 14
FAIL: gcc.dg/guality/sra-1.c   -O2 -flto -fno-use-linker-plugin -flto-partition=none  -DPREVENT_OPTIMIZATION line 43 a.j == 14
FAIL: gcc.dg/guality/sra-1.c   -O2 -flto -fuse-linker-plugin -fno-fat-lto-objects  -DPREVENT_OPTIMIZATION line 21 a.i == 4
FAIL: gcc.dg/guality/sra-1.c   -O2 -flto -fuse-linker-plugin -fno-fat-lto-objects  -DPREVENT_OPTIMIZATION line 21 a.j == 14
FAIL: gcc.dg/guality/sra-1.c   -O2 -flto -fuse-linker-plugin -fno-fat-lto-objects  -DPREVENT_OPTIMIZATION line 32 a[0] == 4
FAIL: gcc.dg/guality/sra-1.c   -O2 -flto -fuse-linker-plugin -fno-fat-lto-objects  -DPREVENT_OPTIMIZATION line 32 a[1] == 14
FAIL: gcc.dg/guality/sra-1.c   -O2 -flto -fuse-linker-plugin -fno-fat-lto-objects  -DPREVENT_OPTIMIZATION line 43 a.i == 4
FAIL: gcc.dg/guality/sra-1.c   -O2 -flto -fuse-linker-plugin -fno-fat-lto-objects  -DPREVENT_OPTIMIZATION line 43 a.j == 14
FAIL: gcc.dg/guality/sra-1.c   -O3 -g  -DPREVENT_OPTIMIZATION  line 43 a.j == 14
FAIL: gcc.dg/guality/sra-1.c   -Os  -DPREVENT_OPTIMIZATION  line 43 a.j == 14
FAIL: gcc.dg/guality/sra-1.c  -Og -DPREVENT_OPTIMIZATION  line 21 a.i == 4
FAIL: gcc.dg/guality/sra-1.c  -Og -DPREVENT_OPTIMIZATION  line 21 a.j == 14
FAIL: gcc.dg/guality/sra-1.c  -Og -DPREVENT_OPTIMIZATION  line 32 a[0] == 4
FAIL: gcc.dg/guality/sra-1.c  -Og -DPREVENT_OPTIMIZATION  line 32 a[1] == 14
FAIL: gcc.dg/guality/sra-1.c  -Og -DPREVENT_OPTIMIZATION  line 43 a.i == 4
FAIL: gcc.dg/guality/sra-1.c  -Og -DPREVENT_OPTIMIZATION  line 43 a.j == 14
XPASS: gcc.dg/tree-ssa/builtin-snprintf-6.c scan-tree-dump-times optimized "Function test_assign_aggregate" 1
FAIL: gcc.dg/tree-ssa/dump-6.c scan-tree-dump store-merging "MEM <unsigned int> \\\\[\\\\(char \\\\*\\\\)\\\\&a8] = "
FAIL: gcc.dg/vect/bb-slp-cond-1.c -flto -ffat-lto-objects  scan-tree-dump-times vect "loop vectorized" 1
FAIL: gcc.dg/vect/bb-slp-cond-1.c scan-tree-dump-times vect "loop vectorized" 1
FAIL: gcc.dg/vect/bb-slp-pr78205.c -flto -ffat-lto-objects  scan-tree-dump-times slp2 "optimized: basic block" 3
FAIL: gcc.dg/vect/bb-slp-pr78205.c scan-tree-dump-times slp2 "optimized: basic block" 3
FAIL: gcc.dg/vect/bb-slp-subgroups-3.c -flto -ffat-lto-objects  scan-tree-dump-times slp2 "optimized: basic block" 2
FAIL: gcc.dg/vect/bb-slp-subgroups-3.c scan-tree-dump-times slp2 "optimized: basic block" 2
FAIL: gcc.dg/vect/fast-math-vect-call-2.c scan-tree-dump-times vect "vectorizing stmts using SLP" 4
FAIL: gcc.dg/vect/no-section-anchors-vect-31.c scan-tree-dump-times vect "Alignment of access forced using peeling" 2
FAIL: gcc.dg/vect/no-section-anchors-vect-31.c scan-tree-dump-times vect "Vectorizing an unaligned access" 0
FAIL: gcc.dg/vect/no-section-anchors-vect-64.c scan-tree-dump-times vect "Alignment of access forced using peeling" 2
FAIL: gcc.dg/vect/no-section-anchors-vect-64.c scan-tree-dump-times vect "Vectorizing an unaligned access" 0
FAIL: gcc.dg/vect/pr25413a.c -flto -ffat-lto-objects  scan-tree-dump-times vect "vectorized 1 loops" 1
FAIL: gcc.dg/vect/pr25413a.c scan-tree-dump-times vect "vectorized 1 loops" 1
FAIL: gcc.dg/vect/slp-11b.c -flto -ffat-lto-objects  scan-tree-dump-times vect "vectorizing stmts using SLP" 0
FAIL: gcc.dg/vect/slp-11b.c scan-tree-dump-times vect "vectorizing stmts using SLP" 0
FAIL: gcc.dg/vect/slp-21.c -flto -ffat-lto-objects  scan-tree-dump-times vect "vectorizing stmts using SLP" 2
FAIL: gcc.dg/vect/slp-21.c scan-tree-dump-times vect "vectorizing stmts using SLP" 2
FAIL: gcc.dg/vect/slp-3-big-array.c -flto -ffat-lto-objects  scan-tree-dump-times vect "vectorizing stmts using SLP" 4
FAIL: gcc.dg/vect/slp-3-big-array.c scan-tree-dump-times vect "vectorizing stmts using SLP" 4
FAIL: gcc.dg/vect/slp-cond-5.c -flto -ffat-lto-objects  scan-tree-dump-times vect "vectorizing stmts using SLP" 1
FAIL: gcc.dg/vect/slp-cond-5.c scan-tree-dump-times vect "vectorizing stmts using SLP" 1
FAIL: gcc.dg/vect/slp-multitypes-11-big-array.c -flto -ffat-lto-objects  scan-tree-dump-times vect "vectorizing stmts using SLP" 1
FAIL: gcc.dg/vect/slp-multitypes-11-big-array.c scan-tree-dump-times vect "vectorizing stmts using SLP" 1
FAIL: gcc.dg/vect/slp-perm-9.c -flto -ffat-lto-objects  scan-tree-dump-not vect "permutation requires at least three vectors"
FAIL: gcc.dg/vect/slp-perm-9.c scan-tree-dump-not vect "permutation requires at least three vectors"
FAIL: gcc.dg/vect/slp-reduc-1.c -flto -ffat-lto-objects  scan-tree-dump-times vect "vectorizing stmts using SLP" 1
FAIL: gcc.dg/vect/slp-reduc-1.c scan-tree-dump-times vect "vectorizing stmts using SLP" 1
XPASS: gcc.dg/vect/vect-71.c -flto -ffat-lto-objects  scan-tree-dump-times vect "vectorized 1 loops" 1
XPASS: gcc.dg/vect/vect-71.c scan-tree-dump-times vect "vectorized 1 loops" 1
FAIL: gcc.dg/vect/vect-92.c -flto -ffat-lto-objects  scan-tree-dump-times vect "Alignment of access forced using peeling" 3
FAIL: gcc.dg/vect/vect-92.c -flto -ffat-lto-objects  scan-tree-dump-times vect "Vectorizing an unaligned access" 0
FAIL: gcc.dg/vect/vect-92.c scan-tree-dump-times vect "Alignment of access forced using peeling" 3
FAIL: gcc.dg/vect/vect-92.c scan-tree-dump-times vect "Vectorizing an unaligned access" 0
FAIL: gcc.dg/vect/vect-bool-cmp.c -flto -ffat-lto-objects  scan-tree-dump-times vect "VECTORIZED" 18
FAIL: gcc.dg/vect/vect-bool-cmp.c scan-tree-dump-times vect "VECTORIZED" 18
FAIL: gcc.dg/vect/vect-cselim-1.c -flto -ffat-lto-objects  scan-tree-dump-times vect "vectorized 1 loops" 1
FAIL: gcc.dg/vect/vect-cselim-1.c scan-tree-dump-times vect "vectorized 1 loops" 1
FAIL: gcc.dg/vect/vect-multitypes-1.c -flto -ffat-lto-objects  scan-tree-dump-times vect "Alignment of access forced using peeling" 2
FAIL: gcc.dg/vect/vect-multitypes-1.c scan-tree-dump-times vect "Alignment of access forced using peeling" 2
FAIL: gcc.dg/vect/vect-nb-iter-ub-3.c -flto -ffat-lto-objects  scan-tree-dump-not cunroll "loop turned into non-loop; it never loops"
FAIL: gcc.dg/vect/vect-nb-iter-ub-3.c scan-tree-dump-not cunroll "loop turned into non-loop; it never loops"
FAIL: gcc.dg/vect/vect-peel-3.c -flto -ffat-lto-objects  scan-tree-dump-times vect "Alignment of access forced using peeling" 1
FAIL: gcc.dg/vect/vect-peel-3.c -flto -ffat-lto-objects  scan-tree-dump-times vect "Vectorizing an unaligned access" 1
FAIL: gcc.dg/vect/vect-peel-3.c scan-tree-dump-times vect "Alignment of access forced using peeling" 1
FAIL: gcc.dg/vect/vect-peel-3.c scan-tree-dump-times vect "Vectorizing an unaligned access" 1
FAIL: outputs lto st mult dumpdir empty dumpbase named: dir/outputs-1.ltrans0.ltrans_args
FAIL: outputs lto st mult dumpdir named: dir/outputs-ltrans0.ltrans_args
FAIL: outputs lto st mult empty dumpbase namedb: dir/outputs.ltrans0.ltrans_args
FAIL: outputs lto st mult empty dumpbase unnamed: a.ltrans0.ltrans_args
FAIL: outputs lto st mult namedb: dir/outputs.ltrans0.ltrans_args
FAIL: outputs lto st mult unnamed: a.ltrans0.ltrans_args
FAIL: outputs lto st sing dumpdir empty dumpbase named: dir/outputs-0.ltrans0.ltrans_args
FAIL: outputs lto st sing dumpdir named: dir/outputs-ltrans0.ltrans_args
FAIL: outputs lto st sing empty dumpbase namedb: dir/outputs.ltrans0.ltrans_args
FAIL: outputs lto st sing empty dumpbase unnamed: a.ltrans0.ltrans_args
FAIL: outputs lto st sing namedb: dir/outputs.ltrans0.ltrans_args
FAIL: outputs lto st sing unnamed: a.ltrans0.ltrans_args
FAIL: gcc.target/i386/avx-loadu2-m128-1.c scan-assembler \\tvinsertf128\\t
FAIL: gcc.target/i386/avx-loadu2-m128d-1.c scan-assembler \\tvinsertf128\\t
FAIL: gcc.target/i386/avx-loadu2-m128i-1.c scan-assembler \\tvinsert[fi]128\\t
FAIL: gcc.target/i386/avx-storeu2-m128d-1.c scan-assembler \\tvextractf128\\t
FAIL: gcc.target/i386/avx2-vbroadcastss_ps256-1.c scan-assembler vbroadcastss[ \\\\t]+[^\\n]*%xmm[0-9]
FAIL: gcc.target/i386/avx2-vextracti128-1.c scan-assembler vextracti128[ \\\\t]+[^\\n]*%ymm[0-9]
FAIL: gcc.target/i386/avx2-vinserti128-1.c scan-assembler vinserti128[ \\\\t]+[^\\n]
FAIL: gcc.target/i386/avx2-vpcmpeqb-1.c scan-assembler vpcmpeqb[ \\\\t]+[^\\n]*%ymm[0-9]
FAIL: gcc.target/i386/avx2-vpcmpeqd-1.c scan-assembler vpcmpeqd[ \\\\t]+[^\\n]*%ymm[0-9]
FAIL: gcc.target/i386/avx2-vpcmpeqq-1.c scan-assembler vpcmpeqq[ \\\\t]+[^\\n]*%ymm[0-9]
FAIL: gcc.target/i386/avx2-vpcmpeqw-1.c scan-assembler vpcmpeqw[ \\\\t]+[^\\n]*%ymm[0-9]
FAIL: gcc.target/i386/avx2-vpcmpgtb-1.c scan-assembler vpcmpgtb[ \\\\t]+[^\\n]*%ymm[0-9]
FAIL: gcc.target/i386/avx2-vpcmpgtd-1.c scan-assembler vpcmpgtd[ \\\\t]+[^\\n]*%ymm[0-9]
FAIL: gcc.target/i386/avx2-vpcmpgtq-1.c scan-assembler vpcmpgtq[ \\\\t]+[^\\n]*%ymm[0-9]
FAIL: gcc.target/i386/avx2-vpcmpgtw-1.c scan-assembler vpcmpgtw[ \\\\t]+[^\\n]*%ymm[0-9]
FAIL: gcc.target/i386/avx256-unaligned-load-2.c scan-assembler (sse2_loaddqu|(vmovdqu|vmovups)[^\\n\\r]*movv16qi_internal)
FAIL: gcc.target/i386/avx256-unaligned-load-2.c scan-assembler vinsert.128
FAIL: gcc.target/i386/avx256-unaligned-load-3.c scan-assembler (sse2_loadupd|vmovupd[^\\n\\r]*movv2df_internal)
FAIL: gcc.target/i386/avx256-unaligned-load-3.c scan-assembler vinsertf128
FAIL: gcc.target/i386/avx256-unaligned-load-4.c scan-assembler-not (sse_loadups|vmovups[^\\n\\r]*movv4sf_internal)
FAIL: gcc.target/i386/avx256-unaligned-store-3.c scan-assembler vextractf128
FAIL: gcc.target/i386/avx256-unaligned-store-3.c scan-assembler vmovupd.*movv2df_internal/3
FAIL: gcc.target/i386/avx512er-vrcp28ps-4.c scan-assembler-times vrcp28ps[^\\n\\r]*zmm[0-9]+(?:\\n|[ \\\\t]+#) 1
FAIL: gcc.target/i386/avx512er-vrsqrt28ps-4.c scan-assembler-times vrsqrt28ps[^\\n\\r]*zmm[0-9]+(?:\\n|[ \\\\t]+#) 1
FAIL: gcc.target/i386/avx512er-vrsqrt28ps-6.c scan-assembler-times vrcp28ps[^\\n\\r]*zmm[0-9]+(?:\\n|[ \\\\t]+#) 1
FAIL: gcc.target/i386/avx512er-vrsqrt28ps-6.c scan-assembler-times vrsqrt28ps[^\\n\\r]*zmm[0-9]+(?:\\n|[ \\\\t]+#) 1
FAIL: gcc.target/i386/avx512f-ceil-sfix-vec-2.c scan-assembler-times vcvttpd2dq[^\\n]*zmm[0-9].{7}(?:\\n|[ \\\\t]+#) 2
FAIL: gcc.target/i386/avx512f-ceil-sfix-vec-2.c scan-assembler-times vrndscalepd[^\\n]*zmm[0-9](?:\\n|[ \\\\t]+#) 2
FAIL: gcc.target/i386/avx512f-ceil-vec-2.c scan-assembler-times vrndscalepd[^\\n]+zmm[0-9](?:\\n|[ \\\\t]+#) 1
FAIL: gcc.target/i386/avx512f-ceilf-sfix-vec-2.c scan-assembler-times vcvttps2dq[^\\n]+zmm[0-9].{7}(?:\\n|[ \\\\t]+#) 1
FAIL: gcc.target/i386/avx512f-ceilf-sfix-vec-2.c scan-assembler-times vrndscaleps[^\\n]+zmm[0-9](?:\\n|[ \\\\t]+#) 1
FAIL: gcc.target/i386/avx512f-ceilf-vec-2.c scan-assembler-times vrndscaleps[^\\n]+zmm[0-9](?:\\n|[ \\\\t]+#) 1
FAIL: gcc.target/i386/avx512f-floor-sfix-vec-2.c scan-assembler-times vcvttpd2dq[^\\n]*zmm[0-9].{7}(?:\\n|[ \\\\t]+#) 2
FAIL: gcc.target/i386/avx512f-floor-sfix-vec-2.c scan-assembler-times vrndscalepd[^\\n]*zmm[0-9](?:\\n|[ \\\\t]+#) 2
FAIL: gcc.target/i386/avx512f-floor-vec-2.c scan-assembler-times vrndscalepd[^\\n]+zmm[0-9](?:\\n|[ \\\\t]+#) 1
FAIL: gcc.target/i386/avx512f-floorf-sfix-vec-2.c scan-assembler-times vcvttps2dq[^\\n]+zmm[0-9].{7}(?:\\n|[ \\\\t]+#) 1
FAIL: gcc.target/i386/avx512f-floorf-sfix-vec-2.c scan-assembler-times vrndscaleps[^\\n]+zmm[0-9](?:\\n|[ \\\\t]+#) 1
FAIL: gcc.target/i386/avx512f-floorf-vec-2.c scan-assembler-times vrndscaleps[^\\n]+zmm[0-9](?:\\n|[ \\\\t]+#) 1
FAIL: gcc.target/i386/avx512f-rint-sfix-vec-2.c scan-assembler-times vcvtpd2dq[^\\n]+ymm[0-9](?:\\n|[ \\\\t]+#) 2
FAIL: gcc.target/i386/avx512f-rint-sfix-vec-2.c scan-assembler-times vinserti64x4[^\\n]+zmm[0-9](?:\\n|[ \\\\t]+#) 1
FAIL: gcc.target/i386/avx512f-rintf-sfix-vec-2.c scan-assembler-times vcvtps2dq[^\\n]+zmm[0-9](?:\\n|[ \\\\t]+#) 1
FAIL: gcc.target/i386/avx512f-round-sfix-vec-2.c scan-assembler-times vcvttpd2dq[^\\n]+zmm[0-9].{7}(?:\\n|[ \\\\t]+#) 2
FAIL: gcc.target/i386/avx512f-round-sfix-vec-2.c scan-assembler-times vrndscalepd[^\\n]+zmm[0-9](?:\\n|[ \\\\t]+#) 2
FAIL: gcc.target/i386/avx512f-roundf-sfix-vec-2.c scan-assembler-times vcvttps2dq[^\\n]+zmm[0-9].{7}(?:\\n|[ \\\\t]+#) 1
FAIL: gcc.target/i386/avx512f-roundf-sfix-vec-2.c scan-assembler-times vrndscaleps[^\\n]+zmm[0-9](?:\\n|[ \\\\t]+#) 1
FAIL: gcc.target/i386/avx512f-trunc-vec-2.c scan-assembler-times vrndscalepd[^\\n]+zmm[0-9](?:\\n|[ \\\\t]+#) 1
FAIL: gcc.target/i386/avx512f-truncf-vec-2.c scan-assembler-times vrndscaleps[^\\n]+zmm[0-9](?:\\n|[ \\\\t]+#) 1
FAIL: gcc.target/i386/avx512f-vec-init.c scan-assembler-times vpbroadcastb[ \\\\t]+[^{\\n]*%ymm[0-9]+(?:\\n|[ \\\\t]+#) 2
FAIL: gcc.target/i386/avx512f-vec-init.c scan-assembler-times vpbroadcastw[ \\\\t]+[^{\\n]*%ymm[0-9]+(?:\\n|[ \\\\t]+#) 2
FAIL: gcc.target/i386/avx512f_cond_move.c scan-assembler-times (?:vpblendmd|vmovdqa32)[ \\\\t]+[^{\\n]*%zmm[0-9]+{%k[1-7]}{z}(?:\\n|[ \\\\t]+#) 8
FAIL: gcc.target/i386/fma4-256-vector.c scan-assembler vfmaddpd
FAIL: gcc.target/i386/fma4-256-vector.c scan-assembler vfmaddps
FAIL: gcc.target/i386/fma4-256-vector.c scan-assembler vfmsubpd
FAIL: gcc.target/i386/fma4-256-vector.c scan-assembler vfmsubps
FAIL: gcc.target/i386/fma4-256-vector.c scan-assembler vfnmaddpd
FAIL: gcc.target/i386/fma4-256-vector.c scan-assembler vfnmaddps
FAIL: gcc.target/i386/fma4-builtin-2.c scan-assembler-times vfmaddpd 1
FAIL: gcc.target/i386/fma4-builtin-2.c scan-assembler-times vfmaddps 1
FAIL: gcc.target/i386/fma4-builtin-2.c scan-assembler-times vfmsubpd 1
FAIL: gcc.target/i386/fma4-builtin-2.c scan-assembler-times vfmsubps 1
FAIL: gcc.target/i386/fma4-builtin-2.c scan-assembler-times vfnmaddpd 1
FAIL: gcc.target/i386/fma4-builtin-2.c scan-assembler-times vfnmaddps 1
FAIL: gcc.target/i386/fma4-builtin-2.c scan-assembler-times vfnmsubpd 1
FAIL: gcc.target/i386/fma4-builtin-2.c scan-assembler-times vfnmsubps 1
FAIL: gcc.target/i386/fma4-vector-2.c scan-assembler vfmaddps
FAIL: gcc.target/i386/fma4-vector-2.c scan-assembler vfmsubps
FAIL: gcc.target/i386/fma4-vector.c scan-assembler vfmaddpd
FAIL: gcc.target/i386/fma4-vector.c scan-assembler vfmaddps
FAIL: gcc.target/i386/fma4-vector.c scan-assembler vfmsubpd
FAIL: gcc.target/i386/fma4-vector.c scan-assembler vfmsubps
FAIL: gcc.target/i386/fma4-vector.c scan-assembler vfnmaddpd
FAIL: gcc.target/i386/fma4-vector.c scan-assembler vfnmaddps
FAIL: gcc.target/i386/mask-pack.c scan-tree-dump-times vect "vectorized 1 loops" 10
FAIL: gcc.target/i386/mask-unpack.c scan-tree-dump-times vect "vectorized 1 loops" 10
FAIL: gcc.target/i386/minmax-9.c scan-assembler-times test 3
FAIL: gcc.target/i386/pr42542-5a.c scan-assembler pcmpgtq
FAIL: gcc.target/i386/pr49168-1.c scan-assembler movups[\\t ]*%xmm[0-9]+,[^,]*
FAIL: gcc.target/i386/pr57233.c scan-assembler vpslld[^\\n\\r]*2
FAIL: gcc.target/i386/pr57233.c scan-assembler vpsrld[^\\n\\r]*30
FAIL: gcc.target/i386/pr59390.c scan-assembler-not vfmadd
FAIL: gcc.target/i386/pr70325.c  (test for warnings, line 11)
FAIL: gcc.target/i386/pr70325.c (test for excess errors)
FAIL: gcc.target/i386/pr78102.c scan-assembler-times pcmpeqq 3
FAIL: gcc.target/i386/pr80846-1.c scan-assembler-times vextracti 2
FAIL: gcc.target/i386/pr84876.c  (test for errors, line 6)
FAIL: gcc.target/i386/pr85950.c scan-assembler-times roundsd 4
FAIL: gcc.target/i386/pr91333.c scan-assembler-times vmovapd|vmovsd 3
FAIL: gcc.target/i386/pr91704.c scan-assembler-times \\tvpcmpgtb\\t%ymm 1
FAIL: gcc.target/i386/pr91897.c scan-assembler-times movapd 8
FAIL: gcc.target/i386/pr92645.c scan-tree-dump-times optimized "vec_unpack_" 4
FAIL: gcc.target/i386/pr92658-avx512bw.c scan-assembler-times pmovzxbd 2
FAIL: gcc.target/i386/pr92658-avx512bw.c scan-assembler-times pmovzxbq 2
FAIL: gcc.target/i386/pr92658-avx512bw.c scan-assembler-times pmovzxbw 2
FAIL: gcc.target/i386/pr92658-avx512bw.c scan-assembler-times pmovzxdq 2
FAIL: gcc.target/i386/pr92658-avx512bw.c scan-assembler-times pmovzxwd 2
FAIL: gcc.target/i386/pr92658-avx512bw.c scan-assembler-times pmovzxwq 2
FAIL: gcc.target/i386/pr96539.c scan-assembler-not rep[^\\n\\r]*movs
FAIL: gcc.target/i386/recip-vec-divf-avx.c scan-assembler vrcpps[ \\\\t]+[^\\n]*%ymm
FAIL: gcc.target/i386/recip-vec-sqrtf-avx.c scan-assembler-times vrsqrtps[ \\\\t]+[^\\n]*%ymm 3
FAIL: gcc.target/i386/shrink_wrap_1.c scan-rtl-dump pro_and_epilogue "Performing shrink-wrapping"
FAIL: gcc.target/i386/sse2-mmx-21.c scan-assembler-times movd 1
FAIL: gcc.target/i386/sse2-mmx-21.c scan-assembler-times pshufd 1
XPASS: gcc.target/i386/sse2-shiftqihi-constant-1.c scan-assembler-times pand[^\\n]*%xmm 3
XPASS: gcc.target/i386/sse2-shiftqihi-constant-1.c scan-assembler-times psllw[^\\n]*%xmm 1
FAIL: gcc.target/i386/sse4_1-round-roundeven-1.c scan-assembler-times roundsd[^\\n\\r]*xmm 1
FAIL: gcc.target/i386/sse4_1-round-roundeven-1.c scan-assembler-times roundss[^\\n\\r]*xmm 1
FAIL: gcc.target/i386/vect-pack-trunc-1.c scan-assembler-times vpmovwb[ \\\\t]+[^\\n]*%zmm 2
FAIL: gcc.target/i386/vect-pack-trunc-2.c scan-assembler-times vperm[it]2w[ \\\\t]+[^\\n]*%zmm 1
FAIL: gcc.target/i386/vect-perm-even-1.c scan-assembler-times vpmovwb[ \\\\t]+[^\\n]*%zmm 2
FAIL: gcc.target/i386/vect-perm-odd-1.c scan-assembler-times vpmovwb[ \\\\t]+[^\\n]*%zmm 4
FAIL: gcc.target/i386/vect-rebuild.c scan-assembler-times \\tv?extractf128[ \\t] 1
FAIL: gcc.target/i386/vect-unpack-1.c scan-assembler-times vpmovzxbw[ \\\\t]+[^\\n]*%zmm 2
FAIL: gcc.target/i386/vect-unpack-2.c scan-assembler-times vpmovsxbw[ \\\\t]+[^\\n]*%zmm 2
FAIL: gcc.target/i386/vectorize4-avx.c scan-assembler vsqrtpd[ \\\\t]+[^\\n]*%ymm
FAIL: gcc.target/i386/vectorize7.c scan-assembler cvtdq2ps
FAIL: gcc.target/i386/zero-scratch-regs-26.c scan-assembler pxor[ \\t]+%xmm0, %xmm0

		=== gcc Summary for unix/-mx32 ===

# of expected passes		161022
# of unexpected failures	284
# of unexpected successes	42
# of expected failures		908
# of unsupported tests		2743

		=== gcc Summary ===

# of expected passes		483702
# of unexpected failures	753
# of unexpected successes	133
# of expected failures		2733
# of unsupported tests		8225
/export/gnu/import/git/gcc-test-master-intel64-native/bld/gcc/xgcc  version 11.0.0 20201210 (experimental) [native/master revision 445430e16bd:ace8cabaa9a:3cf63c94df4712569e0ab996155013a3a043bed3] (GCC) 

		=== gfortran tests ===


Running target unix
FAIL: gfortran.dg/vect/pr83232.f90   -O   scan-tree-dump-times slp1 "vectorizing stmts using SLP" 3
FAIL: gfortran.dg/vect/vect-8.f90   -O   scan-tree-dump-times vect "vectorized 2[23] loops" 1

		=== gfortran Summary for unix ===

# of expected passes		55898
# of unexpected failures	2
# of expected failures		232
# of unsupported tests		81

Running target unix/-m32
FAIL: gfortran.dg/vect/pr83232.f90   -O   scan-tree-dump-times slp1 "vectorizing stmts using SLP" 3

		=== gfortran Summary for unix/-m32 ===

# of expected passes		55650
# of unexpected failures	1
# of expected failures		234
# of unsupported tests		196

Running target unix/-mx32
FAIL: gfortran.dg/vect/pr83232.f90   -O   scan-tree-dump-times slp1 "vectorizing stmts using SLP" 3
FAIL: gfortran.dg/vect/vect-8.f90   -O   scan-tree-dump-times vect "vectorized 2[23] loops" 1

		=== gfortran Summary for unix/-mx32 ===

# of expected passes		55911
# of unexpected failures	2
# of expected failures		234
# of unsupported tests		70

		=== gfortran Summary ===

# of expected passes		167459
# of unexpected failures	5
# of expected failures		700
# of unsupported tests		347
/export/gnu/import/git/gcc-test-master-intel64-native/bld/gcc/gfortran  version 11.0.0 20201210 (experimental) [native/master revision 445430e16bd:ace8cabaa9a:3cf63c94df4712569e0ab996155013a3a043bed3] (GCC) 

		=== g++ tests ===


Running target unix
FAIL: g++.dg/coroutines/torture/pr95519-05-gro.C execution test
FAIL: g++.dg/coroutines/torture/pr95519-05-gro.C   -O0  execution test
FAIL: g++.dg/coroutines/torture/pr95519-05-gro.C   -O1  execution test
FAIL: g++.dg/coroutines/torture/pr95519-05-gro.C   -O2  execution test
FAIL: g++.dg/coroutines/torture/pr95519-05-gro.C   -O2 -flto -fno-use-linker-plugin -flto-partition=none  execution test
FAIL: g++.dg/coroutines/torture/pr95519-05-gro.C   -O2 -flto -fuse-linker-plugin -fno-fat-lto-objects  execution test
FAIL: g++.dg/coroutines/torture/pr95519-05-gro.C   -O3 -g  execution test
FAIL: g++.dg/coroutines/torture/pr95519-05-gro.C   -Os  execution test
FAIL: g++.dg/guality/pr55665.C   -O2 -flto -fno-use-linker-plugin -flto-partition=none  line 23 p == 40
FAIL: g++.dg/vect/simd-bool-comparison-1.cc  -std=c++14  scan-tree-dump-times vect "vectorized 1 loops" 1
FAIL: g++.dg/vect/simd-bool-comparison-1.cc  -std=c++17  scan-tree-dump-times vect "vectorized 1 loops" 1
FAIL: g++.dg/vect/simd-bool-comparison-1.cc  -std=c++2a  scan-tree-dump-times vect "vectorized 1 loops" 1
FAIL: g++.dg/vect/simd-bool-comparison-1.cc  -std=c++98  scan-tree-dump-times vect "vectorized 1 loops" 1
FAIL: g++.dg/vect/slp-pr87105.cc  -std=c++14  scan-tree-dump slp2 "vect_[^\\rm]* = MIN"
FAIL: g++.dg/vect/slp-pr87105.cc  -std=c++14  scan-tree-dump-times slp2 "basic block part vectorized" 1
FAIL: g++.dg/vect/slp-pr87105.cc  -std=c++17  scan-tree-dump slp2 "vect_[^\\rm]* = MIN"
FAIL: g++.dg/vect/slp-pr87105.cc  -std=c++17  scan-tree-dump-times slp2 "basic block part vectorized" 1
FAIL: g++.dg/vect/slp-pr87105.cc  -std=c++2a  scan-tree-dump slp2 "vect_[^\\rm]* = MIN"
FAIL: g++.dg/vect/slp-pr87105.cc  -std=c++2a  scan-tree-dump-times slp2 "basic block part vectorized" 1
FAIL: g++.target/i386/mv28.C  -std=c++14  (test for errors, line 10)
FAIL: g++.target/i386/mv28.C  -std=c++14  (test for errors, line 11)
FAIL: g++.target/i386/mv28.C  -std=c++14  (test for errors, line 12)
FAIL: g++.target/i386/mv28.C  -std=c++14  (test for errors, line 13)
FAIL: g++.target/i386/mv28.C  -std=c++14  (test for errors, line 14)
FAIL: g++.target/i386/mv28.C  -std=c++14  (test for errors, line 15)
FAIL: g++.target/i386/mv28.C  -std=c++14  (test for errors, line 16)
FAIL: g++.target/i386/mv28.C  -std=c++14  (test for errors, line 17)
FAIL: g++.target/i386/mv28.C  -std=c++14  (test for errors, line 18)
FAIL: g++.target/i386/mv28.C  -std=c++14  (test for errors, line 19)
FAIL: g++.target/i386/mv28.C  -std=c++14  (test for errors, line 4)
FAIL: g++.target/i386/mv28.C  -std=c++14  (test for errors, line 5)
FAIL: g++.target/i386/mv28.C  -std=c++14  (test for errors, line 6)
FAIL: g++.target/i386/mv28.C  -std=c++14  (test for errors, line 7)
FAIL: g++.target/i386/mv28.C  -std=c++14  (test for errors, line 8)
FAIL: g++.target/i386/mv28.C  -std=c++14  (test for errors, line 9)
FAIL: g++.target/i386/mv28.C  -std=c++17  (test for errors, line 10)
FAIL: g++.target/i386/mv28.C  -std=c++17  (test for errors, line 11)
FAIL: g++.target/i386/mv28.C  -std=c++17  (test for errors, line 12)
FAIL: g++.target/i386/mv28.C  -std=c++17  (test for errors, line 13)
FAIL: g++.target/i386/mv28.C  -std=c++17  (test for errors, line 14)
FAIL: g++.target/i386/mv28.C  -std=c++17  (test for errors, line 15)
FAIL: g++.target/i386/mv28.C  -std=c++17  (test for errors, line 16)
FAIL: g++.target/i386/mv28.C  -std=c++17  (test for errors, line 17)
FAIL: g++.target/i386/mv28.C  -std=c++17  (test for errors, line 18)
FAIL: g++.target/i386/mv28.C  -std=c++17  (test for errors, line 19)
FAIL: g++.target/i386/mv28.C  -std=c++17  (test for errors, line 4)
FAIL: g++.target/i386/mv28.C  -std=c++17  (test for errors, line 5)
FAIL: g++.target/i386/mv28.C  -std=c++17  (test for errors, line 6)
FAIL: g++.target/i386/mv28.C  -std=c++17  (test for errors, line 7)
FAIL: g++.target/i386/mv28.C  -std=c++17  (test for errors, line 8)
FAIL: g++.target/i386/mv28.C  -std=c++17  (test for errors, line 9)
FAIL: g++.target/i386/mv28.C  -std=c++2a  (test for errors, line 10)
FAIL: g++.target/i386/mv28.C  -std=c++2a  (test for errors, line 11)
FAIL: g++.target/i386/mv28.C  -std=c++2a  (test for errors, line 12)
FAIL: g++.target/i386/mv28.C  -std=c++2a  (test for errors, line 13)
FAIL: g++.target/i386/mv28.C  -std=c++2a  (test for errors, line 14)
FAIL: g++.target/i386/mv28.C  -std=c++2a  (test for errors, line 15)
FAIL: g++.target/i386/mv28.C  -std=c++2a  (test for errors, line 16)
FAIL: g++.target/i386/mv28.C  -std=c++2a  (test for errors, line 17)
FAIL: g++.target/i386/mv28.C  -std=c++2a  (test for errors, line 18)
FAIL: g++.target/i386/mv28.C  -std=c++2a  (test for errors, line 19)
FAIL: g++.target/i386/mv28.C  -std=c++2a  (test for errors, line 4)
FAIL: g++.target/i386/mv28.C  -std=c++2a  (test for errors, line 5)
FAIL: g++.target/i386/mv28.C  -std=c++2a  (test for errors, line 6)
FAIL: g++.target/i386/mv28.C  -std=c++2a  (test for errors, line 7)
FAIL: g++.target/i386/mv28.C  -std=c++2a  (test for errors, line 8)
FAIL: g++.target/i386/mv28.C  -std=c++2a  (test for errors, line 9)
FAIL: g++.target/i386/mv28.C  -std=c++98  (test for errors, line 10)
FAIL: g++.target/i386/mv28.C  -std=c++98  (test for errors, line 11)
FAIL: g++.target/i386/mv28.C  -std=c++98  (test for errors, line 12)
FAIL: g++.target/i386/mv28.C  -std=c++98  (test for errors, line 13)
FAIL: g++.target/i386/mv28.C  -std=c++98  (test for errors, line 14)
FAIL: g++.target/i386/mv28.C  -std=c++98  (test for errors, line 15)
FAIL: g++.target/i386/mv28.C  -std=c++98  (test for errors, line 16)
FAIL: g++.target/i386/mv28.C  -std=c++98  (test for errors, line 17)
FAIL: g++.target/i386/mv28.C  -std=c++98  (test for errors, line 18)
FAIL: g++.target/i386/mv28.C  -std=c++98  (test for errors, line 19)
FAIL: g++.target/i386/mv28.C  -std=c++98  (test for errors, line 4)
FAIL: g++.target/i386/mv28.C  -std=c++98  (test for errors, line 5)
FAIL: g++.target/i386/mv28.C  -std=c++98  (test for errors, line 6)
FAIL: g++.target/i386/mv28.C  -std=c++98  (test for errors, line 7)
FAIL: g++.target/i386/mv28.C  -std=c++98  (test for errors, line 8)
FAIL: g++.target/i386/mv28.C  -std=c++98  (test for errors, line 9)
FAIL: g++.target/i386/pr82625.C  -std=gnu++14  scan-tree-dump-times optimized "return 4096;" 1
FAIL: g++.target/i386/pr82625.C  -std=gnu++14  scan-tree-dump-times optimized "return 8192;" 1
FAIL: g++.target/i386/pr82625.C  -std=gnu++17  scan-tree-dump-times optimized "return 4096;" 1
FAIL: g++.target/i386/pr82625.C  -std=gnu++17  scan-tree-dump-times optimized "return 8192;" 1
FAIL: g++.target/i386/pr82625.C  -std=gnu++2a  scan-tree-dump-times optimized "return 4096;" 1
FAIL: g++.target/i386/pr82625.C  -std=gnu++2a  scan-tree-dump-times optimized "return 8192;" 1
FAIL: g++.target/i386/pr82625.C  -std=gnu++98  scan-tree-dump-times optimized "return 4096;" 1
FAIL: g++.target/i386/pr82625.C  -std=gnu++98  scan-tree-dump-times optimized "return 8192;" 1

		=== g++ Summary for unix ===

# of expected passes		198583
# of unexpected failures	91
# of expected failures		981
# of unsupported tests		8606

Running target unix/-m32
FAIL: g++.dg/coroutines/torture/pr95519-05-gro.C execution test
FAIL: g++.dg/coroutines/torture/pr95519-05-gro.C   -O0  execution test
FAIL: g++.dg/coroutines/torture/pr95519-05-gro.C   -O1  execution test
FAIL: g++.dg/coroutines/torture/pr95519-05-gro.C   -O2  execution test
FAIL: g++.dg/coroutines/torture/pr95519-05-gro.C   -O2 -flto -fno-use-linker-plugin -flto-partition=none  execution test
FAIL: g++.dg/coroutines/torture/pr95519-05-gro.C   -O2 -flto -fuse-linker-plugin -fno-fat-lto-objects  execution test
FAIL: g++.dg/coroutines/torture/pr95519-05-gro.C   -O3 -g  execution test
FAIL: g++.dg/coroutines/torture/pr95519-05-gro.C   -Os  execution test
FAIL: g++.dg/guality/pr55665.C   -O2 -flto -fno-use-linker-plugin -flto-partition=none  line 23 p == 40
FAIL: g++.dg/vect/simd-bool-comparison-1.cc  -std=c++14  scan-tree-dump-times vect "vectorized 1 loops" 1
FAIL: g++.dg/vect/simd-bool-comparison-1.cc  -std=c++17  scan-tree-dump-times vect "vectorized 1 loops" 1
FAIL: g++.dg/vect/simd-bool-comparison-1.cc  -std=c++2a  scan-tree-dump-times vect "vectorized 1 loops" 1
FAIL: g++.dg/vect/simd-bool-comparison-1.cc  -std=c++98  scan-tree-dump-times vect "vectorized 1 loops" 1
FAIL: g++.dg/vect/slp-pr87105.cc  -std=c++14  scan-tree-dump slp2 "vect_[^\\rm]* = MIN"
FAIL: g++.dg/vect/slp-pr87105.cc  -std=c++17  scan-tree-dump slp2 "vect_[^\\rm]* = MIN"
FAIL: g++.dg/vect/slp-pr87105.cc  -std=c++2a  scan-tree-dump slp2 "vect_[^\\rm]* = MIN"
FAIL: g++.target/i386/mv28.C  -std=c++14  (test for errors, line 10)
FAIL: g++.target/i386/mv28.C  -std=c++14  (test for errors, line 11)
FAIL: g++.target/i386/mv28.C  -std=c++14  (test for errors, line 12)
FAIL: g++.target/i386/mv28.C  -std=c++14  (test for errors, line 13)
FAIL: g++.target/i386/mv28.C  -std=c++14  (test for errors, line 14)
FAIL: g++.target/i386/mv28.C  -std=c++14  (test for errors, line 15)
FAIL: g++.target/i386/mv28.C  -std=c++14  (test for errors, line 16)
FAIL: g++.target/i386/mv28.C  -std=c++14  (test for errors, line 17)
FAIL: g++.target/i386/mv28.C  -std=c++14  (test for errors, line 18)
FAIL: g++.target/i386/mv28.C  -std=c++14  (test for errors, line 19)
FAIL: g++.target/i386/mv28.C  -std=c++14  (test for errors, line 4)
FAIL: g++.target/i386/mv28.C  -std=c++14  (test for errors, line 5)
FAIL: g++.target/i386/mv28.C  -std=c++14  (test for errors, line 6)
FAIL: g++.target/i386/mv28.C  -std=c++14  (test for errors, line 7)
FAIL: g++.target/i386/mv28.C  -std=c++14  (test for errors, line 8)
FAIL: g++.target/i386/mv28.C  -std=c++14  (test for errors, line 9)
FAIL: g++.target/i386/mv28.C  -std=c++17  (test for errors, line 10)
FAIL: g++.target/i386/mv28.C  -std=c++17  (test for errors, line 11)
FAIL: g++.target/i386/mv28.C  -std=c++17  (test for errors, line 12)
FAIL: g++.target/i386/mv28.C  -std=c++17  (test for errors, line 13)
FAIL: g++.target/i386/mv28.C  -std=c++17  (test for errors, line 14)
FAIL: g++.target/i386/mv28.C  -std=c++17  (test for errors, line 15)
FAIL: g++.target/i386/mv28.C  -std=c++17  (test for errors, line 16)
FAIL: g++.target/i386/mv28.C  -std=c++17  (test for errors, line 17)
FAIL: g++.target/i386/mv28.C  -std=c++17  (test for errors, line 18)
FAIL: g++.target/i386/mv28.C  -std=c++17  (test for errors, line 19)
FAIL: g++.target/i386/mv28.C  -std=c++17  (test for errors, line 4)
FAIL: g++.target/i386/mv28.C  -std=c++17  (test for errors, line 5)
FAIL: g++.target/i386/mv28.C  -std=c++17  (test for errors, line 6)
FAIL: g++.target/i386/mv28.C  -std=c++17  (test for errors, line 7)
FAIL: g++.target/i386/mv28.C  -std=c++17  (test for errors, line 8)
FAIL: g++.target/i386/mv28.C  -std=c++17  (test for errors, line 9)
FAIL: g++.target/i386/mv28.C  -std=c++2a  (test for errors, line 10)
FAIL: g++.target/i386/mv28.C  -std=c++2a  (test for errors, line 11)
FAIL: g++.target/i386/mv28.C  -std=c++2a  (test for errors, line 12)
FAIL: g++.target/i386/mv28.C  -std=c++2a  (test for errors, line 13)
FAIL: g++.target/i386/mv28.C  -std=c++2a  (test for errors, line 14)
FAIL: g++.target/i386/mv28.C  -std=c++2a  (test for errors, line 15)
FAIL: g++.target/i386/mv28.C  -std=c++2a  (test for errors, line 16)
FAIL: g++.target/i386/mv28.C  -std=c++2a  (test for errors, line 17)
FAIL: g++.target/i386/mv28.C  -std=c++2a  (test for errors, line 18)
FAIL: g++.target/i386/mv28.C  -std=c++2a  (test for errors, line 19)
FAIL: g++.target/i386/mv28.C  -std=c++2a  (test for errors, line 4)
FAIL: g++.target/i386/mv28.C  -std=c++2a  (test for errors, line 5)
FAIL: g++.target/i386/mv28.C  -std=c++2a  (test for errors, line 6)
FAIL: g++.target/i386/mv28.C  -std=c++2a  (test for errors, line 7)
FAIL: g++.target/i386/mv28.C  -std=c++2a  (test for errors, line 8)
FAIL: g++.target/i386/mv28.C  -std=c++2a  (test for errors, line 9)
FAIL: g++.target/i386/mv28.C  -std=c++98  (test for errors, line 10)
FAIL: g++.target/i386/mv28.C  -std=c++98  (test for errors, line 11)
FAIL: g++.target/i386/mv28.C  -std=c++98  (test for errors, line 12)
FAIL: g++.target/i386/mv28.C  -std=c++98  (test for errors, line 13)
FAIL: g++.target/i386/mv28.C  -std=c++98  (test for errors, line 14)
FAIL: g++.target/i386/mv28.C  -std=c++98  (test for errors, line 15)
FAIL: g++.target/i386/mv28.C  -std=c++98  (test for errors, line 16)
FAIL: g++.target/i386/mv28.C  -std=c++98  (test for errors, line 17)
FAIL: g++.target/i386/mv28.C  -std=c++98  (test for errors, line 18)
FAIL: g++.target/i386/mv28.C  -std=c++98  (test for errors, line 19)
FAIL: g++.target/i386/mv28.C  -std=c++98  (test for errors, line 4)
FAIL: g++.target/i386/mv28.C  -std=c++98  (test for errors, line 5)
FAIL: g++.target/i386/mv28.C  -std=c++98  (test for errors, line 6)
FAIL: g++.target/i386/mv28.C  -std=c++98  (test for errors, line 7)
FAIL: g++.target/i386/mv28.C  -std=c++98  (test for errors, line 8)
FAIL: g++.target/i386/mv28.C  -std=c++98  (test for errors, line 9)
FAIL: g++.target/i386/pr82625.C  -std=gnu++14  scan-tree-dump-times optimized "return 4096;" 1
FAIL: g++.target/i386/pr82625.C  -std=gnu++14  scan-tree-dump-times optimized "return 8192;" 1
FAIL: g++.target/i386/pr82625.C  -std=gnu++17  scan-tree-dump-times optimized "return 4096;" 1
FAIL: g++.target/i386/pr82625.C  -std=gnu++17  scan-tree-dump-times optimized "return 8192;" 1
FAIL: g++.target/i386/pr82625.C  -std=gnu++2a  scan-tree-dump-times optimized "return 4096;" 1
FAIL: g++.target/i386/pr82625.C  -std=gnu++2a  scan-tree-dump-times optimized "return 8192;" 1
FAIL: g++.target/i386/pr82625.C  -std=gnu++98  scan-tree-dump-times optimized "return 4096;" 1
FAIL: g++.target/i386/pr82625.C  -std=gnu++98  scan-tree-dump-times optimized "return 8192;" 1

		=== g++ Summary for unix/-m32 ===

# of expected passes		196113
# of unexpected failures	88
# of expected failures		977
# of unsupported tests		8409

Running target unix/-mx32
FAIL: g++.dg/coroutines/torture/pr95519-05-gro.C execution test
FAIL: g++.dg/coroutines/torture/pr95519-05-gro.C   -O0  execution test
FAIL: g++.dg/coroutines/torture/pr95519-05-gro.C   -O1  execution test
FAIL: g++.dg/coroutines/torture/pr95519-05-gro.C   -O2  execution test
FAIL: g++.dg/coroutines/torture/pr95519-05-gro.C   -O2 -flto -fno-use-linker-plugin -flto-partition=none  execution test
FAIL: g++.dg/coroutines/torture/pr95519-05-gro.C   -O2 -flto -fuse-linker-plugin -fno-fat-lto-objects  execution test
FAIL: g++.dg/coroutines/torture/pr95519-05-gro.C   -O3 -g  execution test
FAIL: g++.dg/coroutines/torture/pr95519-05-gro.C   -Os  execution test
FAIL: g++.dg/guality/pr55665.C   -O2 -flto -fno-use-linker-plugin -flto-partition=none  line 23 p == 40
FAIL: g++.dg/vect/simd-bool-comparison-1.cc  -std=c++14  scan-tree-dump-times vect "vectorized 1 loops" 1
FAIL: g++.dg/vect/simd-bool-comparison-1.cc  -std=c++17  scan-tree-dump-times vect "vectorized 1 loops" 1
FAIL: g++.dg/vect/simd-bool-comparison-1.cc  -std=c++2a  scan-tree-dump-times vect "vectorized 1 loops" 1
FAIL: g++.dg/vect/simd-bool-comparison-1.cc  -std=c++98  scan-tree-dump-times vect "vectorized 1 loops" 1
FAIL: g++.dg/vect/slp-pr87105.cc  -std=c++14  scan-tree-dump slp2 "vect_[^\\rm]* = MIN"
FAIL: g++.dg/vect/slp-pr87105.cc  -std=c++17  scan-tree-dump slp2 "vect_[^\\rm]* = MIN"
FAIL: g++.dg/vect/slp-pr87105.cc  -std=c++2a  scan-tree-dump slp2 "vect_[^\\rm]* = MIN"
FAIL: g++.target/i386/mv28.C  -std=c++14  (test for errors, line 10)
FAIL: g++.target/i386/mv28.C  -std=c++14  (test for errors, line 11)
FAIL: g++.target/i386/mv28.C  -std=c++14  (test for errors, line 12)
FAIL: g++.target/i386/mv28.C  -std=c++14  (test for errors, line 13)
FAIL: g++.target/i386/mv28.C  -std=c++14  (test for errors, line 14)
FAIL: g++.target/i386/mv28.C  -std=c++14  (test for errors, line 15)
FAIL: g++.target/i386/mv28.C  -std=c++14  (test for errors, line 16)
FAIL: g++.target/i386/mv28.C  -std=c++14  (test for errors, line 17)
FAIL: g++.target/i386/mv28.C  -std=c++14  (test for errors, line 18)
FAIL: g++.target/i386/mv28.C  -std=c++14  (test for errors, line 19)
FAIL: g++.target/i386/mv28.C  -std=c++14  (test for errors, line 4)
FAIL: g++.target/i386/mv28.C  -std=c++14  (test for errors, line 5)
FAIL: g++.target/i386/mv28.C  -std=c++14  (test for errors, line 6)
FAIL: g++.target/i386/mv28.C  -std=c++14  (test for errors, line 7)
FAIL: g++.target/i386/mv28.C  -std=c++14  (test for errors, line 8)
FAIL: g++.target/i386/mv28.C  -std=c++14  (test for errors, line 9)
FAIL: g++.target/i386/mv28.C  -std=c++17  (test for errors, line 10)
FAIL: g++.target/i386/mv28.C  -std=c++17  (test for errors, line 11)
FAIL: g++.target/i386/mv28.C  -std=c++17  (test for errors, line 12)
FAIL: g++.target/i386/mv28.C  -std=c++17  (test for errors, line 13)
FAIL: g++.target/i386/mv28.C  -std=c++17  (test for errors, line 14)
FAIL: g++.target/i386/mv28.C  -std=c++17  (test for errors, line 15)
FAIL: g++.target/i386/mv28.C  -std=c++17  (test for errors, line 16)
FAIL: g++.target/i386/mv28.C  -std=c++17  (test for errors, line 17)
FAIL: g++.target/i386/mv28.C  -std=c++17  (test for errors, line 18)
FAIL: g++.target/i386/mv28.C  -std=c++17  (test for errors, line 19)
FAIL: g++.target/i386/mv28.C  -std=c++17  (test for errors, line 4)
FAIL: g++.target/i386/mv28.C  -std=c++17  (test for errors, line 5)
FAIL: g++.target/i386/mv28.C  -std=c++17  (test for errors, line 6)
FAIL: g++.target/i386/mv28.C  -std=c++17  (test for errors, line 7)
FAIL: g++.target/i386/mv28.C  -std=c++17  (test for errors, line 8)
FAIL: g++.target/i386/mv28.C  -std=c++17  (test for errors, line 9)
FAIL: g++.target/i386/mv28.C  -std=c++2a  (test for errors, line 10)
FAIL: g++.target/i386/mv28.C  -std=c++2a  (test for errors, line 11)
FAIL: g++.target/i386/mv28.C  -std=c++2a  (test for errors, line 12)
FAIL: g++.target/i386/mv28.C  -std=c++2a  (test for errors, line 13)
FAIL: g++.target/i386/mv28.C  -std=c++2a  (test for errors, line 14)
FAIL: g++.target/i386/mv28.C  -std=c++2a  (test for errors, line 15)
FAIL: g++.target/i386/mv28.C  -std=c++2a  (test for errors, line 16)
FAIL: g++.target/i386/mv28.C  -std=c++2a  (test for errors, line 17)
FAIL: g++.target/i386/mv28.C  -std=c++2a  (test for errors, line 18)
FAIL: g++.target/i386/mv28.C  -std=c++2a  (test for errors, line 19)
FAIL: g++.target/i386/mv28.C  -std=c++2a  (test for errors, line 4)
FAIL: g++.target/i386/mv28.C  -std=c++2a  (test for errors, line 5)
FAIL: g++.target/i386/mv28.C  -std=c++2a  (test for errors, line 6)
FAIL: g++.target/i386/mv28.C  -std=c++2a  (test for errors, line 7)
FAIL: g++.target/i386/mv28.C  -std=c++2a  (test for errors, line 8)
FAIL: g++.target/i386/mv28.C  -std=c++2a  (test for errors, line 9)
FAIL: g++.target/i386/mv28.C  -std=c++98  (test for errors, line 10)
FAIL: g++.target/i386/mv28.C  -std=c++98  (test for errors, line 11)
FAIL: g++.target/i386/mv28.C  -std=c++98  (test for errors, line 12)
FAIL: g++.target/i386/mv28.C  -std=c++98  (test for errors, line 13)
FAIL: g++.target/i386/mv28.C  -std=c++98  (test for errors, line 14)
FAIL: g++.target/i386/mv28.C  -std=c++98  (test for errors, line 15)
FAIL: g++.target/i386/mv28.C  -std=c++98  (test for errors, line 16)
FAIL: g++.target/i386/mv28.C  -std=c++98  (test for errors, line 17)
FAIL: g++.target/i386/mv28.C  -std=c++98  (test for errors, line 18)
FAIL: g++.target/i386/mv28.C  -std=c++98  (test for errors, line 19)
FAIL: g++.target/i386/mv28.C  -std=c++98  (test for errors, line 4)
FAIL: g++.target/i386/mv28.C  -std=c++98  (test for errors, line 5)
FAIL: g++.target/i386/mv28.C  -std=c++98  (test for errors, line 6)
FAIL: g++.target/i386/mv28.C  -std=c++98  (test for errors, line 7)
FAIL: g++.target/i386/mv28.C  -std=c++98  (test for errors, line 8)
FAIL: g++.target/i386/mv28.C  -std=c++98  (test for errors, line 9)
FAIL: g++.target/i386/pr82625.C  -std=gnu++14  scan-tree-dump-times optimized "return 4096;" 1
FAIL: g++.target/i386/pr82625.C  -std=gnu++14  scan-tree-dump-times optimized "return 8192;" 1
FAIL: g++.target/i386/pr82625.C  -std=gnu++17  scan-tree-dump-times optimized "return 4096;" 1
FAIL: g++.target/i386/pr82625.C  -std=gnu++17  scan-tree-dump-times optimized "return 8192;" 1
FAIL: g++.target/i386/pr82625.C  -std=gnu++2a  scan-tree-dump-times optimized "return 4096;" 1
FAIL: g++.target/i386/pr82625.C  -std=gnu++2a  scan-tree-dump-times optimized "return 8192;" 1
FAIL: g++.target/i386/pr82625.C  -std=gnu++98  scan-tree-dump-times optimized "return 4096;" 1
FAIL: g++.target/i386/pr82625.C  -std=gnu++98  scan-tree-dump-times optimized "return 8192;" 1

		=== g++ Summary for unix/-mx32 ===

# of expected passes		198491
# of unexpected failures	88
# of expected failures		977
# of unsupported tests		8572

		=== g++ Summary ===

# of expected passes		593187
# of unexpected failures	267
# of expected failures		2935
# of unsupported tests		25587
/export/gnu/import/git/gcc-test-master-intel64-native/bld/gcc/xg++  version 11.0.0 20201210 (experimental) [native/master revision 445430e16bd:ace8cabaa9a:3cf63c94df4712569e0ab996155013a3a043bed3] (GCC) 

		=== objc tests ===


Running target unix

		=== objc Summary for unix ===

# of expected passes		2819
# of expected failures		6
# of unsupported tests		68

Running target unix/-m32

		=== objc Summary for unix/-m32 ===

# of expected passes		2819
# of expected failures		6
# of unsupported tests		68

Running target unix/-mx32

		=== objc Summary for unix/-mx32 ===

# of expected passes		2819
# of expected failures		6
# of unsupported tests		68

		=== objc Summary ===

# of expected passes		8457
# of expected failures		18
# of unsupported tests		204
/export/gnu/import/git/gcc-test-master-intel64-native/bld/gcc/xgcc  version 11.0.0 20201210 (experimental) [native/master revision 445430e16bd:ace8cabaa9a:3cf63c94df4712569e0ab996155013a3a043bed3] (GCC) 

		=== libatomic tests ===


Running target unix/-m32

		=== libatomic Summary for unix/-m32 ===

# of expected passes		44
# of unsupported tests		5

Running target unix/-mx32

		=== libatomic Summary for unix/-mx32 ===

# of expected passes		54

Running target unix

		=== libatomic Summary for unix ===

# of expected passes		54

		=== libatomic Summary ===

# of expected passes		152
# of unsupported tests		5
		=== libgomp tests ===


Running target unix/-m32

		=== libgomp Summary for unix/-m32 ===

# of expected passes		8193
# of expected failures		6
# of unsupported tests		533

Running target unix/-mx32

		=== libgomp Summary for unix/-mx32 ===

# of expected passes		8193
# of expected failures		6
# of unsupported tests		533

Running target unix

		=== libgomp Summary for unix ===

# of expected passes		8194
# of expected failures		6
# of unsupported tests		532

		=== libgomp Summary ===

# of expected passes		24580
# of expected failures		18
# of unsupported tests		1598
		=== libitm tests ===


Running target unix/-m32

		=== libitm Summary for unix/-m32 ===

# of expected passes		42
# of expected failures		3
# of unsupported tests		1

Running target unix/-mx32

		=== libitm Summary for unix/-mx32 ===

# of expected passes		42
# of expected failures		3
# of unsupported tests		1

Running target unix

		=== libitm Summary for unix ===

# of expected passes		42
# of expected failures		3
# of unsupported tests		1

		=== libitm Summary ===

# of expected passes		126
# of expected failures		9
# of unsupported tests		3
		=== libstdc++ tests ===


Running target unix
FAIL: 22_locale/numpunct/members/char/3.cc execution test
FAIL: 22_locale/time_get/get_time/char/2.cc execution test
FAIL: 22_locale/time_get/get_time/char/wrapped_env.cc execution test
FAIL: 22_locale/time_get/get_time/char/wrapped_locale.cc execution test
FAIL: 22_locale/time_get/get_time/wchar_t/2.cc execution test
FAIL: 22_locale/time_get/get_time/wchar_t/wrapped_env.cc execution test
FAIL: 22_locale/time_get/get_time/wchar_t/wrapped_locale.cc execution test

		=== libstdc++ Summary for unix ===

# of expected passes		15518
# of unexpected failures	7
# of expected failures		104
# of unsupported tests		341

Running target unix/-m32
FAIL: 22_locale/numpunct/members/char/3.cc execution test
FAIL: 22_locale/time_get/get_time/char/2.cc execution test
FAIL: 22_locale/time_get/get_time/char/wrapped_env.cc execution test
FAIL: 22_locale/time_get/get_time/char/wrapped_locale.cc execution test
FAIL: 22_locale/time_get/get_time/wchar_t/2.cc execution test
FAIL: 22_locale/time_get/get_time/wchar_t/wrapped_env.cc execution test
FAIL: 22_locale/time_get/get_time/wchar_t/wrapped_locale.cc execution test

		=== libstdc++ Summary for unix/-m32 ===

# of expected passes		15530
# of unexpected failures	7
# of expected failures		104
# of unsupported tests		335

Running target unix/-mx32
FAIL: 22_locale/numpunct/members/char/3.cc execution test
FAIL: 22_locale/time_get/get_time/char/2.cc execution test
FAIL: 22_locale/time_get/get_time/char/wrapped_env.cc execution test
FAIL: 22_locale/time_get/get_time/char/wrapped_locale.cc execution test
FAIL: 22_locale/time_get/get_time/wchar_t/2.cc execution test
FAIL: 22_locale/time_get/get_time/wchar_t/wrapped_env.cc execution test
FAIL: 22_locale/time_get/get_time/wchar_t/wrapped_locale.cc execution test

		=== libstdc++ Summary for unix/-mx32 ===

# of expected passes		15518
# of unexpected failures	7
# of expected failures		104
# of unsupported tests		343

		=== libstdc++ Summary ===

# of expected passes		46566
# of unexpected failures	21
# of expected failures		312
# of unsupported tests		1019

Compiler version: 11.0.0 20201210 (experimental) [native/master revision 445430e16bd:ace8cabaa9a:3cf63c94df4712569e0ab996155013a3a043bed3] (GCC) 
Platform: x86_64-pc-linux-gnu
configure flags: --with-arch=native --with-cpu=native --prefix=/usr/11.0.0 --enable-clocale=gnu --with-system-zlib --enable-shared --enable-cet --with-demangler-in-ld --enable-libmpx --with-multilib-list=m32,m64,mx32 --with-fpmath=sse


More information about the Gcc-testresults mailing list