Results for 11.0.0 (DEFMODE=thumb DEFCPU=cortex-m4 DEFFPU=default TESTFLAGS=) [r11-5871] (GCC) testsuite on arm-none-uclinuxfdpiceabi

Christophe LYON christophe.lyon@st.com
Wed Dec 9 04:14:45 GMT 2020


LAST_UPDATED: Wed Dec  9 03:00:59 UTC 2020 (revision r11-5871-gf6e8e2797ebae21e483373e303ec1c7596309625) TARGET=arm-none-uclinuxfdpiceabi CPU=cortex-m4 FPU=default MODE=thumb

Target is arm-none-uclinuxfdpiceabi
Host   is arm-none-uclinuxfdpiceabi

		=== libatomic tests ===


Running target qemu

		=== libatomic Summary ===

# of expected passes		44
# of unsupported tests		5
Host   is arm-none-uclinuxfdpiceabi

		=== libitm tests ===


Running target qemu
FAIL: libitm.c/alloc-1.c (test for excess errors)
UNRESOLVED: libitm.c/alloc-1.c compilation failed to produce executable
FAIL: libitm.c/cancel.c (test for excess errors)
UNRESOLVED: libitm.c/cancel.c compilation failed to produce executable
FAIL: libitm.c/clone-1.c (test for excess errors)
UNRESOLVED: libitm.c/clone-1.c compilation failed to produce executable
FAIL: libitm.c/dropref-2.c (test for excess errors)
UNRESOLVED: libitm.c/dropref-2.c compilation failed to produce executable
FAIL: libitm.c/dropref.c (test for excess errors)
UNRESOLVED: libitm.c/dropref.c compilation failed to produce executable
FAIL: libitm.c/memcpy-1.c (test for excess errors)
UNRESOLVED: libitm.c/memcpy-1.c compilation failed to produce executable
FAIL: libitm.c/memset-1.c (test for excess errors)
UNRESOLVED: libitm.c/memset-1.c compilation failed to produce executable
FAIL: libitm.c/notx.c (test for excess errors)
UNRESOLVED: libitm.c/notx.c compilation failed to produce executable
FAIL: libitm.c/priv-1.c (test for excess errors)
UNRESOLVED: libitm.c/priv-1.c compilation failed to produce executable
FAIL: libitm.c/reentrant.c (test for excess errors)
UNRESOLVED: libitm.c/reentrant.c compilation failed to produce executable
FAIL: libitm.c/simple-1.c (test for excess errors)
UNRESOLVED: libitm.c/simple-1.c compilation failed to produce executable
FAIL: libitm.c/simple-2.c (test for excess errors)
UNRESOLVED: libitm.c/simple-2.c compilation failed to produce executable
FAIL: libitm.c/stackundo.c (test for excess errors)
UNRESOLVED: libitm.c/stackundo.c compilation failed to produce executable
FAIL: libitm.c/txrelease.c (test for excess errors)
UNRESOLVED: libitm.c/txrelease.c compilation failed to produce executable
FAIL: libitm.c++/dropref.C (test for excess errors)
UNRESOLVED: libitm.c++/dropref.C compilation failed to produce executable
FAIL: libitm.c++/eh-1.C (test for excess errors)
UNRESOLVED: libitm.c++/eh-1.C compilation failed to produce executable
FAIL: libitm.c++/eh-2.C (test for excess errors)
UNRESOLVED: libitm.c++/eh-2.C compilation failed to produce executable
FAIL: libitm.c++/eh-3.C (test for excess errors)
UNRESOLVED: libitm.c++/eh-3.C compilation failed to produce executable
FAIL: libitm.c++/eh-4.C (test for excess errors)
UNRESOLVED: libitm.c++/eh-4.C compilation failed to produce executable
FAIL: libitm.c++/eh-5.C (test for excess errors)
UNRESOLVED: libitm.c++/eh-5.C compilation failed to produce executable
FAIL: libitm.c++/libstdc++-safeexc.C (test for excess errors)
UNRESOLVED: libitm.c++/libstdc++-safeexc.C compilation failed to produce executable
FAIL: libitm.c++/newdelete.C (test for excess errors)
UNRESOLVED: libitm.c++/newdelete.C compilation failed to produce executable

		=== libitm Summary ===

# of expected passes		1
# of unexpected failures	22
# of unresolved testcases	22
# of unsupported tests		1
Host   is arm-none-uclinuxfdpiceabi

		=== libstdc++ tests ===


Running target qemu
FAIL: 18_support/bad_alloc/cons_virtual_derivation.cc execution test
FAIL: 18_support/bad_cast/cons_virtual_derivation.cc execution test
FAIL: 18_support/bad_exception/cons_virtual_derivation.cc execution test
FAIL: 18_support/bad_typeid/cons_virtual_derivation.cc execution test
FAIL: 18_support/cxa_vec.cc execution test
FAIL: 18_support/exception/38732.cc execution test
FAIL: 18_support/exception_ptr/60612-terminate.cc execution test
FAIL: 18_support/exception_ptr/62258.cc execution test
FAIL: 18_support/exception_ptr/current_exception.cc execution test
FAIL: 18_support/exception_ptr/lifespan.cc execution test
FAIL: 18_support/exception_ptr/rethrow_exception.cc execution test
FAIL: 18_support/nested_exception/62154.cc execution test
FAIL: 18_support/nested_exception/cons.cc execution test
FAIL: 18_support/nested_exception/nested_ptr.cc execution test
FAIL: 18_support/nested_exception/rethrow_if_nested.cc execution test
FAIL: 18_support/nested_exception/rethrow_nested.cc execution test
FAIL: 18_support/nested_exception/throw_with_nested.cc execution test
FAIL: 18_support/new_nothrow.cc execution test
FAIL: 18_support/uncaught_exception/14026.cc execution test
FAIL: 18_support/uncaught_exceptions/uncaught_exceptions.cc execution test
FAIL: 19_diagnostics/logic_error/cons_virtual_derivation.cc execution test
FAIL: 19_diagnostics/logic_error/what-2.cc execution test
FAIL: 19_diagnostics/runtime_error/cons_virtual_derivation.cc execution test
FAIL: 19_diagnostics/runtime_error/what-2.cc execution test
FAIL: 19_diagnostics/stdexcept.cc execution test
FAIL: 19_diagnostics/system_error/cons_virtual_derivation.cc execution test
FAIL: 19_diagnostics/system_error/what-2.cc execution test
FAIL: 20_util/allocator/8230.cc execution test
FAIL: 20_util/allocator/lwg3190.cc execution test
FAIL: 20_util/any/assign/exception.cc execution test
FAIL: 20_util/any/misc/any_cast.cc execution test
FAIL: 20_util/any/misc/any_cast_no_rtti.cc execution test
FAIL: 20_util/any/modifiers/83658.cc execution test
FAIL: 20_util/bad_function_call/cons_virtual_derivation.cc execution test
FAIL: 20_util/bad_function_call/what.cc execution test
FAIL: 20_util/function/1.cc execution test
FAIL: 20_util/function/63840.cc execution test
FAIL: 20_util/function/cons/55320.cc execution test
FAIL: 20_util/function_objects/not_fn/87538.cc execution test
FAIL: 20_util/monotonic_buffer_resource/allocate.cc execution test
FAIL: 20_util/optional/assignment/1.cc execution test
FAIL: 20_util/optional/assignment/2.cc execution test
FAIL: 20_util/optional/assignment/3.cc execution test
FAIL: 20_util/optional/assignment/4.cc execution test
FAIL: 20_util/optional/cons/copy.cc execution test
FAIL: 20_util/optional/cons/move.cc execution test
FAIL: 20_util/optional/cons/value.cc execution test
FAIL: 20_util/optional/observers/3.cc execution test
FAIL: 20_util/polymorphic_allocator/lwg3237.cc execution test
FAIL: 20_util/shared_ptr/cons/weak_ptr_expired.cc execution test
FAIL: 20_util/shared_ptr/thread/default_weaktoshared.cc execution test
FAIL: 20_util/shared_ptr/thread/mutex_weaktoshared.cc execution test
FAIL: 20_util/specialized_algorithms/memory_management_tools/1.cc execution test
FAIL: 20_util/specialized_algorithms/uninitialized_copy/constrained.cc execution test
FAIL: 20_util/specialized_algorithms/uninitialized_default_construct/constrained.cc execution test
FAIL: 20_util/specialized_algorithms/uninitialized_fill/constrained.cc execution test
FAIL: 20_util/specialized_algorithms/uninitialized_move/constrained.cc execution test
FAIL: 20_util/specialized_algorithms/uninitialized_value_construct/constrained.cc execution test
FAIL: 20_util/unique_ptr/hash/90388.cc execution test
FAIL: 20_util/unsynchronized_pool_resource/allocate.cc execution test
FAIL: 20_util/variant/87431.cc execution test
FAIL: 20_util/variant/exception_safety.cc execution test
FAIL: 20_util/variant/run.cc execution test
FAIL: 21_strings/basic_string/allocator/char/copy_assign.cc execution test
FAIL: 21_strings/basic_string/allocator/wchar_t/copy_assign.cc execution test
FAIL: 21_strings/basic_string/cons/char/1.cc execution test
FAIL: 21_strings/basic_string/cons/char/3.cc execution test
FAIL: 21_strings/basic_string/cons/char/69092.cc execution test
FAIL: 21_strings/basic_string/cons/wchar_t/1.cc execution test
FAIL: 21_strings/basic_string/cons/wchar_t/3.cc execution test
FAIL: 21_strings/basic_string/element_access/char/1.cc execution test
FAIL: 21_strings/basic_string/element_access/wchar_t/1.cc execution test
FAIL: 21_strings/basic_string/inserters_extractors/pod/10081-in.cc execution test
FAIL: 21_strings/basic_string/modifiers/append/char/1.cc execution test
FAIL: 21_strings/basic_string/modifiers/append/wchar_t/1.cc execution test
FAIL: 21_strings/basic_string/modifiers/insert/char/1.cc execution test
FAIL: 21_strings/basic_string/modifiers/insert/wchar_t/1.cc execution test
FAIL: 21_strings/basic_string/numeric_conversions/char/stod.cc execution test
FAIL: 21_strings/basic_string/numeric_conversions/char/stof.cc execution test
FAIL: 21_strings/basic_string/numeric_conversions/char/stoi.cc execution test
FAIL: 21_strings/basic_string/numeric_conversions/char/stol.cc execution test
FAIL: 21_strings/basic_string/numeric_conversions/char/stold.cc execution test
FAIL: 21_strings/basic_string/numeric_conversions/char/stoll.cc execution test
FAIL: 21_strings/basic_string/numeric_conversions/char/stoul.cc execution test
FAIL: 21_strings/basic_string/numeric_conversions/char/stoull.cc execution test
FAIL: 21_strings/basic_string/numeric_conversions/wchar_t/stod.cc execution test
FAIL: 21_strings/basic_string/numeric_conversions/wchar_t/stof.cc execution test
FAIL: 21_strings/basic_string/numeric_conversions/wchar_t/stoi.cc execution test
FAIL: 21_strings/basic_string/numeric_conversions/wchar_t/stol.cc execution test
FAIL: 21_strings/basic_string/numeric_conversions/wchar_t/stold.cc execution test
FAIL: 21_strings/basic_string/numeric_conversions/wchar_t/stoll.cc execution test
FAIL: 21_strings/basic_string/numeric_conversions/wchar_t/stoul.cc execution test
FAIL: 21_strings/basic_string/numeric_conversions/wchar_t/stoull.cc execution test
FAIL: 21_strings/basic_string/operations/substr/char/1.cc execution test
FAIL: 21_strings/basic_string/operations/substr/wchar_t/1.cc execution test
FAIL: 21_strings/basic_string/pthread18185.cc execution test
FAIL: 21_strings/basic_string_view/element_access/char/1.cc execution test
FAIL: 21_strings/basic_string_view/element_access/wchar_t/1.cc execution test
FAIL: 21_strings/basic_string_view/operations/substr/char/1.cc execution test
FAIL: 21_strings/basic_string_view/operations/substr/wchar_t/1.cc execution test
FAIL: 22_locale/facet/25421.cc execution test
FAIL: 22_locale/global_templates/1.cc execution test
FAIL: 22_locale/locale/cons/12438.cc execution test
FAIL: 22_locale/numpunct/members/pod/2.cc execution test
XPASS: 22_locale/time_put/put/wchar_t/10.cc execution test
XPASS: 22_locale/time_put/put/wchar_t/5.cc execution test
XPASS: 22_locale/time_put/put/wchar_t/9.cc execution test
FAIL: 23_containers/array/element_access/at_out_of_range.cc execution test
FAIL: 23_containers/bitset/cons/1.cc execution test
FAIL: 23_containers/bitset/cons/6282.cc execution test
FAIL: 23_containers/bitset/test/1.cc execution test
FAIL: 23_containers/bitset/to_ulong/1.cc execution test
FAIL: 23_containers/deque/capacity/29134-2.cc execution test
FAIL: 23_containers/deque/capacity/max_size.cc execution test
FAIL: 23_containers/deque/cons/2.cc execution test
FAIL: 23_containers/deque/requirements/exception/basic.cc execution test
FAIL: 23_containers/deque/requirements/exception/propagation_consistent.cc execution test
FAIL: 23_containers/forward_list/requirements/exception/basic.cc execution test
FAIL: 23_containers/forward_list/requirements/exception/propagation_consistent.cc execution test
FAIL: 23_containers/list/modifiers/3.cc execution test
FAIL: 23_containers/list/modifiers/insert/25288.cc execution test
FAIL: 23_containers/list/operations/78389.cc execution test
FAIL: 23_containers/list/requirements/exception/basic.cc execution test
FAIL: 23_containers/list/requirements/exception/propagation_consistent.cc execution test
FAIL: 23_containers/map/element_access/1.cc execution test
FAIL: 23_containers/map/requirements/exception/basic.cc execution test
FAIL: 23_containers/map/requirements/exception/propagation_consistent.cc execution test
FAIL: 23_containers/multimap/requirements/exception/basic.cc execution test
FAIL: 23_containers/multimap/requirements/exception/propagation_consistent.cc execution test
FAIL: 23_containers/multiset/requirements/exception/basic.cc execution test
FAIL: 23_containers/multiset/requirements/exception/propagation_consistent.cc execution test
FAIL: 23_containers/set/requirements/exception/basic.cc execution test
FAIL: 23_containers/set/requirements/exception/propagation_consistent.cc execution test
FAIL: 23_containers/unordered_map/cons/81891.cc execution test
FAIL: 23_containers/unordered_map/dr761.cc execution test
FAIL: 23_containers/unordered_map/requirements/exception/basic.cc execution test
FAIL: 23_containers/unordered_map/requirements/exception/propagation_consistent.cc execution test
FAIL: 23_containers/unordered_multimap/requirements/exception/basic.cc execution test
FAIL: 23_containers/unordered_multimap/requirements/exception/propagation_consistent.cc execution test
FAIL: 23_containers/unordered_multiset/insert/hash_policy.cc execution test
FAIL: 23_containers/unordered_multiset/requirements/exception/basic.cc execution test
FAIL: 23_containers/unordered_multiset/requirements/exception/propagation_consistent.cc execution test
FAIL: 23_containers/unordered_set/insert/hash_policy.cc execution test
FAIL: 23_containers/unordered_set/max_load_factor/robustness.cc execution test
FAIL: 23_containers/unordered_set/requirements/exception/basic.cc execution test
FAIL: 23_containers/unordered_set/requirements/exception/propagation_consistent.cc execution test
FAIL: 23_containers/vector/bool/72847.cc execution test
FAIL: 23_containers/vector/bool/modifiers/insert/31370.cc execution test
FAIL: 23_containers/vector/capacity/2.cc execution test
FAIL: 23_containers/vector/capacity/29134-2.cc execution test
FAIL: 23_containers/vector/capacity/8230.cc execution test
FAIL: 23_containers/vector/capacity/max_size.cc execution test
FAIL: 23_containers/vector/capacity/resize/1.cc execution test
FAIL: 23_containers/vector/capacity/resize/strong_guarantee.cc execution test
FAIL: 23_containers/vector/cons/4.cc execution test
FAIL: 23_containers/vector/cons/86292.cc execution test
FAIL: 23_containers/vector/element_access/1.cc execution test
FAIL: 23_containers/vector/ext_pointer/modifiers/element.cc execution test
FAIL: 23_containers/vector/ext_pointer/modifiers/insert.cc execution test
FAIL: 23_containers/vector/modifiers/insert/1.cc execution test
FAIL: 23_containers/vector/modifiers/push_back/strong_guarantee.cc execution test
FAIL: 23_containers/vector/requirements/exception/basic.cc execution test
FAIL: 23_containers/vector/requirements/exception/propagation_consistent.cc execution test
FAIL: 24_iterators/common_iterator/1.cc execution test
FAIL: 25_algorithms/stable_partition/mem_check.cc execution test
FAIL: 25_algorithms/stable_sort/mem_check.cc execution test
XPASS: 26_numerics/headers/cmath/c99_classification_macros_c++11.cc (test for excess errors)
XPASS: 26_numerics/headers/cmath/c99_classification_macros_c++98.cc (test for excess errors)
XPASS: 26_numerics/headers/cmath/c99_classification_macros_c.cc (test for excess errors)
FAIL: 26_numerics/random/random_device/cons/token.cc execution test
FAIL: 27_io/basic_filebuf/close/81256.cc execution test
FAIL: 27_io/basic_filebuf/cons/wchar_t/10132-1.cc execution test
FAIL: 27_io/basic_filebuf/overflow/char/13858.cc execution test
FAIL: 27_io/basic_filebuf/overflow/char/9182-2.cc execution test
FAIL: 27_io/basic_filebuf/overflow/wchar_t/13858.cc execution test
FAIL: 27_io/basic_filebuf/seekoff/wchar_t/3.cc execution test
FAIL: 27_io/basic_filebuf/seekpos/wchar_t/1.cc execution test
FAIL: 27_io/basic_filebuf/sync/char/9182-1.cc execution test
FAIL: 27_io/basic_filebuf/underflow/wchar_t/11544-1.cc execution test
FAIL: 27_io/basic_filebuf/underflow/wchar_t/11544-2.cc execution test
FAIL: 27_io/basic_filebuf/underflow/wchar_t/11603.cc execution test
FAIL: 27_io/basic_fstream/53984.cc execution test
FAIL: 27_io/basic_ios/copyfmt/char/1.cc execution test
FAIL: 27_io/basic_ios/exceptions/char/1.cc execution test
FAIL: 27_io/basic_ios/exceptions/char/2.cc execution test
FAIL: 27_io/basic_ios/imbue/14072.cc execution test
FAIL: 27_io/basic_istream/exceptions/char/9561.cc execution test
FAIL: 27_io/basic_istream/exceptions/wchar_t/9561.cc execution test
XPASS: 27_io/basic_istream/extractors_arithmetic/char/12.cc execution test
FAIL: 27_io/basic_istream/extractors_arithmetic/char/exceptions_badbit_throw.cc execution test
FAIL: 27_io/basic_istream/extractors_arithmetic/char/exceptions_failbit.cc execution test
FAIL: 27_io/basic_istream/extractors_arithmetic/char/exceptions_failbit_throw.cc execution test
FAIL: 27_io/basic_istream/extractors_arithmetic/pod/3983-1.cc execution test
XPASS: 27_io/basic_istream/extractors_arithmetic/wchar_t/12.cc execution test
FAIL: 27_io/basic_istream/extractors_arithmetic/wchar_t/exceptions_badbit_throw.cc execution test
FAIL: 27_io/basic_istream/extractors_arithmetic/wchar_t/exceptions_failbit.cc execution test
FAIL: 27_io/basic_istream/extractors_arithmetic/wchar_t/exceptions_failbit_throw.cc execution test
FAIL: 27_io/basic_istream/extractors_character/pod/3983-2.cc execution test
FAIL: 27_io/basic_istream/extractors_other/char/error_failbit.cc execution test
FAIL: 27_io/basic_istream/extractors_other/char/exceptions_badbit_throw.cc execution test
FAIL: 27_io/basic_istream/extractors_other/char/exceptions_failbit_throw.cc execution test
FAIL: 27_io/basic_istream/extractors_other/char/exceptions_null.cc execution test
FAIL: 27_io/basic_istream/extractors_other/pod/3983-3.cc execution test
FAIL: 27_io/basic_istream/extractors_other/wchar_t/error_failbit.cc execution test
FAIL: 27_io/basic_istream/extractors_other/wchar_t/exceptions_badbit_throw.cc execution test
FAIL: 27_io/basic_istream/extractors_other/wchar_t/exceptions_failbit_throw.cc execution test
FAIL: 27_io/basic_istream/extractors_other/wchar_t/exceptions_null.cc execution test
FAIL: 27_io/basic_istream/seekg/char/exceptions_badbit_throw.cc execution test
FAIL: 27_io/basic_istream/seekg/wchar_t/exceptions_badbit_throw.cc execution test
FAIL: 27_io/basic_istream/sentry/char/12297.cc execution test
FAIL: 27_io/basic_istream/sentry/char/53984.cc execution test
FAIL: 27_io/basic_istream/sentry/pod/1.cc execution test
FAIL: 27_io/basic_istream/sentry/wchar_t/12297.cc execution test
FAIL: 27_io/basic_istream/tellg/char/exceptions_badbit_throw.cc execution test
FAIL: 27_io/basic_istream/tellg/wchar_t/exceptions_badbit_throw.cc execution test
FAIL: 27_io/basic_ostream/exceptions/char/9561.cc execution test
FAIL: 27_io/basic_ostream/exceptions/wchar_t/9561.cc execution test
FAIL: 27_io/basic_ostream/flush/char/exceptions_badbit_throw.cc execution test
FAIL: 27_io/basic_ostream/flush/wchar_t/exceptions_badbit_throw.cc execution test
FAIL: 27_io/basic_ostream/inserters_arithmetic/char/9555-oa.cc execution test
FAIL: 27_io/basic_ostream/inserters_arithmetic/char/exceptions_badbit_throw.cc execution test
FAIL: 27_io/basic_ostream/inserters_arithmetic/char/exceptions_failbit_throw.cc execution test
FAIL: 27_io/basic_ostream/inserters_arithmetic/char/hexfloat.cc execution test
FAIL: 27_io/basic_ostream/inserters_arithmetic/pod/23875.cc execution test
FAIL: 27_io/basic_ostream/inserters_arithmetic/wchar_t/9555-oa.cc execution test
FAIL: 27_io/basic_ostream/inserters_arithmetic/wchar_t/exceptions_badbit_throw.cc execution test
FAIL: 27_io/basic_ostream/inserters_arithmetic/wchar_t/exceptions_failbit_throw.cc execution test
FAIL: 27_io/basic_ostream/inserters_character/char/9555-oc.cc execution test
FAIL: 27_io/basic_ostream/inserters_character/wchar_t/9555-oc.cc execution test
FAIL: 27_io/basic_ostream/inserters_other/char/5.cc execution test
FAIL: 27_io/basic_ostream/inserters_other/char/error_failbit.cc execution test
FAIL: 27_io/basic_ostream/inserters_other/char/exceptions_badbit_throw.cc execution test
FAIL: 27_io/basic_ostream/inserters_other/char/exceptions_failbit_throw.cc execution test
FAIL: 27_io/basic_ostream/inserters_other/char/exceptions_null.cc execution test
FAIL: 27_io/basic_ostream/inserters_other/wchar_t/5.cc execution test
FAIL: 27_io/basic_ostream/inserters_other/wchar_t/error_failbit.cc execution test
FAIL: 27_io/basic_ostream/inserters_other/wchar_t/exceptions_badbit_throw.cc execution test
FAIL: 27_io/basic_ostream/inserters_other/wchar_t/exceptions_failbit_throw.cc execution test
FAIL: 27_io/basic_ostream/inserters_other/wchar_t/exceptions_null.cc execution test
FAIL: 27_io/basic_ostream/put/char/1.cc execution test
FAIL: 27_io/basic_ostream/put/wchar_t/1.cc execution test
FAIL: 27_io/basic_ostream/seekp/char/exceptions_badbit_throw.cc execution test
FAIL: 27_io/basic_ostream/seekp/wchar_t/exceptions_badbit_throw.cc execution test
FAIL: 27_io/basic_ostream/tellp/char/exceptions_badbit_throw.cc execution test
FAIL: 27_io/basic_ostream/tellp/wchar_t/exceptions_badbit_throw.cc execution test
FAIL: 27_io/basic_ostream/write/char/1.cc execution test
FAIL: 27_io/basic_ostream/write/wchar_t/1.cc execution test
FAIL: 27_io/filesystem/iterators/pop.cc execution test
FAIL: 27_io/filesystem/operations/absolute.cc execution test
FAIL: 27_io/filesystem/operations/canonical.cc execution test
FAIL: 27_io/filesystem/operations/create_symlink.cc execution test
FAIL: 27_io/filesystem/operations/exists.cc execution test
FAIL: 27_io/filesystem/operations/file_size.cc execution test
FAIL: 27_io/filesystem/operations/is_empty.cc execution test
FAIL: 27_io/filesystem/operations/last_write_time.cc execution test
FAIL: 27_io/filesystem/operations/permissions.cc execution test
FAIL: 27_io/filesystem/operations/remove_all.cc execution test
FAIL: 27_io/filesystem/operations/status.cc execution test
FAIL: 27_io/filesystem/operations/symlink_status.cc execution test
FAIL: 27_io/filesystem/operations/temp_directory_path.cc execution test
FAIL: 27_io/filesystem/path/factory/u8path.cc execution test
FAIL: 27_io/ios_base/failure/cons_virtual_derivation.cc execution test
FAIL: 27_io/ios_base/failure/dual_abi.cc execution test
FAIL: 27_io/ios_base/failure/what-2.cc execution test
FAIL: 27_io/ios_base/storage/2.cc execution test
FAIL: 27_io/ios_base/storage/68197.cc execution test
FAIL: 27_io/objects/char/6.cc execution test
FAIL: 27_io/objects/wchar_t/6.cc execution test
FAIL: 28_regex/algorithms/regex_match/basic/empty_range.cc execution test
FAIL: 28_regex/algorithms/regex_match/cstring_bracket_01.cc execution test
FAIL: 28_regex/algorithms/regex_match/ecma/char/61601.cc execution test
FAIL: 28_regex/algorithms/regex_match/ecma/char/backref.cc execution test
FAIL: 28_regex/algorithms/regex_match/ecma/char/hex.cc execution test
FAIL: 28_regex/basic_regex/assign/char/string.cc execution test
FAIL: 28_regex/basic_regex/ctors/basic/string_range_01_02_03.cc execution test
FAIL: 28_regex/basic_regex/ctors/extended/string_range_01_02_03.cc execution test
FAIL: 28_regex/match_results/94627.cc execution test
FAIL: 28_regex/regex_error/regex_error.cc execution test
FAIL: 29_atomics/atomic_float/wait_notify.cc (test for excess errors)
UNRESOLVED: 29_atomics/atomic_float/wait_notify.cc compilation failed to produce executable
FAIL: 29_atomics/atomic_integral/wait_notify.cc (test for excess errors)
UNRESOLVED: 29_atomics/atomic_integral/wait_notify.cc compilation failed to produce executable
FAIL: 29_atomics/atomic_ref/wait_notify.cc (test for excess errors)
UNRESOLVED: 29_atomics/atomic_ref/wait_notify.cc compilation failed to produce executable
FAIL: 30_threads/async/except.cc execution test
FAIL: 30_threads/call_once/66146.cc execution test
FAIL: 30_threads/future/members/45133.cc execution test
FAIL: 30_threads/future/members/get2.cc execution test
FAIL: 30_threads/lock/4.cc execution test
FAIL: 30_threads/packaged_task/members/get_future2.cc execution test
FAIL: 30_threads/packaged_task/members/invoke2.cc execution test
FAIL: 30_threads/packaged_task/members/invoke3.cc execution test
FAIL: 30_threads/packaged_task/members/invoke4.cc execution test
FAIL: 30_threads/packaged_task/members/reset.cc execution test
FAIL: 30_threads/promise/cons/move.cc execution test
FAIL: 30_threads/promise/cons/move_assign.cc execution test
FAIL: 30_threads/promise/members/at_thread_exit2.cc execution test
FAIL: 30_threads/promise/members/get_future2.cc execution test
FAIL: 30_threads/promise/members/set_exception.cc execution test
FAIL: 30_threads/promise/members/set_exception2.cc execution test
FAIL: 30_threads/promise/members/set_value2.cc execution test
FAIL: 30_threads/shared_future/members/45133.cc execution test
FAIL: 30_threads/shared_future/members/get2.cc execution test
FAIL: 30_threads/shared_lock/locking/2.cc execution test
FAIL: 30_threads/thread/cons/terminate.cc execution test
FAIL: 30_threads/thread/members/4.cc execution test
FAIL: 30_threads/thread/members/5.cc execution test
FAIL: 30_threads/thread/native_handle/cancel.cc execution test
FAIL: 30_threads/try_lock/4.cc execution test
FAIL: 30_threads/unique_lock/locking/2.cc execution test
FAIL: experimental/algorithm/sample-2.cc execution test
FAIL: experimental/algorithm/shuffle.cc execution test
FAIL: experimental/any/assign/exception.cc execution test
FAIL: experimental/any/misc/any_cast.cc execution test
FAIL: experimental/any/misc/any_cast_no_rtti.cc execution test
FAIL: experimental/filesystem/iterators/pop.cc execution test
FAIL: experimental/filesystem/operations/canonical.cc execution test
FAIL: experimental/filesystem/operations/create_symlink.cc execution test
FAIL: experimental/filesystem/operations/exists.cc execution test
FAIL: experimental/filesystem/operations/file_size.cc execution test
FAIL: experimental/filesystem/operations/is_empty.cc execution test
FAIL: experimental/filesystem/operations/last_write_time.cc execution test
FAIL: experimental/filesystem/operations/permissions.cc execution test
FAIL: experimental/filesystem/operations/remove_all.cc execution test
FAIL: experimental/filesystem/operations/temp_directory_path.cc execution test
FAIL: experimental/filesystem/path/factory/u8path.cc execution test
FAIL: experimental/functional/87538.cc execution test
FAIL: experimental/memory/shared_ptr/cons/unique_ptr_ctor.cc execution test
FAIL: experimental/memory_resource/null_memory_resource.cc execution test
FAIL: experimental/net/internet/resolver/ops/lookup.cc execution test
FAIL: experimental/optional/assignment/1.cc execution test
FAIL: experimental/optional/assignment/2.cc execution test
FAIL: experimental/optional/assignment/3.cc execution test
FAIL: experimental/optional/assignment/4.cc execution test
FAIL: experimental/optional/cons/copy.cc execution test
FAIL: experimental/optional/cons/move.cc execution test
FAIL: experimental/optional/cons/value.cc execution test
FAIL: experimental/optional/observers/3.cc execution test
FAIL: experimental/random/randint.cc execution test
FAIL: experimental/string_view/element_access/char/1.cc execution test
FAIL: experimental/string_view/element_access/wchar_t/1.cc execution test
FAIL: experimental/string_view/operations/substr/char/1.cc execution test
FAIL: experimental/string_view/operations/substr/wchar_t/1.cc execution test
FAIL: ext/bitmap_allocator/check_allocate_max_size.cc execution test
FAIL: ext/concurrence_lock_error/cons_virtual_derivation.cc execution test
FAIL: ext/concurrence_unlock_error/cons_virtual_derivation.cc execution test
FAIL: ext/debug_allocator/check_deallocate_null.cc execution test
FAIL: ext/forced_error/cons_virtual_derivation.cc execution test
FAIL: ext/malloc_allocator/check_allocate_max_size.cc execution test
FAIL: ext/mt_allocator/check_allocate_max_size.cc execution test
FAIL: ext/mt_allocator/deallocate_global_thread-3.cc execution test
FAIL: ext/new_allocator/check_allocate_max_size.cc execution test
FAIL: ext/pb_ds/example/hash_illegal_resize.cc execution test
FAIL: ext/pb_ds/example/tree_join.cc execution test
FAIL: ext/pool_allocator/allocate_chunk.cc execution test
FAIL: ext/pool_allocator/check_allocate_max_size.cc execution test
FAIL: ext/random/arcsine_distribution/operators/serialize.cc execution test
FAIL: ext/random/hoyt_distribution/operators/serialize.cc execution test
FAIL: ext/throw_allocator/check_allocate_max_size.cc execution test
FAIL: ext/throw_allocator/check_deallocate_null.cc execution test
FAIL: ext/vstring/modifiers/clear/56166.cc execution test
FAIL: ext/vstring/requirements/exception/propagation_consistent.cc execution test
FAIL: tr1/2_general_utilities/enable_shared_from_this/not_shared.cc execution test
FAIL: tr1/2_general_utilities/enable_shared_from_this/not_shared2.cc execution test
FAIL: tr1/2_general_utilities/enable_shared_from_this/not_shared3.cc execution test
FAIL: tr1/2_general_utilities/shared_ptr/cons/weak_ptr_expired.cc execution test
FAIL: tr1/2_general_utilities/shared_ptr/thread/default_weaktoshared.cc execution test
FAIL: tr1/2_general_utilities/shared_ptr/thread/mutex_weaktoshared.cc execution test
FAIL: tr1/3_function_objects/function/1.cc execution test
FAIL: tr1/3_function_objects/function/63840.cc execution test
FAIL: tr1/6_containers/array/element_access/at_out_of_range.cc execution test
FAIL: libstdc++-prettyprinters/cxx17.cc execution test
FAIL: libstdc++-prettyprinters/cxx17.cc execution test

		=== libstdc++ Summary ===

# of expected passes		13359
# of unexpected failures	362
# of unexpected successes	8
# of expected failures		111
# of unresolved testcases	3
# of unsupported tests		748
Host   is x86_64-pc-linux-gnu

		=== gcc tests ===


Running target qemu
FAIL: gcc.c-torture/execute/pr64242.c   -Os  execution test
FAIL: gcc.dg/analyzer/getchar-1.c  (test for warnings, line 17)
FAIL: gcc.dg/analyzer/getchar-1.c (test for excess errors)
FAIL: gcc.dg/analyzer/malloc-vs-local-1b.c  (test for bogus messages, line 170)
FAIL: gcc.dg/atomic/pr65345-4.c   -O2 -flto -fno-use-linker-plugin -flto-partition=none  (internal compiler error)
FAIL: gcc.dg/atomic/pr65345-4.c   -O2 -flto -fno-use-linker-plugin -flto-partition=none  (test for excess errors)
FAIL: gcc.dg/atomic/pr65345-4.c   -O2 -flto -fuse-linker-plugin -fno-fat-lto-objects  (internal compiler error)
FAIL: gcc.dg/atomic/pr65345-4.c   -O2 -flto -fuse-linker-plugin -fno-fat-lto-objects  (test for excess errors)
XPASS: gcc.dg/Walloca-2.c  (test for bogus messages, line 16)
FAIL: gcc.dg/Wstringop-overflow-25.c pr92814 (test for warnings, line 378)
XPASS: gcc.dg/Wstringop-overflow-43.c pr????? (test for warnings, line 172)
FAIL: gcc.dg/array-quals-1.c scan-assembler-symbol-section symbol ^_?p\$ (found p) has section ^\\\\.(const|rodata)|\\\\[RW\\\\] (found .data.rel.ro.local,"aw")
FAIL: gcc.dg/array-quals-1.c scan-assembler-symbol-section symbol ^_?p1\$ (found p1) has section ^\\\\.(const|rodata)|\\\\[RW\\\\] (found .data.rel.ro.local,"aw")
FAIL: gcc.dg/array-quals-1.c scan-assembler-symbol-section symbol ^_?q\$ (found q) has section ^\\\\.(const|rodata)|\\\\[RW\\\\] (found .data.rel.ro.local,"aw")
FAIL: gcc.dg/array-quals-1.c scan-assembler-symbol-section symbol ^_?q1\$ (found q1) has section ^\\\\.(const|rodata)|\\\\[RW\\\\] (found .data.rel.ro.local,"aw")
FAIL: gcc.dg/array-quals-1.c scan-assembler-symbol-section symbol ^_?r\$ (found r) has section ^\\\\.(const|rodata)|\\\\[RW\\\\] (found .data.rel.ro.local,"aw")
FAIL: gcc.dg/array-quals-1.c scan-assembler-symbol-section symbol ^_?r1\$ (found r1) has section ^\\\\.(const|rodata)|\\\\[RW\\\\] (found .data.rel.ro.local,"aw")
FAIL: gcc.dg/array-quals-1.c scan-assembler-symbol-section symbol ^_?s\$ (found s) has section ^\\\\.(const|rodata)|\\\\[RW\\\\] (found .data.rel.ro.local,"aw")
FAIL: gcc.dg/array-quals-1.c scan-assembler-symbol-section symbol ^_?s1\$ (found s1) has section ^\\\\.(const|rodata)|\\\\[RW\\\\] (found .data.rel.ro.local,"aw")
FAIL: gcc.dg/array-quals-1.c scan-assembler-symbol-section symbol ^_?t\$ (found t) has section ^\\\\.(const|rodata)|\\\\[RW\\\\] (found .data.rel.ro.local,"aw")
FAIL: gcc.dg/array-quals-1.c scan-assembler-symbol-section symbol ^_?t1\$ (found t1) has section ^\\\\.(const|rodata)|\\\\[RW\\\\] (found .data.rel.ro.local,"aw")
FAIL: gcc.dg/atomic-compare-exchange-4.c (test for excess errors)
UNRESOLVED: gcc.dg/atomic-compare-exchange-4.c compilation failed to produce executable
FAIL: gcc.dg/atomic-exchange-4.c (test for excess errors)
UNRESOLVED: gcc.dg/atomic-exchange-4.c compilation failed to produce executable
FAIL: gcc.dg/atomic-load-4.c (test for excess errors)
UNRESOLVED: gcc.dg/atomic-load-4.c compilation failed to produce executable
FAIL: gcc.dg/atomic-op-4.c (test for excess errors)
UNRESOLVED: gcc.dg/atomic-op-4.c compilation failed to produce executable
FAIL: gcc.dg/atomic-store-4.c (test for excess errors)
UNRESOLVED: gcc.dg/atomic-store-4.c compilation failed to produce executable
FAIL: gcc.dg/builtin-apply4.c (internal compiler error)
FAIL: gcc.dg/builtin-apply4.c (test for excess errors)
UNRESOLVED: gcc.dg/builtin-apply4.c compilation failed to produce executable
FAIL: gcc.dg/builtin-return-1.c (internal compiler error)
FAIL: gcc.dg/builtin-return-1.c (test for excess errors)
UNRESOLVED: gcc.dg/builtin-return-1.c compilation failed to produce executable
FAIL: gcc.dg/c99-stdint-1.c (test for excess errors)
FAIL: gcc.dg/c99-stdint-7.c (test for excess errors)
FAIL: gcc.dg/cleanup-10.c execution test
FAIL: gcc.dg/cleanup-11.c execution test
FAIL: gcc.dg/cleanup-12.c execution test
FAIL: gcc.dg/cleanup-13.c execution test
FAIL: gcc.dg/cleanup-5.c execution test
FAIL: gcc.dg/cleanup-8.c execution test
FAIL: gcc.dg/cleanup-9.c execution test
FAIL: gcc.dg/di-longlong64-sync-1.c execution test
FAIL: gcc.dg/di-sync-multithread.c execution test
XPASS: gcc.dg/pr78973.c pr79073 (test for warnings, line 12)
FAIL: gcc.dg/pr83527.c (test for excess errors)
FAIL: gcc.dg/strlenopt-2f.c (test for excess errors)
UNRESOLVED: gcc.dg/strlenopt-2f.c compilation failed to produce executable
FAIL: gcc.dg/strlenopt-73.c scan-tree-dump-times optimized "_not_eliminated_" 0
FAIL: gcc.dg/strlenopt-73.c scan-tree-dump-times optimized "strlen" 0
FAIL: gcc.dg/fixed-point/composite-type.c (test for excess errors)
FAIL: gcc.dg/fixed-point/struct-union.c (test for excess errors)
FAIL: gcc.dg/gomp/simd-2.c scan-tree-dump-times vect "vectorized [1-9][0-9]* loops in function" 5
FAIL: gcc.dg/gomp/simd-3.c scan-tree-dump-times vect "vectorized [1-9][0-9]* loops in function" 5
FAIL: gcc.dg/tls/pr24428-2.c execution test
FAIL: gcc.dg/torture/pr41993.c   -O0  (internal compiler error)
FAIL: gcc.dg/torture/pr41993.c   -O0  (test for excess errors)
FAIL: gcc.dg/torture/pr41993.c   -O1  (internal compiler error)
FAIL: gcc.dg/torture/pr41993.c   -O1  (test for excess errors)
FAIL: gcc.dg/torture/pr41993.c   -O2  (internal compiler error)
FAIL: gcc.dg/torture/pr41993.c   -O2  (test for excess errors)
FAIL: gcc.dg/torture/pr41993.c   -O2 -flto -fno-use-linker-plugin -flto-partition=none  (internal compiler error)
FAIL: gcc.dg/torture/pr41993.c   -O2 -flto -fno-use-linker-plugin -flto-partition=none  (test for excess errors)
FAIL: gcc.dg/torture/pr41993.c   -O3 -g  (internal compiler error)
FAIL: gcc.dg/torture/pr41993.c   -O3 -g  (test for excess errors)
FAIL: gcc.dg/torture/pr41993.c   -Os  (internal compiler error)
FAIL: gcc.dg/torture/pr41993.c   -Os  (test for excess errors)
FAIL: gcc.dg/torture/pr60092.c   -O0  execution test
FAIL: gcc.dg/torture/pr60092.c   -O1  execution test
FAIL: gcc.dg/torture/pr60092.c   -O2  execution test
FAIL: gcc.dg/torture/pr60092.c   -O2 -flto -fno-use-linker-plugin -flto-partition=none  execution test
FAIL: gcc.dg/torture/pr60092.c   -O2 -flto -fuse-linker-plugin -fno-fat-lto-objects  execution test
FAIL: gcc.dg/torture/pr60092.c   -O3 -g  execution test
FAIL: gcc.dg/torture/pr60092.c   -Os  execution test
FAIL: gcc.dg/torture/stackalign/builtin-apply-4.c   -O0  (internal compiler error)
FAIL: gcc.dg/torture/stackalign/builtin-apply-4.c   -O0  (test for excess errors)
UNRESOLVED: gcc.dg/torture/stackalign/builtin-apply-4.c   -O0  compilation failed to produce executable
FAIL: gcc.dg/torture/stackalign/builtin-apply-4.c   -O0 -fpic (internal compiler error)
FAIL: gcc.dg/torture/stackalign/builtin-apply-4.c   -O0 -fpic (test for excess errors)
UNRESOLVED: gcc.dg/torture/stackalign/builtin-apply-4.c   -O0 -fpic compilation failed to produce executable
FAIL: gcc.dg/torture/stackalign/builtin-apply-4.c   -O1  (internal compiler error)
FAIL: gcc.dg/torture/stackalign/builtin-apply-4.c   -O1  (test for excess errors)
UNRESOLVED: gcc.dg/torture/stackalign/builtin-apply-4.c   -O1  compilation failed to produce executable
FAIL: gcc.dg/torture/stackalign/builtin-apply-4.c   -O1 -fpic (internal compiler error)
FAIL: gcc.dg/torture/stackalign/builtin-apply-4.c   -O1 -fpic (test for excess errors)
UNRESOLVED: gcc.dg/torture/stackalign/builtin-apply-4.c   -O1 -fpic compilation failed to produce executable
FAIL: gcc.dg/torture/stackalign/builtin-apply-4.c   -O2  (internal compiler error)
FAIL: gcc.dg/torture/stackalign/builtin-apply-4.c   -O2  (test for excess errors)
UNRESOLVED: gcc.dg/torture/stackalign/builtin-apply-4.c   -O2  compilation failed to produce executable
FAIL: gcc.dg/torture/stackalign/builtin-apply-4.c   -O2 -flto -fno-use-linker-plugin -flto-partition=none  (internal compiler error)
FAIL: gcc.dg/torture/stackalign/builtin-apply-4.c   -O2 -flto -fno-use-linker-plugin -flto-partition=none  (test for excess errors)
UNRESOLVED: gcc.dg/torture/stackalign/builtin-apply-4.c   -O2 -flto -fno-use-linker-plugin -flto-partition=none  compilation failed to produce executable
FAIL: gcc.dg/torture/stackalign/builtin-apply-4.c   -O2 -flto -fno-use-linker-plugin -flto-partition=none -fpic (internal compiler error)
FAIL: gcc.dg/torture/stackalign/builtin-apply-4.c   -O2 -flto -fno-use-linker-plugin -flto-partition=none -fpic (test for excess errors)
UNRESOLVED: gcc.dg/torture/stackalign/builtin-apply-4.c   -O2 -flto -fno-use-linker-plugin -flto-partition=none -fpic compilation failed to produce executable
FAIL: gcc.dg/torture/stackalign/builtin-apply-4.c   -O2 -flto -fuse-linker-plugin -fno-fat-lto-objects  (internal compiler error)
FAIL: gcc.dg/torture/stackalign/builtin-apply-4.c   -O2 -flto -fuse-linker-plugin -fno-fat-lto-objects  (test for excess errors)
UNRESOLVED: gcc.dg/torture/stackalign/builtin-apply-4.c   -O2 -flto -fuse-linker-plugin -fno-fat-lto-objects  compilation failed to produce executable
FAIL: gcc.dg/torture/stackalign/builtin-apply-4.c   -O2 -flto -fuse-linker-plugin -fno-fat-lto-objects -fpic (internal compiler error)
FAIL: gcc.dg/torture/stackalign/builtin-apply-4.c   -O2 -flto -fuse-linker-plugin -fno-fat-lto-objects -fpic (test for excess errors)
UNRESOLVED: gcc.dg/torture/stackalign/builtin-apply-4.c   -O2 -flto -fuse-linker-plugin -fno-fat-lto-objects -fpic compilation failed to produce executable
FAIL: gcc.dg/torture/stackalign/builtin-apply-4.c   -O2 -fpic (internal compiler error)
FAIL: gcc.dg/torture/stackalign/builtin-apply-4.c   -O2 -fpic (test for excess errors)
UNRESOLVED: gcc.dg/torture/stackalign/builtin-apply-4.c   -O2 -fpic compilation failed to produce executable
FAIL: gcc.dg/torture/stackalign/builtin-apply-4.c   -O3 -g  (internal compiler error)
FAIL: gcc.dg/torture/stackalign/builtin-apply-4.c   -O3 -g  (test for excess errors)
UNRESOLVED: gcc.dg/torture/stackalign/builtin-apply-4.c   -O3 -g  compilation failed to produce executable
FAIL: gcc.dg/torture/stackalign/builtin-apply-4.c   -O3 -g -fpic (internal compiler error)
FAIL: gcc.dg/torture/stackalign/builtin-apply-4.c   -O3 -g -fpic (test for excess errors)
UNRESOLVED: gcc.dg/torture/stackalign/builtin-apply-4.c   -O3 -g -fpic compilation failed to produce executable
FAIL: gcc.dg/torture/stackalign/builtin-apply-4.c   -Os  (internal compiler error)
FAIL: gcc.dg/torture/stackalign/builtin-apply-4.c   -Os  (test for excess errors)
UNRESOLVED: gcc.dg/torture/stackalign/builtin-apply-4.c   -Os  compilation failed to produce executable
FAIL: gcc.dg/torture/stackalign/builtin-apply-4.c   -Os -fpic (internal compiler error)
FAIL: gcc.dg/torture/stackalign/builtin-apply-4.c   -Os -fpic (test for excess errors)
UNRESOLVED: gcc.dg/torture/stackalign/builtin-apply-4.c   -Os -fpic compilation failed to produce executable
FAIL: gcc.dg/torture/stackalign/builtin-return-1.c   -O0  (internal compiler error)
FAIL: gcc.dg/torture/stackalign/builtin-return-1.c   -O0  (test for excess errors)
UNRESOLVED: gcc.dg/torture/stackalign/builtin-return-1.c   -O0  compilation failed to produce executable
FAIL: gcc.dg/torture/stackalign/builtin-return-1.c   -O0 -fpic (internal compiler error)
FAIL: gcc.dg/torture/stackalign/builtin-return-1.c   -O0 -fpic (test for excess errors)
UNRESOLVED: gcc.dg/torture/stackalign/builtin-return-1.c   -O0 -fpic compilation failed to produce executable
FAIL: gcc.dg/torture/stackalign/builtin-return-1.c   -O1  (internal compiler error)
FAIL: gcc.dg/torture/stackalign/builtin-return-1.c   -O1  (test for excess errors)
UNRESOLVED: gcc.dg/torture/stackalign/builtin-return-1.c   -O1  compilation failed to produce executable
FAIL: gcc.dg/torture/stackalign/builtin-return-1.c   -O1 -fpic (internal compiler error)
FAIL: gcc.dg/torture/stackalign/builtin-return-1.c   -O1 -fpic (test for excess errors)
UNRESOLVED: gcc.dg/torture/stackalign/builtin-return-1.c   -O1 -fpic compilation failed to produce executable
FAIL: gcc.dg/torture/stackalign/builtin-return-1.c   -O2  (internal compiler error)
FAIL: gcc.dg/torture/stackalign/builtin-return-1.c   -O2  (test for excess errors)
UNRESOLVED: gcc.dg/torture/stackalign/builtin-return-1.c   -O2  compilation failed to produce executable
FAIL: gcc.dg/torture/stackalign/builtin-return-1.c   -O2 -flto -fno-use-linker-plugin -flto-partition=none  (internal compiler error)
FAIL: gcc.dg/torture/stackalign/builtin-return-1.c   -O2 -flto -fno-use-linker-plugin -flto-partition=none  (test for excess errors)
UNRESOLVED: gcc.dg/torture/stackalign/builtin-return-1.c   -O2 -flto -fno-use-linker-plugin -flto-partition=none  compilation failed to produce executable
FAIL: gcc.dg/torture/stackalign/builtin-return-1.c   -O2 -flto -fno-use-linker-plugin -flto-partition=none -fpic (internal compiler error)
FAIL: gcc.dg/torture/stackalign/builtin-return-1.c   -O2 -flto -fno-use-linker-plugin -flto-partition=none -fpic (test for excess errors)
UNRESOLVED: gcc.dg/torture/stackalign/builtin-return-1.c   -O2 -flto -fno-use-linker-plugin -flto-partition=none -fpic compilation failed to produce executable
FAIL: gcc.dg/torture/stackalign/builtin-return-1.c   -O2 -flto -fuse-linker-plugin -fno-fat-lto-objects  (internal compiler error)
FAIL: gcc.dg/torture/stackalign/builtin-return-1.c   -O2 -flto -fuse-linker-plugin -fno-fat-lto-objects  (test for excess errors)
UNRESOLVED: gcc.dg/torture/stackalign/builtin-return-1.c   -O2 -flto -fuse-linker-plugin -fno-fat-lto-objects  compilation failed to produce executable
FAIL: gcc.dg/torture/stackalign/builtin-return-1.c   -O2 -flto -fuse-linker-plugin -fno-fat-lto-objects -fpic (internal compiler error)
FAIL: gcc.dg/torture/stackalign/builtin-return-1.c   -O2 -flto -fuse-linker-plugin -fno-fat-lto-objects -fpic (test for excess errors)
UNRESOLVED: gcc.dg/torture/stackalign/builtin-return-1.c   -O2 -flto -fuse-linker-plugin -fno-fat-lto-objects -fpic compilation failed to produce executable
FAIL: gcc.dg/torture/stackalign/builtin-return-1.c   -O2 -fpic (internal compiler error)
FAIL: gcc.dg/torture/stackalign/builtin-return-1.c   -O2 -fpic (test for excess errors)
UNRESOLVED: gcc.dg/torture/stackalign/builtin-return-1.c   -O2 -fpic compilation failed to produce executable
FAIL: gcc.dg/torture/stackalign/builtin-return-1.c   -O3 -g  (internal compiler error)
FAIL: gcc.dg/torture/stackalign/builtin-return-1.c   -O3 -g  (test for excess errors)
UNRESOLVED: gcc.dg/torture/stackalign/builtin-return-1.c   -O3 -g  compilation failed to produce executable
FAIL: gcc.dg/torture/stackalign/builtin-return-1.c   -O3 -g -fpic (internal compiler error)
FAIL: gcc.dg/torture/stackalign/builtin-return-1.c   -O3 -g -fpic (test for excess errors)
UNRESOLVED: gcc.dg/torture/stackalign/builtin-return-1.c   -O3 -g -fpic compilation failed to produce executable
FAIL: gcc.dg/torture/stackalign/builtin-return-1.c   -Os  (internal compiler error)
FAIL: gcc.dg/torture/stackalign/builtin-return-1.c   -Os  (test for excess errors)
UNRESOLVED: gcc.dg/torture/stackalign/builtin-return-1.c   -Os  compilation failed to produce executable
FAIL: gcc.dg/torture/stackalign/builtin-return-1.c   -Os -fpic (internal compiler error)
FAIL: gcc.dg/torture/stackalign/builtin-return-1.c   -Os -fpic (test for excess errors)
UNRESOLVED: gcc.dg/torture/stackalign/builtin-return-1.c   -Os -fpic compilation failed to produce executable
FAIL: gcc.dg/torture/stackalign/builtin-return-2.c   -O0  (internal compiler error)
FAIL: gcc.dg/torture/stackalign/builtin-return-2.c   -O0  (test for excess errors)
UNRESOLVED: gcc.dg/torture/stackalign/builtin-return-2.c   -O0  compilation failed to produce executable
FAIL: gcc.dg/torture/stackalign/builtin-return-2.c   -O0 -fpic (internal compiler error)
FAIL: gcc.dg/torture/stackalign/builtin-return-2.c   -O0 -fpic (test for excess errors)
UNRESOLVED: gcc.dg/torture/stackalign/builtin-return-2.c   -O0 -fpic compilation failed to produce executable
FAIL: gcc.dg/torture/stackalign/builtin-return-2.c   -O1  (internal compiler error)
FAIL: gcc.dg/torture/stackalign/builtin-return-2.c   -O1  (test for excess errors)
UNRESOLVED: gcc.dg/torture/stackalign/builtin-return-2.c   -O1  compilation failed to produce executable
FAIL: gcc.dg/torture/stackalign/builtin-return-2.c   -O1 -fpic (internal compiler error)
FAIL: gcc.dg/torture/stackalign/builtin-return-2.c   -O1 -fpic (test for excess errors)
UNRESOLVED: gcc.dg/torture/stackalign/builtin-return-2.c   -O1 -fpic compilation failed to produce executable
FAIL: gcc.dg/torture/stackalign/builtin-return-2.c   -O2  (internal compiler error)
FAIL: gcc.dg/torture/stackalign/builtin-return-2.c   -O2  (test for excess errors)
UNRESOLVED: gcc.dg/torture/stackalign/builtin-return-2.c   -O2  compilation failed to produce executable
FAIL: gcc.dg/torture/stackalign/builtin-return-2.c   -O2 -flto -fno-use-linker-plugin -flto-partition=none  (internal compiler error)
FAIL: gcc.dg/torture/stackalign/builtin-return-2.c   -O2 -flto -fno-use-linker-plugin -flto-partition=none  (test for excess errors)
UNRESOLVED: gcc.dg/torture/stackalign/builtin-return-2.c   -O2 -flto -fno-use-linker-plugin -flto-partition=none  compilation failed to produce executable
FAIL: gcc.dg/torture/stackalign/builtin-return-2.c   -O2 -flto -fno-use-linker-plugin -flto-partition=none -fpic (internal compiler error)
FAIL: gcc.dg/torture/stackalign/builtin-return-2.c   -O2 -flto -fno-use-linker-plugin -flto-partition=none -fpic (test for excess errors)
UNRESOLVED: gcc.dg/torture/stackalign/builtin-return-2.c   -O2 -flto -fno-use-linker-plugin -flto-partition=none -fpic compilation failed to produce executable
FAIL: gcc.dg/torture/stackalign/builtin-return-2.c   -O2 -flto -fuse-linker-plugin -fno-fat-lto-objects  (internal compiler error)
FAIL: gcc.dg/torture/stackalign/builtin-return-2.c   -O2 -flto -fuse-linker-plugin -fno-fat-lto-objects  (test for excess errors)
UNRESOLVED: gcc.dg/torture/stackalign/builtin-return-2.c   -O2 -flto -fuse-linker-plugin -fno-fat-lto-objects  compilation failed to produce executable
FAIL: gcc.dg/torture/stackalign/builtin-return-2.c   -O2 -flto -fuse-linker-plugin -fno-fat-lto-objects -fpic (internal compiler error)
FAIL: gcc.dg/torture/stackalign/builtin-return-2.c   -O2 -flto -fuse-linker-plugin -fno-fat-lto-objects -fpic (test for excess errors)
UNRESOLVED: gcc.dg/torture/stackalign/builtin-return-2.c   -O2 -flto -fuse-linker-plugin -fno-fat-lto-objects -fpic compilation failed to produce executable
FAIL: gcc.dg/torture/stackalign/builtin-return-2.c   -O2 -fpic (internal compiler error)
FAIL: gcc.dg/torture/stackalign/builtin-return-2.c   -O2 -fpic (test for excess errors)
UNRESOLVED: gcc.dg/torture/stackalign/builtin-return-2.c   -O2 -fpic compilation failed to produce executable
FAIL: gcc.dg/torture/stackalign/builtin-return-2.c   -O3 -g  (internal compiler error)
FAIL: gcc.dg/torture/stackalign/builtin-return-2.c   -O3 -g  (test for excess errors)
UNRESOLVED: gcc.dg/torture/stackalign/builtin-return-2.c   -O3 -g  compilation failed to produce executable
FAIL: gcc.dg/torture/stackalign/builtin-return-2.c   -O3 -g -fpic (internal compiler error)
FAIL: gcc.dg/torture/stackalign/builtin-return-2.c   -O3 -g -fpic (test for excess errors)
UNRESOLVED: gcc.dg/torture/stackalign/builtin-return-2.c   -O3 -g -fpic compilation failed to produce executable
FAIL: gcc.dg/torture/stackalign/builtin-return-2.c   -Os  (internal compiler error)
FAIL: gcc.dg/torture/stackalign/builtin-return-2.c   -Os  (test for excess errors)
UNRESOLVED: gcc.dg/torture/stackalign/builtin-return-2.c   -Os  compilation failed to produce executable
FAIL: gcc.dg/torture/stackalign/builtin-return-2.c   -Os -fpic (internal compiler error)
FAIL: gcc.dg/torture/stackalign/builtin-return-2.c   -Os -fpic (test for excess errors)
UNRESOLVED: gcc.dg/torture/stackalign/builtin-return-2.c   -Os -fpic compilation failed to produce executable
FAIL: gcc.dg/torture/tls/tls-reload-1.c   -O1  -pie -fPIE  execution test
FAIL: gcc.dg/torture/tls/tls-reload-1.c   -O1  -pie -fpie  execution test
FAIL: gcc.dg/torture/tls/tls-reload-1.c   -O1  execution test
FAIL: gcc.dg/torture/tls/tls-test.c   -O1  -pie -fPIE  execution test
FAIL: gcc.dg/torture/tls/tls-test.c   -O1  -pie -fpie  execution test
FAIL: gcc.dg/torture/tls/tls-test.c   -O1  execution test
FAIL: gcc.dg/tree-ssa/builtin-sprintf.c execution test
FAIL: gcc.dg/tree-ssa/gen-vect-26.c scan-tree-dump-times vect "Alignment of access forced using peeling" 1
FAIL: gcc.dg/tree-ssa/gen-vect-26.c scan-tree-dump-times vect "Vectorizing an unaligned access" 0
FAIL: gcc.dg/tree-ssa/gen-vect-28.c scan-tree-dump-times vect "Alignment of access forced using peeling" 1
FAIL: gcc.dg/tree-ssa/gen-vect-28.c scan-tree-dump-times vect "Vectorizing an unaligned access" 0
FAIL: gcc.dg/vect/bb-slp-44.c (test for excess errors)
FAIL: gcc.dg/vect/bb-slp-44.c -flto -ffat-lto-objects (test for excess errors)
UNRESOLVED: gcc.dg/vect/bb-slp-44.c -flto -ffat-lto-objects compilation failed to produce executable
UNRESOLVED: gcc.dg/vect/bb-slp-44.c compilation failed to produce executable
FAIL: gcc.dg/vect/pr96783-1.c (test for excess errors)
FAIL: gcc.dg/vect/pr96783-1.c -flto -ffat-lto-objects (test for excess errors)
UNRESOLVED: gcc.dg/vect/pr96783-1.c -flto -ffat-lto-objects compilation failed to produce executable
UNRESOLVED: gcc.dg/vect/pr96783-1.c compilation failed to produce executable
FAIL: gcc.dg/vect/pr96783-2.c (test for excess errors)
FAIL: gcc.dg/vect/pr96783-2.c -flto -ffat-lto-objects (test for excess errors)
UNRESOLVED: gcc.dg/vect/pr96783-2.c -flto -ffat-lto-objects compilation failed to produce executable
UNRESOLVED: gcc.dg/vect/pr96783-2.c compilation failed to produce executable
FAIL: gcc.dg/vect/pr97428.c -flto -ffat-lto-objects  scan-tree-dump vect "Detected interleaving load of size 8"
FAIL: gcc.dg/vect/pr97428.c -flto -ffat-lto-objects  scan-tree-dump vect "Detected interleaving store of size 16"
FAIL: gcc.dg/vect/pr97428.c -flto -ffat-lto-objects  scan-tree-dump-times vect "vectorizing stmts using SLP" 2
FAIL: gcc.dg/vect/pr97428.c scan-tree-dump vect "Detected interleaving load of size 8"
FAIL: gcc.dg/vect/pr97428.c scan-tree-dump vect "Detected interleaving store of size 16"
FAIL: gcc.dg/vect/pr97428.c scan-tree-dump-times vect "vectorizing stmts using SLP" 2
FAIL: gcc.dg/vect/pr97558-2.c (test for excess errors)
FAIL: gcc.dg/vect/pr97558-2.c -flto -ffat-lto-objects (test for excess errors)
UNRESOLVED: gcc.dg/vect/pr97558-2.c -flto -ffat-lto-objects compilation failed to produce executable
UNRESOLVED: gcc.dg/vect/pr97558-2.c compilation failed to produce executable
FAIL: gcc.dg/vect/vect-cond-13.c (test for excess errors)
FAIL: gcc.dg/vect/vect-cond-13.c -flto -ffat-lto-objects (test for excess errors)
UNRESOLVED: gcc.dg/vect/vect-cond-13.c -flto -ffat-lto-objects compilation failed to produce executable
UNRESOLVED: gcc.dg/vect/vect-cond-13.c compilation failed to produce executable
UNRESOLVED: gcc.target/aarch64/advsimd-intrinsics/vld1x2.c   -O0  compilation failed to produce executable
UNRESOLVED: gcc.target/aarch64/advsimd-intrinsics/vld1x2.c   -O1  compilation failed to produce executable
UNRESOLVED: gcc.target/aarch64/advsimd-intrinsics/vld1x2.c   -O2  compilation failed to produce executable
UNRESOLVED: gcc.target/aarch64/advsimd-intrinsics/vld1x2.c   -O2 -flto -fno-use-linker-plugin -flto-partition=none  compilation failed to produce executable
UNRESOLVED: gcc.target/aarch64/advsimd-intrinsics/vld1x2.c   -O2 -flto -fuse-linker-plugin -fno-fat-lto-objects  compilation failed to produce executable
UNRESOLVED: gcc.target/aarch64/advsimd-intrinsics/vld1x2.c   -O3 -fomit-frame-pointer -funroll-loops -fpeel-loops -ftracer -finline-functions  compilation failed to produce executable
UNRESOLVED: gcc.target/aarch64/advsimd-intrinsics/vld1x2.c   -O3 -g  compilation failed to produce executable
UNRESOLVED: gcc.target/aarch64/advsimd-intrinsics/vld1x2.c   -Og -g  compilation failed to produce executable
UNRESOLVED: gcc.target/aarch64/advsimd-intrinsics/vld1x2.c   -Os  compilation failed to produce executable
UNRESOLVED: gcc.target/aarch64/advsimd-intrinsics/vld1x3.c   -O0  compilation failed to produce executable
UNRESOLVED: gcc.target/aarch64/advsimd-intrinsics/vld1x3.c   -O1  compilation failed to produce executable
UNRESOLVED: gcc.target/aarch64/advsimd-intrinsics/vld1x3.c   -O2  compilation failed to produce executable
UNRESOLVED: gcc.target/aarch64/advsimd-intrinsics/vld1x3.c   -O2 -flto -fno-use-linker-plugin -flto-partition=none  compilation failed to produce executable
UNRESOLVED: gcc.target/aarch64/advsimd-intrinsics/vld1x3.c   -O2 -flto -fuse-linker-plugin -fno-fat-lto-objects  compilation failed to produce executable
UNRESOLVED: gcc.target/aarch64/advsimd-intrinsics/vld1x3.c   -O3 -fomit-frame-pointer -funroll-loops -fpeel-loops -ftracer -finline-functions  compilation failed to produce executable
UNRESOLVED: gcc.target/aarch64/advsimd-intrinsics/vld1x3.c   -O3 -g  compilation failed to produce executable
UNRESOLVED: gcc.target/aarch64/advsimd-intrinsics/vld1x3.c   -Og -g  compilation failed to produce executable
UNRESOLVED: gcc.target/aarch64/advsimd-intrinsics/vld1x3.c   -Os  compilation failed to produce executable
UNRESOLVED: gcc.target/aarch64/advsimd-intrinsics/vld1x4.c   -O0  compilation failed to produce executable
UNRESOLVED: gcc.target/aarch64/advsimd-intrinsics/vld1x4.c   -O1  compilation failed to produce executable
UNRESOLVED: gcc.target/aarch64/advsimd-intrinsics/vld1x4.c   -O2  compilation failed to produce executable
UNRESOLVED: gcc.target/aarch64/advsimd-intrinsics/vld1x4.c   -O2 -flto -fno-use-linker-plugin -flto-partition=none  compilation failed to produce executable
UNRESOLVED: gcc.target/aarch64/advsimd-intrinsics/vld1x4.c   -O2 -flto -fuse-linker-plugin -fno-fat-lto-objects  compilation failed to produce executable
UNRESOLVED: gcc.target/aarch64/advsimd-intrinsics/vld1x4.c   -O3 -fomit-frame-pointer -funroll-loops -fpeel-loops -ftracer -finline-functions  compilation failed to produce executable
UNRESOLVED: gcc.target/aarch64/advsimd-intrinsics/vld1x4.c   -O3 -g  compilation failed to produce executable
UNRESOLVED: gcc.target/aarch64/advsimd-intrinsics/vld1x4.c   -Og -g  compilation failed to produce executable
UNRESOLVED: gcc.target/aarch64/advsimd-intrinsics/vld1x4.c   -Os  compilation failed to produce executable
UNRESOLVED: gcc.target/aarch64/advsimd-intrinsics/vst1x2.c   -O0  compilation failed to produce executable
UNRESOLVED: gcc.target/aarch64/advsimd-intrinsics/vst1x2.c   -O1  compilation failed to produce executable
UNRESOLVED: gcc.target/aarch64/advsimd-intrinsics/vst1x2.c   -O2  compilation failed to produce executable
UNRESOLVED: gcc.target/aarch64/advsimd-intrinsics/vst1x2.c   -O2 -flto -fno-use-linker-plugin -flto-partition=none  compilation failed to produce executable
UNRESOLVED: gcc.target/aarch64/advsimd-intrinsics/vst1x2.c   -O2 -flto -fuse-linker-plugin -fno-fat-lto-objects  compilation failed to produce executable
UNRESOLVED: gcc.target/aarch64/advsimd-intrinsics/vst1x2.c   -O3 -fomit-frame-pointer -funroll-loops -fpeel-loops -ftracer -finline-functions  compilation failed to produce executable
UNRESOLVED: gcc.target/aarch64/advsimd-intrinsics/vst1x2.c   -O3 -g  compilation failed to produce executable
UNRESOLVED: gcc.target/aarch64/advsimd-intrinsics/vst1x2.c   -Og -g  compilation failed to produce executable
UNRESOLVED: gcc.target/aarch64/advsimd-intrinsics/vst1x2.c   -Os  compilation failed to produce executable
UNRESOLVED: gcc.target/aarch64/advsimd-intrinsics/vst1x3.c   -O0  compilation failed to produce executable
UNRESOLVED: gcc.target/aarch64/advsimd-intrinsics/vst1x3.c   -O1  compilation failed to produce executable
UNRESOLVED: gcc.target/aarch64/advsimd-intrinsics/vst1x3.c   -O2  compilation failed to produce executable
UNRESOLVED: gcc.target/aarch64/advsimd-intrinsics/vst1x3.c   -O2 -flto -fno-use-linker-plugin -flto-partition=none  compilation failed to produce executable
UNRESOLVED: gcc.target/aarch64/advsimd-intrinsics/vst1x3.c   -O2 -flto -fuse-linker-plugin -fno-fat-lto-objects  compilation failed to produce executable
UNRESOLVED: gcc.target/aarch64/advsimd-intrinsics/vst1x3.c   -O3 -fomit-frame-pointer -funroll-loops -fpeel-loops -ftracer -finline-functions  compilation failed to produce executable
UNRESOLVED: gcc.target/aarch64/advsimd-intrinsics/vst1x3.c   -O3 -g  compilation failed to produce executable
UNRESOLVED: gcc.target/aarch64/advsimd-intrinsics/vst1x3.c   -Og -g  compilation failed to produce executable
UNRESOLVED: gcc.target/aarch64/advsimd-intrinsics/vst1x3.c   -Os  compilation failed to produce executable
UNRESOLVED: gcc.target/aarch64/advsimd-intrinsics/vst1x4.c   -O0  compilation failed to produce executable
UNRESOLVED: gcc.target/aarch64/advsimd-intrinsics/vst1x4.c   -O1  compilation failed to produce executable
UNRESOLVED: gcc.target/aarch64/advsimd-intrinsics/vst1x4.c   -O2  compilation failed to produce executable
UNRESOLVED: gcc.target/aarch64/advsimd-intrinsics/vst1x4.c   -O2 -flto -fno-use-linker-plugin -flto-partition=none  compilation failed to produce executable
UNRESOLVED: gcc.target/aarch64/advsimd-intrinsics/vst1x4.c   -O2 -flto -fuse-linker-plugin -fno-fat-lto-objects  compilation failed to produce executable
UNRESOLVED: gcc.target/aarch64/advsimd-intrinsics/vst1x4.c   -O3 -fomit-frame-pointer -funroll-loops -fpeel-loops -ftracer -finline-functions  compilation failed to produce executable
UNRESOLVED: gcc.target/aarch64/advsimd-intrinsics/vst1x4.c   -O3 -g  compilation failed to produce executable
UNRESOLVED: gcc.target/aarch64/advsimd-intrinsics/vst1x4.c   -Og -g  compilation failed to produce executable
UNRESOLVED: gcc.target/aarch64/advsimd-intrinsics/vst1x4.c   -Os  compilation failed to produce executable
FAIL: gcc.target/arm/addr-modes-float.c scan-assembler vst3.8\\t{d[02468], d[02468], d[02468]}, \\\\[r[0-9]+\\\\]!
FAIL: gcc.target/arm/armv8_2-fp16-scalar-2.c scan-assembler-times vmov.f16\\\\ts[0-9]+, #1\\\\.0e\\\\+0 4
FAIL: gcc.target/arm/bfloat16_scalar_typecheck.c  (test for errors, line 100)
FAIL: gcc.target/arm/bfloat16_scalar_typecheck.c  (test for errors, line 101)
FAIL: gcc.target/arm/bfloat16_scalar_typecheck.c  (test for errors, line 102)
FAIL: gcc.target/arm/bfloat16_scalar_typecheck.c  (test for errors, line 103)
FAIL: gcc.target/arm/bfloat16_scalar_typecheck.c  (test for errors, line 105)
FAIL: gcc.target/arm/bfloat16_scalar_typecheck.c  (test for errors, line 106)
FAIL: gcc.target/arm/bfloat16_scalar_typecheck.c  (test for errors, line 107)
FAIL: gcc.target/arm/bfloat16_scalar_typecheck.c  (test for errors, line 108)
FAIL: gcc.target/arm/bfloat16_scalar_typecheck.c  (test for errors, line 109)
FAIL: gcc.target/arm/bfloat16_scalar_typecheck.c  (test for errors, line 152)
FAIL: gcc.target/arm/bfloat16_scalar_typecheck.c  (test for errors, line 153)
FAIL: gcc.target/arm/bfloat16_scalar_typecheck.c  (test for errors, line 154)
FAIL: gcc.target/arm/bfloat16_scalar_typecheck.c  (test for errors, line 155)
FAIL: gcc.target/arm/bfloat16_scalar_typecheck.c  (test for errors, line 156)
FAIL: gcc.target/arm/bfloat16_scalar_typecheck.c  (test for errors, line 157)
FAIL: gcc.target/arm/bfloat16_scalar_typecheck.c  (test for errors, line 158)
FAIL: gcc.target/arm/bfloat16_scalar_typecheck.c  (test for errors, line 159)
FAIL: gcc.target/arm/bfloat16_scalar_typecheck.c  (test for errors, line 160)
FAIL: gcc.target/arm/bfloat16_scalar_typecheck.c  (test for errors, line 161)
FAIL: gcc.target/arm/bfloat16_scalar_typecheck.c  (test for errors, line 181)
FAIL: gcc.target/arm/bfloat16_scalar_typecheck.c  (test for errors, line 182)
FAIL: gcc.target/arm/bfloat16_scalar_typecheck.c  (test for errors, line 183)
FAIL: gcc.target/arm/bfloat16_scalar_typecheck.c  (test for errors, line 184)
FAIL: gcc.target/arm/bfloat16_scalar_typecheck.c  (test for errors, line 185)
FAIL: gcc.target/arm/bfloat16_scalar_typecheck.c  (test for errors, line 186)
FAIL: gcc.target/arm/bfloat16_scalar_typecheck.c  (test for errors, line 188)
FAIL: gcc.target/arm/bfloat16_scalar_typecheck.c  (test for errors, line 189)
FAIL: gcc.target/arm/bfloat16_scalar_typecheck.c  (test for errors, line 19)
FAIL: gcc.target/arm/bfloat16_scalar_typecheck.c  (test for errors, line 191)
FAIL: gcc.target/arm/bfloat16_scalar_typecheck.c  (test for errors, line 192)
FAIL: gcc.target/arm/bfloat16_scalar_typecheck.c  (test for errors, line 193)
FAIL: gcc.target/arm/bfloat16_scalar_typecheck.c  (test for errors, line 194)
FAIL: gcc.target/arm/bfloat16_scalar_typecheck.c  (test for errors, line 198)
FAIL: gcc.target/arm/bfloat16_scalar_typecheck.c  (test for errors, line 199)
FAIL: gcc.target/arm/bfloat16_scalar_typecheck.c  (test for errors, line 20)
FAIL: gcc.target/arm/bfloat16_scalar_typecheck.c  (test for errors, line 200)
FAIL: gcc.target/arm/bfloat16_scalar_typecheck.c  (test for errors, line 201)
FAIL: gcc.target/arm/bfloat16_scalar_typecheck.c  (test for errors, line 202)
FAIL: gcc.target/arm/bfloat16_scalar_typecheck.c  (test for errors, line 203)
FAIL: gcc.target/arm/bfloat16_scalar_typecheck.c  (test for errors, line 204)
FAIL: gcc.target/arm/bfloat16_scalar_typecheck.c  (test for errors, line 205)
FAIL: gcc.target/arm/bfloat16_scalar_typecheck.c  (test for errors, line 206)
FAIL: gcc.target/arm/bfloat16_scalar_typecheck.c  (test for errors, line 207)
FAIL: gcc.target/arm/bfloat16_scalar_typecheck.c  (test for errors, line 208)
FAIL: gcc.target/arm/bfloat16_scalar_typecheck.c  (test for errors, line 212)
FAIL: gcc.target/arm/bfloat16_scalar_typecheck.c  (test for errors, line 213)
FAIL: gcc.target/arm/bfloat16_scalar_typecheck.c  (test for errors, line 214)
FAIL: gcc.target/arm/bfloat16_scalar_typecheck.c  (test for errors, line 215)
FAIL: gcc.target/arm/bfloat16_scalar_typecheck.c  (test for errors, line 29)
FAIL: gcc.target/arm/bfloat16_scalar_typecheck.c  (test for errors, line 30)
FAIL: gcc.target/arm/bfloat16_scalar_typecheck.c  (test for errors, line 31)
FAIL: gcc.target/arm/bfloat16_scalar_typecheck.c  (test for errors, line 32)
FAIL: gcc.target/arm/bfloat16_scalar_typecheck.c  (test for errors, line 33)
FAIL: gcc.target/arm/bfloat16_scalar_typecheck.c  (test for errors, line 34)
FAIL: gcc.target/arm/bfloat16_scalar_typecheck.c  (test for errors, line 35)
FAIL: gcc.target/arm/bfloat16_scalar_typecheck.c  (test for errors, line 37)
FAIL: gcc.target/arm/bfloat16_scalar_typecheck.c  (test for errors, line 38)
FAIL: gcc.target/arm/bfloat16_scalar_typecheck.c  (test for errors, line 39)
FAIL: gcc.target/arm/bfloat16_scalar_typecheck.c  (test for errors, line 40)
FAIL: gcc.target/arm/bfloat16_scalar_typecheck.c  (test for errors, line 41)
FAIL: gcc.target/arm/bfloat16_scalar_typecheck.c  (test for errors, line 43)
FAIL: gcc.target/arm/bfloat16_scalar_typecheck.c  (test for errors, line 45)
FAIL: gcc.target/arm/bfloat16_scalar_typecheck.c  (test for errors, line 46)
FAIL: gcc.target/arm/bfloat16_scalar_typecheck.c  (test for errors, line 47)
FAIL: gcc.target/arm/bfloat16_scalar_typecheck.c  (test for errors, line 48)
FAIL: gcc.target/arm/bfloat16_scalar_typecheck.c  (test for errors, line 49)
FAIL: gcc.target/arm/bfloat16_scalar_typecheck.c  (test for errors, line 50)
FAIL: gcc.target/arm/bfloat16_scalar_typecheck.c  (test for errors, line 51)
FAIL: gcc.target/arm/bfloat16_scalar_typecheck.c  (test for errors, line 53)
FAIL: gcc.target/arm/bfloat16_scalar_typecheck.c  (test for errors, line 54)
FAIL: gcc.target/arm/bfloat16_scalar_typecheck.c  (test for errors, line 55)
FAIL: gcc.target/arm/bfloat16_scalar_typecheck.c  (test for errors, line 56)
FAIL: gcc.target/arm/bfloat16_scalar_typecheck.c  (test for errors, line 57)
FAIL: gcc.target/arm/bfloat16_scalar_typecheck.c  (test for errors, line 62)
FAIL: gcc.target/arm/bfloat16_scalar_typecheck.c  (test for errors, line 63)
FAIL: gcc.target/arm/bfloat16_scalar_typecheck.c  (test for errors, line 64)
FAIL: gcc.target/arm/bfloat16_scalar_typecheck.c  (test for errors, line 65)
FAIL: gcc.target/arm/bfloat16_scalar_typecheck.c  (test for errors, line 66)
FAIL: gcc.target/arm/bfloat16_scalar_typecheck.c  (test for errors, line 67)
FAIL: gcc.target/arm/bfloat16_scalar_typecheck.c  (test for errors, line 68)
FAIL: gcc.target/arm/bfloat16_scalar_typecheck.c  (test for errors, line 70)
FAIL: gcc.target/arm/bfloat16_scalar_typecheck.c  (test for errors, line 71)
FAIL: gcc.target/arm/bfloat16_scalar_typecheck.c  (test for errors, line 72)
FAIL: gcc.target/arm/bfloat16_scalar_typecheck.c  (test for errors, line 73)
FAIL: gcc.target/arm/bfloat16_scalar_typecheck.c  (test for errors, line 74)
FAIL: gcc.target/arm/bfloat16_scalar_typecheck.c  (test for errors, line 81)
FAIL: gcc.target/arm/bfloat16_scalar_typecheck.c  (test for errors, line 82)
FAIL: gcc.target/arm/bfloat16_scalar_typecheck.c  (test for errors, line 83)
FAIL: gcc.target/arm/bfloat16_scalar_typecheck.c  (test for errors, line 84)
FAIL: gcc.target/arm/bfloat16_scalar_typecheck.c  (test for errors, line 85)
FAIL: gcc.target/arm/bfloat16_scalar_typecheck.c  (test for errors, line 87)
FAIL: gcc.target/arm/bfloat16_scalar_typecheck.c  (test for errors, line 88)
FAIL: gcc.target/arm/bfloat16_scalar_typecheck.c  (test for errors, line 89)
FAIL: gcc.target/arm/bfloat16_scalar_typecheck.c  (test for errors, line 90)
FAIL: gcc.target/arm/bfloat16_scalar_typecheck.c  (test for errors, line 91)
FAIL: gcc.target/arm/bfloat16_scalar_typecheck.c  (test for errors, line 95)
FAIL: gcc.target/arm/bfloat16_scalar_typecheck.c  (test for errors, line 97)
FAIL: gcc.target/arm/bfloat16_scalar_typecheck.c  (test for errors, line 98)
FAIL: gcc.target/arm/bfloat16_scalar_typecheck.c  (test for errors, line 99)
FAIL: gcc.target/arm/bfloat16_scalar_typecheck.c (test for excess errors)
FAIL: gcc.target/arm/bfloat16_vector_typecheck_1.c  (test for errors, line 101)
FAIL: gcc.target/arm/bfloat16_vector_typecheck_1.c  (test for errors, line 102)
FAIL: gcc.target/arm/bfloat16_vector_typecheck_1.c  (test for errors, line 103)
FAIL: gcc.target/arm/bfloat16_vector_typecheck_1.c  (test for errors, line 104)
FAIL: gcc.target/arm/bfloat16_vector_typecheck_1.c  (test for errors, line 110)
FAIL: gcc.target/arm/bfloat16_vector_typecheck_1.c  (test for errors, line 111)
FAIL: gcc.target/arm/bfloat16_vector_typecheck_1.c  (test for errors, line 112)
FAIL: gcc.target/arm/bfloat16_vector_typecheck_1.c  (test for errors, line 113)
FAIL: gcc.target/arm/bfloat16_vector_typecheck_1.c  (test for errors, line 114)
FAIL: gcc.target/arm/bfloat16_vector_typecheck_1.c  (test for errors, line 115)
FAIL: gcc.target/arm/bfloat16_vector_typecheck_1.c  (test for errors, line 116)
FAIL: gcc.target/arm/bfloat16_vector_typecheck_1.c  (test for errors, line 117)
FAIL: gcc.target/arm/bfloat16_vector_typecheck_1.c  (test for errors, line 119)
FAIL: gcc.target/arm/bfloat16_vector_typecheck_1.c  (test for errors, line 120)
FAIL: gcc.target/arm/bfloat16_vector_typecheck_1.c  (test for errors, line 121)
FAIL: gcc.target/arm/bfloat16_vector_typecheck_1.c  (test for errors, line 122)
FAIL: gcc.target/arm/bfloat16_vector_typecheck_1.c  (test for errors, line 123)
FAIL: gcc.target/arm/bfloat16_vector_typecheck_1.c  (test for errors, line 124)
FAIL: gcc.target/arm/bfloat16_vector_typecheck_1.c  (test for errors, line 131)
FAIL: gcc.target/arm/bfloat16_vector_typecheck_1.c  (test for errors, line 132)
FAIL: gcc.target/arm/bfloat16_vector_typecheck_1.c  (test for errors, line 133)
FAIL: gcc.target/arm/bfloat16_vector_typecheck_1.c  (test for errors, line 134)
FAIL: gcc.target/arm/bfloat16_vector_typecheck_1.c  (test for errors, line 135)
FAIL: gcc.target/arm/bfloat16_vector_typecheck_1.c  (test for errors, line 136)
FAIL: gcc.target/arm/bfloat16_vector_typecheck_1.c  (test for errors, line 138)
FAIL: gcc.target/arm/bfloat16_vector_typecheck_1.c  (test for errors, line 139)
FAIL: gcc.target/arm/bfloat16_vector_typecheck_1.c  (test for errors, line 145)
FAIL: gcc.target/arm/bfloat16_vector_typecheck_1.c  (test for errors, line 146)
FAIL: gcc.target/arm/bfloat16_vector_typecheck_1.c  (test for errors, line 151)
FAIL: gcc.target/arm/bfloat16_vector_typecheck_1.c  (test for errors, line 194)
FAIL: gcc.target/arm/bfloat16_vector_typecheck_1.c  (test for errors, line 195)
FAIL: gcc.target/arm/bfloat16_vector_typecheck_1.c  (test for errors, line 196)
FAIL: gcc.target/arm/bfloat16_vector_typecheck_1.c  (test for errors, line 197)
FAIL: gcc.target/arm/bfloat16_vector_typecheck_1.c  (test for errors, line 198)
FAIL: gcc.target/arm/bfloat16_vector_typecheck_1.c  (test for errors, line 199)
FAIL: gcc.target/arm/bfloat16_vector_typecheck_1.c  (test for errors, line 200)
FAIL: gcc.target/arm/bfloat16_vector_typecheck_1.c  (test for errors, line 201)
FAIL: gcc.target/arm/bfloat16_vector_typecheck_1.c  (test for errors, line 202)
FAIL: gcc.target/arm/bfloat16_vector_typecheck_1.c  (test for errors, line 203)
FAIL: gcc.target/arm/bfloat16_vector_typecheck_1.c  (test for errors, line 223)
FAIL: gcc.target/arm/bfloat16_vector_typecheck_1.c  (test for errors, line 224)
FAIL: gcc.target/arm/bfloat16_vector_typecheck_1.c  (test for errors, line 225)
FAIL: gcc.target/arm/bfloat16_vector_typecheck_1.c  (test for errors, line 226)
FAIL: gcc.target/arm/bfloat16_vector_typecheck_1.c  (test for errors, line 227)
FAIL: gcc.target/arm/bfloat16_vector_typecheck_1.c  (test for errors, line 228)
FAIL: gcc.target/arm/bfloat16_vector_typecheck_1.c  (test for errors, line 229)
FAIL: gcc.target/arm/bfloat16_vector_typecheck_1.c  (test for errors, line 230)
FAIL: gcc.target/arm/bfloat16_vector_typecheck_1.c  (test for errors, line 232)
FAIL: gcc.target/arm/bfloat16_vector_typecheck_1.c  (test for errors, line 233)
FAIL: gcc.target/arm/bfloat16_vector_typecheck_1.c  (test for errors, line 235)
FAIL: gcc.target/arm/bfloat16_vector_typecheck_1.c  (test for errors, line 236)
FAIL: gcc.target/arm/bfloat16_vector_typecheck_1.c  (test for errors, line 237)
FAIL: gcc.target/arm/bfloat16_vector_typecheck_1.c  (test for errors, line 238)
FAIL: gcc.target/arm/bfloat16_vector_typecheck_1.c  (test for errors, line 242)
FAIL: gcc.target/arm/bfloat16_vector_typecheck_1.c  (test for errors, line 243)
FAIL: gcc.target/arm/bfloat16_vector_typecheck_1.c  (test for errors, line 244)
FAIL: gcc.target/arm/bfloat16_vector_typecheck_1.c  (test for errors, line 245)
FAIL: gcc.target/arm/bfloat16_vector_typecheck_1.c  (test for errors, line 246)
FAIL: gcc.target/arm/bfloat16_vector_typecheck_1.c  (test for errors, line 247)
FAIL: gcc.target/arm/bfloat16_vector_typecheck_1.c  (test for errors, line 248)
FAIL: gcc.target/arm/bfloat16_vector_typecheck_1.c  (test for errors, line 249)
FAIL: gcc.target/arm/bfloat16_vector_typecheck_1.c  (test for errors, line 250)
FAIL: gcc.target/arm/bfloat16_vector_typecheck_1.c  (test for errors, line 251)
FAIL: gcc.target/arm/bfloat16_vector_typecheck_1.c  (test for errors, line 252)
FAIL: gcc.target/arm/bfloat16_vector_typecheck_1.c  (test for errors, line 256)
FAIL: gcc.target/arm/bfloat16_vector_typecheck_1.c  (test for errors, line 257)
FAIL: gcc.target/arm/bfloat16_vector_typecheck_1.c  (test for errors, line 258)
FAIL: gcc.target/arm/bfloat16_vector_typecheck_1.c  (test for errors, line 259)
FAIL: gcc.target/arm/bfloat16_vector_typecheck_1.c  (test for errors, line 39)
FAIL: gcc.target/arm/bfloat16_vector_typecheck_1.c  (test for errors, line 40)
FAIL: gcc.target/arm/bfloat16_vector_typecheck_1.c  (test for errors, line 41)
FAIL: gcc.target/arm/bfloat16_vector_typecheck_1.c  (test for errors, line 42)
FAIL: gcc.target/arm/bfloat16_vector_typecheck_1.c  (test for errors, line 43)
FAIL: gcc.target/arm/bfloat16_vector_typecheck_1.c  (test for errors, line 44)
FAIL: gcc.target/arm/bfloat16_vector_typecheck_1.c  (test for errors, line 46)
FAIL: gcc.target/arm/bfloat16_vector_typecheck_1.c  (test for errors, line 47)
FAIL: gcc.target/arm/bfloat16_vector_typecheck_1.c  (test for errors, line 48)
FAIL: gcc.target/arm/bfloat16_vector_typecheck_1.c  (test for errors, line 49)
FAIL: gcc.target/arm/bfloat16_vector_typecheck_1.c  (test for errors, line 50)
FAIL: gcc.target/arm/bfloat16_vector_typecheck_1.c  (test for errors, line 51)
FAIL: gcc.target/arm/bfloat16_vector_typecheck_1.c  (test for errors, line 56)
FAIL: gcc.target/arm/bfloat16_vector_typecheck_1.c  (test for errors, line 57)
FAIL: gcc.target/arm/bfloat16_vector_typecheck_1.c  (test for errors, line 58)
FAIL: gcc.target/arm/bfloat16_vector_typecheck_1.c  (test for errors, line 59)
FAIL: gcc.target/arm/bfloat16_vector_typecheck_1.c  (test for errors, line 60)
FAIL: gcc.target/arm/bfloat16_vector_typecheck_1.c  (test for errors, line 61)
FAIL: gcc.target/arm/bfloat16_vector_typecheck_1.c  (test for errors, line 62)
FAIL: gcc.target/arm/bfloat16_vector_typecheck_1.c  (test for errors, line 64)
FAIL: gcc.target/arm/bfloat16_vector_typecheck_1.c  (test for errors, line 65)
FAIL: gcc.target/arm/bfloat16_vector_typecheck_1.c  (test for errors, line 66)
FAIL: gcc.target/arm/bfloat16_vector_typecheck_1.c  (test for errors, line 67)
FAIL: gcc.target/arm/bfloat16_vector_typecheck_1.c  (test for errors, line 68)
FAIL: gcc.target/arm/bfloat16_vector_typecheck_1.c  (test for errors, line 69)
FAIL: gcc.target/arm/bfloat16_vector_typecheck_1.c  (test for errors, line 74)
FAIL: gcc.target/arm/bfloat16_vector_typecheck_1.c  (test for errors, line 75)
FAIL: gcc.target/arm/bfloat16_vector_typecheck_1.c  (test for errors, line 76)
FAIL: gcc.target/arm/bfloat16_vector_typecheck_1.c  (test for errors, line 77)
FAIL: gcc.target/arm/bfloat16_vector_typecheck_1.c  (test for errors, line 78)
FAIL: gcc.target/arm/bfloat16_vector_typecheck_1.c  (test for errors, line 79)
FAIL: gcc.target/arm/bfloat16_vector_typecheck_1.c  (test for errors, line 80)
FAIL: gcc.target/arm/bfloat16_vector_typecheck_1.c  (test for errors, line 81)
FAIL: gcc.target/arm/bfloat16_vector_typecheck_1.c  (test for errors, line 83)
FAIL: gcc.target/arm/bfloat16_vector_typecheck_1.c  (test for errors, line 84)
FAIL: gcc.target/arm/bfloat16_vector_typecheck_1.c  (test for errors, line 85)
FAIL: gcc.target/arm/bfloat16_vector_typecheck_1.c  (test for errors, line 86)
FAIL: gcc.target/arm/bfloat16_vector_typecheck_1.c  (test for errors, line 87)
FAIL: gcc.target/arm/bfloat16_vector_typecheck_1.c  (test for errors, line 88)
FAIL: gcc.target/arm/bfloat16_vector_typecheck_1.c  (test for errors, line 93)
FAIL: gcc.target/arm/bfloat16_vector_typecheck_1.c  (test for errors, line 94)
FAIL: gcc.target/arm/bfloat16_vector_typecheck_1.c  (test for errors, line 95)
FAIL: gcc.target/arm/bfloat16_vector_typecheck_1.c  (test for errors, line 96)
FAIL: gcc.target/arm/bfloat16_vector_typecheck_1.c  (test for errors, line 97)
FAIL: gcc.target/arm/bfloat16_vector_typecheck_1.c  (test for errors, line 98)
FAIL: gcc.target/arm/bfloat16_vector_typecheck_1.c (test for excess errors)
FAIL: gcc.target/arm/bfloat16_vector_typecheck_2.c  (test for errors, line 103)
FAIL: gcc.target/arm/bfloat16_vector_typecheck_2.c  (test for errors, line 104)
FAIL: gcc.target/arm/bfloat16_vector_typecheck_2.c  (test for errors, line 105)
FAIL: gcc.target/arm/bfloat16_vector_typecheck_2.c  (test for errors, line 106)
FAIL: gcc.target/arm/bfloat16_vector_typecheck_2.c  (test for errors, line 107)
FAIL: gcc.target/arm/bfloat16_vector_typecheck_2.c  (test for errors, line 108)
FAIL: gcc.target/arm/bfloat16_vector_typecheck_2.c  (test for errors, line 109)
FAIL: gcc.target/arm/bfloat16_vector_typecheck_2.c  (test for errors, line 111)
FAIL: gcc.target/arm/bfloat16_vector_typecheck_2.c  (test for errors, line 112)
FAIL: gcc.target/arm/bfloat16_vector_typecheck_2.c  (test for errors, line 113)
FAIL: gcc.target/arm/bfloat16_vector_typecheck_2.c  (test for errors, line 114)
FAIL: gcc.target/arm/bfloat16_vector_typecheck_2.c  (test for errors, line 115)
FAIL: gcc.target/arm/bfloat16_vector_typecheck_2.c  (test for errors, line 116)
FAIL: gcc.target/arm/bfloat16_vector_typecheck_2.c  (test for errors, line 123)
FAIL: gcc.target/arm/bfloat16_vector_typecheck_2.c  (test for errors, line 124)
FAIL: gcc.target/arm/bfloat16_vector_typecheck_2.c  (test for errors, line 125)
FAIL: gcc.target/arm/bfloat16_vector_typecheck_2.c  (test for errors, line 126)
FAIL: gcc.target/arm/bfloat16_vector_typecheck_2.c  (test for errors, line 127)
FAIL: gcc.target/arm/bfloat16_vector_typecheck_2.c  (test for errors, line 128)
FAIL: gcc.target/arm/bfloat16_vector_typecheck_2.c  (test for errors, line 183)
FAIL: gcc.target/arm/bfloat16_vector_typecheck_2.c  (test for errors, line 184)
FAIL: gcc.target/arm/bfloat16_vector_typecheck_2.c  (test for errors, line 185)
FAIL: gcc.target/arm/bfloat16_vector_typecheck_2.c  (test for errors, line 186)
FAIL: gcc.target/arm/bfloat16_vector_typecheck_2.c  (test for errors, line 187)
FAIL: gcc.target/arm/bfloat16_vector_typecheck_2.c  (test for errors, line 188)
FAIL: gcc.target/arm/bfloat16_vector_typecheck_2.c  (test for errors, line 189)
FAIL: gcc.target/arm/bfloat16_vector_typecheck_2.c  (test for errors, line 190)
FAIL: gcc.target/arm/bfloat16_vector_typecheck_2.c  (test for errors, line 191)
FAIL: gcc.target/arm/bfloat16_vector_typecheck_2.c  (test for errors, line 192)
FAIL: gcc.target/arm/bfloat16_vector_typecheck_2.c  (test for errors, line 212)
FAIL: gcc.target/arm/bfloat16_vector_typecheck_2.c  (test for errors, line 213)
FAIL: gcc.target/arm/bfloat16_vector_typecheck_2.c  (test for errors, line 214)
FAIL: gcc.target/arm/bfloat16_vector_typecheck_2.c  (test for errors, line 215)
FAIL: gcc.target/arm/bfloat16_vector_typecheck_2.c  (test for errors, line 216)
FAIL: gcc.target/arm/bfloat16_vector_typecheck_2.c  (test for errors, line 217)
FAIL: gcc.target/arm/bfloat16_vector_typecheck_2.c  (test for errors, line 218)
FAIL: gcc.target/arm/bfloat16_vector_typecheck_2.c  (test for errors, line 219)
FAIL: gcc.target/arm/bfloat16_vector_typecheck_2.c  (test for errors, line 221)
FAIL: gcc.target/arm/bfloat16_vector_typecheck_2.c  (test for errors, line 222)
FAIL: gcc.target/arm/bfloat16_vector_typecheck_2.c  (test for errors, line 224)
FAIL: gcc.target/arm/bfloat16_vector_typecheck_2.c  (test for errors, line 225)
FAIL: gcc.target/arm/bfloat16_vector_typecheck_2.c  (test for errors, line 226)
FAIL: gcc.target/arm/bfloat16_vector_typecheck_2.c  (test for errors, line 227)
FAIL: gcc.target/arm/bfloat16_vector_typecheck_2.c  (test for errors, line 231)
FAIL: gcc.target/arm/bfloat16_vector_typecheck_2.c  (test for errors, line 232)
FAIL: gcc.target/arm/bfloat16_vector_typecheck_2.c  (test for errors, line 233)
FAIL: gcc.target/arm/bfloat16_vector_typecheck_2.c  (test for errors, line 234)
FAIL: gcc.target/arm/bfloat16_vector_typecheck_2.c  (test for errors, line 235)
FAIL: gcc.target/arm/bfloat16_vector_typecheck_2.c  (test for errors, line 236)
FAIL: gcc.target/arm/bfloat16_vector_typecheck_2.c  (test for errors, line 237)
FAIL: gcc.target/arm/bfloat16_vector_typecheck_2.c  (test for errors, line 238)
FAIL: gcc.target/arm/bfloat16_vector_typecheck_2.c  (test for errors, line 239)
FAIL: gcc.target/arm/bfloat16_vector_typecheck_2.c  (test for errors, line 240)
FAIL: gcc.target/arm/bfloat16_vector_typecheck_2.c  (test for errors, line 241)
FAIL: gcc.target/arm/bfloat16_vector_typecheck_2.c  (test for errors, line 245)
FAIL: gcc.target/arm/bfloat16_vector_typecheck_2.c  (test for errors, line 246)
FAIL: gcc.target/arm/bfloat16_vector_typecheck_2.c  (test for errors, line 247)
FAIL: gcc.target/arm/bfloat16_vector_typecheck_2.c  (test for errors, line 248)
FAIL: gcc.target/arm/bfloat16_vector_typecheck_2.c  (test for errors, line 27)
FAIL: gcc.target/arm/bfloat16_vector_typecheck_2.c  (test for errors, line 27)
FAIL: gcc.target/arm/bfloat16_vector_typecheck_2.c  (test for errors, line 37)
FAIL: gcc.target/arm/bfloat16_vector_typecheck_2.c  (test for errors, line 38)
FAIL: gcc.target/arm/bfloat16_vector_typecheck_2.c  (test for errors, line 39)
FAIL: gcc.target/arm/bfloat16_vector_typecheck_2.c  (test for errors, line 40)
FAIL: gcc.target/arm/bfloat16_vector_typecheck_2.c  (test for errors, line 41)
FAIL: gcc.target/arm/bfloat16_vector_typecheck_2.c  (test for errors, line 43)
FAIL: gcc.target/arm/bfloat16_vector_typecheck_2.c  (test for errors, line 44)
FAIL: gcc.target/arm/bfloat16_vector_typecheck_2.c  (test for errors, line 45)
FAIL: gcc.target/arm/bfloat16_vector_typecheck_2.c  (test for errors, line 46)
FAIL: gcc.target/arm/bfloat16_vector_typecheck_2.c  (test for errors, line 47)
FAIL: gcc.target/arm/bfloat16_vector_typecheck_2.c  (test for errors, line 52)
FAIL: gcc.target/arm/bfloat16_vector_typecheck_2.c  (test for errors, line 53)
FAIL: gcc.target/arm/bfloat16_vector_typecheck_2.c  (test for errors, line 54)
FAIL: gcc.target/arm/bfloat16_vector_typecheck_2.c  (test for errors, line 55)
FAIL: gcc.target/arm/bfloat16_vector_typecheck_2.c  (test for errors, line 56)
FAIL: gcc.target/arm/bfloat16_vector_typecheck_2.c  (test for errors, line 57)
FAIL: gcc.target/arm/bfloat16_vector_typecheck_2.c  (test for errors, line 58)
FAIL: gcc.target/arm/bfloat16_vector_typecheck_2.c  (test for errors, line 60)
FAIL: gcc.target/arm/bfloat16_vector_typecheck_2.c  (test for errors, line 61)
FAIL: gcc.target/arm/bfloat16_vector_typecheck_2.c  (test for errors, line 62)
FAIL: gcc.target/arm/bfloat16_vector_typecheck_2.c  (test for errors, line 63)
FAIL: gcc.target/arm/bfloat16_vector_typecheck_2.c  (test for errors, line 64)
FAIL: gcc.target/arm/bfloat16_vector_typecheck_2.c  (test for errors, line 69)
FAIL: gcc.target/arm/bfloat16_vector_typecheck_2.c  (test for errors, line 70)
FAIL: gcc.target/arm/bfloat16_vector_typecheck_2.c  (test for errors, line 71)
FAIL: gcc.target/arm/bfloat16_vector_typecheck_2.c  (test for errors, line 72)
FAIL: gcc.target/arm/bfloat16_vector_typecheck_2.c  (test for errors, line 73)
FAIL: gcc.target/arm/bfloat16_vector_typecheck_2.c  (test for errors, line 74)
FAIL: gcc.target/arm/bfloat16_vector_typecheck_2.c  (test for errors, line 75)
FAIL: gcc.target/arm/bfloat16_vector_typecheck_2.c  (test for errors, line 77)
FAIL: gcc.target/arm/bfloat16_vector_typecheck_2.c  (test for errors, line 78)
FAIL: gcc.target/arm/bfloat16_vector_typecheck_2.c  (test for errors, line 79)
FAIL: gcc.target/arm/bfloat16_vector_typecheck_2.c  (test for errors, line 80)
FAIL: gcc.target/arm/bfloat16_vector_typecheck_2.c  (test for errors, line 81)
FAIL: gcc.target/arm/bfloat16_vector_typecheck_2.c  (test for errors, line 86)
FAIL: gcc.target/arm/bfloat16_vector_typecheck_2.c  (test for errors, line 87)
FAIL: gcc.target/arm/bfloat16_vector_typecheck_2.c  (test for errors, line 88)
FAIL: gcc.target/arm/bfloat16_vector_typecheck_2.c  (test for errors, line 89)
FAIL: gcc.target/arm/bfloat16_vector_typecheck_2.c  (test for errors, line 90)
FAIL: gcc.target/arm/bfloat16_vector_typecheck_2.c  (test for errors, line 91)
FAIL: gcc.target/arm/bfloat16_vector_typecheck_2.c  (test for errors, line 94)
FAIL: gcc.target/arm/bfloat16_vector_typecheck_2.c  (test for errors, line 95)
FAIL: gcc.target/arm/bfloat16_vector_typecheck_2.c  (test for errors, line 96)
FAIL: gcc.target/arm/bfloat16_vector_typecheck_2.c  (test for errors, line 97)
FAIL: gcc.target/arm/bfloat16_vector_typecheck_2.c (test for excess errors)
FAIL: gcc.target/arm/its.c scan-assembler-not \\\\sit[te]{2}
UNRESOLVED: gcc.target/arm/lp1243022.c scan-rtl-dump subreg2 "REG_INC"
FAIL: gcc.target/arm/movdi_movt.c (test for excess errors)
UNRESOLVED: gcc.target/arm/movdi_movt.c scan-assembler-times movt\\tr[01], 61680 2
FAIL: gcc.target/arm/movsi_movt.c (test for excess errors)
UNRESOLVED: gcc.target/arm/movsi_movt.c scan-assembler-times movt\\tr0, 61680 1
FAIL: gcc.target/arm/pr43920-2.c scan-assembler-times pop 2
FAIL: gcc.target/arm/pr64616.c scan-rtl-dump cprop2 "GLOBAL COPY-PROP"
FAIL: gcc.target/arm/reg_equal_test.c scan-rtl-dump expand "expr_list:REG_EQUAL \\\\(const_int -942519458"
FAIL: gcc.target/arm/stack-protector-5.c (test for excess errors)
UNRESOLVED: gcc.target/arm/stack-protector-5.c scan-assembler-times \\\\tstr\\\\t 1
FAIL: gcc.target/arm/stack-protector-6.c (test for excess errors)
UNRESOLVED: gcc.target/arm/stack-protector-6.c scan-assembler-times \\\\tstr\\\\t 1
FAIL: gcc.target/arm/thumb2-slow-flash-data-1.c (test for excess errors)
UNRESOLVED: gcc.target/arm/thumb2-slow-flash-data-1.c scan-assembler-not \\\\.(float|l\\\\?double|d?byte|short|int|long|quad|word)\\\\s+[^.]
FAIL: gcc.target/arm/thumb2-slow-flash-data-2.c (test for excess errors)
FAIL: gcc.target/arm/thumb2-slow-flash-data-3.c (test for excess errors)
FAIL: gcc.target/arm/thumb2-slow-flash-data-4.c (test for excess errors)
UNRESOLVED: gcc.target/arm/thumb2-slow-flash-data-4.c scan-assembler-times #1\\\\.0e\\\\+0 3
FAIL: gcc.target/arm/thumb2-slow-flash-data-5.c (test for excess errors)
UNRESOLVED: gcc.target/arm/thumb2-slow-flash-data-5.c scan-assembler-not #1\\\\.0e\\\\+0
FAIL: gcc.target/arm/tls-disable-literal-pool.c  (test for warnings, line 13)
FAIL: gcc.target/arm/tls-disable-literal-pool.c (test for excess errors)
FAIL: gcc.target/arm/lto/pr61123-enum-size c_lto_pr61123-enum-size_0.o-c_lto_pr61123-enum-size_1.o link,  -fno-short-enums -Wl,-Ur,--no-enum-size-warning -Os -nostdlib -flto 
UNRESOLVED: object-readelf Tag_ABI_enum_size 

		=== gcc Summary ===

# of expected passes		137312
# of unexpected failures	515
# of unexpected successes	3
# of expected failures		775
# of unresolved testcases	123
# of unsupported tests		6785
/tmp/70616_28.tmpdir/aci-gcc-fsf/builds/gcc-fsf-gccsrc-thumb/obj-arm-none-uclinuxfdpiceabi/gcc3/gcc/xgcc  version 11.0.0  (DEFMODE=thumb DEFCPU=cortex-m4 DEFFPU=default TESTFLAGS=) [r11-5871] (GCC) 

Host   is x86_64-pc-linux-gnu

		=== g++ tests ===


Running target qemu
FAIL: g++.dg/compat/eh/ctor1 cp_compat_x_tst.o-cp_compat_y_tst.o execute 
FAIL: g++.dg/compat/eh/ctor2 cp_compat_x_tst.o-cp_compat_y_tst.o execute 
FAIL: g++.dg/compat/eh/dtor1 cp_compat_x_tst.o-cp_compat_y_tst.o execute 
FAIL: g++.dg/compat/eh/filter1 cp_compat_x_tst.o-cp_compat_y_tst.o execute 
FAIL: g++.dg/compat/eh/filter2 cp_compat_x_tst.o-cp_compat_y_tst.o execute 
FAIL: g++.dg/compat/eh/new1 cp_compat_x_tst.o-cp_compat_y_tst.o execute 
FAIL: g++.dg/compat/eh/nrv1 cp_compat_x_tst.o-cp_compat_y_tst.o execute 
FAIL: g++.dg/compat/eh/spec3 cp_compat_x_tst.o-cp_compat_y_tst.o execute 
FAIL: g++.dg/compat/eh/template1 cp_compat_x_tst.o-cp_compat_y_tst.o execute 
FAIL: g++.dg/compat/eh/unexpected1 cp_compat_x_tst.o-cp_compat_y_tst.o execute 
FAIL: g++.dg/compat/init/array5 cp_compat_x_tst.o-cp_compat_y_tst.o execute 
FAIL: g++.dg/coroutines/torture/co-ret-15-default-return_void.C execution test
FAIL: g++.dg/coroutines/torture/exceptions-test-0.C execution test
FAIL: g++.dg/coroutines/torture/exceptions-test-01-n4849-a.C execution test
FAIL: g++.dg/coroutines/torture/pr95519-07-unhandled-exception.C execution test
FAIL: g++.dg/coroutines/torture/co-ret-15-default-return_void.C   -O0  execution test
FAIL: g++.dg/coroutines/torture/co-ret-15-default-return_void.C   -O1  execution test
FAIL: g++.dg/coroutines/torture/co-ret-15-default-return_void.C   -O2  execution test
FAIL: g++.dg/coroutines/torture/co-ret-15-default-return_void.C   -O2 -flto -fno-use-linker-plugin -flto-partition=none  execution test
FAIL: g++.dg/coroutines/torture/co-ret-15-default-return_void.C   -O2 -flto -fuse-linker-plugin -fno-fat-lto-objects  execution test
FAIL: g++.dg/coroutines/torture/co-ret-15-default-return_void.C   -O3 -fomit-frame-pointer -funroll-loops -fpeel-loops -ftracer -finline-functions  execution test
FAIL: g++.dg/coroutines/torture/co-ret-15-default-return_void.C   -O3 -g  execution test
FAIL: g++.dg/coroutines/torture/co-ret-15-default-return_void.C   -Os  execution test
FAIL: g++.dg/coroutines/torture/exceptions-test-0.C   -O0  execution test
FAIL: g++.dg/coroutines/torture/exceptions-test-0.C   -O1  execution test
FAIL: g++.dg/coroutines/torture/exceptions-test-0.C   -O2  execution test
FAIL: g++.dg/coroutines/torture/exceptions-test-0.C   -O2 -flto -fno-use-linker-plugin -flto-partition=none  execution test
FAIL: g++.dg/coroutines/torture/exceptions-test-0.C   -O2 -flto -fuse-linker-plugin -fno-fat-lto-objects  execution test
FAIL: g++.dg/coroutines/torture/exceptions-test-0.C   -O3 -g  execution test
FAIL: g++.dg/coroutines/torture/exceptions-test-0.C   -Os  execution test
FAIL: g++.dg/coroutines/torture/exceptions-test-01-n4849-a.C   -O0  execution test
FAIL: g++.dg/coroutines/torture/exceptions-test-01-n4849-a.C   -O1  execution test
FAIL: g++.dg/coroutines/torture/exceptions-test-01-n4849-a.C   -O2  execution test
FAIL: g++.dg/coroutines/torture/exceptions-test-01-n4849-a.C   -O2 -flto -fno-use-linker-plugin -flto-partition=none  execution test
FAIL: g++.dg/coroutines/torture/exceptions-test-01-n4849-a.C   -O2 -flto -fuse-linker-plugin -fno-fat-lto-objects  execution test
FAIL: g++.dg/coroutines/torture/exceptions-test-01-n4849-a.C   -O3 -g  execution test
FAIL: g++.dg/coroutines/torture/exceptions-test-01-n4849-a.C   -Os  execution test
FAIL: g++.dg/coroutines/torture/pr95519-07-unhandled-exception.C   -O0  execution test
FAIL: g++.dg/coroutines/torture/pr95519-07-unhandled-exception.C   -O1  execution test
FAIL: g++.dg/coroutines/torture/pr95519-07-unhandled-exception.C   -O2  execution test
FAIL: g++.dg/coroutines/torture/pr95519-07-unhandled-exception.C   -O2 -flto -fno-use-linker-plugin -flto-partition=none  execution test
FAIL: g++.dg/coroutines/torture/pr95519-07-unhandled-exception.C   -O2 -flto -fuse-linker-plugin -fno-fat-lto-objects  execution test
FAIL: g++.dg/coroutines/torture/pr95519-07-unhandled-exception.C   -O3 -g  execution test
FAIL: g++.dg/coroutines/torture/pr95519-07-unhandled-exception.C   -Os  execution test
FAIL: g++.dg/abi/forced.C  -std=gnu++14 execution test
FAIL: g++.dg/abi/forced.C  -std=gnu++17 execution test
FAIL: g++.dg/abi/forced.C  -std=gnu++2a execution test
FAIL: g++.dg/abi/forced.C  -std=gnu++98 execution test
FAIL: g++.dg/cpp0x/bad_array_new1.C  -std=c++14 execution test
FAIL: g++.dg/cpp0x/bad_array_new1.C  -std=c++17 execution test
FAIL: g++.dg/cpp0x/bad_array_new1.C  -std=c++2a execution test
FAIL: g++.dg/cpp0x/bad_array_new2.C  -std=c++14 execution test
FAIL: g++.dg/cpp0x/bad_array_new2.C  -std=c++17 execution test
FAIL: g++.dg/cpp0x/bad_array_new2.C  -std=c++2a execution test
FAIL: g++.dg/cpp0x/inh-ctor12.C  -std=c++14 execution test
FAIL: g++.dg/cpp0x/inh-ctor12.C  -std=c++17 execution test
FAIL: g++.dg/cpp0x/inh-ctor12.C  -std=c++2a execution test
FAIL: g++.dg/cpp0x/initlist-throw1.C  -std=c++14 execution test
FAIL: g++.dg/cpp0x/initlist-throw1.C  -std=c++17 execution test
FAIL: g++.dg/cpp0x/initlist-throw1.C  -std=c++2a execution test
FAIL: g++.dg/cpp0x/initlist-throw2.C  -std=c++14 execution test
FAIL: g++.dg/cpp0x/initlist-throw2.C  -std=c++17 execution test
FAIL: g++.dg/cpp0x/initlist-throw2.C  -std=c++2a execution test
FAIL: g++.dg/cpp0x/initlist90.C  -std=c++14 execution test
FAIL: g++.dg/cpp0x/initlist90.C  -std=c++17 execution test
FAIL: g++.dg/cpp0x/initlist90.C  -std=c++2a execution test
FAIL: g++.dg/cpp0x/lambda/lambda-eh2.C  -std=gnu++14 execution test
FAIL: g++.dg/cpp0x/noexcept03.C  -std=gnu++14 execution test
FAIL: g++.dg/cpp0x/noexcept03.C  -std=gnu++17 execution test
FAIL: g++.dg/cpp0x/noexcept03.C  -std=gnu++2a execution test
FAIL: g++.dg/cpp0x/noexcept04.C  -std=c++14 execution test
FAIL: g++.dg/cpp0x/noexcept04.C  -std=c++17 execution test
FAIL: g++.dg/cpp0x/noexcept04.C  -std=c++2a execution test
FAIL: g++.dg/cpp0x/noexcept06.C  -std=gnu++14 execution test
FAIL: g++.dg/cpp0x/noexcept06.C  -std=gnu++17 execution test
FAIL: g++.dg/cpp0x/noexcept06.C  -std=gnu++2a execution test
FAIL: g++.dg/cpp0x/noexcept07.C  -std=c++14 execution test
FAIL: g++.dg/cpp0x/nsdmi-eh1.C  -std=c++14 execution test
FAIL: g++.dg/cpp0x/nsdmi-eh1.C  -std=c++17 execution test
FAIL: g++.dg/cpp0x/nsdmi-eh1.C  -std=c++2a execution test
FAIL: g++.dg/cpp0x/nullptr21.C  -std=c++14 execution test
FAIL: g++.dg/cpp0x/nullptr21.C  -std=c++17 execution test
FAIL: g++.dg/cpp0x/nullptr21.C  -std=c++2a execution test
FAIL: g++.dg/cpp0x/nullptr35.C  -std=c++14 execution test
FAIL: g++.dg/cpp0x/nullptr35.C  -std=c++17 execution test
FAIL: g++.dg/cpp0x/nullptr35.C  -std=c++2a execution test
FAIL: g++.dg/cpp0x/range-for7.C  -std=c++14 execution test
FAIL: g++.dg/cpp0x/range-for7.C  -std=c++17 execution test
FAIL: g++.dg/cpp0x/range-for7.C  -std=c++2a execution test
FAIL: g++.dg/cpp0x/variadic73.C  -std=c++14 execution test
FAIL: g++.dg/cpp0x/variadic73.C  -std=c++17 execution test
FAIL: g++.dg/cpp0x/variadic73.C  -std=c++2a execution test
FAIL: g++.dg/cpp1y/sized-dealloc1.C  -std=c++14 execution test
FAIL: g++.dg/cpp1y/sized-dealloc1.C  -std=c++17 execution test
FAIL: g++.dg/cpp1y/sized-dealloc1.C  -std=c++2a execution test
FAIL: g++.dg/cpp1y/sized-dealloc1.C  -std=c++98 execution test
FAIL: g++.dg/cpp1z/aligned-new2.C  -std=c++17 execution test
FAIL: g++.dg/cpp1z/aligned-new2.C  -std=c++2a execution test
FAIL: g++.dg/cpp1z/noexcept-type8.C  -std=c++17 execution test
FAIL: g++.dg/cpp1z/noexcept-type8.C  -std=c++2a execution test
FAIL: g++.dg/eh/alias1.C  -std=gnu++14 execution test
FAIL: g++.dg/eh/alias1.C  -std=gnu++17 execution test
FAIL: g++.dg/eh/alias1.C  -std=gnu++2a execution test
FAIL: g++.dg/eh/alias1.C  -std=gnu++98 execution test
FAIL: g++.dg/eh/anon1.C  -std=c++14 execution test
FAIL: g++.dg/eh/anon1.C  -std=c++17 execution test
FAIL: g++.dg/eh/anon1.C  -std=c++2a execution test
FAIL: g++.dg/eh/anon1.C  -std=c++98 execution test
FAIL: g++.dg/eh/cond1.C  -std=c++14 execution test
FAIL: g++.dg/eh/cond1.C  -std=c++17 execution test
FAIL: g++.dg/eh/cond1.C  -std=c++2a execution test
FAIL: g++.dg/eh/cond1.C  -std=c++98 execution test
FAIL: g++.dg/eh/cond4.C  -std=c++14 execution test
FAIL: g++.dg/eh/cond4.C  -std=c++17 execution test
FAIL: g++.dg/eh/cond4.C  -std=c++2a execution test
FAIL: g++.dg/eh/cond4.C  -std=c++98 execution test
FAIL: g++.dg/eh/cond5.C  -std=c++14 execution test
FAIL: g++.dg/eh/cond5.C  -std=c++17 execution test
FAIL: g++.dg/eh/cond5.C  -std=c++2a execution test
FAIL: g++.dg/eh/cond5.C  -std=c++98 execution test
FAIL: g++.dg/eh/cond6.C  -std=c++14 execution test
FAIL: g++.dg/eh/cond6.C  -std=c++17 execution test
FAIL: g++.dg/eh/cond6.C  -std=c++2a execution test
FAIL: g++.dg/eh/cond6.C  -std=c++98 execution test
FAIL: g++.dg/eh/crossjump1.C  -std=gnu++14 execution test
FAIL: g++.dg/eh/crossjump1.C  -std=gnu++17 execution test
FAIL: g++.dg/eh/crossjump1.C  -std=gnu++2a execution test
FAIL: g++.dg/eh/crossjump1.C  -std=gnu++98 execution test
FAIL: g++.dg/eh/ctor1.C  -std=c++14 execution test
FAIL: g++.dg/eh/ctor1.C  -std=c++17 execution test
FAIL: g++.dg/eh/ctor1.C  -std=c++2a execution test
FAIL: g++.dg/eh/ctor1.C  -std=c++98 execution test
FAIL: g++.dg/eh/ctor2.C  -std=c++14 execution test
FAIL: g++.dg/eh/ctor2.C  -std=c++17 execution test
FAIL: g++.dg/eh/ctor2.C  -std=c++2a execution test
FAIL: g++.dg/eh/ctor2.C  -std=c++98 execution test
FAIL: g++.dg/eh/defarg1.C  -std=c++14 execution test
FAIL: g++.dg/eh/defarg1.C  -std=c++17 execution test
FAIL: g++.dg/eh/defarg1.C  -std=c++2a execution test
FAIL: g++.dg/eh/defarg1.C  -std=c++98 execution test
FAIL: g++.dg/eh/delayslot1.C  -std=gnu++14 execution test
FAIL: g++.dg/eh/delayslot1.C  -std=gnu++17 execution test
FAIL: g++.dg/eh/delayslot1.C  -std=gnu++2a execution test
FAIL: g++.dg/eh/delayslot1.C  -std=gnu++98 execution test
FAIL: g++.dg/eh/delete1.C  -std=c++14 execution test
FAIL: g++.dg/eh/delete1.C  -std=c++17 execution test
FAIL: g++.dg/eh/delete1.C  -std=c++2a execution test
FAIL: g++.dg/eh/delete1.C  -std=c++98 execution test
FAIL: g++.dg/eh/dtor1.C  -std=c++14 execution test
FAIL: g++.dg/eh/dtor1.C  -std=c++17 execution test
FAIL: g++.dg/eh/dtor1.C  -std=c++2a execution test
FAIL: g++.dg/eh/dtor1.C  -std=c++98 execution test
FAIL: g++.dg/eh/dtor3.C  -std=c++98 execution test
FAIL: g++.dg/eh/elide1.C  -std=c++14 execution test
FAIL: g++.dg/eh/elide1.C  -std=c++17 execution test
FAIL: g++.dg/eh/elide1.C  -std=c++2a execution test
FAIL: g++.dg/eh/elide1.C  -std=c++98 execution test
FAIL: g++.dg/eh/elide2.C  -std=c++14 execution test
FAIL: g++.dg/eh/elide2.C  -std=c++17 execution test
FAIL: g++.dg/eh/elide2.C  -std=c++2a execution test
FAIL: g++.dg/eh/elide2.C  -std=c++98 execution test
FAIL: g++.dg/eh/filter1.C  -std=c++14 execution test
FAIL: g++.dg/eh/filter1.C  -std=c++17 execution test
FAIL: g++.dg/eh/filter1.C  -std=c++2a execution test
FAIL: g++.dg/eh/filter1.C  -std=c++98 execution test
FAIL: g++.dg/eh/filter2.C  -std=gnu++14 execution test
FAIL: g++.dg/eh/filter2.C  -std=gnu++17 execution test
FAIL: g++.dg/eh/filter2.C  -std=gnu++2a execution test
FAIL: g++.dg/eh/filter2.C  -std=gnu++98 execution test
FAIL: g++.dg/eh/forced1.C  -std=c++14 execution test
FAIL: g++.dg/eh/forced1.C  -std=c++17 execution test
FAIL: g++.dg/eh/forced1.C  -std=c++2a execution test
FAIL: g++.dg/eh/forced1.C  -std=c++98 execution test
FAIL: g++.dg/eh/forced2.C  -std=c++14 execution test
FAIL: g++.dg/eh/forced2.C  -std=c++17 execution test
FAIL: g++.dg/eh/forced2.C  -std=c++2a execution test
FAIL: g++.dg/eh/forced2.C  -std=c++98 execution test
FAIL: g++.dg/eh/forced3.C  -std=c++14 execution test
FAIL: g++.dg/eh/forced3.C  -std=c++98 execution test
FAIL: g++.dg/eh/forced4.C  -std=c++14 execution test
FAIL: g++.dg/eh/forced4.C  -std=c++17 execution test
FAIL: g++.dg/eh/forced4.C  -std=c++2a execution test
FAIL: g++.dg/eh/forced4.C  -std=c++98 execution test
FAIL: g++.dg/eh/fp-regs.C  -std=gnu++14 execution test
FAIL: g++.dg/eh/fp-regs.C  -std=gnu++17 execution test
FAIL: g++.dg/eh/fp-regs.C  -std=gnu++2a execution test
FAIL: g++.dg/eh/fp-regs.C  -std=gnu++98 execution test
FAIL: g++.dg/eh/gcsec1.C  -std=gnu++14 execution test
FAIL: g++.dg/eh/gcsec1.C  -std=gnu++17 execution test
FAIL: g++.dg/eh/gcsec1.C  -std=gnu++2a execution test
FAIL: g++.dg/eh/gcsec1.C  -std=gnu++98 execution test
FAIL: g++.dg/eh/ia64-2.C  -std=gnu++14 execution test
FAIL: g++.dg/eh/ia64-2.C  -std=gnu++17 execution test
FAIL: g++.dg/eh/ia64-2.C  -std=gnu++2a execution test
FAIL: g++.dg/eh/ia64-2.C  -std=gnu++98 execution test
FAIL: g++.dg/eh/init-temp1.C  -std=c++14 execution test
FAIL: g++.dg/eh/init-temp1.C  -std=c++17 execution test
FAIL: g++.dg/eh/init-temp1.C  -std=c++2a execution test
FAIL: g++.dg/eh/init-temp1.C  -std=c++98 execution test
FAIL: g++.dg/eh/loop1.C  -std=gnu++14 execution test
FAIL: g++.dg/eh/loop1.C  -std=gnu++17 execution test
FAIL: g++.dg/eh/loop1.C  -std=gnu++2a execution test
FAIL: g++.dg/eh/loop1.C  -std=gnu++98 execution test
FAIL: g++.dg/eh/loop2.C  -std=c++14 execution test
FAIL: g++.dg/eh/loop2.C  -std=c++17 execution test
FAIL: g++.dg/eh/loop2.C  -std=c++2a execution test
FAIL: g++.dg/eh/loop2.C  -std=c++98 execution test
FAIL: g++.dg/eh/new1.C  -std=c++14 execution test
FAIL: g++.dg/eh/new1.C  -std=c++17 execution test
FAIL: g++.dg/eh/new1.C  -std=c++2a execution test
FAIL: g++.dg/eh/new1.C  -std=c++98 execution test
FAIL: g++.dg/eh/omit-frame-pointer.C  -std=gnu++14 execution test
FAIL: g++.dg/eh/omit-frame-pointer.C  -std=gnu++17 execution test
FAIL: g++.dg/eh/omit-frame-pointer.C  -std=gnu++2a execution test
FAIL: g++.dg/eh/omit-frame-pointer.C  -std=gnu++98 execution test
FAIL: g++.dg/eh/omit-frame-pointer2.C  -std=gnu++14 execution test
FAIL: g++.dg/eh/omit-frame-pointer2.C  -std=gnu++17 execution test
FAIL: g++.dg/eh/omit-frame-pointer2.C  -std=gnu++2a execution test
FAIL: g++.dg/eh/omit-frame-pointer2.C  -std=gnu++98 execution test
FAIL: g++.dg/eh/partial1.C  -std=c++14 execution test
FAIL: g++.dg/eh/partial1.C  -std=c++17 execution test
FAIL: g++.dg/eh/partial1.C  -std=c++2a execution test
FAIL: g++.dg/eh/partial1.C  -std=c++98 execution test
FAIL: g++.dg/eh/pr29166.C  -std=c++14 execution test
FAIL: g++.dg/eh/pr29166.C  -std=c++17 execution test
FAIL: g++.dg/eh/pr29166.C  -std=c++2a execution test
FAIL: g++.dg/eh/pr29166.C  -std=c++98 execution test
FAIL: g++.dg/eh/registers1.C  -std=gnu++14 execution test
FAIL: g++.dg/eh/registers1.C  -std=gnu++17 execution test
FAIL: g++.dg/eh/registers1.C  -std=gnu++2a execution test
FAIL: g++.dg/eh/registers1.C  -std=gnu++98 execution test
FAIL: g++.dg/eh/return1.C  -std=c++14 execution test
FAIL: g++.dg/eh/return1.C  -std=c++17 execution test
FAIL: g++.dg/eh/return1.C  -std=c++2a execution test
FAIL: g++.dg/eh/return1.C  -std=c++98 execution test
FAIL: g++.dg/eh/simd-1.C  -std=gnu++14 execution test
FAIL: g++.dg/eh/simd-1.C  -std=gnu++17 execution test
FAIL: g++.dg/eh/simd-1.C  -std=gnu++2a execution test
FAIL: g++.dg/eh/simd-1.C  -std=gnu++98 execution test
FAIL: g++.dg/eh/simd-2.C  -std=gnu++14 execution test
FAIL: g++.dg/eh/simd-2.C  -std=gnu++17 execution test
FAIL: g++.dg/eh/simd-2.C  -std=gnu++2a execution test
FAIL: g++.dg/eh/simd-2.C  -std=gnu++98 execution test
FAIL: g++.dg/eh/simd-3.C  -std=gnu++14 execution test
FAIL: g++.dg/eh/simd-3.C  -std=gnu++17 execution test
FAIL: g++.dg/eh/simd-3.C  -std=gnu++2a execution test
FAIL: g++.dg/eh/simd-3.C  -std=gnu++98 execution test
FAIL: g++.dg/eh/spbp.C  -std=gnu++14 execution test
FAIL: g++.dg/eh/spbp.C  -std=gnu++17 execution test
FAIL: g++.dg/eh/spbp.C  -std=gnu++2a execution test
FAIL: g++.dg/eh/spbp.C  -std=gnu++98 execution test
FAIL: g++.dg/eh/spec10.C  -std=gnu++14 execution test
FAIL: g++.dg/eh/spec10.C  -std=gnu++17 execution test
FAIL: g++.dg/eh/spec10.C  -std=gnu++2a execution test
FAIL: g++.dg/eh/spec10.C  -std=gnu++98 execution test
FAIL: g++.dg/eh/spec3.C  -std=c++14 execution test
FAIL: g++.dg/eh/spec3.C  -std=c++17 execution test
FAIL: g++.dg/eh/spec3.C  -std=c++2a execution test
FAIL: g++.dg/eh/spec3.C  -std=c++98 execution test
FAIL: g++.dg/eh/spec7.C  -std=gnu++14 execution test
FAIL: g++.dg/eh/spec7.C  -std=gnu++17 execution test
FAIL: g++.dg/eh/spec7.C  -std=gnu++2a execution test
FAIL: g++.dg/eh/spec7.C  -std=gnu++98 execution test
FAIL: g++.dg/eh/spec9.C  -std=c++14 execution test
FAIL: g++.dg/eh/spec9.C  -std=c++17 execution test
FAIL: g++.dg/eh/spec9.C  -std=c++2a execution test
FAIL: g++.dg/eh/spec9.C  -std=c++98 execution test
FAIL: g++.dg/eh/synth2.C  -std=c++14 execution test
FAIL: g++.dg/eh/synth2.C  -std=c++17 execution test
FAIL: g++.dg/eh/synth2.C  -std=c++2a execution test
FAIL: g++.dg/eh/synth2.C  -std=c++98 execution test
FAIL: g++.dg/eh/template1.C  -std=c++14 execution test
FAIL: g++.dg/eh/template1.C  -std=c++17 execution test
FAIL: g++.dg/eh/template1.C  -std=c++2a execution test
FAIL: g++.dg/eh/template1.C  -std=c++98 execution test
FAIL: g++.dg/eh/uncaught1.C  -std=gnu++14 execution test
FAIL: g++.dg/eh/uncaught1.C  -std=gnu++17 execution test
FAIL: g++.dg/eh/uncaught1.C  -std=gnu++2a execution test
FAIL: g++.dg/eh/uncaught1.C  -std=gnu++98 execution test
FAIL: g++.dg/eh/uncaught4.C  -std=gnu++14 execution test
FAIL: g++.dg/eh/uncaught4.C  -std=gnu++17 execution test
FAIL: g++.dg/eh/uncaught4.C  -std=gnu++2a execution test
FAIL: g++.dg/eh/uncaught4.C  -std=gnu++98 execution test
FAIL: g++.dg/eh/unexpected1.C  -std=c++14 execution test
FAIL: g++.dg/eh/unexpected1.C  -std=c++98 execution test
FAIL: g++.dg/eh/weak1.C  -std=gnu++14 execution test
FAIL: g++.dg/eh/weak1.C  -std=gnu++17 execution test
FAIL: g++.dg/eh/weak1.C  -std=gnu++2a execution test
FAIL: g++.dg/eh/weak1.C  -std=gnu++98 execution test
FAIL: g++.dg/ext/cleanup-10.C  -std=gnu++14 execution test
FAIL: g++.dg/ext/cleanup-10.C  -std=gnu++17 execution test
FAIL: g++.dg/ext/cleanup-10.C  -std=gnu++2a execution test
FAIL: g++.dg/ext/cleanup-10.C  -std=gnu++98 execution test
FAIL: g++.dg/ext/cleanup-11.C  -std=gnu++14 execution test
FAIL: g++.dg/ext/cleanup-11.C  -std=gnu++17 execution test
FAIL: g++.dg/ext/cleanup-11.C  -std=gnu++2a execution test
FAIL: g++.dg/ext/cleanup-11.C  -std=gnu++98 execution test
FAIL: g++.dg/ext/cleanup-5.C  -std=gnu++14 execution test
FAIL: g++.dg/ext/cleanup-5.C  -std=gnu++17 execution test
FAIL: g++.dg/ext/cleanup-5.C  -std=gnu++2a execution test
FAIL: g++.dg/ext/cleanup-5.C  -std=gnu++98 execution test
FAIL: g++.dg/ext/cleanup-8.C  -std=gnu++14 execution test
FAIL: g++.dg/ext/cleanup-8.C  -std=gnu++17 execution test
FAIL: g++.dg/ext/cleanup-8.C  -std=gnu++2a execution test
FAIL: g++.dg/ext/cleanup-8.C  -std=gnu++98 execution test
FAIL: g++.dg/ext/cleanup-9.C  -std=gnu++14 execution test
FAIL: g++.dg/ext/cleanup-9.C  -std=gnu++17 execution test
FAIL: g++.dg/ext/cleanup-9.C  -std=gnu++2a execution test
FAIL: g++.dg/ext/cleanup-9.C  -std=gnu++98 execution test
FAIL: g++.dg/ext/sync-4.C  -std=gnu++14 (test for excess errors)
UNRESOLVED: g++.dg/ext/sync-4.C  -std=gnu++14 compilation failed to produce executable
FAIL: g++.dg/ext/sync-4.C  -std=gnu++17 (test for excess errors)
UNRESOLVED: g++.dg/ext/sync-4.C  -std=gnu++17 compilation failed to produce executable
FAIL: g++.dg/ext/sync-4.C  -std=gnu++2a (test for excess errors)
UNRESOLVED: g++.dg/ext/sync-4.C  -std=gnu++2a compilation failed to produce executable
FAIL: g++.dg/ext/sync-4.C  -std=gnu++98 (test for excess errors)
UNRESOLVED: g++.dg/ext/sync-4.C  -std=gnu++98 compilation failed to produce executable
FAIL: g++.dg/init/array16.C  -std=c++14 execution test
FAIL: g++.dg/init/array16.C  -std=c++17 execution test
FAIL: g++.dg/init/array16.C  -std=c++2a execution test
FAIL: g++.dg/init/array16.C  -std=c++98 execution test
FAIL: g++.dg/init/array5.C  -std=c++14 execution test
FAIL: g++.dg/init/array5.C  -std=c++17 execution test
FAIL: g++.dg/init/array5.C  -std=c++2a execution test
FAIL: g++.dg/init/array5.C  -std=c++98 execution test
FAIL: g++.dg/init/ctor1.C  -std=c++14 execution test
FAIL: g++.dg/init/ctor1.C  -std=c++17 execution test
FAIL: g++.dg/init/ctor1.C  -std=c++2a execution test
FAIL: g++.dg/init/ctor1.C  -std=c++98 execution test
FAIL: g++.dg/init/new36.C  -std=c++14 execution test
FAIL: g++.dg/init/new36.C  -std=c++17 execution test
FAIL: g++.dg/init/new36.C  -std=c++2a execution test
FAIL: g++.dg/init/new36.C  -std=c++98 execution test
FAIL: g++.dg/init/new39.C  -std=c++14 execution test
FAIL: g++.dg/init/new39.C  -std=c++17 execution test
FAIL: g++.dg/init/new39.C  -std=c++2a execution test
FAIL: g++.dg/init/new39.C  -std=c++98 execution test
FAIL: g++.dg/init/new40.C   execution test
FAIL: g++.dg/init/placement2.C  -std=c++14 execution test
FAIL: g++.dg/init/placement2.C  -std=c++17 execution test
FAIL: g++.dg/init/placement2.C  -std=c++2a execution test
FAIL: g++.dg/init/placement2.C  -std=c++98 execution test
FAIL: g++.dg/init/ref9.C  -std=c++14 execution test
FAIL: g++.dg/init/ref9.C  -std=c++17 execution test
FAIL: g++.dg/init/ref9.C  -std=c++2a execution test
FAIL: g++.dg/init/ref9.C  -std=c++98 execution test
FAIL: g++.dg/ipa/pr63838.C  -std=gnu++14 execution test
FAIL: g++.dg/ipa/pr63838.C  -std=gnu++17 execution test
FAIL: g++.dg/ipa/pr63838.C  -std=gnu++2a execution test
FAIL: g++.dg/ipa/pr63838.C  -std=gnu++98 execution test
FAIL: g++.dg/opt/eh2.C  -std=gnu++14 execution test
FAIL: g++.dg/opt/eh2.C  -std=gnu++17 execution test
FAIL: g++.dg/opt/eh2.C  -std=gnu++2a execution test
FAIL: g++.dg/opt/eh2.C  -std=gnu++98 execution test
FAIL: g++.dg/opt/eh3.C  -std=gnu++14 execution test
FAIL: g++.dg/opt/eh3.C  -std=gnu++17 execution test
FAIL: g++.dg/opt/eh3.C  -std=gnu++2a execution test
FAIL: g++.dg/opt/eh3.C  -std=gnu++98 execution test
FAIL: g++.dg/opt/eh4.C  -std=gnu++14 execution test
FAIL: g++.dg/opt/eh4.C  -std=gnu++17 execution test
FAIL: g++.dg/opt/eh4.C  -std=gnu++2a execution test
FAIL: g++.dg/opt/eh4.C  -std=gnu++98 execution test
FAIL: g++.dg/opt/pr19650.C  -std=gnu++14 execution test
FAIL: g++.dg/opt/pr19650.C  -std=gnu++17 execution test
FAIL: g++.dg/opt/pr19650.C  -std=gnu++2a execution test
FAIL: g++.dg/opt/pr19650.C  -std=gnu++98 execution test
FAIL: g++.dg/opt/pr23478.C  -std=gnu++14 execution test
FAIL: g++.dg/opt/pr23478.C  -std=gnu++17 execution test
FAIL: g++.dg/opt/pr23478.C  -std=gnu++2a execution test
FAIL: g++.dg/opt/pr23478.C  -std=gnu++98 execution test
FAIL: g++.dg/opt/pr85393.C  -std=gnu++14 execution test
FAIL: g++.dg/opt/pr85393.C  -std=gnu++17 execution test
FAIL: g++.dg/opt/pr85393.C  -std=gnu++2a execution test
FAIL: g++.dg/rtti/typeid10.C  -std=c++14 execution test
FAIL: g++.dg/rtti/typeid10.C  -std=c++17 execution test
FAIL: g++.dg/rtti/typeid10.C  -std=c++2a execution test
FAIL: g++.dg/rtti/typeid10.C  -std=c++98 execution test
FAIL: g++.dg/tree-ssa/pr77943.C   execution test
FAIL: g++.dg/lto/20081109 cp_lto_20081109_0.o-cp_lto_20081109_1.o execute -O0 -flto -flto-partition=1to1 -fno-use-linker-plugin 
FAIL: g++.dg/lto/20081109 cp_lto_20081109_0.o-cp_lto_20081109_1.o execute -O0 -flto -flto-partition=none -fuse-linker-plugin
FAIL: g++.dg/lto/20081109 cp_lto_20081109_0.o-cp_lto_20081109_1.o execute -O0 -flto -fuse-linker-plugin -fno-fat-lto-objects 
FAIL: g++.dg/lto/20081109 cp_lto_20081109_0.o-cp_lto_20081109_1.o execute -O2 -flto -flto-partition=1to1 -fno-use-linker-plugin 
FAIL: g++.dg/lto/20081109 cp_lto_20081109_0.o-cp_lto_20081109_1.o execute -O2 -flto -flto-partition=none -fuse-linker-plugin -fno-fat-lto-objects 
FAIL: g++.dg/lto/20081109 cp_lto_20081109_0.o-cp_lto_20081109_1.o execute -O2 -flto -fuse-linker-plugin
FAIL: g++.dg/lto/pr65276 cp_lto_pr65276_0.o-cp_lto_pr65276_1.o link, -flto -O0 -std=c++11
FAIL: g++.dg/tls/pr85400.C  -std=gnu++14 (test for excess errors)
FAIL: g++.dg/tls/pr85400.C  -std=gnu++17 (test for excess errors)
FAIL: g++.dg/tls/pr85400.C  -std=gnu++2a (test for excess errors)
FAIL: g++.dg/tls/thread_local-order2.C  -std=c++14 execution test
FAIL: g++.dg/tls/thread_local-order2.C  -std=c++17 execution test
FAIL: g++.dg/tls/thread_local-order2.C  -std=c++2a execution test
FAIL: g++.dg/tls/thread_local4.C  -std=gnu++14 execution test
FAIL: g++.dg/tls/thread_local4.C  -std=gnu++17 execution test
FAIL: g++.dg/tls/thread_local4.C  -std=gnu++2a execution test
FAIL: g++.dg/tls/thread_local4g.C  -std=gnu++14 execution test
FAIL: g++.dg/tls/thread_local4g.C  -std=gnu++17 execution test
FAIL: g++.dg/tls/thread_local4g.C  -std=gnu++2a execution test
FAIL: g++.dg/torture/pr49115.C   -O0  execution test
FAIL: g++.dg/torture/pr49115.C   -O1  execution test
FAIL: g++.dg/torture/pr49115.C   -O2  execution test
FAIL: g++.dg/torture/pr49115.C   -O2 -flto -fno-use-linker-plugin -flto-partition=none  execution test
FAIL: g++.dg/torture/pr49115.C   -O2 -flto -fuse-linker-plugin -fno-fat-lto-objects  execution test
FAIL: g++.dg/torture/pr49115.C   -O3 -g  execution test
FAIL: g++.dg/torture/pr49115.C   -Os  execution test
FAIL: g++.dg/torture/pr60750.C   -O0  execution test
FAIL: g++.dg/torture/pr60750.C   -O1  execution test
FAIL: g++.dg/torture/pr60750.C   -O2  execution test
FAIL: g++.dg/torture/pr60750.C   -O2 -flto -fno-use-linker-plugin -flto-partition=none  execution test
FAIL: g++.dg/torture/pr60750.C   -O2 -flto -fuse-linker-plugin -fno-fat-lto-objects  execution test
FAIL: g++.dg/torture/pr60750.C   -O3 -g  execution test
FAIL: g++.dg/torture/pr60750.C   -Os  execution test
FAIL: g++.dg/torture/pr68184.C   -O0  execution test
FAIL: g++.dg/torture/pr68184.C   -O1  execution test
FAIL: g++.dg/torture/pr68184.C   -O2  execution test
FAIL: g++.dg/torture/pr68184.C   -O2 -flto -fno-use-linker-plugin -flto-partition=none  execution test
FAIL: g++.dg/torture/pr68184.C   -O2 -flto -fuse-linker-plugin -fno-fat-lto-objects  execution test
FAIL: g++.dg/torture/pr68184.C   -O3 -g  execution test
FAIL: g++.dg/torture/pr68184.C   -Os  execution test
FAIL: g++.dg/torture/pr87014.C   -O0  execution test
FAIL: g++.dg/torture/pr87014.C   -O1  execution test
FAIL: g++.dg/torture/pr87014.C   -O2  execution test
FAIL: g++.dg/torture/pr87014.C   -O2 -flto -fno-use-linker-plugin -flto-partition=none  execution test
FAIL: g++.dg/torture/pr87014.C   -O2 -flto -fuse-linker-plugin -fno-fat-lto-objects  execution test
FAIL: g++.dg/torture/pr87014.C   -O3 -g  execution test
FAIL: g++.dg/torture/pr87014.C   -Os  execution test
FAIL: g++.dg/torture/pr91355.C   -O0  execution test
FAIL: g++.dg/torture/pr91355.C   -O1  execution test
FAIL: g++.dg/torture/pr91355.C   -O2  execution test
FAIL: g++.dg/torture/pr91355.C   -O2 -flto -fno-use-linker-plugin -flto-partition=none  execution test
FAIL: g++.dg/torture/pr91355.C   -O2 -flto -fuse-linker-plugin -fno-fat-lto-objects  execution test
FAIL: g++.dg/torture/pr91355.C   -O3 -g  execution test
FAIL: g++.dg/torture/pr91355.C   -Os  execution test
FAIL: g++.dg/torture/stackalign/eh-alloca-1.C   -O0  execution test
FAIL: g++.dg/torture/stackalign/eh-alloca-1.C   -O0 -fpic execution test
FAIL: g++.dg/torture/stackalign/eh-alloca-1.C   -O1  execution test
FAIL: g++.dg/torture/stackalign/eh-alloca-1.C   -O1 -fpic execution test
FAIL: g++.dg/torture/stackalign/eh-alloca-1.C   -O2  execution test
FAIL: g++.dg/torture/stackalign/eh-alloca-1.C   -O2 -flto -fno-use-linker-plugin -flto-partition=none  execution test
FAIL: g++.dg/torture/stackalign/eh-alloca-1.C   -O2 -flto -fno-use-linker-plugin -flto-partition=none -fpic execution test
FAIL: g++.dg/torture/stackalign/eh-alloca-1.C   -O2 -flto -fuse-linker-plugin -fno-fat-lto-objects  execution test
FAIL: g++.dg/torture/stackalign/eh-alloca-1.C   -O2 -flto -fuse-linker-plugin -fno-fat-lto-objects -fpic execution test
FAIL: g++.dg/torture/stackalign/eh-alloca-1.C   -O2 -fpic execution test
FAIL: g++.dg/torture/stackalign/eh-alloca-1.C   -O3 -g  execution test
FAIL: g++.dg/torture/stackalign/eh-alloca-1.C   -O3 -g -fpic execution test
FAIL: g++.dg/torture/stackalign/eh-alloca-1.C   -Os  execution test
FAIL: g++.dg/torture/stackalign/eh-alloca-1.C   -Os -fpic execution test
FAIL: g++.dg/torture/stackalign/eh-global-1.C   -O0  execution test
FAIL: g++.dg/torture/stackalign/eh-global-1.C   -O0 -fpic execution test
FAIL: g++.dg/torture/stackalign/eh-global-1.C   -O1  execution test
FAIL: g++.dg/torture/stackalign/eh-global-1.C   -O1 -fpic execution test
FAIL: g++.dg/torture/stackalign/eh-global-1.C   -O2  execution test
FAIL: g++.dg/torture/stackalign/eh-global-1.C   -O2 -flto -fno-use-linker-plugin -flto-partition=none  execution test
FAIL: g++.dg/torture/stackalign/eh-global-1.C   -O2 -flto -fno-use-linker-plugin -flto-partition=none -fpic execution test
FAIL: g++.dg/torture/stackalign/eh-global-1.C   -O2 -flto -fuse-linker-plugin -fno-fat-lto-objects  execution test
FAIL: g++.dg/torture/stackalign/eh-global-1.C   -O2 -flto -fuse-linker-plugin -fno-fat-lto-objects -fpic execution test
FAIL: g++.dg/torture/stackalign/eh-global-1.C   -O2 -fpic execution test
FAIL: g++.dg/torture/stackalign/eh-global-1.C   -O3 -g  execution test
FAIL: g++.dg/torture/stackalign/eh-global-1.C   -O3 -g -fpic execution test
FAIL: g++.dg/torture/stackalign/eh-global-1.C   -Os  execution test
FAIL: g++.dg/torture/stackalign/eh-global-1.C   -Os -fpic execution test
FAIL: g++.dg/torture/stackalign/eh-inline-1.C   -O0  execution test
FAIL: g++.dg/torture/stackalign/eh-inline-1.C   -O0 -fpic execution test
FAIL: g++.dg/torture/stackalign/eh-inline-1.C   -O1  execution test
FAIL: g++.dg/torture/stackalign/eh-inline-1.C   -O1 -fpic execution test
FAIL: g++.dg/torture/stackalign/eh-inline-1.C   -O2  execution test
FAIL: g++.dg/torture/stackalign/eh-inline-1.C   -O2 -flto -fno-use-linker-plugin -flto-partition=none  execution test
FAIL: g++.dg/torture/stackalign/eh-inline-1.C   -O2 -flto -fno-use-linker-plugin -flto-partition=none -fpic execution test
FAIL: g++.dg/torture/stackalign/eh-inline-1.C   -O2 -flto -fuse-linker-plugin -fno-fat-lto-objects  execution test
FAIL: g++.dg/torture/stackalign/eh-inline-1.C   -O2 -flto -fuse-linker-plugin -fno-fat-lto-objects -fpic execution test
FAIL: g++.dg/torture/stackalign/eh-inline-1.C   -O2 -fpic execution test
FAIL: g++.dg/torture/stackalign/eh-inline-1.C   -O3 -g  execution test
FAIL: g++.dg/torture/stackalign/eh-inline-1.C   -O3 -g -fpic execution test
FAIL: g++.dg/torture/stackalign/eh-inline-1.C   -Os  execution test
FAIL: g++.dg/torture/stackalign/eh-inline-1.C   -Os -fpic execution test
FAIL: g++.dg/torture/stackalign/eh-inline-2.C   -O0  execution test
FAIL: g++.dg/torture/stackalign/eh-inline-2.C   -O0 -fpic execution test
FAIL: g++.dg/torture/stackalign/eh-inline-2.C   -O1  execution test
FAIL: g++.dg/torture/stackalign/eh-inline-2.C   -O1 -fpic execution test
FAIL: g++.dg/torture/stackalign/eh-inline-2.C   -O2  execution test
FAIL: g++.dg/torture/stackalign/eh-inline-2.C   -O2 -flto -fno-use-linker-plugin -flto-partition=none  execution test
FAIL: g++.dg/torture/stackalign/eh-inline-2.C   -O2 -flto -fno-use-linker-plugin -flto-partition=none -fpic execution test
FAIL: g++.dg/torture/stackalign/eh-inline-2.C   -O2 -flto -fuse-linker-plugin -fno-fat-lto-objects  execution test
FAIL: g++.dg/torture/stackalign/eh-inline-2.C   -O2 -flto -fuse-linker-plugin -fno-fat-lto-objects -fpic execution test
FAIL: g++.dg/torture/stackalign/eh-inline-2.C   -O2 -fpic execution test
FAIL: g++.dg/torture/stackalign/eh-inline-2.C   -O3 -g  execution test
FAIL: g++.dg/torture/stackalign/eh-inline-2.C   -O3 -g -fpic execution test
FAIL: g++.dg/torture/stackalign/eh-inline-2.C   -Os  execution test
FAIL: g++.dg/torture/stackalign/eh-inline-2.C   -Os -fpic execution test
FAIL: g++.dg/torture/stackalign/eh-vararg-1.C   -O0  execution test
FAIL: g++.dg/torture/stackalign/eh-vararg-1.C   -O0 -fpic execution test
FAIL: g++.dg/torture/stackalign/eh-vararg-1.C   -O1  execution test
FAIL: g++.dg/torture/stackalign/eh-vararg-1.C   -O1 -fpic execution test
FAIL: g++.dg/torture/stackalign/eh-vararg-1.C   -O2  execution test
FAIL: g++.dg/torture/stackalign/eh-vararg-1.C   -O2 -flto -fno-use-linker-plugin -flto-partition=none  execution test
FAIL: g++.dg/torture/stackalign/eh-vararg-1.C   -O2 -flto -fno-use-linker-plugin -flto-partition=none -fpic execution test
FAIL: g++.dg/torture/stackalign/eh-vararg-1.C   -O2 -flto -fuse-linker-plugin -fno-fat-lto-objects  execution test
FAIL: g++.dg/torture/stackalign/eh-vararg-1.C   -O2 -flto -fuse-linker-plugin -fno-fat-lto-objects -fpic execution test
FAIL: g++.dg/torture/stackalign/eh-vararg-1.C   -O2 -fpic execution test
FAIL: g++.dg/torture/stackalign/eh-vararg-1.C   -O3 -g  execution test
FAIL: g++.dg/torture/stackalign/eh-vararg-1.C   -O3 -g -fpic execution test
FAIL: g++.dg/torture/stackalign/eh-vararg-1.C   -Os  execution test
FAIL: g++.dg/torture/stackalign/eh-vararg-1.C   -Os -fpic execution test
FAIL: g++.dg/torture/stackalign/eh-vararg-2.C   -O0  execution test
FAIL: g++.dg/torture/stackalign/eh-vararg-2.C   -O0 -fpic execution test
FAIL: g++.dg/torture/stackalign/eh-vararg-2.C   -O1  execution test
FAIL: g++.dg/torture/stackalign/eh-vararg-2.C   -O1 -fpic execution test
FAIL: g++.dg/torture/stackalign/eh-vararg-2.C   -O2  execution test
FAIL: g++.dg/torture/stackalign/eh-vararg-2.C   -O2 -flto -fno-use-linker-plugin -flto-partition=none  execution test
FAIL: g++.dg/torture/stackalign/eh-vararg-2.C   -O2 -flto -fno-use-linker-plugin -flto-partition=none -fpic execution test
FAIL: g++.dg/torture/stackalign/eh-vararg-2.C   -O2 -flto -fuse-linker-plugin -fno-fat-lto-objects  execution test
FAIL: g++.dg/torture/stackalign/eh-vararg-2.C   -O2 -flto -fuse-linker-plugin -fno-fat-lto-objects -fpic execution test
FAIL: g++.dg/torture/stackalign/eh-vararg-2.C   -O2 -fpic execution test
FAIL: g++.dg/torture/stackalign/eh-vararg-2.C   -O3 -g  execution test
FAIL: g++.dg/torture/stackalign/eh-vararg-2.C   -O3 -g -fpic execution test
FAIL: g++.dg/torture/stackalign/eh-vararg-2.C   -Os  execution test
FAIL: g++.dg/torture/stackalign/eh-vararg-2.C   -Os -fpic execution test
FAIL: g++.dg/torture/stackalign/throw-1.C   -O0  execution test
FAIL: g++.dg/torture/stackalign/throw-1.C   -O0 -fpic execution test
FAIL: g++.dg/torture/stackalign/throw-1.C   -O1  execution test
FAIL: g++.dg/torture/stackalign/throw-1.C   -O1 -fpic execution test
FAIL: g++.dg/torture/stackalign/throw-1.C   -O2  execution test
FAIL: g++.dg/torture/stackalign/throw-1.C   -O2 -flto -fno-use-linker-plugin -flto-partition=none  execution test
FAIL: g++.dg/torture/stackalign/throw-1.C   -O2 -flto -fno-use-linker-plugin -flto-partition=none -fpic execution test
FAIL: g++.dg/torture/stackalign/throw-1.C   -O2 -flto -fuse-linker-plugin -fno-fat-lto-objects  execution test
FAIL: g++.dg/torture/stackalign/throw-1.C   -O2 -flto -fuse-linker-plugin -fno-fat-lto-objects -fpic execution test
FAIL: g++.dg/torture/stackalign/throw-1.C   -O2 -fpic execution test
FAIL: g++.dg/torture/stackalign/throw-1.C   -O3 -fomit-frame-pointer -funroll-loops -fpeel-loops -ftracer -finline-functions  execution test
FAIL: g++.dg/torture/stackalign/throw-1.C   -O3 -fomit-frame-pointer -funroll-loops -fpeel-loops -ftracer -finline-functions -fpic execution test
FAIL: g++.dg/torture/stackalign/throw-1.C   -O3 -g  execution test
FAIL: g++.dg/torture/stackalign/throw-1.C   -O3 -g -fpic execution test
FAIL: g++.dg/torture/stackalign/throw-1.C   -Os  execution test
FAIL: g++.dg/torture/stackalign/throw-1.C   -Os -fpic execution test
FAIL: g++.dg/torture/stackalign/throw-2.C   -O0  execution test
FAIL: g++.dg/torture/stackalign/throw-2.C   -O0 -fpic execution test
FAIL: g++.dg/torture/stackalign/throw-2.C   -O1  execution test
FAIL: g++.dg/torture/stackalign/throw-2.C   -O1 -fpic execution test
FAIL: g++.dg/torture/stackalign/throw-2.C   -O2  execution test
FAIL: g++.dg/torture/stackalign/throw-2.C   -O2 -flto -fno-use-linker-plugin -flto-partition=none  execution test
FAIL: g++.dg/torture/stackalign/throw-2.C   -O2 -flto -fno-use-linker-plugin -flto-partition=none -fpic execution test
FAIL: g++.dg/torture/stackalign/throw-2.C   -O2 -flto -fuse-linker-plugin -fno-fat-lto-objects  execution test
FAIL: g++.dg/torture/stackalign/throw-2.C   -O2 -flto -fuse-linker-plugin -fno-fat-lto-objects -fpic execution test
FAIL: g++.dg/torture/stackalign/throw-2.C   -O2 -fpic execution test
FAIL: g++.dg/torture/stackalign/throw-2.C   -O3 -fomit-frame-pointer -funroll-loops -fpeel-loops -ftracer -finline-functions  execution test
FAIL: g++.dg/torture/stackalign/throw-2.C   -O3 -fomit-frame-pointer -funroll-loops -fpeel-loops -ftracer -finline-functions -fpic execution test
FAIL: g++.dg/torture/stackalign/throw-2.C   -O3 -g  execution test
FAIL: g++.dg/torture/stackalign/throw-2.C   -O3 -g -fpic execution test
FAIL: g++.dg/torture/stackalign/throw-2.C   -Os  execution test
FAIL: g++.dg/torture/stackalign/throw-2.C   -Os -fpic execution test
FAIL: g++.dg/torture/stackalign/throw-3.C   -O0  execution test
FAIL: g++.dg/torture/stackalign/throw-3.C   -O0 -fpic execution test
FAIL: g++.dg/torture/stackalign/throw-3.C   -O1  execution test
FAIL: g++.dg/torture/stackalign/throw-3.C   -O1 -fpic execution test
FAIL: g++.dg/torture/stackalign/throw-3.C   -O2  execution test
FAIL: g++.dg/torture/stackalign/throw-3.C   -O2 -flto -fno-use-linker-plugin -flto-partition=none  execution test
FAIL: g++.dg/torture/stackalign/throw-3.C   -O2 -flto -fno-use-linker-plugin -flto-partition=none -fpic execution test
FAIL: g++.dg/torture/stackalign/throw-3.C   -O2 -flto -fuse-linker-plugin -fno-fat-lto-objects  execution test
FAIL: g++.dg/torture/stackalign/throw-3.C   -O2 -flto -fuse-linker-plugin -fno-fat-lto-objects -fpic execution test
FAIL: g++.dg/torture/stackalign/throw-3.C   -O2 -fpic execution test
FAIL: g++.dg/torture/stackalign/throw-3.C   -O3 -fomit-frame-pointer -funroll-loops -fpeel-loops -ftracer -finline-functions  execution test
FAIL: g++.dg/torture/stackalign/throw-3.C   -O3 -fomit-frame-pointer -funroll-loops -fpeel-loops -ftracer -finline-functions -fpic execution test
FAIL: g++.dg/torture/stackalign/throw-3.C   -O3 -g  execution test
FAIL: g++.dg/torture/stackalign/throw-3.C   -O3 -g -fpic execution test
FAIL: g++.dg/torture/stackalign/throw-3.C   -Os  execution test
FAIL: g++.dg/torture/stackalign/throw-3.C   -Os -fpic execution test
FAIL: g++.old-deja/g++.abi/cxa_vec.C  -std=gnu++14 execution test
FAIL: g++.old-deja/g++.abi/cxa_vec.C  -std=gnu++17 execution test
FAIL: g++.old-deja/g++.abi/cxa_vec.C  -std=gnu++2a execution test
FAIL: g++.old-deja/g++.abi/cxa_vec.C  -std=gnu++98 execution test
FAIL: g++.old-deja/g++.abi/vtable2.C  -std=gnu++14 execution test
FAIL: g++.old-deja/g++.abi/vtable2.C  -std=gnu++17 execution test
FAIL: g++.old-deja/g++.abi/vtable2.C  -std=gnu++2a execution test
FAIL: g++.old-deja/g++.abi/vtable2.C  -std=gnu++98 execution test
FAIL: g++.old-deja/g++.brendan/eh1.C  -std=gnu++14 execution test
FAIL: g++.old-deja/g++.brendan/eh1.C  -std=gnu++17 execution test
FAIL: g++.old-deja/g++.brendan/eh1.C  -std=gnu++2a execution test
FAIL: g++.old-deja/g++.brendan/eh1.C  -std=gnu++98 execution test
FAIL: g++.old-deja/g++.eh/badalloc1.C  -std=c++14 execution test
FAIL: g++.old-deja/g++.eh/badalloc1.C  -std=c++17 execution test
FAIL: g++.old-deja/g++.eh/badalloc1.C  -std=c++2a execution test
FAIL: g++.old-deja/g++.eh/badalloc1.C  -std=c++98 execution test
FAIL: g++.old-deja/g++.eh/catch11.C  -std=c++14 execution test
FAIL: g++.old-deja/g++.eh/catch11.C  -std=c++17 execution test
FAIL: g++.old-deja/g++.eh/catch11.C  -std=c++2a execution test
FAIL: g++.old-deja/g++.eh/catch11.C  -std=c++98 execution test
FAIL: g++.old-deja/g++.eh/catch12.C  -std=c++14 execution test
FAIL: g++.old-deja/g++.eh/catch12.C  -std=c++17 execution test
FAIL: g++.old-deja/g++.eh/catch12.C  -std=c++2a execution test
FAIL: g++.old-deja/g++.eh/catch12.C  -std=c++98 execution test
FAIL: g++.old-deja/g++.eh/catch3.C  -std=gnu++14 execution test
FAIL: g++.old-deja/g++.eh/catch3.C  -std=gnu++17 execution test
FAIL: g++.old-deja/g++.eh/catch3.C  -std=gnu++2a execution test
FAIL: g++.old-deja/g++.eh/catch3.C  -std=gnu++98 execution test
FAIL: g++.old-deja/g++.eh/catch3p.C  -std=gnu++14 execution test
FAIL: g++.old-deja/g++.eh/catch3p.C  -std=gnu++17 execution test
FAIL: g++.old-deja/g++.eh/catch3p.C  -std=gnu++2a execution test
FAIL: g++.old-deja/g++.eh/catch3p.C  -std=gnu++98 execution test
FAIL: g++.old-deja/g++.eh/catch4.C  -std=gnu++14 execution test
FAIL: g++.old-deja/g++.eh/catch4.C  -std=gnu++17 execution test
FAIL: g++.old-deja/g++.eh/catch4.C  -std=gnu++2a execution test
FAIL: g++.old-deja/g++.eh/catch4.C  -std=gnu++98 execution test
FAIL: g++.old-deja/g++.eh/catch4p.C  -std=gnu++14 execution test
FAIL: g++.old-deja/g++.eh/catch4p.C  -std=gnu++17 execution test
FAIL: g++.old-deja/g++.eh/catch4p.C  -std=gnu++2a execution test
FAIL: g++.old-deja/g++.eh/catch4p.C  -std=gnu++98 execution test
FAIL: g++.old-deja/g++.eh/catch5.C  -std=gnu++14 execution test
FAIL: g++.old-deja/g++.eh/catch5.C  -std=gnu++17 execution test
FAIL: g++.old-deja/g++.eh/catch5.C  -std=gnu++2a execution test
FAIL: g++.old-deja/g++.eh/catch5.C  -std=gnu++98 execution test
FAIL: g++.old-deja/g++.eh/catch5p.C  -std=gnu++14 execution test
FAIL: g++.old-deja/g++.eh/catch5p.C  -std=gnu++17 execution test
FAIL: g++.old-deja/g++.eh/catch5p.C  -std=gnu++2a execution test
FAIL: g++.old-deja/g++.eh/catch5p.C  -std=gnu++98 execution test
FAIL: g++.old-deja/g++.eh/catch6.C  -std=gnu++14 execution test
FAIL: g++.old-deja/g++.eh/catch6.C  -std=gnu++17 execution test
FAIL: g++.old-deja/g++.eh/catch6.C  -std=gnu++2a execution test
FAIL: g++.old-deja/g++.eh/catch6.C  -std=gnu++98 execution test
FAIL: g++.old-deja/g++.eh/catch6p.C  -std=gnu++14 execution test
FAIL: g++.old-deja/g++.eh/catch6p.C  -std=gnu++17 execution test
FAIL: g++.old-deja/g++.eh/catch6p.C  -std=gnu++2a execution test
FAIL: g++.old-deja/g++.eh/catch6p.C  -std=gnu++98 execution test
FAIL: g++.old-deja/g++.eh/catch7.C  -std=gnu++14 execution test
FAIL: g++.old-deja/g++.eh/catch7.C  -std=gnu++17 execution test
FAIL: g++.old-deja/g++.eh/catch7.C  -std=gnu++2a execution test
FAIL: g++.old-deja/g++.eh/catch7.C  -std=gnu++98 execution test
FAIL: g++.old-deja/g++.eh/catch7p.C  -std=gnu++14 execution test
FAIL: g++.old-deja/g++.eh/catch7p.C  -std=gnu++17 execution test
FAIL: g++.old-deja/g++.eh/catch7p.C  -std=gnu++2a execution test
FAIL: g++.old-deja/g++.eh/catch7p.C  -std=gnu++98 execution test
FAIL: g++.old-deja/g++.eh/catch8.C  -std=gnu++14 execution test
FAIL: g++.old-deja/g++.eh/catch8.C  -std=gnu++17 execution test
FAIL: g++.old-deja/g++.eh/catch8.C  -std=gnu++2a execution test
FAIL: g++.old-deja/g++.eh/catch8.C  -std=gnu++98 execution test
FAIL: g++.old-deja/g++.eh/catch8p.C  -std=gnu++14 execution test
FAIL: g++.old-deja/g++.eh/catch8p.C  -std=gnu++17 execution test
FAIL: g++.old-deja/g++.eh/catch8p.C  -std=gnu++2a execution test
FAIL: g++.old-deja/g++.eh/catch8p.C  -std=gnu++98 execution test
FAIL: g++.old-deja/g++.eh/catch9.C  -std=gnu++14 execution test
FAIL: g++.old-deja/g++.eh/catch9.C  -std=gnu++17 execution test
FAIL: g++.old-deja/g++.eh/catch9.C  -std=gnu++2a execution test
FAIL: g++.old-deja/g++.eh/catch9.C  -std=gnu++98 execution test
FAIL: g++.old-deja/g++.eh/catch9p.C  -std=gnu++14 execution test
FAIL: g++.old-deja/g++.eh/catch9p.C  -std=gnu++17 execution test
FAIL: g++.old-deja/g++.eh/catch9p.C  -std=gnu++2a execution test
FAIL: g++.old-deja/g++.eh/catch9p.C  -std=gnu++98 execution test
FAIL: g++.old-deja/g++.eh/catchptr1.C  -std=c++14 execution test
FAIL: g++.old-deja/g++.eh/catchptr1.C  -std=c++17 execution test
FAIL: g++.old-deja/g++.eh/catchptr1.C  -std=c++2a execution test
FAIL: g++.old-deja/g++.eh/catchptr1.C  -std=c++98 execution test
FAIL: g++.old-deja/g++.eh/cleanup1.C  -std=c++14 execution test
FAIL: g++.old-deja/g++.eh/cleanup1.C  -std=c++17 execution test
FAIL: g++.old-deja/g++.eh/cleanup1.C  -std=c++2a execution test
FAIL: g++.old-deja/g++.eh/cleanup1.C  -std=c++98 execution test
FAIL: g++.old-deja/g++.eh/cleanup2.C  -std=c++14 execution test
FAIL: g++.old-deja/g++.eh/cleanup2.C  -std=c++17 execution test
FAIL: g++.old-deja/g++.eh/cleanup2.C  -std=c++2a execution test
FAIL: g++.old-deja/g++.eh/cleanup2.C  -std=c++98 execution test
FAIL: g++.old-deja/g++.eh/flow1.C  -std=c++14 execution test
FAIL: g++.old-deja/g++.eh/flow1.C  -std=c++17 execution test
FAIL: g++.old-deja/g++.eh/flow1.C  -std=c++2a execution test
FAIL: g++.old-deja/g++.eh/flow1.C  -std=c++98 execution test
FAIL: g++.old-deja/g++.eh/fntry1.C  -std=c++14 execution test
FAIL: g++.old-deja/g++.eh/fntry1.C  -std=c++17 execution test
FAIL: g++.old-deja/g++.eh/fntry1.C  -std=c++2a execution test
FAIL: g++.old-deja/g++.eh/fntry1.C  -std=c++98 execution test
FAIL: g++.old-deja/g++.eh/ia64-1.C  -std=gnu++14 execution test
FAIL: g++.old-deja/g++.eh/ia64-1.C  -std=gnu++17 execution test
FAIL: g++.old-deja/g++.eh/ia64-1.C  -std=gnu++2a execution test
FAIL: g++.old-deja/g++.eh/ia64-1.C  -std=gnu++98 execution test
FAIL: g++.old-deja/g++.eh/inline2.C  -std=gnu++14 execution test
FAIL: g++.old-deja/g++.eh/inline2.C  -std=gnu++17 execution test
FAIL: g++.old-deja/g++.eh/inline2.C  -std=gnu++2a execution test
FAIL: g++.old-deja/g++.eh/inline2.C  -std=gnu++98 execution test
FAIL: g++.old-deja/g++.eh/new1.C  -std=gnu++14 execution test
FAIL: g++.old-deja/g++.eh/new1.C  -std=gnu++17 execution test
FAIL: g++.old-deja/g++.eh/new1.C  -std=gnu++2a execution test
FAIL: g++.old-deja/g++.eh/new1.C  -std=gnu++98 execution test
FAIL: g++.old-deja/g++.eh/new2.C  -std=gnu++14 execution test
FAIL: g++.old-deja/g++.eh/new2.C  -std=gnu++17 execution test
FAIL: g++.old-deja/g++.eh/new2.C  -std=gnu++2a execution test
FAIL: g++.old-deja/g++.eh/new2.C  -std=gnu++98 execution test
FAIL: g++.old-deja/g++.eh/pdel1.C  -std=c++14 execution test
FAIL: g++.old-deja/g++.eh/pdel1.C  -std=c++17 execution test
FAIL: g++.old-deja/g++.eh/pdel1.C  -std=c++2a execution test
FAIL: g++.old-deja/g++.eh/pdel1.C  -std=c++98 execution test
FAIL: g++.old-deja/g++.eh/pdel2.C  -std=c++14 execution test
FAIL: g++.old-deja/g++.eh/pdel2.C  -std=c++17 execution test
FAIL: g++.old-deja/g++.eh/pdel2.C  -std=c++2a execution test
FAIL: g++.old-deja/g++.eh/pdel2.C  -std=c++98 execution test
FAIL: g++.old-deja/g++.eh/ptr1.C  -std=c++14 execution test
FAIL: g++.old-deja/g++.eh/ptr1.C  -std=c++17 execution test
FAIL: g++.old-deja/g++.eh/ptr1.C  -std=c++2a execution test
FAIL: g++.old-deja/g++.eh/ptr1.C  -std=c++98 execution test
FAIL: g++.old-deja/g++.eh/ptrmem1.C  -std=c++14 execution test
FAIL: g++.old-deja/g++.eh/ptrmem1.C  -std=c++17 execution test
FAIL: g++.old-deja/g++.eh/ptrmem1.C  -std=c++2a execution test
FAIL: g++.old-deja/g++.eh/ptrmem1.C  -std=c++98 execution test
FAIL: g++.old-deja/g++.eh/rethrow1.C  -std=c++14 execution test
FAIL: g++.old-deja/g++.eh/rethrow1.C  -std=c++17 execution test
FAIL: g++.old-deja/g++.eh/rethrow1.C  -std=c++2a execution test
FAIL: g++.old-deja/g++.eh/rethrow1.C  -std=c++98 execution test
FAIL: g++.old-deja/g++.eh/rethrow2.C  -std=c++14 execution test
FAIL: g++.old-deja/g++.eh/rethrow2.C  -std=c++17 execution test
FAIL: g++.old-deja/g++.eh/rethrow2.C  -std=c++2a execution test
FAIL: g++.old-deja/g++.eh/rethrow2.C  -std=c++98 execution test
FAIL: g++.old-deja/g++.eh/rethrow3.C  -std=c++14 execution test
FAIL: g++.old-deja/g++.eh/rethrow3.C  -std=c++17 execution test
FAIL: g++.old-deja/g++.eh/rethrow3.C  -std=c++2a execution test
FAIL: g++.old-deja/g++.eh/rethrow3.C  -std=c++98 execution test
FAIL: g++.old-deja/g++.eh/rethrow4.C  -std=c++14 execution test
FAIL: g++.old-deja/g++.eh/rethrow4.C  -std=c++17 execution test
FAIL: g++.old-deja/g++.eh/rethrow4.C  -std=c++2a execution test
FAIL: g++.old-deja/g++.eh/rethrow4.C  -std=c++98 execution test
FAIL: g++.old-deja/g++.eh/rethrow5.C  -std=c++14 execution test
FAIL: g++.old-deja/g++.eh/rethrow5.C  -std=c++17 execution test
FAIL: g++.old-deja/g++.eh/rethrow5.C  -std=c++2a execution test
FAIL: g++.old-deja/g++.eh/rethrow5.C  -std=c++98 execution test
FAIL: g++.old-deja/g++.eh/rethrow6.C  -std=c++14 execution test
FAIL: g++.old-deja/g++.eh/rethrow6.C  -std=c++17 execution test
FAIL: g++.old-deja/g++.eh/rethrow6.C  -std=c++2a execution test
FAIL: g++.old-deja/g++.eh/rethrow6.C  -std=c++98 execution test
FAIL: g++.old-deja/g++.eh/spec1.C  -std=c++14 execution test
FAIL: g++.old-deja/g++.eh/spec1.C  -std=c++98 execution test
FAIL: g++.old-deja/g++.eh/spec2.C  -std=c++14 execution test
FAIL: g++.old-deja/g++.eh/spec2.C  -std=c++98 execution test
FAIL: g++.old-deja/g++.eh/spec3.C  -std=c++14 execution test
FAIL: g++.old-deja/g++.eh/spec3.C  -std=c++98 execution test
FAIL: g++.old-deja/g++.eh/spec4.C  -std=c++14 execution test
FAIL: g++.old-deja/g++.eh/spec4.C  -std=c++98 execution test
FAIL: g++.old-deja/g++.eh/terminate1.C  -std=c++14 execution test
FAIL: g++.old-deja/g++.eh/terminate1.C  -std=c++17 execution test
FAIL: g++.old-deja/g++.eh/terminate1.C  -std=c++2a execution test
FAIL: g++.old-deja/g++.eh/terminate1.C  -std=c++98 execution test
FAIL: g++.old-deja/g++.eh/tmpl1.C  -std=c++14 execution test
FAIL: g++.old-deja/g++.eh/tmpl1.C  -std=c++17 execution test
FAIL: g++.old-deja/g++.eh/tmpl1.C  -std=c++2a execution test
FAIL: g++.old-deja/g++.eh/tmpl1.C  -std=c++98 execution test
FAIL: g++.old-deja/g++.eh/unwind1.C  -std=c++14 execution test
FAIL: g++.old-deja/g++.eh/unwind1.C  -std=c++17 execution test
FAIL: g++.old-deja/g++.eh/unwind1.C  -std=c++2a execution test
FAIL: g++.old-deja/g++.eh/unwind1.C  -std=c++98 execution test
FAIL: g++.old-deja/g++.eh/vbase1.C  -std=c++14 execution test
FAIL: g++.old-deja/g++.eh/vbase1.C  -std=c++17 execution test
FAIL: g++.old-deja/g++.eh/vbase1.C  -std=c++2a execution test
FAIL: g++.old-deja/g++.eh/vbase1.C  -std=c++98 execution test
FAIL: g++.old-deja/g++.eh/vbase2.C  -std=c++14 execution test
FAIL: g++.old-deja/g++.eh/vbase2.C  -std=c++17 execution test
FAIL: g++.old-deja/g++.eh/vbase2.C  -std=c++2a execution test
FAIL: g++.old-deja/g++.eh/vbase2.C  -std=c++98 execution test
FAIL: g++.old-deja/g++.eh/vbase4.C  -std=c++14 execution test
FAIL: g++.old-deja/g++.eh/vbase4.C  -std=c++17 execution test
FAIL: g++.old-deja/g++.eh/vbase4.C  -std=c++2a execution test
FAIL: g++.old-deja/g++.eh/vbase4.C  -std=c++98 execution test
FAIL: g++.old-deja/g++.martin/new1.C  -std=c++14 execution test
FAIL: g++.old-deja/g++.martin/new1.C  -std=c++17 execution test
FAIL: g++.old-deja/g++.martin/new1.C  -std=c++2a execution test
FAIL: g++.old-deja/g++.martin/new1.C  -std=c++98 execution test
FAIL: g++.old-deja/g++.mike/dyncast1.C  -std=gnu++14 execution test
FAIL: g++.old-deja/g++.mike/dyncast1.C  -std=gnu++17 execution test
FAIL: g++.old-deja/g++.mike/dyncast1.C  -std=gnu++2a execution test
FAIL: g++.old-deja/g++.mike/dyncast1.C  -std=gnu++98 execution test
FAIL: g++.old-deja/g++.mike/dyncast2.C  -std=gnu++14 execution test
FAIL: g++.old-deja/g++.mike/dyncast2.C  -std=gnu++17 execution test
FAIL: g++.old-deja/g++.mike/dyncast2.C  -std=gnu++2a execution test
FAIL: g++.old-deja/g++.mike/dyncast2.C  -std=gnu++98 execution test
FAIL: g++.old-deja/g++.mike/eh10.C  -std=gnu++14 execution test
FAIL: g++.old-deja/g++.mike/eh10.C  -std=gnu++17 execution test
FAIL: g++.old-deja/g++.mike/eh10.C  -std=gnu++2a execution test
FAIL: g++.old-deja/g++.mike/eh10.C  -std=gnu++98 execution test
FAIL: g++.old-deja/g++.mike/eh12.C  -std=gnu++14 execution test
FAIL: g++.old-deja/g++.mike/eh12.C  -std=gnu++17 execution test
FAIL: g++.old-deja/g++.mike/eh12.C  -std=gnu++2a execution test
FAIL: g++.old-deja/g++.mike/eh12.C  -std=gnu++98 execution test
FAIL: g++.old-deja/g++.mike/eh14.C  -std=gnu++14 execution test
FAIL: g++.old-deja/g++.mike/eh14.C  -std=gnu++17 execution test
FAIL: g++.old-deja/g++.mike/eh14.C  -std=gnu++2a execution test
FAIL: g++.old-deja/g++.mike/eh14.C  -std=gnu++98 execution test
FAIL: g++.old-deja/g++.mike/eh16.C  -std=gnu++14 execution test
FAIL: g++.old-deja/g++.mike/eh16.C  -std=gnu++17 execution test
FAIL: g++.old-deja/g++.mike/eh16.C  -std=gnu++2a execution test
FAIL: g++.old-deja/g++.mike/eh16.C  -std=gnu++98 execution test
FAIL: g++.old-deja/g++.mike/eh17.C  -std=gnu++14 execution test
FAIL: g++.old-deja/g++.mike/eh17.C  -std=gnu++17 execution test
FAIL: g++.old-deja/g++.mike/eh17.C  -std=gnu++2a execution test
FAIL: g++.old-deja/g++.mike/eh17.C  -std=gnu++98 execution test
FAIL: g++.old-deja/g++.mike/eh18.C  -std=gnu++14 execution test
FAIL: g++.old-deja/g++.mike/eh18.C  -std=gnu++17 execution test
FAIL: g++.old-deja/g++.mike/eh18.C  -std=gnu++2a execution test
FAIL: g++.old-deja/g++.mike/eh18.C  -std=gnu++98 execution test
FAIL: g++.old-deja/g++.mike/eh2.C  -std=gnu++14 execution test
FAIL: g++.old-deja/g++.mike/eh2.C  -std=gnu++17 execution test
FAIL: g++.old-deja/g++.mike/eh2.C  -std=gnu++2a execution test
FAIL: g++.old-deja/g++.mike/eh2.C  -std=gnu++98 execution test
FAIL: g++.old-deja/g++.mike/eh21.C  -std=gnu++14 execution test
FAIL: g++.old-deja/g++.mike/eh21.C  -std=gnu++17 execution test
FAIL: g++.old-deja/g++.mike/eh21.C  -std=gnu++2a execution test
FAIL: g++.old-deja/g++.mike/eh21.C  -std=gnu++98 execution test
FAIL: g++.old-deja/g++.mike/eh23.C  -std=gnu++14 execution test
FAIL: g++.old-deja/g++.mike/eh23.C  -std=gnu++17 execution test
FAIL: g++.old-deja/g++.mike/eh23.C  -std=gnu++2a execution test
FAIL: g++.old-deja/g++.mike/eh23.C  -std=gnu++98 execution test
FAIL: g++.old-deja/g++.mike/eh24.C  -std=gnu++14 execution test
FAIL: g++.old-deja/g++.mike/eh24.C  -std=gnu++17 execution test
FAIL: g++.old-deja/g++.mike/eh24.C  -std=gnu++2a execution test
FAIL: g++.old-deja/g++.mike/eh24.C  -std=gnu++98 execution test
FAIL: g++.old-deja/g++.mike/eh25.C  -std=gnu++14 execution test
FAIL: g++.old-deja/g++.mike/eh25.C  -std=gnu++17 execution test
FAIL: g++.old-deja/g++.mike/eh25.C  -std=gnu++2a execution test
FAIL: g++.old-deja/g++.mike/eh25.C  -std=gnu++98 execution test
FAIL: g++.old-deja/g++.mike/eh26.C  -std=gnu++14 execution test
FAIL: g++.old-deja/g++.mike/eh26.C  -std=gnu++17 execution test
FAIL: g++.old-deja/g++.mike/eh26.C  -std=gnu++2a execution test
FAIL: g++.old-deja/g++.mike/eh26.C  -std=gnu++98 execution test
FAIL: g++.old-deja/g++.mike/eh27.C  -std=gnu++14 execution test
FAIL: g++.old-deja/g++.mike/eh27.C  -std=gnu++17 execution test
FAIL: g++.old-deja/g++.mike/eh27.C  -std=gnu++2a execution test
FAIL: g++.old-deja/g++.mike/eh27.C  -std=gnu++98 execution test
FAIL: g++.old-deja/g++.mike/eh28.C  -std=gnu++14 execution test
FAIL: g++.old-deja/g++.mike/eh28.C  -std=gnu++17 execution test
FAIL: g++.old-deja/g++.mike/eh28.C  -std=gnu++2a execution test
FAIL: g++.old-deja/g++.mike/eh28.C  -std=gnu++98 execution test
FAIL: g++.old-deja/g++.mike/eh29.C  -std=gnu++14 execution test
FAIL: g++.old-deja/g++.mike/eh29.C  -std=gnu++17 execution test
FAIL: g++.old-deja/g++.mike/eh29.C  -std=gnu++2a execution test
FAIL: g++.old-deja/g++.mike/eh29.C  -std=gnu++98 execution test
FAIL: g++.old-deja/g++.mike/eh3.C  -std=gnu++14 execution test
FAIL: g++.old-deja/g++.mike/eh3.C  -std=gnu++17 execution test
FAIL: g++.old-deja/g++.mike/eh3.C  -std=gnu++2a execution test
FAIL: g++.old-deja/g++.mike/eh3.C  -std=gnu++98 execution test
FAIL: g++.old-deja/g++.mike/eh31.C  -std=gnu++14 execution test
FAIL: g++.old-deja/g++.mike/eh31.C  -std=gnu++17 execution test
FAIL: g++.old-deja/g++.mike/eh31.C  -std=gnu++2a execution test
FAIL: g++.old-deja/g++.mike/eh31.C  -std=gnu++98 execution test
FAIL: g++.old-deja/g++.mike/eh33.C  -std=gnu++14 execution test
FAIL: g++.old-deja/g++.mike/eh33.C  -std=gnu++98 execution test
FAIL: g++.old-deja/g++.mike/eh34.C  -std=c++14 execution test
FAIL: g++.old-deja/g++.mike/eh34.C  -std=c++98 execution test
FAIL: g++.old-deja/g++.mike/eh35.C  -std=gnu++14 execution test
FAIL: g++.old-deja/g++.mike/eh35.C  -std=gnu++17 execution test
FAIL: g++.old-deja/g++.mike/eh35.C  -std=gnu++2a execution test
FAIL: g++.old-deja/g++.mike/eh35.C  -std=gnu++98 execution test
FAIL: g++.old-deja/g++.mike/eh36.C  -std=gnu++14 execution test
FAIL: g++.old-deja/g++.mike/eh36.C  -std=gnu++17 execution test
FAIL: g++.old-deja/g++.mike/eh36.C  -std=gnu++2a execution test
FAIL: g++.old-deja/g++.mike/eh36.C  -std=gnu++98 execution test
FAIL: g++.old-deja/g++.mike/eh37.C  -std=gnu++14 execution test
FAIL: g++.old-deja/g++.mike/eh37.C  -std=gnu++17 execution test
FAIL: g++.old-deja/g++.mike/eh37.C  -std=gnu++2a execution test
FAIL: g++.old-deja/g++.mike/eh37.C  -std=gnu++98 execution test
FAIL: g++.old-deja/g++.mike/eh38.C  -std=gnu++14 execution test
FAIL: g++.old-deja/g++.mike/eh38.C  -std=gnu++17 execution test
FAIL: g++.old-deja/g++.mike/eh38.C  -std=gnu++2a execution test
FAIL: g++.old-deja/g++.mike/eh38.C  -std=gnu++98 execution test
FAIL: g++.old-deja/g++.mike/eh39.C  -std=gnu++14 execution test
FAIL: g++.old-deja/g++.mike/eh39.C  -std=gnu++17 execution test
FAIL: g++.old-deja/g++.mike/eh39.C  -std=gnu++2a execution test
FAIL: g++.old-deja/g++.mike/eh39.C  -std=gnu++98 execution test
FAIL: g++.old-deja/g++.mike/eh40.C  -std=gnu++14 execution test
FAIL: g++.old-deja/g++.mike/eh40.C  -std=gnu++17 execution test
FAIL: g++.old-deja/g++.mike/eh40.C  -std=gnu++2a execution test
FAIL: g++.old-deja/g++.mike/eh40.C  -std=gnu++98 execution test
FAIL: g++.old-deja/g++.mike/eh41.C  -std=gnu++14 execution test
FAIL: g++.old-deja/g++.mike/eh41.C  -std=gnu++17 execution test
FAIL: g++.old-deja/g++.mike/eh41.C  -std=gnu++2a execution test
FAIL: g++.old-deja/g++.mike/eh41.C  -std=gnu++98 execution test
FAIL: g++.old-deja/g++.mike/eh42.C  -std=gnu++14 execution test
FAIL: g++.old-deja/g++.mike/eh42.C  -std=gnu++17 execution test
FAIL: g++.old-deja/g++.mike/eh42.C  -std=gnu++2a execution test
FAIL: g++.old-deja/g++.mike/eh42.C  -std=gnu++98 execution test
FAIL: g++.old-deja/g++.mike/eh44.C  -std=gnu++14 execution test
FAIL: g++.old-deja/g++.mike/eh44.C  -std=gnu++17 execution test
FAIL: g++.old-deja/g++.mike/eh44.C  -std=gnu++2a execution test
FAIL: g++.old-deja/g++.mike/eh44.C  -std=gnu++98 execution test
FAIL: g++.old-deja/g++.mike/eh47.C  -std=gnu++14 execution test
FAIL: g++.old-deja/g++.mike/eh47.C  -std=gnu++17 execution test
FAIL: g++.old-deja/g++.mike/eh47.C  -std=gnu++2a execution test
FAIL: g++.old-deja/g++.mike/eh47.C  -std=gnu++98 execution test
FAIL: g++.old-deja/g++.mike/eh48.C  -std=gnu++14 execution test
FAIL: g++.old-deja/g++.mike/eh48.C  -std=gnu++17 execution test
FAIL: g++.old-deja/g++.mike/eh48.C  -std=gnu++2a execution test
FAIL: g++.old-deja/g++.mike/eh48.C  -std=gnu++98 execution test
FAIL: g++.old-deja/g++.mike/eh49.C  -std=gnu++14 execution test
FAIL: g++.old-deja/g++.mike/eh49.C  -std=gnu++17 execution test
FAIL: g++.old-deja/g++.mike/eh49.C  -std=gnu++2a execution test
FAIL: g++.old-deja/g++.mike/eh49.C  -std=gnu++98 execution test
FAIL: g++.old-deja/g++.mike/eh5.C  -std=gnu++14 execution test
FAIL: g++.old-deja/g++.mike/eh5.C  -std=gnu++17 execution test
FAIL: g++.old-deja/g++.mike/eh5.C  -std=gnu++2a execution test
FAIL: g++.old-deja/g++.mike/eh5.C  -std=gnu++98 execution test
FAIL: g++.old-deja/g++.mike/eh50.C  -std=gnu++14 execution test
FAIL: g++.old-deja/g++.mike/eh50.C  -std=gnu++98 execution test
FAIL: g++.old-deja/g++.mike/eh51.C  -std=gnu++14 execution test
FAIL: g++.old-deja/g++.mike/eh51.C  -std=gnu++98 execution test
FAIL: g++.old-deja/g++.mike/eh55.C  -std=gnu++14 execution test
FAIL: g++.old-deja/g++.mike/eh55.C  -std=gnu++17 execution test
FAIL: g++.old-deja/g++.mike/eh55.C  -std=gnu++2a execution test
FAIL: g++.old-deja/g++.mike/eh55.C  -std=gnu++98 execution test
FAIL: g++.old-deja/g++.mike/eh6.C  -std=gnu++14 execution test
FAIL: g++.old-deja/g++.mike/eh6.C  -std=gnu++17 execution test
FAIL: g++.old-deja/g++.mike/eh6.C  -std=gnu++2a execution test
FAIL: g++.old-deja/g++.mike/eh6.C  -std=gnu++98 execution test
FAIL: g++.old-deja/g++.mike/eh8.C  -std=gnu++14 execution test
FAIL: g++.old-deja/g++.mike/eh8.C  -std=gnu++17 execution test
FAIL: g++.old-deja/g++.mike/eh8.C  -std=gnu++2a execution test
FAIL: g++.old-deja/g++.mike/eh8.C  -std=gnu++98 execution test
FAIL: g++.old-deja/g++.mike/p7912.C  -std=gnu++14 execution test
FAIL: g++.old-deja/g++.mike/p7912.C  -std=gnu++17 execution test
FAIL: g++.old-deja/g++.mike/p7912.C  -std=gnu++2a execution test
FAIL: g++.old-deja/g++.mike/p7912.C  -std=gnu++98 execution test
FAIL: g++.old-deja/g++.mike/p9706.C  -std=gnu++14 execution test
FAIL: g++.old-deja/g++.mike/p9706.C  -std=gnu++17 execution test
FAIL: g++.old-deja/g++.mike/p9706.C  -std=gnu++2a execution test
FAIL: g++.old-deja/g++.mike/p9706.C  -std=gnu++98 execution test
FAIL: g++.old-deja/g++.oliva/delete3.C  -std=c++14 execution test
FAIL: g++.old-deja/g++.oliva/delete3.C  -std=c++17 execution test
FAIL: g++.old-deja/g++.oliva/delete3.C  -std=c++2a execution test
FAIL: g++.old-deja/g++.oliva/delete3.C  -std=c++98 execution test
FAIL: g++.old-deja/g++.oliva/new1.C  -std=c++14 execution test
FAIL: g++.old-deja/g++.oliva/new1.C  -std=c++17 execution test
FAIL: g++.old-deja/g++.oliva/new1.C  -std=c++2a execution test
FAIL: g++.old-deja/g++.oliva/new1.C  -std=c++98 execution test
FAIL: g++.old-deja/g++.other/array1.C  -std=c++14 execution test
FAIL: g++.old-deja/g++.other/array1.C  -std=c++17 execution test
FAIL: g++.old-deja/g++.other/array1.C  -std=c++2a execution test
FAIL: g++.old-deja/g++.other/array1.C  -std=c++98 execution test
FAIL: g++.old-deja/g++.other/eh3.C  -std=gnu++14 execution test
FAIL: g++.old-deja/g++.other/eh3.C  -std=gnu++17 execution test
FAIL: g++.old-deja/g++.other/eh3.C  -std=gnu++2a execution test
FAIL: g++.old-deja/g++.other/eh3.C  -std=gnu++98 execution test
FAIL: g++.old-deja/g++.other/init7.C  -std=c++14 execution test
FAIL: g++.old-deja/g++.other/init7.C  -std=c++17 execution test
FAIL: g++.old-deja/g++.other/init7.C  -std=c++2a execution test
FAIL: g++.old-deja/g++.other/init7.C  -std=c++98 execution test
FAIL: g++.old-deja/g++.other/new7.C  -std=c++14 execution test
FAIL: g++.old-deja/g++.other/new7.C  -std=c++17 execution test
FAIL: g++.old-deja/g++.other/new7.C  -std=c++2a execution test
FAIL: g++.old-deja/g++.other/new7.C  -std=c++98 execution test
FAIL: g++.old-deja/g++.other/singleton.C  -std=c++14 execution test
FAIL: g++.old-deja/g++.other/singleton.C  -std=c++17 execution test
FAIL: g++.old-deja/g++.other/singleton.C  -std=c++2a execution test
FAIL: g++.old-deja/g++.other/singleton.C  -std=c++98 execution test
FAIL: g++.old-deja/g++.other/vbase2.C  -std=c++14 execution test
FAIL: g++.old-deja/g++.other/vbase2.C  -std=c++17 execution test
FAIL: g++.old-deja/g++.other/vbase2.C  -std=c++2a execution test
FAIL: g++.old-deja/g++.other/vbase2.C  -std=c++98 execution test
FAIL: g++.old-deja/g++.pt/fntry1.C  -std=c++14 execution test
FAIL: g++.old-deja/g++.pt/fntry1.C  -std=c++17 execution test
FAIL: g++.old-deja/g++.pt/fntry1.C  -std=c++2a execution test
FAIL: g++.old-deja/g++.pt/fntry1.C  -std=c++98 execution test
FAIL: g++.old-deja/g++.robertl/eb31.C  -std=c++14 execution test
FAIL: g++.old-deja/g++.robertl/eb31.C  -std=c++17 execution test
FAIL: g++.old-deja/g++.robertl/eb31.C  -std=c++2a execution test
FAIL: g++.old-deja/g++.robertl/eb31.C  -std=c++98 execution test
FAIL: g++.old-deja/g++.robertl/eb50.C  -std=c++14 execution test
FAIL: g++.old-deja/g++.robertl/eb50.C  -std=c++17 execution test
FAIL: g++.old-deja/g++.robertl/eb50.C  -std=c++2a execution test
FAIL: g++.old-deja/g++.robertl/eb50.C  -std=c++98 execution test
FAIL: g++.old-deja/g++.robertl/eb66.C  -std=c++14 execution test
FAIL: g++.old-deja/g++.robertl/eb66.C  -std=c++17 execution test
FAIL: g++.old-deja/g++.robertl/eb66.C  -std=c++2a execution test
FAIL: g++.old-deja/g++.robertl/eb66.C  -std=c++98 execution test
FAIL: g++.old-deja/g++.robertl/eb88.C  -std=gnu++14 execution test
FAIL: g++.old-deja/g++.robertl/eb88.C  -std=gnu++17 execution test
FAIL: g++.old-deja/g++.robertl/eb88.C  -std=gnu++2a execution test
FAIL: g++.old-deja/g++.robertl/eb88.C  -std=gnu++98 execution test
FAIL: g++.old-deja/g++.robertl/eh990323-1.C  -std=c++14 execution test
FAIL: g++.old-deja/g++.robertl/eh990323-1.C  -std=c++17 execution test
FAIL: g++.old-deja/g++.robertl/eh990323-1.C  -std=c++2a execution test
FAIL: g++.old-deja/g++.robertl/eh990323-1.C  -std=c++98 execution test
FAIL: g++.old-deja/g++.robertl/eh990323-2.C  -std=c++14 execution test
FAIL: g++.old-deja/g++.robertl/eh990323-2.C  -std=c++17 execution test
FAIL: g++.old-deja/g++.robertl/eh990323-2.C  -std=c++2a execution test
FAIL: g++.old-deja/g++.robertl/eh990323-2.C  -std=c++98 execution test
FAIL: g++.old-deja/g++.robertl/eh990323-3.C  -std=c++14 execution test
FAIL: g++.old-deja/g++.robertl/eh990323-3.C  -std=c++17 execution test
FAIL: g++.old-deja/g++.robertl/eh990323-3.C  -std=c++2a execution test
FAIL: g++.old-deja/g++.robertl/eh990323-3.C  -std=c++98 execution test
FAIL: g++.old-deja/g++.robertl/eh990323-4.C  -std=c++14 execution test
FAIL: g++.old-deja/g++.robertl/eh990323-4.C  -std=c++17 execution test
FAIL: g++.old-deja/g++.robertl/eh990323-4.C  -std=c++2a execution test
FAIL: g++.old-deja/g++.robertl/eh990323-4.C  -std=c++98 execution test
FAIL: g++.old-deja/g++.robertl/eh990323-5.C  -std=c++14 execution test
FAIL: g++.old-deja/g++.robertl/eh990323-5.C  -std=c++17 execution test
FAIL: g++.old-deja/g++.robertl/eh990323-5.C  -std=c++2a execution test
FAIL: g++.old-deja/g++.robertl/eh990323-5.C  -std=c++98 execution test
FAIL: g++.old-deja/g++.robertl/ice990323-2.C  -std=c++14 execution test
FAIL: g++.old-deja/g++.robertl/ice990323-2.C  -std=c++17 execution test
FAIL: g++.old-deja/g++.robertl/ice990323-2.C  -std=c++2a execution test
FAIL: g++.old-deja/g++.robertl/ice990323-2.C  -std=c++98 execution test

		=== g++ Summary ===

# of expected passes		193766
# of unexpected failures	984
# of expected failures		975
# of unresolved testcases	4
# of unsupported tests		9067
/tmp/70616_28.tmpdir/aci-gcc-fsf/builds/gcc-fsf-gccsrc-thumb/obj-arm-none-uclinuxfdpiceabi/gcc3/gcc/xg++  version 11.0.0  (DEFMODE=thumb DEFCPU=cortex-m4 DEFFPU=default TESTFLAGS=) [r11-5871] (GCC) 


Compiler version: 11.0.0 (DEFMODE=thumb DEFCPU=cortex-m4 DEFFPU=default TESTFLAGS=) [r11-5871] (GCC) 
Platform: arm-none-uclinuxfdpiceabi
configure flags: --target=arm-none-uclinuxfdpiceabi --prefix=/tmp/70616_28.tmpdir/aci-gcc-fsf/builds/gcc-fsf-gccsrc-thumb/tools --with-sysroot=/tmp/70616_28.tmpdir/aci-gcc-fsf/builds/gcc-fsf-gccsrc-thumb/sysroot-arm-none-uclinuxfdpiceabi --disable-nls --disable-libgomp --disable-libmudflap --disable-libcilkrts --enable-checking --enable-languages=c,c++ --with-float=soft --enable-build-with-cxx --with-mode=thumb --with-cpu=cortex-m4


More information about the Gcc-testresults mailing list