Results for 10.2.1 (DEFMODE=default DEFCPU=default DEFFPU=default TESTFLAGS=) [r10-9128] (GCC) testsuite on aarch64-none-elf

Christophe LYON christophe.lyon@st.com
Tue Dec 8 03:34:14 GMT 2020


LAST_UPDATED: Tue Dec  8 02:15:46 UTC 2020 (revision r10-9128-g6fd9c49aab7d8c4900d5e0c1469a5db26dbe85c0) TARGET=aarch64-none-elf CPU=default FPU=default MODE=default

Target is aarch64-none-elf
Host   is aarch64-none-elf

		=== libstdc++ tests ===


Running target aarch64-none-elf-foundation
XPASS: 21_strings/basic_string/numeric_conversions/char/stod.cc execution test
XPASS: 21_strings/basic_string/numeric_conversions/wchar_t/stod.cc execution test
FAIL: 22_locale/money_get/get/char/5.cc execution test
FAIL: 22_locale/money_get/get/wchar_t/5.cc execution test
FAIL: 22_locale/num_get/get/char/39168.cc execution test
FAIL: 22_locale/num_get/get/char/4.cc execution test
FAIL: 22_locale/num_get/get/wchar_t/39168.cc execution test
FAIL: 22_locale/num_get/get/wchar_t/4.cc execution test
FAIL: 26_numerics/complex/inserters_extractors/char/1.cc execution test
FAIL: 26_numerics/complex/inserters_extractors/wchar_t/1.cc execution test
FAIL: 26_numerics/complex/proj.cc execution test
FAIL: 27_io/basic_istream/extractors_arithmetic/char/01.cc execution test
FAIL: 27_io/basic_istream/extractors_arithmetic/char/12.cc execution test
FAIL: 27_io/basic_istream/extractors_arithmetic/wchar_t/01.cc execution test
FAIL: 27_io/basic_istream/extractors_arithmetic/wchar_t/12.cc execution test

		=== libstdc++ Summary ===

# of expected passes		12197
# of unexpected failures	13
# of unexpected successes	2
# of expected failures		96
# of unsupported tests		912
Host   is x86_64-pc-linux-gnu

		=== gcc tests ===


Running target aarch64-none-elf-foundation
FAIL: gcc.c-torture/execute/alias-2.c   -O1  execution test
FAIL: gcc.c-torture/execute/alias-2.c   -O2  execution test
FAIL: gcc.c-torture/execute/alias-2.c   -O2 -flto -fno-use-linker-plugin -flto-partition=none  execution test
FAIL: gcc.c-torture/execute/alias-2.c   -O3 -g  execution test
FAIL: gcc.c-torture/execute/alias-2.c   -Os  execution test
FAIL: gcc.dg/debug/dwarf2/pr97060.c scan-assembler-times DW_AT_declaration 2
FAIL: compiler driver --help=params option(s): "[^.]\$" absent from output: "e"
FAIL: gcc.target/aarch64/insv_1.c scan-assembler bfi\\tx[0-9]+, x[0-9]+, 0, 8
FAIL: gcc.target/aarch64/insv_1.c scan-assembler bfi\\tx[0-9]+, x[0-9]+, 16, 5
FAIL: gcc.target/aarch64/insv_1.c scan-assembler movk\\tx[0-9]+, 0x1d6b, lsl 32
FAIL: gcc.target/aarch64/sve/acle/asm/cvt_bf16.c  -std=c11 -O3 -g -DTEST_FULL (test for excess errors)
FAIL: gcc.target/aarch64/sve/acle/asm/cvt_bf16.c  -std=c11 -O3 -g -DTEST_OVERLOADS (test for excess errors)
FAIL: gcc.target/aarch64/sve/acle/asm/cvt_bf16.c  -std=c90 -O0 -g -DTEST_FULL (test for excess errors)
FAIL: gcc.target/aarch64/sve/acle/asm/cvt_bf16.c  -std=c90 -O0 -g -DTEST_OVERLOADS (test for excess errors)
FAIL: gcc.target/aarch64/sve/acle/asm/cvt_bf16.c  -std=c90 -O1 -g -DTEST_FULL (test for excess errors)
FAIL: gcc.target/aarch64/sve/acle/asm/cvt_bf16.c  -std=c90 -O1 -g -DTEST_OVERLOADS (test for excess errors)
FAIL: gcc.target/aarch64/sve/acle/asm/cvt_bf16.c  -std=c99 -O2 -g -DTEST_FULL (test for excess errors)
FAIL: gcc.target/aarch64/sve/acle/asm/cvt_bf16.c  -std=c99 -O2 -g -DTEST_OVERLOADS (test for excess errors)
FAIL: gcc.target/aarch64/sve/acle/asm/cvt_bf16.c  -std=gnu11 -Os -g -DTEST_FULL (test for excess errors)
FAIL: gcc.target/aarch64/sve/acle/asm/cvt_bf16.c  -std=gnu11 -Os -g -DTEST_OVERLOADS (test for excess errors)
FAIL: gcc.target/aarch64/sve/acle/asm/cvt_bf16.c  -std=gnu90 -O2 -fno-schedule-insns -DCHECK_ASM --save-temps -DTEST_FULL (test for excess errors)
FAIL: gcc.target/aarch64/sve/acle/asm/cvt_bf16.c  -std=gnu90 -O2 -fno-schedule-insns -DCHECK_ASM --save-temps -DTEST_OVERLOADS (test for excess errors)
FAIL: gcc.target/aarch64/sve/acle/asm/cvt_bf16.c  -std=gnu99 -Ofast -g -DTEST_FULL (test for excess errors)
FAIL: gcc.target/aarch64/sve/acle/asm/cvt_bf16.c  -std=gnu99 -Ofast -g -DTEST_OVERLOADS (test for excess errors)

		=== gcc Summary ===

# of expected passes		235331
# of unexpected failures	24
# of expected failures		1829
# of unsupported tests		3878
/tmp/9753091_38.tmpdir/aci-gcc-fsf/builds/gcc-fsf-gccsrc/obj-aarch64-none-elf/gcc3/gcc/xgcc  version 10.2.1  (DEFMODE=default DEFCPU=default DEFFPU=default TESTFLAGS=) [r10-9128] (GCC) 

Host   is x86_64-pc-linux-gnu

		=== g++ tests ===


Running target aarch64-none-elf-foundation
FAIL: g++.dg/ipa/pr94856.C  -std=gnu++14 (test for excess errors)
FAIL: g++.dg/ipa/pr94856.C  -std=gnu++17 (test for excess errors)
FAIL: g++.dg/ipa/pr94856.C  -std=gnu++2a (test for excess errors)
FAIL: g++.dg/ipa/pr94856.C  -std=gnu++98 (test for excess errors)
FAIL: g++.dg/lto/pr90990 cp_lto_pr90990_0.o-cp_lto_pr90990_0.o link, -O0 -flto -flto-partition=none -fuse-linker-plugin
FAIL: g++.dg/lto/pr90990 cp_lto_pr90990_0.o-cp_lto_pr90990_0.o link, -O0 -flto -fuse-linker-plugin -fno-fat-lto-objects 
FAIL: g++.dg/lto/pr90990 cp_lto_pr90990_0.o-cp_lto_pr90990_0.o link, -O2 -flto -flto-partition=none -fuse-linker-plugin -fno-fat-lto-objects 
FAIL: g++.dg/lto/pr90990 cp_lto_pr90990_0.o-cp_lto_pr90990_0.o link, -O2 -flto -fuse-linker-plugin
FAIL: gcc.target/aarch64/sve/acle/asm/cvt_bf16.c  -std=c++11 -O2 -g -DTEST_FULL (test for excess errors)
FAIL: gcc.target/aarch64/sve/acle/asm/cvt_bf16.c  -std=c++11 -O2 -g -DTEST_OVERLOADS (test for excess errors)
FAIL: gcc.target/aarch64/sve/acle/asm/cvt_bf16.c  -std=c++14 -O3 -g -DTEST_FULL (test for excess errors)
FAIL: gcc.target/aarch64/sve/acle/asm/cvt_bf16.c  -std=c++14 -O3 -g -DTEST_OVERLOADS (test for excess errors)
FAIL: gcc.target/aarch64/sve/acle/asm/cvt_bf16.c  -std=c++17 -Og -g -DTEST_FULL (test for excess errors)
FAIL: gcc.target/aarch64/sve/acle/asm/cvt_bf16.c  -std=c++17 -Og -g -DTEST_OVERLOADS (test for excess errors)
FAIL: gcc.target/aarch64/sve/acle/asm/cvt_bf16.c  -std=c++2a -Os -g -DTEST_FULL (test for excess errors)
FAIL: gcc.target/aarch64/sve/acle/asm/cvt_bf16.c  -std=c++2a -Os -g -DTEST_OVERLOADS (test for excess errors)
FAIL: gcc.target/aarch64/sve/acle/asm/cvt_bf16.c  -std=c++98 -O0 -g -DTEST_FULL (test for excess errors)
FAIL: gcc.target/aarch64/sve/acle/asm/cvt_bf16.c  -std=c++98 -O0 -g -DTEST_OVERLOADS (test for excess errors)
FAIL: gcc.target/aarch64/sve/acle/asm/cvt_bf16.c  -std=c++98 -O1 -g -DTEST_FULL (test for excess errors)
FAIL: gcc.target/aarch64/sve/acle/asm/cvt_bf16.c  -std=c++98 -O1 -g -DTEST_OVERLOADS (test for excess errors)
FAIL: gcc.target/aarch64/sve/acle/asm/cvt_bf16.c  -std=gnu++11 -Ofast -g -DTEST_FULL (test for excess errors)
FAIL: gcc.target/aarch64/sve/acle/asm/cvt_bf16.c  -std=gnu++11 -Ofast -g -DTEST_OVERLOADS (test for excess errors)
FAIL: gcc.target/aarch64/sve/acle/asm/cvt_bf16.c  -std=gnu++17 -O3 -g -DTEST_FULL (test for excess errors)
FAIL: gcc.target/aarch64/sve/acle/asm/cvt_bf16.c  -std=gnu++17 -O3 -g -DTEST_OVERLOADS (test for excess errors)
FAIL: gcc.target/aarch64/sve/acle/asm/cvt_bf16.c  -std=gnu++2a -O0 -g -DTEST_FULL (test for excess errors)
FAIL: gcc.target/aarch64/sve/acle/asm/cvt_bf16.c  -std=gnu++2a -O0 -g -DTEST_OVERLOADS (test for excess errors)
FAIL: gcc.target/aarch64/sve/acle/asm/cvt_bf16.c  -std=gnu++98 -O2 -fno-schedule-insns -DCHECK_ASM --save-temps -DTEST_FULL (test for excess errors)
FAIL: gcc.target/aarch64/sve/acle/asm/cvt_bf16.c  -std=gnu++98 -O2 -fno-schedule-insns -DCHECK_ASM --save-temps -DTEST_OVERLOADS (test for excess errors)

		=== g++ Summary ===

# of expected passes		272161
# of unexpected failures	28
# of expected failures		1775
# of unsupported tests		8518
/tmp/9753091_38.tmpdir/aci-gcc-fsf/builds/gcc-fsf-gccsrc/obj-aarch64-none-elf/gcc3/gcc/xg++  version 10.2.1  (DEFMODE=default DEFCPU=default DEFFPU=default TESTFLAGS=) [r10-9128] (GCC) 


Compiler version: 10.2.1 (DEFMODE=default DEFCPU=default DEFFPU=default TESTFLAGS=) [r10-9128] (GCC) 
Platform: aarch64-none-elf
configure flags: --target=aarch64-none-elf --prefix=/tmp/9753091_38.tmpdir/aci-gcc-fsf/builds/gcc-fsf-gccsrc/tools --with-sysroot=/tmp/9753091_38.tmpdir/aci-gcc-fsf/builds/gcc-fsf-gccsrc/sysroot-aarch64-none-elf --disable-nls --disable-libgomp --disable-libmudflap --disable-libcilkrts --enable-checking --enable-languages=c,c++ --with-newlib --disable-tls


More information about the Gcc-testresults mailing list