Results for 11.0.0 20201204 (experimental) (GCC) testsuite on x86_64-pc-linux-gnu
Shrisha Rao
shrao@alumni.cmu.edu
Mon Dec 7 05:10:42 GMT 2020
These results are as compiled on an EC2 instance from the Git source.
Native configuration is x86_64-pc-linux-gnu
=== gcc tests ===
Running target unix
FAIL: gcc.dg/atomic/pr65345-4.c -O2 -flto -fno-use-linker-plugin -flto-partition=none (internal compiler error)
FAIL: gcc.dg/atomic/pr65345-4.c -O2 -flto -fno-use-linker-plugin -flto-partition=none (test for excess errors)
FAIL: gcc.dg/atomic/pr65345-4.c -O2 -flto -fuse-linker-plugin -fno-fat-lto-objects (internal compiler error)
FAIL: gcc.dg/atomic/pr65345-4.c -O2 -flto -fuse-linker-plugin -fno-fat-lto-objects (test for excess errors)
FAIL: gcc.target/i386/avx512vpopcntdqvl-pr97770-1.c (test for excess errors)
UNRESOLVED: gcc.target/i386/avx512vpopcntdqvl-pr97770-1.c compilation failed to produce executable
FAIL: gcc.target/i386/pr97642-2.c (test for excess errors)
UNRESOLVED: gcc.target/i386/pr97642-2.c compilation failed to produce executable
=== gcc Summary ===
# of expected passes 157626
# of unexpected failures 6
# of expected failures 830
# of unresolved testcases 2
# of unsupported tests 2404
/home/ec2-user/tmp/gcctemp/gcc/xgcc version 11.0.0 20201204 (experimental) (GCC)
=== gfortran tests ===
Running target unix
=== gfortran Summary ===
# of expected passes 55671
# of expected failures 222
# of unsupported tests 96
/home/ec2-user/tmp/gcctemp/gcc/testsuite/gfortran/../../gfortran version 11.0.0 20201204 (experimental) (GCC)
=== g++ tests ===
Running target unix
=== g++ Summary ===
# of expected passes 198096
# of expected failures 978
# of unsupported tests 8547
/home/ec2-user/tmp/gcctemp/gcc/testsuite/g++/../../xg++ version 11.0.0 20201204 (experimental) (GCC)
=== objc tests ===
Running target unix
=== objc Summary ===
# of expected passes 2819
# of expected failures 6
# of unsupported tests 68
/home/ec2-user/tmp/gcctemp/gcc/xgcc version 11.0.0 20201204 (experimental) (GCC)
=== libatomic tests ===
Running target unix
=== libatomic Summary ===
# of expected passes 54
=== libgomp tests ===
Running target unix
=== libgomp Summary ===
# of expected passes 8147
# of expected failures 4
# of unsupported tests 532
=== libitm tests ===
Running target unix
=== libitm Summary ===
# of expected passes 42
# of expected failures 3
# of unsupported tests 1
=== libstdc++ tests ===
Running target unix
=== libstdc++ Summary ===
# of expected passes 14709
# of expected failures 104
# of unsupported tests 344
Compiler version: 11.0.0 20201204 (experimental) (GCC)
Platform: x86_64-pc-linux-gnu
configure flags: --disable-multilib --prefix=/shrao/testgcc
More information about the Gcc-testresults
mailing list