Results for 11.0.0 (DEFMODE=thumb DEFCPU=cortex-a5 DEFFPU=vfpv3-d16-fp16 TESTFLAGS=) [r11-5808] (GCC) testsuite on arm-none-linux-gnueabihf
Christophe LYON
christophe.lyon@st.com
Mon Dec 7 04:29:01 GMT 2020
LAST_UPDATED: Mon Dec 7 00:32:12 UTC 2020 (revision r11-5808-g0e49145550fe1284dc56e8e02ba1720c4f737a74) TARGET=arm-none-linux-gnueabihf CPU=cortex-a5 FPU=vfpv3-d16-fp16 MODE=thumb
Target is arm-none-linux-gnueabihf
Host is arm-none-linux-gnueabihf
=== libatomic tests ===
Running target qemu
=== libatomic Summary ===
# of expected passes 44
# of unsupported tests 5
Host is arm-none-linux-gnueabihf
=== libitm tests ===
Running target qemu
=== libitm Summary ===
# of expected passes 42
# of expected failures 3
# of unsupported tests 1
Host is arm-none-linux-gnueabihf
=== libstdc++ tests ===
Running target qemu
WARNING: 30_threads/condition_variable/54185.cc execution test (CHILDKILLED 67672 SIGINT interrupt) program timed out.
FAIL: experimental/net/internet/resolver/ops/lookup.cc execution test
=== libstdc++ Summary ===
# of expected passes 13791
# of unexpected failures 1
# of expected failures 104
# of untested testcases 1
# of unsupported tests 724
Host is x86_64-pc-linux-gnu
=== gcc tests ===
Running target qemu
FAIL: gcc.dg/analyzer/malloc-vs-local-1b.c (test for bogus messages, line 170)
XPASS: gcc.dg/analyzer/pr94851-1.c bogus leak (test for bogus messages, line 43)
WARNING: skipping asan tests due to ulimit -v
WARNING: skipping asan tests due to ulimit -v
WARNING: skipping asan tests due to ulimit -v
WARNING: skipping asan tests due to ulimit -v
WARNING: skipping asan tests due to ulimit -v
WARNING: skipping asan tests due to ulimit -v
FAIL: gcc.dg/atomic/pr65345-4.c -O2 -flto -fno-use-linker-plugin -flto-partition=none (internal compiler error)
FAIL: gcc.dg/atomic/pr65345-4.c -O2 -flto -fno-use-linker-plugin -flto-partition=none (test for excess errors)
FAIL: gcc.dg/atomic/pr65345-4.c -O2 -flto -fuse-linker-plugin -fno-fat-lto-objects (internal compiler error)
FAIL: gcc.dg/atomic/pr65345-4.c -O2 -flto -fuse-linker-plugin -fno-fat-lto-objects (test for excess errors)
XPASS: gcc.dg/Walloca-2.c (test for bogus messages, line 16)
FAIL: gcc.dg/Wstringop-overflow-25.c pr92814 (test for warnings, line 378)
XPASS: gcc.dg/Wstringop-overflow-43.c pr????? (test for warnings, line 172)
XPASS: gcc.dg/pr78973.c pr79073 (test for warnings, line 12)
FAIL: gcc.dg/pr83527.c (test for excess errors)
FAIL: gcc.dg/strlenopt-73.c scan-tree-dump-times optimized "_not_eliminated_" 0
FAIL: gcc.dg/strlenopt-73.c scan-tree-dump-times optimized "strlen" 0
FAIL: gcc.dg/fixed-point/composite-type.c (test for excess errors)
FAIL: gcc.dg/fixed-point/struct-union.c (test for excess errors)
FAIL: gcc.dg/gomp/simd-2.c scan-tree-dump-times vect "vectorized [1-9][0-9]* loops in function" 5
FAIL: gcc.dg/gomp/simd-3.c scan-tree-dump-times vect "vectorized [1-9][0-9]* loops in function" 5
FAIL: gcc.dg/tree-prof/pr77698.c scan-rtl-dump-times alignments "internal loop alignment added" 1
FAIL: gcc.dg/tree-ssa/gen-vect-26.c scan-tree-dump-times vect "Alignment of access forced using peeling" 1
FAIL: gcc.dg/tree-ssa/gen-vect-26.c scan-tree-dump-times vect "Vectorizing an unaligned access" 0
FAIL: gcc.dg/tree-ssa/gen-vect-28.c scan-tree-dump-times vect "Alignment of access forced using peeling" 1
FAIL: gcc.dg/tree-ssa/gen-vect-28.c scan-tree-dump-times vect "Vectorizing an unaligned access" 0
FAIL: gcc.dg/tree-ssa/scev-3.c scan-tree-dump-times ivopts "&a" 1
FAIL: gcc.dg/tree-ssa/scev-5.c scan-tree-dump-times ivopts "&a" 1
FAIL: gcc.dg/vect/pr97428.c -flto -ffat-lto-objects scan-tree-dump vect "Detected interleaving load of size 8"
FAIL: gcc.dg/vect/pr97428.c -flto -ffat-lto-objects scan-tree-dump vect "Detected interleaving store of size 16"
FAIL: gcc.dg/vect/pr97428.c -flto -ffat-lto-objects scan-tree-dump-times vect "vectorizing stmts using SLP" 2
FAIL: gcc.dg/vect/pr97428.c scan-tree-dump vect "Detected interleaving load of size 8"
FAIL: gcc.dg/vect/pr97428.c scan-tree-dump vect "Detected interleaving store of size 16"
FAIL: gcc.dg/vect/pr97428.c scan-tree-dump-times vect "vectorizing stmts using SLP" 2
UNRESOLVED: gcc.target/aarch64/advsimd-intrinsics/vld1x2.c -O0 compilation failed to produce executable
UNRESOLVED: gcc.target/aarch64/advsimd-intrinsics/vld1x2.c -O1 compilation failed to produce executable
UNRESOLVED: gcc.target/aarch64/advsimd-intrinsics/vld1x2.c -O2 compilation failed to produce executable
UNRESOLVED: gcc.target/aarch64/advsimd-intrinsics/vld1x2.c -O2 -flto -fno-use-linker-plugin -flto-partition=none compilation failed to produce executable
UNRESOLVED: gcc.target/aarch64/advsimd-intrinsics/vld1x2.c -O2 -flto -fuse-linker-plugin -fno-fat-lto-objects compilation failed to produce executable
UNRESOLVED: gcc.target/aarch64/advsimd-intrinsics/vld1x2.c -O3 -fomit-frame-pointer -funroll-loops -fpeel-loops -ftracer -finline-functions compilation failed to produce executable
UNRESOLVED: gcc.target/aarch64/advsimd-intrinsics/vld1x2.c -O3 -g compilation failed to produce executable
UNRESOLVED: gcc.target/aarch64/advsimd-intrinsics/vld1x2.c -Og -g compilation failed to produce executable
UNRESOLVED: gcc.target/aarch64/advsimd-intrinsics/vld1x2.c -Os compilation failed to produce executable
UNRESOLVED: gcc.target/aarch64/advsimd-intrinsics/vld1x3.c -O0 compilation failed to produce executable
UNRESOLVED: gcc.target/aarch64/advsimd-intrinsics/vld1x3.c -O1 compilation failed to produce executable
UNRESOLVED: gcc.target/aarch64/advsimd-intrinsics/vld1x3.c -O2 compilation failed to produce executable
UNRESOLVED: gcc.target/aarch64/advsimd-intrinsics/vld1x3.c -O2 -flto -fno-use-linker-plugin -flto-partition=none compilation failed to produce executable
UNRESOLVED: gcc.target/aarch64/advsimd-intrinsics/vld1x3.c -O2 -flto -fuse-linker-plugin -fno-fat-lto-objects compilation failed to produce executable
UNRESOLVED: gcc.target/aarch64/advsimd-intrinsics/vld1x3.c -O3 -fomit-frame-pointer -funroll-loops -fpeel-loops -ftracer -finline-functions compilation failed to produce executable
UNRESOLVED: gcc.target/aarch64/advsimd-intrinsics/vld1x3.c -O3 -g compilation failed to produce executable
UNRESOLVED: gcc.target/aarch64/advsimd-intrinsics/vld1x3.c -Og -g compilation failed to produce executable
UNRESOLVED: gcc.target/aarch64/advsimd-intrinsics/vld1x3.c -Os compilation failed to produce executable
UNRESOLVED: gcc.target/aarch64/advsimd-intrinsics/vld1x4.c -O0 compilation failed to produce executable
UNRESOLVED: gcc.target/aarch64/advsimd-intrinsics/vld1x4.c -O1 compilation failed to produce executable
UNRESOLVED: gcc.target/aarch64/advsimd-intrinsics/vld1x4.c -O2 compilation failed to produce executable
UNRESOLVED: gcc.target/aarch64/advsimd-intrinsics/vld1x4.c -O2 -flto -fno-use-linker-plugin -flto-partition=none compilation failed to produce executable
UNRESOLVED: gcc.target/aarch64/advsimd-intrinsics/vld1x4.c -O2 -flto -fuse-linker-plugin -fno-fat-lto-objects compilation failed to produce executable
UNRESOLVED: gcc.target/aarch64/advsimd-intrinsics/vld1x4.c -O3 -fomit-frame-pointer -funroll-loops -fpeel-loops -ftracer -finline-functions compilation failed to produce executable
UNRESOLVED: gcc.target/aarch64/advsimd-intrinsics/vld1x4.c -O3 -g compilation failed to produce executable
UNRESOLVED: gcc.target/aarch64/advsimd-intrinsics/vld1x4.c -Og -g compilation failed to produce executable
UNRESOLVED: gcc.target/aarch64/advsimd-intrinsics/vld1x4.c -Os compilation failed to produce executable
UNRESOLVED: gcc.target/aarch64/advsimd-intrinsics/vst1x2.c -O0 compilation failed to produce executable
UNRESOLVED: gcc.target/aarch64/advsimd-intrinsics/vst1x2.c -O1 compilation failed to produce executable
UNRESOLVED: gcc.target/aarch64/advsimd-intrinsics/vst1x2.c -O2 compilation failed to produce executable
UNRESOLVED: gcc.target/aarch64/advsimd-intrinsics/vst1x2.c -O2 -flto -fno-use-linker-plugin -flto-partition=none compilation failed to produce executable
UNRESOLVED: gcc.target/aarch64/advsimd-intrinsics/vst1x2.c -O2 -flto -fuse-linker-plugin -fno-fat-lto-objects compilation failed to produce executable
UNRESOLVED: gcc.target/aarch64/advsimd-intrinsics/vst1x2.c -O3 -fomit-frame-pointer -funroll-loops -fpeel-loops -ftracer -finline-functions compilation failed to produce executable
UNRESOLVED: gcc.target/aarch64/advsimd-intrinsics/vst1x2.c -O3 -g compilation failed to produce executable
UNRESOLVED: gcc.target/aarch64/advsimd-intrinsics/vst1x2.c -Og -g compilation failed to produce executable
UNRESOLVED: gcc.target/aarch64/advsimd-intrinsics/vst1x2.c -Os compilation failed to produce executable
UNRESOLVED: gcc.target/aarch64/advsimd-intrinsics/vst1x3.c -O0 compilation failed to produce executable
UNRESOLVED: gcc.target/aarch64/advsimd-intrinsics/vst1x3.c -O1 compilation failed to produce executable
UNRESOLVED: gcc.target/aarch64/advsimd-intrinsics/vst1x3.c -O2 compilation failed to produce executable
UNRESOLVED: gcc.target/aarch64/advsimd-intrinsics/vst1x3.c -O2 -flto -fno-use-linker-plugin -flto-partition=none compilation failed to produce executable
UNRESOLVED: gcc.target/aarch64/advsimd-intrinsics/vst1x3.c -O2 -flto -fuse-linker-plugin -fno-fat-lto-objects compilation failed to produce executable
UNRESOLVED: gcc.target/aarch64/advsimd-intrinsics/vst1x3.c -O3 -fomit-frame-pointer -funroll-loops -fpeel-loops -ftracer -finline-functions compilation failed to produce executable
UNRESOLVED: gcc.target/aarch64/advsimd-intrinsics/vst1x3.c -O3 -g compilation failed to produce executable
UNRESOLVED: gcc.target/aarch64/advsimd-intrinsics/vst1x3.c -Og -g compilation failed to produce executable
UNRESOLVED: gcc.target/aarch64/advsimd-intrinsics/vst1x3.c -Os compilation failed to produce executable
UNRESOLVED: gcc.target/aarch64/advsimd-intrinsics/vst1x4.c -O0 compilation failed to produce executable
UNRESOLVED: gcc.target/aarch64/advsimd-intrinsics/vst1x4.c -O1 compilation failed to produce executable
UNRESOLVED: gcc.target/aarch64/advsimd-intrinsics/vst1x4.c -O2 compilation failed to produce executable
UNRESOLVED: gcc.target/aarch64/advsimd-intrinsics/vst1x4.c -O2 -flto -fno-use-linker-plugin -flto-partition=none compilation failed to produce executable
UNRESOLVED: gcc.target/aarch64/advsimd-intrinsics/vst1x4.c -O2 -flto -fuse-linker-plugin -fno-fat-lto-objects compilation failed to produce executable
UNRESOLVED: gcc.target/aarch64/advsimd-intrinsics/vst1x4.c -O3 -fomit-frame-pointer -funroll-loops -fpeel-loops -ftracer -finline-functions compilation failed to produce executable
UNRESOLVED: gcc.target/aarch64/advsimd-intrinsics/vst1x4.c -O3 -g compilation failed to produce executable
UNRESOLVED: gcc.target/aarch64/advsimd-intrinsics/vst1x4.c -Og -g compilation failed to produce executable
UNRESOLVED: gcc.target/aarch64/advsimd-intrinsics/vst1x4.c -Os compilation failed to produce executable
FAIL: gcc.target/arm/addr-modes-float.c scan-assembler vst3.8\\t{d[02468], d[02468], d[02468]}, \\\\[r[0-9]+\\\\]!
FAIL: gcc.target/arm/bf16_dup.c (test for excess errors)
UNRESOLVED: gcc.target/arm/bf16_dup.c scan-assembler vdot.bf16\\\\td[0-9]+, d[0-9]+, d[0-9]+
UNRESOLVED: gcc.target/arm/bf16_dup.c scan-assembler vdup\\\\.16\\\\td[0-9]+, r[0-9]+
UNRESOLVED: gcc.target/arm/bf16_dup.c scan-assembler vdup\\\\.16\\\\tq[0-9]+, r[0-9]+
UNRESOLVED: gcc.target/arm/bf16_dup.c scan-assembler-times vdup\\\\.16\\\\td[0-9]+, d[0-9]+\\\\[1\\\\] 1
UNRESOLVED: gcc.target/arm/bf16_dup.c scan-assembler-times vdup\\\\.16\\\\tq[0-9]+, d[0-9]+\\\\[1\\\\] 1
FAIL: gcc.target/arm/bfloat16_simd_1_2.c (test for excess errors)
UNRESOLVED: gcc.target/arm/bfloat16_simd_1_2.c check-function-bodies stacktest1
UNRESOLVED: gcc.target/arm/bfloat16_simd_1_2.c check-function-bodies stacktest2
UNRESOLVED: gcc.target/arm/bfloat16_simd_1_2.c check-function-bodies stacktest3
FAIL: gcc.target/arm/bfloat16_simd_2_2.c (test for excess errors)
UNRESOLVED: gcc.target/arm/bfloat16_simd_2_2.c check-function-bodies stacktest1
UNRESOLVED: gcc.target/arm/bfloat16_simd_2_2.c check-function-bodies stacktest2
UNRESOLVED: gcc.target/arm/bfloat16_simd_2_2.c check-function-bodies stacktest3
FAIL: gcc.target/arm/bfloat16_simd_3_2.c (test for excess errors)
UNRESOLVED: gcc.target/arm/bfloat16_simd_3_2.c check-function-bodies stacktest1
UNRESOLVED: gcc.target/arm/bfloat16_simd_3_2.c check-function-bodies stacktest2
UNRESOLVED: gcc.target/arm/bfloat16_simd_3_2.c check-function-bodies stacktest3
UNRESOLVED: gcc.target/arm/lp1243022.c scan-rtl-dump subreg2 "REG_INC"
FAIL: gcc.target/arm/pr43920-2.c scan-assembler-times pop 2
FAIL: gcc.target/arm/pr45701-2.c scan-assembler push\\t{r3
FAIL: gcc.target/arm/pr45701-3.c scan-assembler push\\t.*r8
FAIL: gcc.target/arm/pr51968.c (test for excess errors)
FAIL: gcc.target/arm/thumb-ifcvt.c scan-assembler asrne
FAIL: gcc.target/arm/thumb-ifcvt.c scan-assembler lslne
FAIL: gcc.target/arm/thumb2-cond-cmp-1.c scan-assembler cmpne
FAIL: gcc.target/arm/thumb2-cond-cmp-2.c scan-assembler cmpeq
FAIL: gcc.target/arm/thumb2-cond-cmp-3.c scan-assembler cmpgt
FAIL: gcc.target/arm/thumb2-cond-cmp-4.c scan-assembler cmpgt
FAIL: gcc.target/arm/simd/vmmla_1.c (test for excess errors)
FAIL: gcc.target/arm/simd/vmmla_1.c scan-assembler-times \\\\tvsmmla.s8\\\\tq[0-9]+, q[0-9]+, q[0-9]+ 1
FAIL: gcc.target/arm/simd/vmmla_1.c scan-assembler-times \\\\tvummla.u8\\\\tq[0-9]+, q[0-9]+, q[0-9]+ 1
FAIL: gcc.target/arm/simd/vmmla_1.c scan-assembler-times \\\\tvusmmla.s8\\\\tq[0-9]+, q[0-9]+, q[0-9]+ 1
=== gcc Summary ===
# of expected passes 148913
# of unexpected failures 45
# of unexpected successes 4
# of expected failures 775
# of unresolved testcases 69
# of unsupported tests 6571
/tmp/9438882_22.tmpdir/aci-gcc-fsf/builds/gcc-fsf-gccsrc-thumb/obj-arm-none-linux-gnueabihf/gcc3/gcc/xgcc version 11.0.0 (DEFMODE=thumb DEFCPU=cortex-a5 DEFFPU=vfpv3-d16-fp16 TESTFLAGS=) [r11-5808] (GCC)
Host is x86_64-pc-linux-gnu
=== gfortran tests ===
Running target qemu
WARNING: skipping asan tests due to ulimit -v
WARNING: skipping asan tests due to ulimit -v
WARNING: skipping asan tests due to ulimit -v
WARNING: skipping asan tests due to ulimit -v
WARNING: skipping asan tests due to ulimit -v
WARNING: skipping asan tests due to ulimit -v
WARNING: skipping asan tests due to ulimit -v
WARNING: skipping asan tests due to ulimit -v
WARNING: skipping asan tests due to ulimit -v
WARNING: skipping asan tests due to ulimit -v
FAIL: gfortran.dg/elemental_dependency_4.f90 -O0 (test for excess errors)
UNRESOLVED: gfortran.dg/elemental_dependency_4.f90 -O0 compilation failed to produce executable
FAIL: gfortran.dg/internal_dummy_2.f08 -O0 (test for excess errors)
UNRESOLVED: gfortran.dg/internal_dummy_2.f08 -O0 compilation failed to produce executable
FAIL: gfortran.dg/internal_dummy_2.f08 -O1 (test for excess errors)
UNRESOLVED: gfortran.dg/internal_dummy_2.f08 -O1 compilation failed to produce executable
FAIL: gfortran.dg/internal_dummy_2.f08 -O2 (test for excess errors)
UNRESOLVED: gfortran.dg/internal_dummy_2.f08 -O2 compilation failed to produce executable
FAIL: gfortran.dg/internal_dummy_2.f08 -O3 -fomit-frame-pointer -funroll-loops -fpeel-loops -ftracer -finline-functions (test for excess errors)
UNRESOLVED: gfortran.dg/internal_dummy_2.f08 -O3 -fomit-frame-pointer -funroll-loops -fpeel-loops -ftracer -finline-functions compilation failed to produce executable
FAIL: gfortran.dg/internal_dummy_2.f08 -O3 -g (test for excess errors)
UNRESOLVED: gfortran.dg/internal_dummy_2.f08 -O3 -g compilation failed to produce executable
FAIL: gfortran.dg/internal_dummy_2.f08 -Os (test for excess errors)
UNRESOLVED: gfortran.dg/internal_dummy_2.f08 -Os compilation failed to produce executable
FAIL: gfortran.dg/internal_dummy_3.f08 -O0 (test for excess errors)
UNRESOLVED: gfortran.dg/internal_dummy_3.f08 -O0 compilation failed to produce executable
FAIL: gfortran.dg/internal_dummy_3.f08 -O1 (test for excess errors)
UNRESOLVED: gfortran.dg/internal_dummy_3.f08 -O1 compilation failed to produce executable
FAIL: gfortran.dg/internal_dummy_3.f08 -O2 (test for excess errors)
UNRESOLVED: gfortran.dg/internal_dummy_3.f08 -O2 compilation failed to produce executable
FAIL: gfortran.dg/internal_dummy_3.f08 -O3 -fomit-frame-pointer -funroll-loops -fpeel-loops -ftracer -finline-functions (test for excess errors)
UNRESOLVED: gfortran.dg/internal_dummy_3.f08 -O3 -fomit-frame-pointer -funroll-loops -fpeel-loops -ftracer -finline-functions compilation failed to produce executable
FAIL: gfortran.dg/internal_dummy_3.f08 -O3 -g (test for excess errors)
UNRESOLVED: gfortran.dg/internal_dummy_3.f08 -O3 -g compilation failed to produce executable
FAIL: gfortran.dg/internal_dummy_3.f08 -Os (test for excess errors)
UNRESOLVED: gfortran.dg/internal_dummy_3.f08 -Os compilation failed to produce executable
FAIL: gfortran.dg/internal_dummy_4.f08 -O0 (test for excess errors)
UNRESOLVED: gfortran.dg/internal_dummy_4.f08 -O0 compilation failed to produce executable
FAIL: gfortran.dg/pointer_check_1.f90 -O0 (test for excess errors)
UNRESOLVED: gfortran.dg/pointer_check_1.f90 -O0 compilation failed to produce executable
FAIL: gfortran.dg/pointer_check_2.f90 -O0 (test for excess errors)
UNRESOLVED: gfortran.dg/pointer_check_2.f90 -O0 compilation failed to produce executable
FAIL: gfortran.dg/pointer_check_3.f90 -O0 (test for excess errors)
UNRESOLVED: gfortran.dg/pointer_check_3.f90 -O0 compilation failed to produce executable
FAIL: gfortran.dg/pointer_check_4.f90 -O0 (test for excess errors)
UNRESOLVED: gfortran.dg/pointer_check_4.f90 -O0 compilation failed to produce executable
FAIL: gfortran.dg/pointer_check_5.f90 -O0 (test for excess errors)
UNRESOLVED: gfortran.dg/pointer_check_5.f90 -O0 compilation failed to produce executable
FAIL: gfortran.dg/pr78719_1.f90 -O0 (test for excess errors)
UNRESOLVED: gfortran.dg/pr78719_1.f90 -O0 compilation failed to produce executable
FAIL: gfortran.dg/proc_ptr_18.f90 -O0 (test for excess errors)
UNRESOLVED: gfortran.dg/proc_ptr_18.f90 -O0 compilation failed to produce executable
FAIL: gfortran.dg/proc_ptr_19.f90 -O0 (test for excess errors)
UNRESOLVED: gfortran.dg/proc_ptr_19.f90 -O0 compilation failed to produce executable
FAIL: gfortran.dg/proc_ptr_20.f90 -O0 (test for excess errors)
UNRESOLVED: gfortran.dg/proc_ptr_20.f90 -O0 compilation failed to produce executable
FAIL: gfortran.dg/proc_ptr_21.f90 -O0 (test for excess errors)
UNRESOLVED: gfortran.dg/proc_ptr_21.f90 -O0 compilation failed to produce executable
FAIL: gfortran.dg/proc_ptr_23.f90 -O0 (test for excess errors)
UNRESOLVED: gfortran.dg/proc_ptr_23.f90 -O0 compilation failed to produce executable
FAIL: gfortran.dg/proc_ptr_25.f90 -O0 (test for excess errors)
UNRESOLVED: gfortran.dg/proc_ptr_25.f90 -O0 compilation failed to produce executable
FAIL: gfortran.dg/proc_ptr_47.f90 -O0 (test for excess errors)
UNRESOLVED: gfortran.dg/proc_ptr_47.f90 -O0 compilation failed to produce executable
FAIL: gfortran.dg/proc_ptr_48.f90 -O0 (test for excess errors)
UNRESOLVED: gfortran.dg/proc_ptr_48.f90 -O0 compilation failed to produce executable
FAIL: gfortran.dg/proc_ptr_5.f90 -O0 (test for excess errors)
UNRESOLVED: gfortran.dg/proc_ptr_5.f90 -O0 compilation failed to produce executable
FAIL: gfortran.dg/proc_ptr_7.f90 -O0 (test for excess errors)
UNRESOLVED: gfortran.dg/proc_ptr_7.f90 -O0 compilation failed to produce executable
FAIL: gfortran.dg/proc_ptr_comp_1.f90 -O0 (test for excess errors)
UNRESOLVED: gfortran.dg/proc_ptr_comp_1.f90 -O0 compilation failed to produce executable
FAIL: gfortran.dg/proc_ptr_comp_11.f90 -O0 (test for excess errors)
UNRESOLVED: gfortran.dg/proc_ptr_comp_11.f90 -O0 compilation failed to produce executable
FAIL: gfortran.dg/proc_ptr_comp_13.f90 -O0 (test for excess errors)
UNRESOLVED: gfortran.dg/proc_ptr_comp_13.f90 -O0 compilation failed to produce executable
FAIL: gfortran.dg/proc_ptr_comp_14.f90 -O0 (test for excess errors)
UNRESOLVED: gfortran.dg/proc_ptr_comp_14.f90 -O0 compilation failed to produce executable
FAIL: gfortran.dg/proc_ptr_comp_18.f90 -O0 (test for excess errors)
UNRESOLVED: gfortran.dg/proc_ptr_comp_18.f90 -O0 compilation failed to produce executable
FAIL: gfortran.dg/proc_ptr_comp_19.f90 -O0 (test for excess errors)
UNRESOLVED: gfortran.dg/proc_ptr_comp_19.f90 -O0 compilation failed to produce executable
FAIL: gfortran.dg/proc_ptr_comp_2.f90 -O0 (test for excess errors)
UNRESOLVED: gfortran.dg/proc_ptr_comp_2.f90 -O0 compilation failed to produce executable
FAIL: gfortran.dg/proc_ptr_comp_29.f90 -O0 (test for excess errors)
UNRESOLVED: gfortran.dg/proc_ptr_comp_29.f90 -O0 compilation failed to produce executable
FAIL: gfortran.dg/proc_ptr_comp_34.f90 -O0 (test for excess errors)
UNRESOLVED: gfortran.dg/proc_ptr_comp_34.f90 -O0 compilation failed to produce executable
FAIL: gfortran.dg/proc_ptr_comp_5.f90 -O0 (test for excess errors)
UNRESOLVED: gfortran.dg/proc_ptr_comp_5.f90 -O0 compilation failed to produce executable
FAIL: gfortran.dg/proc_ptr_comp_8.f90 -O0 (test for excess errors)
UNRESOLVED: gfortran.dg/proc_ptr_comp_8.f90 -O0 compilation failed to produce executable
FAIL: gfortran.dg/proc_ptr_comp_9.f90 -O0 (test for excess errors)
UNRESOLVED: gfortran.dg/proc_ptr_comp_9.f90 -O0 compilation failed to produce executable
FAIL: gfortran.dg/proc_ptr_comp_pass_3.f90 -O0 (test for excess errors)
UNRESOLVED: gfortran.dg/proc_ptr_comp_pass_3.f90 -O0 compilation failed to produce executable
FAIL: gfortran.dg/proc_ptr_result_7.f90 -O0 (test for excess errors)
UNRESOLVED: gfortran.dg/proc_ptr_result_7.f90 -O0 compilation failed to produce executable
FAIL: gfortran.dg/structure_constructor_11.f90 -O0 (test for excess errors)
UNRESOLVED: gfortran.dg/structure_constructor_11.f90 -O0 compilation failed to produce executable
FAIL: gfortran.dg/structure_constructor_11.f90 -O1 (test for excess errors)
UNRESOLVED: gfortran.dg/structure_constructor_11.f90 -O1 compilation failed to produce executable
FAIL: gfortran.dg/structure_constructor_11.f90 -O2 (test for excess errors)
UNRESOLVED: gfortran.dg/structure_constructor_11.f90 -O2 compilation failed to produce executable
FAIL: gfortran.dg/structure_constructor_11.f90 -O3 -fomit-frame-pointer -funroll-loops -fpeel-loops -ftracer -finline-functions (test for excess errors)
UNRESOLVED: gfortran.dg/structure_constructor_11.f90 -O3 -fomit-frame-pointer -funroll-loops -fpeel-loops -ftracer -finline-functions compilation failed to produce executable
FAIL: gfortran.dg/structure_constructor_11.f90 -O3 -g (test for excess errors)
UNRESOLVED: gfortran.dg/structure_constructor_11.f90 -O3 -g compilation failed to produce executable
FAIL: gfortran.dg/structure_constructor_11.f90 -Os (test for excess errors)
UNRESOLVED: gfortran.dg/structure_constructor_11.f90 -Os compilation failed to produce executable
FAIL: gfortran.dg/unlimited_polymorphic_19.f90 -O0 (test for excess errors)
UNRESOLVED: gfortran.dg/unlimited_polymorphic_19.f90 -O0 compilation failed to produce executable
FAIL: gfortran.dg/ieee/ieee_6.f90 -O0 execution test
FAIL: gfortran.dg/ieee/ieee_6.f90 -O1 execution test
FAIL: gfortran.dg/ieee/ieee_6.f90 -O2 execution test
FAIL: gfortran.dg/ieee/ieee_6.f90 -O3 -fomit-frame-pointer -funroll-loops -fpeel-loops -ftracer -finline-functions execution test
FAIL: gfortran.dg/ieee/ieee_6.f90 -O3 -g execution test
FAIL: gfortran.dg/ieee/ieee_6.f90 -Os execution test
XPASS: gfortran.dg/ieee/ieee_8.f90 -O0 execution test
XPASS: gfortran.dg/ieee/ieee_8.f90 -O1 execution test
XPASS: gfortran.dg/ieee/ieee_8.f90 -O2 execution test
XPASS: gfortran.dg/ieee/ieee_8.f90 -O3 -fomit-frame-pointer -funroll-loops -fpeel-loops -ftracer -finline-functions execution test
XPASS: gfortran.dg/ieee/ieee_8.f90 -O3 -g execution test
XPASS: gfortran.dg/ieee/ieee_8.f90 -Os execution test
FAIL: gfortran.dg/ieee/ieee_9.f90 -O0 (test for excess errors)
UNRESOLVED: gfortran.dg/ieee/ieee_9.f90 -O0 compilation failed to produce executable
FAIL: gfortran.dg/ieee/ieee_9.f90 -O1 (test for excess errors)
UNRESOLVED: gfortran.dg/ieee/ieee_9.f90 -O1 compilation failed to produce executable
FAIL: gfortran.dg/ieee/ieee_9.f90 -O2 (test for excess errors)
UNRESOLVED: gfortran.dg/ieee/ieee_9.f90 -O2 compilation failed to produce executable
FAIL: gfortran.dg/ieee/ieee_9.f90 -O3 -fomit-frame-pointer -funroll-loops -fpeel-loops -ftracer -finline-functions (test for excess errors)
UNRESOLVED: gfortran.dg/ieee/ieee_9.f90 -O3 -fomit-frame-pointer -funroll-loops -fpeel-loops -ftracer -finline-functions compilation failed to produce executable
FAIL: gfortran.dg/ieee/ieee_9.f90 -O3 -g (test for excess errors)
UNRESOLVED: gfortran.dg/ieee/ieee_9.f90 -O3 -g compilation failed to produce executable
FAIL: gfortran.dg/ieee/ieee_9.f90 -Os (test for excess errors)
UNRESOLVED: gfortran.dg/ieee/ieee_9.f90 -Os compilation failed to produce executable
=== gfortran Summary ===
# of expected passes 54264
# of unexpected failures 63
# of unexpected successes 6
# of expected failures 224
# of unresolved testcases 57
# of unsupported tests 411
/tmp/9438882_22.tmpdir/aci-gcc-fsf/builds/gcc-fsf-gccsrc-thumb/obj-arm-none-linux-gnueabihf/gcc3/gcc/gfortran version 11.0.0 (DEFMODE=thumb DEFCPU=cortex-a5 DEFFPU=vfpv3-d16-fp16 TESTFLAGS=) [r11-5808] (GCC)
Host is x86_64-pc-linux-gnu
=== g++ tests ===
Running target qemu
WARNING: skipping asan tests due to ulimit -v
WARNING: skipping asan tests due to ulimit -v
WARNING: skipping asan tests due to ulimit -v
FAIL: g++.dg/lto/pr65276 cp_lto_pr65276_0.o-cp_lto_pr65276_1.o link, -flto -O0 -std=c++11
=== g++ Summary ===
# of expected passes 197437
# of unexpected failures 1
# of expected failures 978
# of unsupported tests 9084
/tmp/9438882_22.tmpdir/aci-gcc-fsf/builds/gcc-fsf-gccsrc-thumb/obj-arm-none-linux-gnueabihf/gcc3/gcc/xg++ version 11.0.0 (DEFMODE=thumb DEFCPU=cortex-a5 DEFFPU=vfpv3-d16-fp16 TESTFLAGS=) [r11-5808] (GCC)
Compiler version: 11.0.0 (DEFMODE=thumb DEFCPU=cortex-a5 DEFFPU=vfpv3-d16-fp16 TESTFLAGS=) [r11-5808] (GCC)
Platform: arm-none-linux-gnueabihf
configure flags: --target=arm-none-linux-gnueabihf --prefix=/tmp/9438882_22.tmpdir/aci-gcc-fsf/builds/gcc-fsf-gccsrc-thumb/tools --with-sysroot=/tmp/9438882_22.tmpdir/aci-gcc-fsf/builds/gcc-fsf-gccsrc-thumb/sysroot-arm-none-linux-gnueabihf --disable-nls --disable-libgomp --disable-libmudflap --disable-libcilkrts --enable-checking --enable-languages=c,c++,fortran --with-float=hard --enable-build-with-cxx --with-mode=thumb --with-cpu=cortex-a5 --with-fpu=vfpv3-d16-fp16
More information about the Gcc-testresults
mailing list