Results for 10.2.1 (DEFMODE=default DEFCPU=default DEFFPU=default TESTFLAGS=-mabi=ilp32) [r10-9125] (GCC) testsuite on aarch64-none-elf

Christophe LYON christophe.lyon@st.com
Sun Dec 6 23:56:13 GMT 2020


LAST_UPDATED: Sun Dec  6 22:11:06 UTC 2020 (revision r10-9125-g86c580ded1d58c4e06165d38a0f447d587152179) TARGET=aarch64-none-elf CPU=default FPU=default MODE=default

Target is aarch64-none-elf
Host   is aarch64-none-elf

		=== libstdc++ tests ===


Running target aarch64-none-elf-foundation/-mabi=ilp32
FAIL: 21_strings/basic_string/modifiers/insert/char/1.cc execution test
FAIL: 21_strings/basic_string/modifiers/insert/wchar_t/1.cc execution test
XPASS: 21_strings/basic_string/numeric_conversions/char/stod.cc execution test
XPASS: 21_strings/basic_string/numeric_conversions/wchar_t/stod.cc execution test
FAIL: 22_locale/money_get/get/char/5.cc execution test
FAIL: 22_locale/money_get/get/wchar_t/5.cc execution test
FAIL: 22_locale/num_get/get/char/39168.cc execution test
FAIL: 22_locale/num_get/get/char/4.cc execution test
FAIL: 22_locale/num_get/get/wchar_t/39168.cc execution test
FAIL: 22_locale/num_get/get/wchar_t/4.cc execution test
FAIL: 26_numerics/complex/inserters_extractors/char/1.cc execution test
FAIL: 26_numerics/complex/inserters_extractors/wchar_t/1.cc execution test
FAIL: 26_numerics/complex/proj.cc execution test
FAIL: 27_io/basic_istream/extractors_arithmetic/char/01.cc execution test
FAIL: 27_io/basic_istream/extractors_arithmetic/char/12.cc execution test
FAIL: 27_io/basic_istream/extractors_arithmetic/wchar_t/01.cc execution test
FAIL: 27_io/basic_istream/extractors_arithmetic/wchar_t/12.cc execution test
FAIL: 27_io/filesystem/path/concat/strings.cc execution test

		=== libstdc++ Summary ===

# of expected passes		12194
# of unexpected failures	16
# of unexpected successes	2
# of expected failures		96
# of unsupported tests		912
Host   is x86_64-pc-linux-gnu

		=== gcc tests ===


Running target aarch64-none-elf-foundation/-mabi=ilp32
FAIL: gcc.c-torture/execute/alias-2.c   -O1  execution test
FAIL: gcc.c-torture/execute/alias-2.c   -O2  execution test
FAIL: gcc.c-torture/execute/alias-2.c   -O2 -flto -fno-use-linker-plugin -flto-partition=none  execution test
FAIL: gcc.c-torture/execute/alias-2.c   -O3 -g  execution test
FAIL: gcc.c-torture/execute/alias-2.c   -Os  execution test
FAIL: gcc.dg/debug/dwarf2/pr97060.c scan-assembler-times DW_AT_declaration 2
FAIL: gcc.dg/pr90838.c scan-tree-dump-times forwprop2 "= \\\\.CTZ" 4
FAIL: gcc.dg/sms-compare-debug-1.c (test for excess errors)
FAIL: gcc.dg/store_merging_5.c scan-tree-dump-times store-merging "MEM <unsigned int> \\\\[.*\\\\]" 1
FAIL: gcc.dg/lto/pr88077 c_lto_pr88077_0.o-c_lto_pr88077_1.o link, -O0 -flto -flto-partition=1to1 -fno-use-linker-plugin 
FAIL: gcc.dg/lto/pr88077 c_lto_pr88077_0.o-c_lto_pr88077_1.o link, -O2 -flto -flto-partition=1to1 -fno-use-linker-plugin 
FAIL: gcc.dg/tls/pr78796.c (test for excess errors)
UNRESOLVED: gcc.dg/tls/pr78796.c compilation failed to produce executable
FAIL: gcc.dg/tree-ssa/dump-6.c scan-tree-dump store-merging "MEM <unsigned int> \\\\[\\\\(char \\\\*\\\\)\\\\&a8] = "
FAIL: gcc.dg/tree-ssa/sra-17.c scan-tree-dump-times esra "Removing load: a = \\\\*.?L.?C.?.?.?0;" 1
FAIL: gcc.dg/tree-ssa/sra-17.c scan-tree-dump-times esra "SR[.\$][0-9_]+ = \\\\*.?L.?C.?.?.?0\\\\[" 4
FAIL: gcc.dg/tree-ssa/sra-18.c scan-tree-dump-times esra "Removing load: a = \\\\*.?L.?C.?.?.?0;" 1
FAIL: gcc.dg/tree-ssa/sra-18.c scan-tree-dump-times esra "SR[.\$][0-9_]+ = \\\\*.?L.?C.?.?.?0\\\\.b\\\\[0\\\\]\\\\.f\\\\[0\\\\]\\\\.x" 1
FAIL: gcc.dg/tree-ssa/sra-18.c scan-tree-dump-times esra "SR[.\$][0-9_]+ = \\\\*.?L.?C.?.?.?0\\\\.b\\\\[0\\\\]\\\\.f\\\\[1\\\\]\\\\.x" 1
FAIL: gcc.dg/tree-ssa/sra-18.c scan-tree-dump-times esra "SR[.\$][0-9_]+ = \\\\*.?L.?C.?.?.?0\\\\.b\\\\[1\\\\]\\\\.f\\\\[0\\\\]\\\\.x" 1
FAIL: gcc.dg/tree-ssa/sra-18.c scan-tree-dump-times esra "SR[.\$][0-9_]+ = \\\\*.?L.?C.?.?.?0\\\\.b\\\\[1\\\\]\\\\.f\\\\[1\\\\]\\\\.x" 1
FAIL: gcc.dg/vect/vect-rounding-lceil.c -flto -ffat-lto-objects  scan-tree-dump-times vect "vectorized 1 loops" 1
FAIL: gcc.dg/vect/vect-rounding-lceil.c scan-tree-dump-times vect "vectorized 1 loops" 1
FAIL: gcc.dg/vect/vect-rounding-lfloor.c -flto -ffat-lto-objects  scan-tree-dump-times vect "vectorized 1 loops" 1
FAIL: gcc.dg/vect/vect-rounding-lfloor.c scan-tree-dump-times vect "vectorized 1 loops" 1
FAIL: compiler driver --help=params option(s): "[^.]\$" absent from output: "e"
FAIL: gcc.target/aarch64/aapcs64/func-ret-1.c execution,  -O0 
FAIL: gcc.target/aarch64/aapcs64/func-ret-1.c execution,  -O1 
FAIL: gcc.target/aarch64/aapcs64/func-ret-1.c execution,  -O2 
FAIL: gcc.target/aarch64/aapcs64/func-ret-1.c execution,  -O3 -g 
FAIL: gcc.target/aarch64/aapcs64/func-ret-1.c execution,  -Og -g 
FAIL: gcc.target/aarch64/aapcs64/func-ret-1.c execution,  -Os 
FAIL: gcc.target/aarch64/aapcs64/func-ret-2.c execution,  -O0 
FAIL: gcc.target/aarch64/aapcs64/func-ret-2.c execution,  -O1 
FAIL: gcc.target/aarch64/aapcs64/func-ret-2.c execution,  -O2 
FAIL: gcc.target/aarch64/aapcs64/func-ret-2.c execution,  -O3 -g 
FAIL: gcc.target/aarch64/aapcs64/func-ret-2.c execution,  -Og -g 
FAIL: gcc.target/aarch64/aapcs64/func-ret-2.c execution,  -Os 
FAIL: gcc.target/aarch64/aapcs64/func-ret-3.c execution,  -O0 
FAIL: gcc.target/aarch64/aapcs64/func-ret-3.c execution,  -O1 
FAIL: gcc.target/aarch64/aapcs64/func-ret-3.c execution,  -O2 
FAIL: gcc.target/aarch64/aapcs64/func-ret-3.c execution,  -O3 -g 
FAIL: gcc.target/aarch64/aapcs64/func-ret-3.c execution,  -Og -g 
FAIL: gcc.target/aarch64/aapcs64/func-ret-3.c execution,  -Os 
FAIL: gcc.target/aarch64/aapcs64/func-ret-4.c execution,  -O0 
FAIL: gcc.target/aarch64/aapcs64/func-ret-4.c execution,  -O1 
FAIL: gcc.target/aarch64/aapcs64/func-ret-4.c execution,  -O2 
FAIL: gcc.target/aarch64/aapcs64/func-ret-4.c execution,  -O3 -g 
FAIL: gcc.target/aarch64/aapcs64/func-ret-4.c execution,  -Og -g 
FAIL: gcc.target/aarch64/aapcs64/func-ret-4.c execution,  -Os 
FAIL: gcc.target/aarch64/aapcs64/func-ret-64x1_1.c execution,  -O0 
FAIL: gcc.target/aarch64/aapcs64/func-ret-64x1_1.c execution,  -O1 
FAIL: gcc.target/aarch64/aapcs64/func-ret-64x1_1.c execution,  -O2 
FAIL: gcc.target/aarch64/aapcs64/func-ret-64x1_1.c execution,  -O3 -g 
FAIL: gcc.target/aarch64/aapcs64/func-ret-64x1_1.c execution,  -Og -g 
FAIL: gcc.target/aarch64/aapcs64/func-ret-64x1_1.c execution,  -Os 
FAIL: gcc.target/aarch64/asm-2.c (test for excess errors)
FAIL: gcc.target/aarch64/bfloat16_scalar_1.c check-function-bodies bfloat_mov_mr
FAIL: gcc.target/aarch64/bfloat16_scalar_1.c check-function-bodies bfloat_mov_rm
FAIL: gcc.target/aarch64/bfloat16_scalar_2.c check-function-bodies bfloat_mov_mr
FAIL: gcc.target/aarch64/bfloat16_scalar_2.c check-function-bodies bfloat_mov_rm
FAIL: gcc.target/aarch64/bfloat16_scalar_3.c check-function-bodies bfloat_mov_mr
FAIL: gcc.target/aarch64/bfloat16_scalar_3.c check-function-bodies bfloat_mov_rm
FAIL: gcc.target/aarch64/bfloat16_simd_1.c (test for excess errors)
FAIL: gcc.target/aarch64/bfloat16_simd_1.c check-function-bodies stacktest1
FAIL: gcc.target/aarch64/bfloat16_simd_1.c check-function-bodies stacktest2
FAIL: gcc.target/aarch64/bfloat16_simd_1.c check-function-bodies stacktest3
FAIL: gcc.target/aarch64/bfloat16_simd_2.c (test for excess errors)
FAIL: gcc.target/aarch64/bfloat16_simd_2.c check-function-bodies stacktest1
FAIL: gcc.target/aarch64/bfloat16_simd_2.c check-function-bodies stacktest2
FAIL: gcc.target/aarch64/bfloat16_simd_2.c check-function-bodies stacktest3
FAIL: gcc.target/aarch64/bfloat16_simd_3.c (test for excess errors)
FAIL: gcc.target/aarch64/bfloat16_simd_3.c check-function-bodies stacktest1
FAIL: gcc.target/aarch64/bfloat16_simd_3.c check-function-bodies stacktest2
FAIL: gcc.target/aarch64/bfloat16_simd_3.c check-function-bodies stacktest3
FAIL: gcc.target/aarch64/bfloat16_vector_typecheck_2.c  (test for errors, line 120)
FAIL: gcc.target/aarch64/bfloat16_vector_typecheck_2.c  (test for errors, line 27)
FAIL: gcc.target/aarch64/bfloat16_vector_typecheck_2.c (test for excess errors)
FAIL: gcc.target/aarch64/extend.c scan-assembler ldr\\tw[0-9]+,.*sxtw #?2]
FAIL: gcc.target/aarch64/extend.c scan-assembler ldr\\tw[0-9]+,.*sxtw]
FAIL: gcc.target/aarch64/extend.c scan-assembler ldr\\tw[0-9]+,.*uxtw #?2]
FAIL: gcc.target/aarch64/extend.c scan-assembler ldr\\tw[0-9]+,.*uxtw]
FAIL: gcc.target/aarch64/fix_trunc1.c scan-assembler fcvtzs\\\\td[0-9]+, d[0-9]+
FAIL: gcc.target/aarch64/fix_trunc1.c scan-assembler scvtf\\\\td[0-9]+, d[0-9]+
FAIL: gcc.target/aarch64/fmul_fcvt_1.c scan-assembler-times fcvtzs\\tx[0-9], s[0-9]*.*#2 1
FAIL: gcc.target/aarch64/fmul_fcvt_1.c scan-assembler-times fcvtzs\\tx[0-9], s[0-9]*.*#3 1
FAIL: gcc.target/aarch64/fmul_fcvt_1.c scan-assembler-times fcvtzs\\tx[0-9], s[0-9]*.*#4 1
FAIL: gcc.target/aarch64/fmul_fcvt_1.c scan-assembler-times fcvtzs\\tx[0-9], s[0-9]*.*#5 1
FAIL: gcc.target/aarch64/fmul_fcvt_1.c scan-assembler-times fcvtzu\\tx[0-9], s[0-9]*.*#2 1
FAIL: gcc.target/aarch64/fmul_fcvt_1.c scan-assembler-times fcvtzu\\tx[0-9], s[0-9]*.*#3 1
FAIL: gcc.target/aarch64/fmul_fcvt_1.c scan-assembler-times fcvtzu\\tx[0-9], s[0-9]*.*#4 1
FAIL: gcc.target/aarch64/fmul_fcvt_1.c scan-assembler-times fcvtzu\\tx[0-9], s[0-9]*.*#5 1
FAIL: gcc.target/aarch64/fmul_scvtf_1.c (test for excess errors)
FAIL: gcc.target/aarch64/fmul_scvtf_1.c execution test
FAIL: gcc.target/aarch64/fmul_scvtf_1.c scan-assembler-times scvtf\\td[0-9], w[0-9]*.*#32 1
FAIL: gcc.target/aarch64/fmul_scvtf_1.c scan-assembler-times scvtf\\td[0-9], x[0-9]*.*#32 1
FAIL: gcc.target/aarch64/fmul_scvtf_1.c scan-assembler-times scvtf\\ts[0-9], w[0-9]*.*#32 1
FAIL: gcc.target/aarch64/fmul_scvtf_1.c scan-assembler-times scvtf\\ts[0-9], x[0-9]*.*#32 1
FAIL: gcc.target/aarch64/fmul_scvtf_1.c scan-assembler-times ucvtf\\td[0-9], w[0-9]*.*#32 1
FAIL: gcc.target/aarch64/fmul_scvtf_1.c scan-assembler-times ucvtf\\td[0-9], x[0-9]*.*#32 1
FAIL: gcc.target/aarch64/fmul_scvtf_1.c scan-assembler-times ucvtf\\ts[0-9], w[0-9]*.*#32 1
FAIL: gcc.target/aarch64/fmul_scvtf_1.c scan-assembler-times ucvtf\\ts[0-9], x[0-9]*.*#32 1
FAIL: gcc.target/aarch64/insv_1.c scan-assembler bfi\\tx[0-9]+, x[0-9]+, 0, 8
FAIL: gcc.target/aarch64/insv_1.c scan-assembler bfi\\tx[0-9]+, x[0-9]+, 16, 5
FAIL: gcc.target/aarch64/insv_1.c scan-assembler movk\\tx[0-9]+, 0x1d6b, lsl 32
XPASS: gcc.target/aarch64/ldp_vec_64_1.c scan-assembler ldp\\td[0-9]+, d[0-9]
FAIL: gcc.target/aarch64/pr62178.c scan-assembler ldr\\\\tq[0-9]+, \\\\[x[0-9]+\\\\], [0-9]+
FAIL: gcc.target/aarch64/pr90838.c scan-assembler-times clz\\t 4
FAIL: gcc.target/aarch64/prfm_imm_offset_1.c scan-assembler-times prfm.*\\\\[x[0-9]+, 8\\\\] 1
FAIL: gcc.target/aarch64/return_address_sign_builtin.c (test for excess errors)
UNRESOLVED: gcc.target/aarch64/return_address_sign_builtin.c scan-assembler-times autia1716 1
UNRESOLVED: gcc.target/aarch64/return_address_sign_builtin.c scan-assembler-times autib1716 1
UNRESOLVED: gcc.target/aarch64/return_address_sign_builtin.c scan-assembler-times pacia1716 1
UNRESOLVED: gcc.target/aarch64/return_address_sign_builtin.c scan-assembler-times pacib1716 1
FAIL: gcc.target/aarch64/subsp.c scan-assembler sub\\tsp, sp, x[0-9]*, sxtw 4\\n
FAIL: gcc.target/aarch64/symbol-range.c (test for excess errors)
FAIL: gcc.target/aarch64/vect_mixed_sizes_14.c check-function-bodies foo
FAIL: gcc.target/aarch64/sve/acle/asm/cvt_bf16.c  -std=c11 -O3 -g -DTEST_FULL (test for excess errors)
FAIL: gcc.target/aarch64/sve/acle/asm/cvt_bf16.c  -std=c11 -O3 -g -DTEST_OVERLOADS (test for excess errors)
FAIL: gcc.target/aarch64/sve/acle/asm/cvt_bf16.c  -std=c90 -O0 -g -DTEST_FULL (test for excess errors)
FAIL: gcc.target/aarch64/sve/acle/asm/cvt_bf16.c  -std=c90 -O0 -g -DTEST_OVERLOADS (test for excess errors)
FAIL: gcc.target/aarch64/sve/acle/asm/cvt_bf16.c  -std=c90 -O1 -g -DTEST_FULL (test for excess errors)
FAIL: gcc.target/aarch64/sve/acle/asm/cvt_bf16.c  -std=c90 -O1 -g -DTEST_OVERLOADS (test for excess errors)
FAIL: gcc.target/aarch64/sve/acle/asm/cvt_bf16.c  -std=c99 -O2 -g -DTEST_FULL (test for excess errors)
FAIL: gcc.target/aarch64/sve/acle/asm/cvt_bf16.c  -std=c99 -O2 -g -DTEST_OVERLOADS (test for excess errors)
FAIL: gcc.target/aarch64/sve/acle/asm/cvt_bf16.c  -std=gnu11 -Os -g -DTEST_FULL (test for excess errors)
FAIL: gcc.target/aarch64/sve/acle/asm/cvt_bf16.c  -std=gnu11 -Os -g -DTEST_OVERLOADS (test for excess errors)
FAIL: gcc.target/aarch64/sve/acle/asm/cvt_bf16.c  -std=gnu90 -O2 -fno-schedule-insns -DCHECK_ASM --save-temps -DTEST_FULL (test for excess errors)
FAIL: gcc.target/aarch64/sve/acle/asm/cvt_bf16.c  -std=gnu90 -O2 -fno-schedule-insns -DCHECK_ASM --save-temps -DTEST_OVERLOADS (test for excess errors)
FAIL: gcc.target/aarch64/sve/acle/asm/cvt_bf16.c  -std=gnu99 -Ofast -g -DTEST_FULL (test for excess errors)
FAIL: gcc.target/aarch64/sve/acle/asm/cvt_bf16.c  -std=gnu99 -Ofast -g -DTEST_OVERLOADS (test for excess errors)

		=== gcc Summary ===

# of expected passes		213504
# of unexpected failures	125
# of unexpected successes	1
# of expected failures		1793
# of unresolved testcases	5
# of unsupported tests		4058
/tmp/9415336_39.tmpdir/aci-gcc-fsf/builds/gcc-fsf-gccsrc/obj-aarch64-none-elf/gcc3/gcc/xgcc  version 10.2.1  (DEFMODE=default DEFCPU=default DEFFPU=default TESTFLAGS=-mabi=ilp32) [r10-9125] (GCC) 

Host   is x86_64-pc-linux-gnu

		=== g++ tests ===


Running target aarch64-none-elf-foundation/-mabi=ilp32
FAIL: g++.dg/ipa/pr94856.C  -std=gnu++14 (test for excess errors)
FAIL: g++.dg/ipa/pr94856.C  -std=gnu++17 (test for excess errors)
FAIL: g++.dg/ipa/pr94856.C  -std=gnu++2a (test for excess errors)
FAIL: g++.dg/ipa/pr94856.C  -std=gnu++98 (test for excess errors)
FAIL: g++.dg/lto/pr90990 cp_lto_pr90990_0.o-cp_lto_pr90990_0.o link, -O0 -flto -flto-partition=none -fuse-linker-plugin
FAIL: g++.dg/lto/pr90990 cp_lto_pr90990_0.o-cp_lto_pr90990_0.o link, -O0 -flto -fuse-linker-plugin -fno-fat-lto-objects 
FAIL: g++.dg/lto/pr90990 cp_lto_pr90990_0.o-cp_lto_pr90990_0.o link, -O2 -flto -flto-partition=none -fuse-linker-plugin -fno-fat-lto-objects 
FAIL: g++.dg/lto/pr90990 cp_lto_pr90990_0.o-cp_lto_pr90990_0.o link, -O2 -flto -fuse-linker-plugin
FAIL: g++.target/aarch64/return_address_sign_ab_exception.C execution test
FAIL: g++.target/aarch64/return_address_sign_b_exception.C (test for excess errors)
UNRESOLVED: g++.target/aarch64/return_address_sign_b_exception.C compilation failed to produce executable
UNRESOLVED: g++.target/aarch64/return_address_sign_b_exception.C scan-assembler-times .cfi_b_key_frame 2
FAIL: gcc.target/aarch64/sve/acle/asm/cvt_bf16.c  -std=c++11 -O2 -g -DTEST_FULL (test for excess errors)
FAIL: gcc.target/aarch64/sve/acle/asm/cvt_bf16.c  -std=c++11 -O2 -g -DTEST_OVERLOADS (test for excess errors)
FAIL: gcc.target/aarch64/sve/acle/asm/cvt_bf16.c  -std=c++14 -O3 -g -DTEST_FULL (test for excess errors)
FAIL: gcc.target/aarch64/sve/acle/asm/cvt_bf16.c  -std=c++14 -O3 -g -DTEST_OVERLOADS (test for excess errors)
FAIL: gcc.target/aarch64/sve/acle/asm/cvt_bf16.c  -std=c++17 -Og -g -DTEST_FULL (test for excess errors)
FAIL: gcc.target/aarch64/sve/acle/asm/cvt_bf16.c  -std=c++17 -Og -g -DTEST_OVERLOADS (test for excess errors)
FAIL: gcc.target/aarch64/sve/acle/asm/cvt_bf16.c  -std=c++2a -Os -g -DTEST_FULL (test for excess errors)
FAIL: gcc.target/aarch64/sve/acle/asm/cvt_bf16.c  -std=c++2a -Os -g -DTEST_OVERLOADS (test for excess errors)
FAIL: gcc.target/aarch64/sve/acle/asm/cvt_bf16.c  -std=c++98 -O0 -g -DTEST_FULL (test for excess errors)
FAIL: gcc.target/aarch64/sve/acle/asm/cvt_bf16.c  -std=c++98 -O0 -g -DTEST_OVERLOADS (test for excess errors)
FAIL: gcc.target/aarch64/sve/acle/asm/cvt_bf16.c  -std=c++98 -O1 -g -DTEST_FULL (test for excess errors)
FAIL: gcc.target/aarch64/sve/acle/asm/cvt_bf16.c  -std=c++98 -O1 -g -DTEST_OVERLOADS (test for excess errors)
FAIL: gcc.target/aarch64/sve/acle/asm/cvt_bf16.c  -std=gnu++11 -Ofast -g -DTEST_FULL (test for excess errors)
FAIL: gcc.target/aarch64/sve/acle/asm/cvt_bf16.c  -std=gnu++11 -Ofast -g -DTEST_OVERLOADS (test for excess errors)
FAIL: gcc.target/aarch64/sve/acle/asm/cvt_bf16.c  -std=gnu++17 -O3 -g -DTEST_FULL (test for excess errors)
FAIL: gcc.target/aarch64/sve/acle/asm/cvt_bf16.c  -std=gnu++17 -O3 -g -DTEST_OVERLOADS (test for excess errors)
FAIL: gcc.target/aarch64/sve/acle/asm/cvt_bf16.c  -std=gnu++2a -O0 -g -DTEST_FULL (test for excess errors)
FAIL: gcc.target/aarch64/sve/acle/asm/cvt_bf16.c  -std=gnu++2a -O0 -g -DTEST_OVERLOADS (test for excess errors)
FAIL: gcc.target/aarch64/sve/acle/asm/cvt_bf16.c  -std=gnu++98 -O2 -fno-schedule-insns -DCHECK_ASM --save-temps -DTEST_FULL (test for excess errors)
FAIL: gcc.target/aarch64/sve/acle/asm/cvt_bf16.c  -std=gnu++98 -O2 -fno-schedule-insns -DCHECK_ASM --save-temps -DTEST_OVERLOADS (test for excess errors)

		=== g++ Summary ===

# of expected passes		257812
# of unexpected failures	30
# of expected failures		1771
# of unresolved testcases	2
# of unsupported tests		8518
/tmp/9415336_39.tmpdir/aci-gcc-fsf/builds/gcc-fsf-gccsrc/obj-aarch64-none-elf/gcc3/gcc/xg++  version 10.2.1  (DEFMODE=default DEFCPU=default DEFFPU=default TESTFLAGS=-mabi=ilp32) [r10-9125] (GCC) 


Compiler version: 10.2.1 (DEFMODE=default DEFCPU=default DEFFPU=default TESTFLAGS=-mabi=ilp32) [r10-9125] (GCC) 
Platform: aarch64-none-elf
configure flags: --target=aarch64-none-elf --prefix=/tmp/9415336_39.tmpdir/aci-gcc-fsf/builds/gcc-fsf-gccsrc/tools --with-sysroot=/tmp/9415336_39.tmpdir/aci-gcc-fsf/builds/gcc-fsf-gccsrc/sysroot-aarch64-none-elf --disable-nls --disable-libgomp --disable-libmudflap --disable-libcilkrts --enable-checking --enable-languages=c,c++ --with-newlib --disable-tls


More information about the Gcc-testresults mailing list